54.38.38.130 - - [16/Aug/2026:20:24:52 +0330] "GET /wp-blog-header.php?fileloc=//lib/.build-id/c3/0c16f0dccdbf688bdeeb1f8fdd4fb9b34829dc&path=//lib/.build-id/c3 HTTP/1.1" 200 6412 "-" "Mozilla/5.0 (compatible; MJ12bot/v1.4.8; http://mj12bot.com/)"
54.38.38.130 - - [16/Aug/2026:20:24:53 +0330] "GET /wp-blog-header.php?fileloc=//lib/.build-id/be/9e31fa3ee5d3b43b756ae0a06adb71416e5e04&path=//lib/.build-id/be HTTP/1.1" 200 17842 "-" "Mozilla/5.0 (compatible; MJ12bot/v1.4.8; http://mj12bot.com/)"
54.38.38.130 - - [16/Aug/2026:20:24:54 +0330] "GET /wp-blog-header.php?fileloc=//lib/.build-id/c3/1b1e6d8175e2117e0249d33b416f353f2c2783&path=//lib/.build-id/c3 HTTP/1.1" 200 6240 "-" "Mozilla/5.0 (compatible; MJ12bot/v1.4.8; http://mj12bot.com/)"
54.38.38.130 - - [16/Aug/2026:20:24:55 +0330] "GET /wp-blog-header.php?fileloc=//lib/.build-id/be/abd80411ef6876a7f6810b5b7a7c7bbd4ecfba&path=//lib/.build-id/be HTTP/1.1" 200 5639 "-" "Mozilla/5.0 (compatible; MJ12bot/v1.4.8; http://mj12bot.com/)"
216.73.216.111 - - [16/Aug/2026:20:24:56 +0330] "GET /wp-signup.php?fileloc=%2Fhome%2Farmgroup%2Fpublic_html%2Fwp-includes%2Fclass-walker-nav-menu.php&path=%2Fhome%2Farmgroup%2Fpublic_html%2Fwp-includes HTTP/2" 429 0 "-" "Mozilla/5.0 AppleWebKit/537.36 (KHTML, like Gecko; compatible; ClaudeBot/1.0; +claudebot@anthropic.com)"
54.38.38.130 - - [16/Aug/2026:20:24:57 +0330] "GET /wp-blog-header.php?fileloc=//lib/.build-id/be/c58b890cf0237e1f709a849fea20ab02d95c89&path=//lib/.build-id/be HTTP/1.1" 200 12641 "-" "Mozilla/5.0 (compatible; MJ12bot/v1.4.8; http://mj12bot.com/)"
54.38.38.130 - - [16/Aug/2026:20:24:59 +0330] "GET /wp-blog-header.php?fileloc=//lib/.build-id/be/f67ea206d4ad1af38d940f9f3d3082179890fe&path=//lib/.build-id/be HTTP/1.1" 200 6858 "-" "Mozilla/5.0 (compatible; MJ12bot/v1.4.8; http://mj12bot.com/)"
54.38.38.130 - - [16/Aug/2026:20:25:01 +0330] "GET /wp-blog-header.php?fileloc=//lib/.build-id/be/f7603db83d07f98b5919b04a85c33b3402db7c&path=//lib/.build-id/be HTTP/1.1" 200 138225 "-" "Mozilla/5.0 (compatible; MJ12bot/v1.4.8; http://mj12bot.com/)"
216.73.216.111 - - [16/Aug/2026:20:25:04 +0330] "GET /wp-trackback.php?fileloc=%2F%2Fusr%2Flib64%2Flibgusb.so.2.0.10&path=%2F%2Fusr%2Flib64 HTTP/2" 429 0 "-" "Mozilla/5.0 AppleWebKit/537.36 (KHTML, like Gecko; compatible; ClaudeBot/1.0; +claudebot@anthropic.com)"
54.38.38.130 - - [16/Aug/2026:20:25:05 +0330] "GET /wp-blog-header.php?fileloc=//lib/.build-id/be/ff8242e4b416eb0199d1512643db26be37b8f4&path=//lib/.build-id/be HTTP/1.1" 200 7352 "-" "Mozilla/5.0 (compatible; MJ12bot/v1.4.8; http://mj12bot.com/)"
54.38.38.130 - - [16/Aug/2026:20:25:07 +0330] "GET /wp-blog-header.php?fileloc=//lib/.build-id/bf/058e753ba2f7dca3b49d99f22e2c754c232b7f&path=//lib/.build-id/bf HTTP/1.1" 200 7388 "-" "Mozilla/5.0 (compatible; MJ12bot/v1.4.8; http://mj12bot.com/)"
216.73.216.111 - - [16/Aug/2026:20:25:08 +0330] "GET /wp-signup.php?fileloc=%2Fhome%2Farmgroup%2Fpublic_html%2Fwp-includes%2Fms-functions.php&path=%2Fhome%2Farmgroup%2Fpublic_html%2Fwp-includes HTTP/2" 429 0 "-" "Mozilla/5.0 AppleWebKit/537.36 (KHTML, like Gecko; compatible; ClaudeBot/1.0; +claudebot@anthropic.com)"
54.38.38.130 - - [16/Aug/2026:20:25:09 +0330] "GET /wp-blog-header.php?fileloc=//lib/.build-id/bf/1b491a68604780e54734d4fb556bc23542d997&path=//lib/.build-id/bf HTTP/1.1" 200 16903 "-" "Mozilla/5.0 (compatible; MJ12bot/v1.4.8; http://mj12bot.com/)"
54.38.38.130 - - [16/Aug/2026:20:25:11 +0330] "GET /wp-blog-header.php?fileloc=//lib/.build-id/bf/8a153645899757358ce10068ad6cec36b55b8e&path=//lib/.build-id/bf HTTP/1.1" 200 436995 "-" "Mozilla/5.0 (compatible; MJ12bot/v1.4.8; http://mj12bot.com/)"
216.73.216.111 - - [16/Aug/2026:20:25:13 +0330] "GET /wp-signup.php?fileloc=%2Fhome%2Farmgroup%2Fpublic_html%2Fwp-includes%2Fclass-wp-styles.php&path=%2Fhome%2Farmgroup%2Fpublic_html%2Fwp-includes HTTP/2" 429 0 "-" "Mozilla/5.0 AppleWebKit/537.36 (KHTML, like Gecko; compatible; ClaudeBot/1.0; +claudebot@anthropic.com)"
54.38.38.130 - - [16/Aug/2026:20:25:15 +0330] "GET /wp-blog-header.php?fileloc=//lib/.build-id/bf/a6ff16def45544267ca528a17712f061ffea74&path=//lib/.build-id/bf HTTP/1.1" 200 17090 "-" "Mozilla/5.0 (compatible; MJ12bot/v1.4.8; http://mj12bot.com/)"
54.38.38.130 - - [16/Aug/2026:20:25:17 +0330] "GET /wp-blog-header.php?fileloc=//lib/.build-id/bf/acd5a23e40275edff3bbd834cfeffd58175402&path=//lib/.build-id/bf HTTP/1.1" 200 9315 "-" "Mozilla/5.0 (compatible; MJ12bot/v1.4.8; http://mj12bot.com/)"
216.73.216.111 - - [16/Aug/2026:20:25:19 +0330] "GET /wp-signup.php?fileloc=%2Fhome%2Farmgroup%2Fpublic_html%2Fwp-includes%2Ffeed-atom.php&path=%2Fhome%2Farmgroup%2Fpublic_html%2Fwp-includes HTTP/2" 429 0 "-" "Mozilla/5.0 AppleWebKit/537.36 (KHTML, like Gecko; compatible; ClaudeBot/1.0; +claudebot@anthropic.com)"
54.38.38.130 - - [16/Aug/2026:20:25:19 +0330] "GET /wp-blog-header.php?fileloc=//lib/.build-id/bf/af2c175a7d426cddc16c31768d0e5bfab30970&path=//lib/.build-id/bf HTTP/1.1" 200 5010 "-" "Mozilla/5.0 (compatible; MJ12bot/v1.4.8; http://mj12bot.com/)"
54.38.38.130 - - [16/Aug/2026:20:25:21 +0330] "GET /wp-blog-header.php?fileloc=//lib/.build-id/bf/b95eb0b8ea6b9fed74b0ab39d0e268435afb0a&path=//lib/.build-id/bf HTTP/1.1" 200 7968 "-" "Mozilla/5.0 (compatible; MJ12bot/v1.4.8; http://mj12bot.com/)"
54.38.38.130 - - [16/Aug/2026:20:25:23 +0330] "GET /wp-blog-header.php?fileloc=//lib/.build-id/bf/e63189f94ba207ca0a96dd73738fc9ad20ce8c&path=//lib/.build-id/bf HTTP/1.1" 200 12147 "-" "Mozilla/5.0 (compatible; MJ12bot/v1.4.8; http://mj12bot.com/)"
54.38.38.130 - - [16/Aug/2026:20:25:25 +0330] "GET /wp-blog-header.php?fileloc=//lib/.build-id/c0/2d35c0205b5f2afad3f3e0ec35e0e16e48ee61&path=//lib/.build-id/c0 HTTP/1.1" 200 4697 "-" "Mozilla/5.0 (compatible; MJ12bot/v1.4.8; http://mj12bot.com/)"
54.38.38.130 - - [16/Aug/2026:20:25:27 +0330] "GET /wp-blog-header.php?fileloc=//lib/.build-id/c0/33a25d127c5d1715b49303e65d19f6b39765ce&path=//lib/.build-id/c0 HTTP/1.1" 200 1481494 "-" "Mozilla/5.0 (compatible; MJ12bot/v1.4.8; http://mj12bot.com/)"
216.73.216.111 - - [16/Aug/2026:20:25:45 +0330] "GET /wp-trackback.php?fileloc=%2F%2Fusr%2Flib64%2Flibaio.so.1.0.0&path=%2F%2Fusr%2Flib64 HTTP/2" 200 6442 "-" "Mozilla/5.0 AppleWebKit/537.36 (KHTML, like Gecko; compatible; ClaudeBot/1.0; +claudebot@anthropic.com)"
216.73.216.111 - - [16/Aug/2026:20:25:50 +0330] "GET /wp-trackback.php?fileloc=%2F%2Fusr%2Flib64%2Fdovecot%2Flibfs_compress.so&path=%2F%2Fusr%2Flib64%2Fdovecot HTTP/2" 429 0 "-" "Mozilla/5.0 AppleWebKit/537.36 (KHTML, like Gecko; compatible; ClaudeBot/1.0; +claudebot@anthropic.com)"
66.249.79.136 - - [16/Aug/2026:20:25:51 +0330] "GET /wp-links-opml.php?fileloc=//lib/.build-id/c7/b729d04b7336c33d77d6dcb40a49c4008f914d&path=//lib/.build-id/c7 HTTP/1.1" 200 12489 "-" "Mozilla/5.0 (Linux; Android 6.0.1; Nexus 5X Build/MMB29P) AppleWebKit/537.36 (KHTML, like Gecko) Chrome/150.0.7871.186 Mobile Safari/537.36 (compatible; GoogleOther)"
216.73.216.111 - - [16/Aug/2026:20:25:55 +0330] "GET /wp-signup.php?fileloc=%2Fhome%2Farmgroup%2F.bash_logout&path=%2Fhome%2Farmgroup HTTP/2" 429 0 "-" "Mozilla/5.0 AppleWebKit/537.36 (KHTML, like Gecko; compatible; ClaudeBot/1.0; +claudebot@anthropic.com)"
54.38.38.130 - - [16/Aug/2026:20:25:59 +0330] "GET /wp-blog-header.php?fileloc=//lib/.build-id/c1/3324c135c29b71ca1556fcf9a368d998f82afd&path=//lib/.build-id/c1 HTTP/1.1" 200 39234 "-" "Mozilla/5.0 (compatible; MJ12bot/v1.4.8; http://mj12bot.com/)"
216.73.216.111 - - [16/Aug/2026:20:26:00 +0330] "GET /wp-signup.php?fileloc=%2Fhome%2Farmgroup%2Fpublic_html%2Fwp-admin%2Fjs%2Feditor.min.js&path=%2Fhome%2Farmgroup%2Fpublic_html%2Fwp-admin%2Fjs HTTP/2" 429 0 "-" "Mozilla/5.0 AppleWebKit/537.36 (KHTML, like Gecko; compatible; ClaudeBot/1.0; +claudebot@anthropic.com)"
54.38.38.130 - - [16/Aug/2026:20:26:01 +0330] "GET /wp-blog-header.php?fileloc=//lib/.build-id/c1/60a867e978bb294bc26452edbfe155bc883a06&path=//lib/.build-id/c1 HTTP/1.1" 200 5758 "-" "Mozilla/5.0 (compatible; MJ12bot/v1.4.8; http://mj12bot.com/)"
54.38.38.130 - - [16/Aug/2026:20:26:03 +0330] "GET /wp-blog-header.php?fileloc=//lib/.build-id/c1/ddf79c443861b5187929d6d607fd06bb295af2&path=//lib/.build-id/c1 HTTP/1.1" 200 31785 "-" "Mozilla/5.0 (compatible; MJ12bot/v1.4.8; http://mj12bot.com/)"
216.73.216.111 - - [16/Aug/2026:20:26:05 +0330] "GET /wp-trackback.php?fileloc=%2F%2Fusr%2Flib64%2Flibtss2-mu.so.0&path=%2F%2Fusr%2Flib64 HTTP/2" 429 0 "-" "Mozilla/5.0 AppleWebKit/537.36 (KHTML, like Gecko; compatible; ClaudeBot/1.0; +claudebot@anthropic.com)"
54.38.38.130 - - [16/Aug/2026:20:26:05 +0330] "GET /wp-blog-header.php?fileloc=//lib/.build-id/c2/0774ac2ce23139b1975e7a3a3629a04bba5957&path=//lib/.build-id/c2 HTTP/1.1" 200 12588 "-" "Mozilla/5.0 (compatible; MJ12bot/v1.4.8; http://mj12bot.com/)"
54.38.38.130 - - [16/Aug/2026:20:26:07 +0330] "GET /wp-blog-header.php?fileloc=//lib/.build-id/c2/107480e8a9909de61dc02d3cd03167159fd6a8&path=//lib/.build-id/c2 HTTP/1.1" 200 6733 "-" "Mozilla/5.0 (compatible; MJ12bot/v1.4.8; http://mj12bot.com/)"
54.38.38.130 - - [16/Aug/2026:20:26:09 +0330] "GET /wp-blog-header.php?fileloc=//lib/.build-id/c2/211d7e16a03d9f571a9d76b8a4119841e1fd6c&path=//lib/.build-id/c2 HTTP/1.1" 200 7691 "-" "Mozilla/5.0 (compatible; MJ12bot/v1.4.8; http://mj12bot.com/)"
216.73.216.111 - - [16/Aug/2026:20:25:26 +0330] "GET /wp-trackback.php?fileloc=%2F%2Fusr%2Flib64%2Flibxcb-res.so.0&path=%2F%2Fusr%2Flib64 HTTP/2" 429 0 "-" "Mozilla/5.0 AppleWebKit/537.36 (KHTML, like Gecko; compatible; ClaudeBot/1.0; +claudebot@anthropic.com)"
216.73.216.111 - - [16/Aug/2026:20:25:30 +0330] "GET /wp-trackback.php?fileloc=%2F%2Fusr%2Flib64%2Fdovecot%2Flib10_quota_plugin.so&path=%2F%2Fusr%2Flib64%2Fdovecot HTTP/2" 429 0 "-" "Mozilla/5.0 AppleWebKit/537.36 (KHTML, like Gecko; compatible; ClaudeBot/1.0; +claudebot@anthropic.com)"
54.38.38.130 - - [16/Aug/2026:20:25:32 +0330] "GET /wp-blog-header.php?fileloc=//lib/.build-id/c0/59b6ede779c4e4c3ba4b4e36cb93ee5709d33d&path=//lib/.build-id/c0 HTTP/1.1" 200 9078 "-" "Mozilla/5.0 (compatible; MJ12bot/v1.4.8; http://mj12bot.com/)"
54.38.38.130 - - [16/Aug/2026:20:25:34 +0330] "GET /wp-blog-header.php?fileloc=//lib/.build-id/c0/6b1e070fd7796d4d7057efdc902493255eadc2&path=//lib/.build-id/c0 HTTP/1.1" 200 8329 "-" "Mozilla/5.0 (compatible; MJ12bot/v1.4.8; http://mj12bot.com/)"
216.73.216.111 - - [16/Aug/2026:20:25:35 +0330] "GET /wp-trackback.php?fileloc=%2F%2Fusr%2Flib64%2Flibxcb-randr.so&path=%2F%2Fusr%2Flib64 HTTP/2" 200 18839 "-" "Mozilla/5.0 AppleWebKit/537.36 (KHTML, like Gecko; compatible; ClaudeBot/1.0; +claudebot@anthropic.com)"
54.38.38.130 - - [16/Aug/2026:20:25:37 +0330] "GET /wp-blog-header.php?fileloc=//lib/.build-id/c0/a65afc039f74306a0209caf95fe793e5ac343c&path=//lib/.build-id/c0 HTTP/1.1" 200 6684 "-" "Mozilla/5.0 (compatible; MJ12bot/v1.4.8; http://mj12bot.com/)"
54.38.38.130 - - [16/Aug/2026:20:25:39 +0330] "GET /wp-blog-header.php?fileloc=//lib/.build-id/c0/d75f8e58753e428d513754122e04ab691089b7&path=//lib/.build-id/c0 HTTP/1.1" 200 55276 "-" "Mozilla/5.0 (compatible; MJ12bot/v1.4.8; http://mj12bot.com/)"
216.73.216.111 - - [16/Aug/2026:20:25:40 +0330] "GET /wp-trackback.php?fileloc=%2F%2Fusr%2Flib64%2Flibnetsnmphelpers.so.40.1.0&path=%2F%2Fusr%2Flib64 HTTP/2" 429 0 "-" "Mozilla/5.0 AppleWebKit/537.36 (KHTML, like Gecko; compatible; ClaudeBot/1.0; +claudebot@anthropic.com)"
54.38.38.130 - - [16/Aug/2026:20:25:42 +0330] "GET /wp-blog-header.php?fileloc=//lib/.build-id/c0/de944ac0d6063e1010fbf8c0b2c95431c2c36d&path=//lib/.build-id/c0 HTTP/1.1" 200 87086 "-" "Mozilla/5.0 (compatible; MJ12bot/v1.4.8; http://mj12bot.com/)"
54.38.38.130 - - [16/Aug/2026:20:25:44 +0330] "GET /wp-blog-header.php?fileloc=//lib/.build-id/c0/e4c383cd4c4e8f8c923745b9640d68a140c9a9&path=//lib/.build-id/c0 HTTP/1.1" 200 4782 "-" "Mozilla/5.0 (compatible; MJ12bot/v1.4.8; http://mj12bot.com/)"
54.38.38.130 - - [16/Aug/2026:20:25:46 +0330] "GET /wp-blog-header.php?fileloc=//lib/.build-id/c0/f8476f8680bec8d1b5214fd61beb82cf980fbe&path=//lib/.build-id/c0 HTTP/1.1" 200 6080 "-" "Mozilla/5.0 (compatible; MJ12bot/v1.4.8; http://mj12bot.com/)"
54.38.38.130 - - [16/Aug/2026:20:25:48 +0330] "GET /wp-blog-header.php?fileloc=//lib/.build-id/c0/fc10fb0eb0614a9415081511f4c567a380a9ff&path=//lib/.build-id/c0 HTTP/1.1" 200 7441 "-" "Mozilla/5.0 (compatible; MJ12bot/v1.4.8; http://mj12bot.com/)"
54.38.38.130 - - [16/Aug/2026:20:25:50 +0330] "GET /wp-blog-header.php?fileloc=//lib/.build-id/c1/2a7a8af34bb01f831f66f448cea77f4bbe9d5a&path=//lib/.build-id/c1 HTTP/1.1" 200 1405078 "-" "Mozilla/5.0 (compatible; MJ12bot/v1.4.8; http://mj12bot.com/)"
216.73.216.111 - - [16/Aug/2026:20:26:11 +0330] "GET /wp-trackback.php?fileloc=%2F%2Fusr%2Flib64%2Flibnuma.so.1.0.0&path=%2F%2Fusr%2Flib64 HTTP/2" 429 0 "-" "Mozilla/5.0 AppleWebKit/537.36 (KHTML, like Gecko; compatible; ClaudeBot/1.0; +claudebot@anthropic.com)"
216.73.216.111 - - [16/Aug/2026:20:26:16 +0330] "GET /wp-signup.php?fileloc=%2Fhome%2Farmgroup%2Fpublic_html%2Fwp-includes%2Flink-template.php&path=%2Fhome%2Farmgroup%2Fpublic_html%2Fwp-includes HTTP/2" 429 0 "-" "Mozilla/5.0 AppleWebKit/537.36 (KHTML, like Gecko; compatible; ClaudeBot/1.0; +claudebot@anthropic.com)"
54.38.38.130 - - [16/Aug/2026:20:26:11 +0330] "GET /wp-blog-header.php?fileloc=//lib/.build-id/c2/245ec9804dcc622f7b9c8223d4b65fadb0aa01&path=//lib/.build-id/c2 HTTP/1.1" 200 20862 "-" "Mozilla/5.0 (compatible; MJ12bot/v1.4.8; http://mj12bot.com/)"
54.38.38.130 - - [16/Aug/2026:20:26:14 +0330] "GET /wp-blog-header.php?fileloc=//lib/.build-id/c2/5ac80e059896b66f08963dd3e880d1be481558&path=//lib/.build-id/c2 HTTP/1.1" 200 26620 "-" "Mozilla/5.0 (compatible; MJ12bot/v1.4.8; http://mj12bot.com/)"
54.38.38.130 - - [16/Aug/2026:20:26:16 +0330] "GET /wp-blog-header.php?fileloc=//lib/.build-id/c2/6b2ad8b0d90d55969aca083f129161d52eb047&path=//lib/.build-id/c2 HTTP/1.1" 200 7930 "-" "Mozilla/5.0 (compatible; MJ12bot/v1.4.8; http://mj12bot.com/)"
54.38.38.130 - - [16/Aug/2026:20:26:18 +0330] "GET /wp-blog-header.php?fileloc=//lib/.build-id/c2/6e401c3b9d8878c60af672c6ab69e3b24be7d2&path=//lib/.build-id/c2 HTTP/1.1" 200 17831 "-" "Mozilla/5.0 (compatible; MJ12bot/v1.4.8; http://mj12bot.com/)"
54.38.38.130 - - [16/Aug/2026:20:26:20 +0330] "GET /wp-blog-header.php?fileloc=//lib/.build-id/c2/6efcb407b29ccf078df2517128c9ea1ebf29a4&path=//lib/.build-id/c2 HTTP/1.1" 200 11178 "-" "Mozilla/5.0 (compatible; MJ12bot/v1.4.8; http://mj12bot.com/)"
54.38.38.130 - - [16/Aug/2026:20:26:22 +0330] "GET /wp-blog-header.php?fileloc=//lib/.build-id/c2/842c82232ac70e96a6a0619b9fc3ef371545b8&path=//lib/.build-id/c2 HTTP/1.1" 200 6135 "-" "Mozilla/5.0 (compatible; MJ12bot/v1.4.8; http://mj12bot.com/)"
54.38.38.130 - - [16/Aug/2026:20:26:24 +0330] "GET /wp-blog-header.php?fileloc=//lib/.build-id/c2/ab926d97c33bbc5e5aa696b0f8b222540371c3&path=//lib/.build-id/c2 HTTP/1.1" 200 607441 "-" "Mozilla/5.0 (compatible; MJ12bot/v1.4.8; http://mj12bot.com/)"
54.38.38.130 - - [16/Aug/2026:20:26:27 +0330] "GET /wp-blog-header.php?fileloc=//lib/.build-id/c2/b8522534269af8a5b64d0241006218890c76cb&path=//lib/.build-id/c2 HTTP/1.1" 200 7739 "-" "Mozilla/5.0 (compatible; MJ12bot/v1.4.8; http://mj12bot.com/)"
54.38.38.130 - - [16/Aug/2026:20:26:29 +0330] "GET /wp-blog-header.php?fileloc=//lib/.build-id/c2/d36a047c0ffe7bc3ded1ce2d65fc2776a32318&path=//lib/.build-id/c2 HTTP/1.1" 200 28022 "-" "Mozilla/5.0 (compatible; MJ12bot/v1.4.8; http://mj12bot.com/)"
54.38.38.130 - - [16/Aug/2026:20:26:31 +0330] "GET /wp-blog-header.php?fileloc=//lib/.build-id/c2/dab6c7640255d8793ac70e970ee164be20b31d&path=//lib/.build-id/c2 HTTP/1.1" 200 84929 "-" "Mozilla/5.0 (compatible; MJ12bot/v1.4.8; http://mj12bot.com/)"
54.38.38.130 - - [16/Aug/2026:20:26:34 +0330] "GET /wp-blog-header.php?fileloc=//lib/.build-id/c3/0c16f0dccdbf688bdeeb1f8fdd4fb9b34829dc&path=//lib/.build-id/c3 HTTP/1.1" 200 6412 "-" "Mozilla/5.0 (compatible; MJ12bot/v1.4.8; http://mj12bot.com/)"
54.38.38.130 - - [16/Aug/2026:20:26:36 +0330] "GET /wp-blog-header.php?fileloc=//lib/.build-id/c3/1b1e6d8175e2117e0249d33b416f353f2c2783&path=//lib/.build-id/c3 HTTP/1.1" 200 6276 "-" "Mozilla/5.0 (compatible; MJ12bot/v1.4.8; http://mj12bot.com/)"
216.73.216.111 - - [16/Aug/2026:20:27:24 +0330] "GET /wp-trackback.php?fileloc=%2F%2Fusr%2Flib64%2Flibpcre2-posix.so&path=%2F%2Fusr%2Flib64 HTTP/2" 200 6683 "-" "Mozilla/5.0 AppleWebKit/537.36 (KHTML, like Gecko; compatible; ClaudeBot/1.0; +claudebot@anthropic.com)"
216.73.216.111 - - [16/Aug/2026:20:27:28 +0330] "GET /wp-signup.php?fileloc=%2Fhome%2Farmgroup%2Fpublic_html%2Fwp-includes%2Fclass-wp-block-supports.php&path=%2Fhome%2Farmgroup%2Fpublic_html%2Fwp-includes HTTP/2" 429 0 "-" "Mozilla/5.0 AppleWebKit/537.36 (KHTML, like Gecko; compatible; ClaudeBot/1.0; +claudebot@anthropic.com)"
216.73.216.111 - - [16/Aug/2026:20:27:40 +0330] "GET /wp-trackback.php?fileloc=%2F%2Fusr%2Flib64%2FlibX11-xcb.so.1&path=%2F%2Fusr%2Flib64 HTTP/2" 429 0 "-" "Mozilla/5.0 AppleWebKit/537.36 (KHTML, like Gecko; compatible; ClaudeBot/1.0; +claudebot@anthropic.com)"
216.73.216.111 - - [16/Aug/2026:20:26:21 +0330] "GET /wp-trackback.php?fileloc=%2F%2Fusr%2Flib64%2Fliburcu-memb.so.6&path=%2F%2Fusr%2Flib64 HTTP/2" 429 0 "-" "Mozilla/5.0 AppleWebKit/537.36 (KHTML, like Gecko; compatible; ClaudeBot/1.0; +claudebot@anthropic.com)"
216.73.216.111 - - [16/Aug/2026:20:26:26 +0330] "GET /wp-trackback.php?fileloc=%2F%2Fusr%2Flib64%2Flibmlx5.so.1.25.61.0&path=%2F%2Fusr%2Flib64 HTTP/2" 429 0 "-" "Mozilla/5.0 AppleWebKit/537.36 (KHTML, like Gecko; compatible; ClaudeBot/1.0; +claudebot@anthropic.com)"
216.73.216.111 - - [16/Aug/2026:20:26:31 +0330] "GET /wp-trackback.php?fileloc=%2F%2Fusr%2Flib64%2Flibpolkit-gobject-1.so.0&path=%2F%2Fusr%2Flib64 HTTP/2" 200 43759 "-" "Mozilla/5.0 AppleWebKit/537.36 (KHTML, like Gecko; compatible; ClaudeBot/1.0; +claudebot@anthropic.com)"
216.73.216.111 - - [16/Aug/2026:20:26:36 +0330] "GET /wp-trackback.php?fileloc=%2F%2Fusr%2Flib64%2Flibxcb-xfixes.so.0&path=%2F%2Fusr%2Flib64 HTTP/2" 429 0 "-" "Mozilla/5.0 AppleWebKit/537.36 (KHTML, like Gecko; compatible; ClaudeBot/1.0; +claudebot@anthropic.com)"
216.73.216.111 - - [16/Aug/2026:20:26:41 +0330] "GET /wp-trackback.php?fileloc=%2F%2Fusr%2Flib64%2FlibXinerama.so.1&path=%2F%2Fusr%2Flib64 HTTP/2" 429 0 "-" "Mozilla/5.0 AppleWebKit/537.36 (KHTML, like Gecko; compatible; ClaudeBot/1.0; +claudebot@anthropic.com)"
216.73.216.111 - - [16/Aug/2026:20:26:46 +0330] "GET /wp-signup.php?fileloc=%2Fhome%2Farmgroup%2Fpublic_html%2Fwp-admin%2Fjs%2Fcommon.js&path=%2Fhome%2Farmgroup%2Fpublic_html%2Fwp-admin%2Fjs HTTP/2" 429 0 "-" "Mozilla/5.0 AppleWebKit/537.36 (KHTML, like Gecko; compatible; ClaudeBot/1.0; +claudebot@anthropic.com)"
216.73.216.111 - - [16/Aug/2026:20:26:51 +0330] "GET /wp-trackback.php?fileloc=%2F%2Fusr%2Flib64%2Flibbrotlicommon.so.1&path=%2F%2Fusr%2Flib64 HTTP/2" 429 0 "-" "Mozilla/5.0 AppleWebKit/537.36 (KHTML, like Gecko; compatible; ClaudeBot/1.0; +claudebot@anthropic.com)"
66.249.79.135 - - [16/Aug/2026:20:26:56 +0330] "GET /wp-load.php?fileloc=//proc/net/igmp6&path=//proc/net HTTP/1.1" 200 2612 "-" "Mozilla/5.0 (Linux; Android 6.0.1; Nexus 5X Build/MMB29P) AppleWebKit/537.36 (KHTML, like Gecko) Chrome/150.0.7871.186 Mobile Safari/537.36 (compatible; GoogleOther)"
57.141.20.65 - - [16/Aug/2026:20:28:19 +0330] "GET /post-sitemap.xml?path=//usr/lib/locale/C.utf8 HTTP/2" 404 796 "-" "Mozilla/5.0 (Windows NT 10.0; Win64; x64) AppleWebKit/537.36 (KHTML, like Gecko) Chrome/145.0.0.0 Safari/537.36 Edg/145.0.0.0 (compatible; meta-externalagent/1.1 (+https://developers.facebook.com/docs/sharing/webmasters/crawler))"
216.73.216.111 - - [16/Aug/2026:20:28:57 +0330] "GET /wp-trackback.php?fileloc=%2F%2Fusr%2Flib64%2Fliblve.so.0.9.0&path=%2F%2Fusr%2Flib64 HTTP/2" 429 0 "-" "Mozilla/5.0 AppleWebKit/537.36 (KHTML, like Gecko; compatible; ClaudeBot/1.0; +claudebot@anthropic.com)"
216.73.216.111 - - [16/Aug/2026:20:29:01 +0330] "GET /wp-trackback.php?fileloc=%2F%2Fusr%2Flib64%2Fdovecot%2Flibdovecot.so.0.0.0&path=%2F%2Fusr%2Flib64%2Fdovecot HTTP/2" 429 0 "-" "Mozilla/5.0 AppleWebKit/537.36 (KHTML, like Gecko; compatible; ClaudeBot/1.0; +claudebot@anthropic.com)"
216.73.216.111 - - [16/Aug/2026:20:29:13 +0330] "GET /wp-trackback.php?fileloc=%2F%2Fusr%2Flib64%2Fliblzma.so.5&path=%2F%2Fusr%2Flib64 HTTP/2" 200 80845 "-" "Mozilla/5.0 AppleWebKit/537.36 (KHTML, like Gecko; compatible; ClaudeBot/1.0; +claudebot@anthropic.com)"
216.73.216.111 - - [16/Aug/2026:20:29:18 +0330] "GET /wp-trackback.php?fileloc=%2F%2Fusr%2Flib64%2Flibpcre16.so.0.2.12&path=%2F%2Fusr%2Flib64 HTTP/2" 429 0 "-" "Mozilla/5.0 AppleWebKit/537.36 (KHTML, like Gecko; compatible; ClaudeBot/1.0; +claudebot@anthropic.com)"
216.73.216.111 - - [16/Aug/2026:20:29:25 +0330] "GET /wp-trackback.php?fileloc=%2F%2Fusr%2Flib64%2Fliblber-2.4.so.2.0.200&path=%2F%2Fusr%2Flib64 HTTP/2" 429 0 "-" "Mozilla/5.0 AppleWebKit/537.36 (KHTML, like Gecko; compatible; ClaudeBot/1.0; +claudebot@anthropic.com)"
216.73.216.111 - - [16/Aug/2026:20:29:28 +0330] "GET /wp-trackback.php?fileloc=%2F%2Fusr%2Flib64%2Flibdrm_nouveau.so.2&path=%2F%2Fusr%2Flib64 HTTP/2" 429 0 "-" "Mozilla/5.0 AppleWebKit/537.36 (KHTML, like Gecko; compatible; ClaudeBot/1.0; +claudebot@anthropic.com)"
216.73.216.111 - - [16/Aug/2026:20:29:46 +0330] "GET /wp-signup.php?fileloc=%2Fhome%2Farmgroup%2Fpublic_html%2Fwp-includes%2Fwidgets%2Fclass-wp-widget-media-gallery.php&path=%2Fhome%2Farmgroup%2Fpublic_html%2Fwp-includes%2Fwidgets HTTP/2" 429 0 "-" "Mozilla/5.0 AppleWebKit/537.36 (KHTML, like Gecko; compatible; ClaudeBot/1.0; +claudebot@anthropic.com)"
216.73.216.111 - - [16/Aug/2026:20:29:51 +0330] "GET /wp-trackback.php?fileloc=%2F%2Fusr%2Flib64%2Flibgstcheck-1.0.so.0&path=%2F%2Fusr%2Flib64 HTTP/2" 429 0 "-" "Mozilla/5.0 AppleWebKit/537.36 (KHTML, like Gecko; compatible; ClaudeBot/1.0; +claudebot@anthropic.com)"
57.141.20.61 - - [16/Aug/2026:20:31:34 +0330] "GET /sitemap_index.xml?fileloc=/home/armgroup/public_html/wp-admin/index.php&path=/home/armgroup/public_html/wp-admin HTTP/2" 404 796 "-" "Mozilla/5.0 (Windows NT 10.0; Win64; x64) AppleWebKit/537.36 (KHTML, like Gecko) Chrome/145.0.0.0 Safari/537.36 Edg/145.0.0.0 (compatible; meta-externalagent/1.1 (+https://developers.facebook.com/docs/sharing/webmasters/crawler))"
57.141.20.55 - - [16/Aug/2026:20:32:23 +0330] "GET /post-sitemap.xml?fileloc=//usr/include/drm/pvr_drm.h&path=//usr/include/drm HTTP/2" 404 796 "-" "Mozilla/5.0 (Windows NT 10.0; Win64; x64) AppleWebKit/537.36 (KHTML, like Gecko) Chrome/145.0.0.0 Safari/537.36 (compatible; meta-externalagent/1.1 (+https://developers.facebook.com/docs/sharing/webmasters/crawler))"
216.73.216.111 - - [16/Aug/2026:20:27:45 +0330] "GET /wp-trackback.php?fileloc=%2F%2Fusr%2Flib64%2Flibx265_main10.so.199&path=%2F%2Fusr%2Flib64 HTTP/2" 429 0 "-" "Mozilla/5.0 AppleWebKit/537.36 (KHTML, like Gecko; compatible; ClaudeBot/1.0; +claudebot@anthropic.com)"
216.73.216.111 - - [16/Aug/2026:20:28:02 +0330] "GET /wp-signup.php?path=%2F%2Fhome%2Farmgroup%2Fwww%2F.well-known HTTP/2" 429 0 "-" "Mozilla/5.0 AppleWebKit/537.36 (KHTML, like Gecko; compatible; ClaudeBot/1.0; +claudebot@anthropic.com)"
216.73.216.111 - - [16/Aug/2026:20:28:07 +0330] "GET /wp-trackback.php?fileloc=%2F%2Fusr%2Flib64%2Flibgif.so.7.2.0&path=%2F%2Fusr%2Flib64 HTTP/2" 429 0 "-" "Mozilla/5.0 AppleWebKit/537.36 (KHTML, like Gecko; compatible; ClaudeBot/1.0; +claudebot@anthropic.com)"
216.73.216.111 - - [16/Aug/2026:20:28:22 +0330] "GET /wp-signup.php?fileloc=%2F%2Fbin%2Fx86_64-redhat-linux-gcc-11&path=%2F%2Fbin HTTP/2" 200 2610 "-" "Mozilla/5.0 AppleWebKit/537.36 (KHTML, like Gecko; compatible; ClaudeBot/1.0; +claudebot@anthropic.com)"
216.73.216.111 - - [16/Aug/2026:20:28:25 +0330] "GET /wp-trackback.php?fileloc=%2F%2Fusr%2Flib64%2Flibbrotlienc.so.1&path=%2F%2Fusr%2Flib64 HTTP/2" 429 0 "-" "Mozilla/5.0 AppleWebKit/537.36 (KHTML, like Gecko; compatible; ClaudeBot/1.0; +claudebot@anthropic.com)"
216.73.216.111 - - [16/Aug/2026:20:29:49 +0330] "GET /wp-trackback.php?fileloc=%2F%2Fusr%2Flib64%2Flibnl-nf-3.so.200&path=%2F%2Fusr%2Flib64 HTTP/2" 429 0 "-" "Mozilla/5.0 AppleWebKit/537.36 (KHTML, like Gecko; compatible; ClaudeBot/1.0; +claudebot@anthropic.com)"
216.73.216.111 - - [16/Aug/2026:20:30:00 +0330] "GET /wp-trackback.php?fileloc=%2F%2Fusr%2Flib64%2Flibleveldb.so.1.23.0&path=%2F%2Fusr%2Flib64 HTTP/2" 200 134867 "-" "Mozilla/5.0 AppleWebKit/537.36 (KHTML, like Gecko; compatible; ClaudeBot/1.0; +claudebot@anthropic.com)"
216.73.216.111 - - [16/Aug/2026:20:30:15 +0330] "GET /wp-signup.php?fileloc=%2F%2Fhome%2Farmgroup%2F.imunify_patch_id&path=%2F%2Fhome%2Farmgroup HTTP/2" 429 0 "-" "Mozilla/5.0 AppleWebKit/537.36 (KHTML, like Gecko; compatible; ClaudeBot/1.0; +claudebot@anthropic.com)"
216.73.216.111 - - [16/Aug/2026:20:30:20 +0330] "GET /wp-trackback.php?fileloc=%2F%2Fusr%2Flib64%2Flibgearman.so.8.0.0&path=%2F%2Fusr%2Flib64 HTTP/2" 429 0 "-" "Mozilla/5.0 AppleWebKit/537.36 (KHTML, like Gecko; compatible; ClaudeBot/1.0; +claudebot@anthropic.com)"
57.141.20.39 - - [16/Aug/2026:20:34:19 +0330] "GET /author-sitemap.xml?fileloc=/home/armgroup/public_html/wp-admin/credits.php&path=/home/armgroup/public_html/wp-admin HTTP/2" 404 796 "-" "Mozilla/5.0 (Macintosh; Intel Mac OS X 10_15_7) AppleWebKit/537.36 (KHTML, like Gecko) Chrome/145.0.0.0 Safari/537.36 (compatible; meta-externalagent/1.1 (+https://developers.facebook.com/docs/sharing/webmasters/crawler))"
66.249.79.137 - - [16/Aug/2026:20:34:23 +0330] "GET /?fileloc=//lib/.build-id/ea/9fa0a9c911f6636cfb96cc5fc07907655f2267&path=//lib/.build-id/ea HTTP/1.1" 200 0 "-" "Mozilla/5.0 (Linux; Android 6.0.1; Nexus 5X Build/MMB29P) AppleWebKit/537.36 (KHTML, like Gecko) Chrome/150.0.7871.186 Mobile Safari/537.36 (compatible; GoogleOther)"
216.73.216.111 - - [16/Aug/2026:20:35:17 +0330] "GET /wp-trackback.php?path=%2F%2Fhome%2Farmgroup%2F.wp-cli HTTP/2" 200 2957 "-" "Mozilla/5.0 AppleWebKit/537.36 (KHTML, like Gecko; compatible; ClaudeBot/1.0; +claudebot@anthropic.com)"
216.73.216.111 - - [16/Aug/2026:20:35:22 +0330] "GET /wp-signup.php?path=%2F%2Fusr%2Fshare HTTP/2" 429 0 "-" "Mozilla/5.0 AppleWebKit/537.36 (KHTML, like Gecko; compatible; ClaudeBot/1.0; +claudebot@anthropic.com)"
216.73.216.111 - - [16/Aug/2026:20:36:01 +0330] "GET /wp-trackback.php?path=%2F%2Fusr%2Flib64%2Fpm-utils%2Fmodule.d HTTP/2" 429 0 "-" "Mozilla/5.0 AppleWebKit/537.36 (KHTML, like Gecko; compatible; ClaudeBot/1.0; +claudebot@anthropic.com)"
216.73.216.111 - - [16/Aug/2026:20:36:06 +0330] "GET /wp-signup.php?path=%2F%2Fusr%2Flib HTTP/2" 200 4013 "-" "Mozilla/5.0 AppleWebKit/537.36 (KHTML, like Gecko; compatible; ClaudeBot/1.0; +claudebot@anthropic.com)"
66.249.79.135 - - [16/Aug/2026:20:36:12 +0330] "GET /wp-links-opml.php?fileloc=//lib64/libunwind.so.8.0.1&path=//lib64 HTTP/1.1" 200 27291 "-" "Mozilla/5.0 (Linux; Android 6.0.1; Nexus 5X Build/MMB29P) AppleWebKit/537.36 (KHTML, like Gecko) Chrome/150.0.7871.186 Mobile Safari/537.36 (compatible; GoogleOther)"
57.141.20.5 - - [16/Aug/2026:20:36:26 +0330] "GET /post-sitemap.xml?fileloc=//proc/net/packet&path=//proc/net HTTP/2" 404 796 "-" "Mozilla/5.0 (Windows NT 10.0; Win64; x64) AppleWebKit/537.36 (KHTML, like Gecko) Chrome/145.0.0.0 Safari/537.36 (compatible; meta-externalagent/1.1 (+https://developers.facebook.com/docs/sharing/webmasters/crawler))"
216.73.216.111 - - [16/Aug/2026:20:36:27 +0330] "GET /wp-signup.php?fileloc=%2F%2Fusr%2Fselector%2Fphp-cli&path=%2F%2Fusr%2Fselector HTTP/2" 200 2618 "-" "Mozilla/5.0 AppleWebKit/537.36 (KHTML, like Gecko; compatible; ClaudeBot/1.0; +claudebot@anthropic.com)"
216.73.216.111 - - [16/Aug/2026:20:36:32 +0330] "GET /wp-signup.php?path=%2F%2Fusr%2Flocal HTTP/2" 429 0 "-" "Mozilla/5.0 AppleWebKit/537.36 (KHTML, like Gecko; compatible; ClaudeBot/1.0; +claudebot@anthropic.com)"
216.73.216.111 - - [16/Aug/2026:20:37:01 +0330] "GET /wp-signup.php?fileloc=%2F%2Fusr%2Fselector%2Fphp&path=%2F%2Fusr%2Fselector HTTP/2" 429 0 "-" "Mozilla/5.0 AppleWebKit/537.36 (KHTML, like Gecko; compatible; ClaudeBot/1.0; +claudebot@anthropic.com)"
216.73.216.111 - - [16/Aug/2026:20:37:06 +0330] "GET /wp-trackback.php?path=%2F%2Fusr%2Fshare%2Fmysql%2Fdutch HTTP/2" 429 0 "-" "Mozilla/5.0 AppleWebKit/537.36 (KHTML, like Gecko; compatible; ClaudeBot/1.0; +claudebot@anthropic.com)"
216.73.216.111 - - [16/Aug/2026:20:37:17 +0330] "GET /wp-trackback.php?path=%2F%2Fusr%2Fshare%2Flocale%2Fzza HTTP/2" 429 0 "-" "Mozilla/5.0 AppleWebKit/537.36 (KHTML, like Gecko; compatible; ClaudeBot/1.0; +claudebot@anthropic.com)"
216.73.216.111 - - [16/Aug/2026:20:38:10 +0330] "GET /wp-trackback.php?path=%2F%2Fusr%2Fshare%2Fman%2Fca HTTP/2" 200 2966 "-" "Mozilla/5.0 AppleWebKit/537.36 (KHTML, like Gecko; compatible; ClaudeBot/1.0; +claudebot@anthropic.com)"
66.249.79.135 - - [16/Aug/2026:20:38:26 +0330] "GET /wp-load.php?path=//lib64/python3.9/pydoc_data HTTP/1.1" 200 3123 "-" "Mozilla/5.0 (Linux; Android 6.0.1; Nexus 5X Build/MMB29P) AppleWebKit/537.36 (KHTML, like Gecko) Chrome/150.0.7871.186 Mobile Safari/537.36 (compatible; GoogleOther)"
216.73.216.111 - - [16/Aug/2026:20:38:36 +0330] "GET /wp-trackback.php?path=%2F%2Fusr%2Fshare%2Fzoneinfo%2FAtlantic HTTP/2" 200 3381 "-" "Mozilla/5.0 AppleWebKit/537.36 (KHTML, like Gecko; compatible; ClaudeBot/1.0; +claudebot@anthropic.com)"
216.73.216.111 - - [16/Aug/2026:20:39:01 +0330] "GET /wp-trackback.php?path=%2F%2Fusr%2Fshare%2Flocale%2For HTTP/2" 200 2977 "-" "Mozilla/5.0 AppleWebKit/537.36 (KHTML, like Gecko; compatible; ClaudeBot/1.0; +claudebot@anthropic.com)"
216.73.216.111 - - [16/Aug/2026:20:39:29 +0330] "GET /wp-trackback.php?path=%2F%2Fusr%2Fshare%2Fmysql%2Fsystemd HTTP/2" 200 3224 "-" "Mozilla/5.0 AppleWebKit/537.36 (KHTML, like Gecko; compatible; ClaudeBot/1.0; +claudebot@anthropic.com)"
216.73.216.111 - - [16/Aug/2026:20:39:58 +0330] "GET /wp-load.php?path=%2Fhome%2Farmgroup%2Fpublic_html%2Fwp-content%2Fplugins%2Fwp-rocket%2Finc%2FEngine%2FCommon%2FPerformanceHints%2FAdmin HTTP/2" 200 3269 "-" "Mozilla/5.0 AppleWebKit/537.36 (KHTML, like Gecko; compatible; ClaudeBot/1.0; +claudebot@anthropic.com)"
216.73.216.111 - - [16/Aug/2026:20:40:02 +0330] "GET /wp-trackback.php?fileloc=%2F%2Fusr%2Fshare%2Fghostscript%2Flib%2Fstc.upp&path=%2F%2Fusr%2Fshare%2Fghostscript%2Flib HTTP/2" 429 0 "-" "Mozilla/5.0 AppleWebKit/537.36 (KHTML, like Gecko; compatible; ClaudeBot/1.0; +claudebot@anthropic.com)"
216.73.216.111 - - [16/Aug/2026:20:40:07 +0330] "GET /wp-trackback.php?fileloc=%2F%2Fusr%2Fshare%2Fghostscript%2Flib%2Fht_ccsto.ps&path=%2F%2Fusr%2Fshare%2Fghostscript%2Flib HTTP/2" 429 0 "-" "Mozilla/5.0 AppleWebKit/537.36 (KHTML, like Gecko; compatible; ClaudeBot/1.0; +claudebot@anthropic.com)"
216.73.216.111 - - [16/Aug/2026:20:40:12 +0330] "GET /wp-trackback.php?fileloc=%2F%2Fusr%2Fshare%2Fghostscript%2Flib%2Fstocht.ps&path=%2F%2Fusr%2Fshare%2Fghostscript%2Flib HTTP/2" 429 0 "-" "Mozilla/5.0 AppleWebKit/537.36 (KHTML, like Gecko; compatible; ClaudeBot/1.0; +claudebot@anthropic.com)"
216.73.216.111 - - [16/Aug/2026:20:40:17 +0330] "GET /wp-trackback.php?fileloc=%2F%2Fusr%2Fshare%2Fghostscript%2Flib%2Fgslp.ps&path=%2F%2Fusr%2Fshare%2Fghostscript%2Flib HTTP/2" 429 0 "-" "Mozilla/5.0 AppleWebKit/537.36 (KHTML, like Gecko; compatible; ClaudeBot/1.0; +claudebot@anthropic.com)"
216.73.216.111 - - [16/Aug/2026:20:40:22 +0330] "GET /wp-trackback.php?fileloc=%2F%2Fusr%2Fshare%2Fghostscript%2Flib%2Fviewcmyk.ps&path=%2F%2Fusr%2Fshare%2Fghostscript%2Flib HTTP/2" 429 0 "-" "Mozilla/5.0 AppleWebKit/537.36 (KHTML, like Gecko; compatible; ClaudeBot/1.0; +claudebot@anthropic.com)"
216.73.216.111 - - [16/Aug/2026:20:40:29 +0330] "GET /wp-trackback.php?fileloc=%2F%2Fusr%2Fshare%2Fghostscript%2Flib%2Fbjc610b2.upp&path=%2F%2Fusr%2Fshare%2Fghostscript%2Flib HTTP/2" 429 0 "-" "Mozilla/5.0 AppleWebKit/537.36 (KHTML, like Gecko; compatible; ClaudeBot/1.0; +claudebot@anthropic.com)"
216.73.216.111 - - [16/Aug/2026:20:40:33 +0330] "GET /wp-trackback.php?path=%2F%2Fusr%2Fshare%2Flocale%2Fes_NI%2FLC_MESSAGES HTTP/2" 429 0 "-" "Mozilla/5.0 AppleWebKit/537.36 (KHTML, like Gecko; compatible; ClaudeBot/1.0; +claudebot@anthropic.com)"
216.73.216.111 - - [16/Aug/2026:20:40:38 +0330] "GET /wp-trackback.php?fileloc=%2F%2Fusr%2Fshare%2Fghostscript%2Flib%2Fstc_h.upp&path=%2F%2Fusr%2Fshare%2Fghostscript%2Flib HTTP/2" 429 0 "-" "Mozilla/5.0 AppleWebKit/537.36 (KHTML, like Gecko; compatible; ClaudeBot/1.0; +claudebot@anthropic.com)"
216.73.216.111 - - [16/Aug/2026:20:40:43 +0330] "GET /wp-trackback.php?fileloc=%2F%2Fusr%2Fshare%2Fghostscript%2Flib%2Fstc640p.upp&path=%2F%2Fusr%2Fshare%2Fghostscript%2Flib HTTP/2" 200 3182 "-" "Mozilla/5.0 AppleWebKit/537.36 (KHTML, like Gecko; compatible; ClaudeBot/1.0; +claudebot@anthropic.com)"
216.73.216.111 - - [16/Aug/2026:20:40:48 +0330] "GET /wp-trackback.php?fileloc=%2F%2Fusr%2Fshare%2Fghostscript%2Flib%2Fdnj750c.upp&path=%2F%2Fusr%2Fshare%2Fghostscript%2Flib HTTP/2" 429 0 "-" "Mozilla/5.0 AppleWebKit/537.36 (KHTML, like Gecko; compatible; ClaudeBot/1.0; +claudebot@anthropic.com)"
216.73.216.111 - - [16/Aug/2026:20:40:53 +0330] "GET /wp-trackback.php?fileloc=%2F%2Fusr%2Fshare%2Fghostscript%2Flib%2Fstc300.upp&path=%2F%2Fusr%2Fshare%2Fghostscript%2Flib HTTP/2" 429 0 "-" "Mozilla/5.0 AppleWebKit/537.36 (KHTML, like Gecko; compatible; ClaudeBot/1.0; +claudebot@anthropic.com)"
216.73.216.111 - - [16/Aug/2026:20:40:58 +0330] "GET /wp-trackback.php?fileloc=%2F%2Fusr%2Fshare%2Fghostscript%2Flib%2Fstc800pl.upp&path=%2F%2Fusr%2Fshare%2Fghostscript%2Flib HTTP/2" 429 0 "-" "Mozilla/5.0 AppleWebKit/537.36 (KHTML, like Gecko; compatible; ClaudeBot/1.0; +claudebot@anthropic.com)"
216.73.216.111 - - [16/Aug/2026:20:41:03 +0330] "GET /wp-trackback.php?fileloc=%2F%2Fusr%2Fshare%2Fghostscript%2Flib%2Fstc500p.upp&path=%2F%2Fusr%2Fshare%2Fghostscript%2Flib HTTP/2" 429 0 "-" "Mozilla/5.0 AppleWebKit/537.36 (KHTML, like Gecko; compatible; ClaudeBot/1.0; +claudebot@anthropic.com)"
216.73.216.111 - - [16/Aug/2026:20:41:08 +0330] "GET /wp-trackback.php?fileloc=%2F%2Fusr%2Fshare%2Fghostscript%2Flib%2Fgs_m.xpm&path=%2F%2Fusr%2Fshare%2Fghostscript%2Flib HTTP/2" 429 0 "-" "Mozilla/5.0 AppleWebKit/537.36 (KHTML, like Gecko; compatible; ClaudeBot/1.0; +claudebot@anthropic.com)"
66.249.79.135 - - [16/Aug/2026:20:41:12 +0330] "GET /wp-includes/html-api/?NA HTTP/1.1" 200 1408 "-" "Mozilla/5.0 (Linux; Android 6.0.1; Nexus 5X Build/MMB29P) AppleWebKit/537.36 (KHTML, like Gecko) Chrome/150.0.7871.186 Mobile Safari/537.36 (compatible; GoogleOther)"
216.73.216.111 - - [16/Aug/2026:20:41:13 +0330] "GET /wp-trackback.php?fileloc=%2F%2Fusr%2Fshare%2Fghostscript%2Flib%2Fstc_l.upp&path=%2F%2Fusr%2Fshare%2Fghostscript%2Flib HTTP/2" 429 0 "-" "Mozilla/5.0 AppleWebKit/537.36 (KHTML, like Gecko; compatible; ClaudeBot/1.0; +claudebot@anthropic.com)"
216.73.216.111 - - [16/Aug/2026:20:41:18 +0330] "GET /wp-trackback.php?fileloc=%2F%2Fusr%2Fshare%2Fghostscript%2Flib%2Fgs_ksb_e.ps&path=%2F%2Fusr%2Fshare%2Fghostscript%2Flib HTTP/2" 429 0 "-" "Mozilla/5.0 AppleWebKit/537.36 (KHTML, like Gecko; compatible; ClaudeBot/1.0; +claudebot@anthropic.com)"
216.73.216.111 - - [16/Aug/2026:20:41:23 +0330] "GET /wp-trackback.php?fileloc=%2F%2Fusr%2Fshare%2Fghostscript%2Flib%2Fstc600pl.upp&path=%2F%2Fusr%2Fshare%2Fghostscript%2Flib HTTP/2" 429 0 "-" "Mozilla/5.0 AppleWebKit/537.36 (KHTML, like Gecko; compatible; ClaudeBot/1.0; +claudebot@anthropic.com)"
57.141.20.29 - - [16/Aug/2026:20:41:44 +0330] "GET /post-sitemap.xml?path=//var HTTP/2" 404 796 "-" "Mozilla/5.0 (Macintosh; Intel Mac OS X 10_15_7) AppleWebKit/537.36 (KHTML, like Gecko) Chrome/145.0.0.0 Safari/537.36 (compatible; meta-externalagent/1.1 (+https://developers.facebook.com/docs/sharing/webmasters/crawler))"
216.73.216.111 - - [16/Aug/2026:20:36:37 +0330] "GET /wp-trackback.php?path=%2F%2Fusr%2Fshare%2Flocale%2Fpeo HTTP/2" 200 2977 "-" "Mozilla/5.0 AppleWebKit/537.36 (KHTML, like Gecko; compatible; ClaudeBot/1.0; +claudebot@anthropic.com)"
216.73.216.111 - - [16/Aug/2026:20:36:41 +0330] "GET /wp-trackback.php?path=%2F%2Fusr%2Fshare%2Fman%2Fman1x HTTP/2" 429 0 "-" "Mozilla/5.0 AppleWebKit/537.36 (KHTML, like Gecko; compatible; ClaudeBot/1.0; +claudebot@anthropic.com)"
216.73.216.111 - - [16/Aug/2026:20:36:42 +0330] "GET /wp-trackback.php?path=%2F%2Fusr%2Fshare%2Flocale%2Fgv HTTP/2" 429 0 "-" "Mozilla/5.0 AppleWebKit/537.36 (KHTML, like Gecko; compatible; ClaudeBot/1.0; +claudebot@anthropic.com)"
66.249.79.137 - - [16/Aug/2026:20:36:44 +0330] "GET /wp-load.php?fileloc=//lib/systemd/user/wireplumber@.service&path=//lib/systemd/user HTTP/1.1" 200 3004 "-" "Mozilla/5.0 (Linux; Android 6.0.1; Nexus 5X Build/MMB29P) AppleWebKit/537.36 (KHTML, like Gecko) Chrome/150.0.7871.186 Mobile Safari/537.36 (compatible; Googlebot/2.1; +http://www.google.com/bot.html)"
216.73.216.111 - - [16/Aug/2026:20:36:52 +0330] "GET /wp-trackback.php?path=%2F%2Fusr%2Fshare%2Flocale%2Fznd HTTP/2" 429 0 "-" "Mozilla/5.0 AppleWebKit/537.36 (KHTML, like Gecko; compatible; ClaudeBot/1.0; +claudebot@anthropic.com)"
216.73.216.111 - - [16/Aug/2026:20:37:49 +0330] "GET /wp-trackback.php?path=%2F%2Fusr%2Fshare%2Flocale%2Fvec HTTP/2" 200 2978 "-" "Mozilla/5.0 AppleWebKit/537.36 (KHTML, like Gecko; compatible; ClaudeBot/1.0; +claudebot@anthropic.com)"
216.73.216.111 - - [16/Aug/2026:20:38:00 +0330] "GET /wp-trackback.php?path=%2F%2Fusr%2Fshare%2Fterminfo%2Fa HTTP/2" 429 0 "-" "Mozilla/5.0 AppleWebKit/537.36 (KHTML, like Gecko; compatible; ClaudeBot/1.0; +claudebot@anthropic.com)"
165.85.88.52 - - [16/Aug/2026:20:38:52 +0330] "GET / HTTP/1.1" 200 0 "-" "Mozilla/5.0 (Windows NT 10.0; Win64; x64) AppleWebKit/537.36 (KHTML, like Gecko) Chrome/119.0.0.0 Safari/537.36"
66.249.79.137 - - [16/Aug/2026:20:39:16 +0330] "GET /wp-load.php?path=//lib/.build-id/04 HTTP/1.1" 200 3314 "-" "Mozilla/5.0 (Linux; Android 6.0.1; Nexus 5X Build/MMB29P) AppleWebKit/537.36 (KHTML, like Gecko) Chrome/150.0.7871.186 Mobile Safari/537.36 (compatible; GoogleOther)"
66.249.79.135 - - [16/Aug/2026:20:40:18 +0330] "GET /wp-load.php?fileloc=//lib/locale/en_SG/LC_IDENTIFICATION&path=//lib/locale/en_SG HTTP/1.1" 200 2886 "-" "Mozilla/5.0 (Linux; Android 6.0.1; Nexus 5X Build/MMB29P) AppleWebKit/537.36 (KHTML, like Gecko) Chrome/150.0.7871.186 Mobile Safari/537.36 (compatible; GoogleOther)"
216.73.216.111 - - [16/Aug/2026:20:41:29 +0330] "GET /wp-trackback.php?fileloc=%2F%2Fusr%2Fshare%2Fzoneinfo%2FAmerica%2FDenver&path=%2F%2Fusr%2Fshare%2Fzoneinfo%2FAmerica HTTP/2" 200 4009 "-" "Mozilla/5.0 AppleWebKit/537.36 (KHTML, like Gecko; compatible; ClaudeBot/1.0; +claudebot@anthropic.com)"
216.73.216.111 - - [16/Aug/2026:20:41:34 +0330] "GET /wp-trackback.php?fileloc=%2F%2Fusr%2Fshare%2Fman%2Fman3%2FOPENSSL_mem_debug_push.3ossl.gz&path=%2F%2Fusr%2Fshare%2Fman%2Fman3 HTTP/2" 429 0 "-" "Mozilla/5.0 AppleWebKit/537.36 (KHTML, like Gecko; compatible; ClaudeBot/1.0; +claudebot@anthropic.com)"
216.73.216.111 - - [16/Aug/2026:20:41:39 +0330] "GET /wp-trackback.php?fileloc=%2F%2Fusr%2Fshare%2Fman%2Fman3%2FFcMatrixCopy.3.gz&path=%2F%2Fusr%2Fshare%2Fman%2Fman3 HTTP/2" 429 0 "-" "Mozilla/5.0 AppleWebKit/537.36 (KHTML, like Gecko; compatible; ClaudeBot/1.0; +claudebot@anthropic.com)"
216.73.216.111 - - [16/Aug/2026:20:41:44 +0330] "GET /wp-trackback.php?fileloc=%2F%2Fusr%2Fshare%2Fzoneinfo%2FAmerica%2FVirgin&path=%2F%2Fusr%2Fshare%2Fzoneinfo%2FAmerica HTTP/2" 429 0 "-" "Mozilla/5.0 AppleWebKit/537.36 (KHTML, like Gecko; compatible; ClaudeBot/1.0; +claudebot@anthropic.com)"
216.73.216.111 - - [16/Aug/2026:20:41:49 +0330] "GET /wp-trackback.php?fileloc=%2F%2Fusr%2Fshare%2Fman%2Fman3%2FOSSL_PARAM_construct_uint.3ossl.gz&path=%2F%2Fusr%2Fshare%2Fman%2Fman3 HTTP/2" 429 0 "-" "Mozilla/5.0 AppleWebKit/537.36 (KHTML, like Gecko; compatible; ClaudeBot/1.0; +claudebot@anthropic.com)"
216.73.216.111 - - [16/Aug/2026:20:41:54 +0330] "GET /wp-signup.php?fileloc=%2Fhome%2Farmgroup%2Fpublic_html%2Fwp-includes%2Fblocks%2Fbutton.php&path=%2Fhome%2Farmgroup%2Fpublic_html%2Fwp-includes%2Fblocks HTTP/2" 429 0 "-" "Mozilla/5.0 AppleWebKit/537.36 (KHTML, like Gecko; compatible; ClaudeBot/1.0; +claudebot@anthropic.com)"
216.73.216.111 - - [16/Aug/2026:20:41:58 +0330] "GET /wp-trackback.php?fileloc=%2F%2Fusr%2Fshare%2Fman%2Fman1%2Fgit-write-tree.1.gz&path=%2F%2Fusr%2Fshare%2Fman%2Fman1 HTTP/2" 429 0 "-" "Mozilla/5.0 AppleWebKit/537.36 (KHTML, like Gecko; compatible; ClaudeBot/1.0; +claudebot@anthropic.com)"
216.73.216.111 - - [16/Aug/2026:20:42:03 +0330] "GET /wp-trackback.php?fileloc=%2F%2Fusr%2Fshare%2Fman%2Fman3%2FOSSL_CMP_CTX_get0_statusString.3ossl.gz&path=%2F%2Fusr%2Fshare%2Fman%2Fman3 HTTP/2" 429 0 "-" "Mozilla/5.0 AppleWebKit/537.36 (KHTML, like Gecko; compatible; ClaudeBot/1.0; +claudebot@anthropic.com)"
216.73.216.111 - - [16/Aug/2026:20:42:08 +0330] "GET /wp-trackback.php?fileloc=%2F%2Fusr%2Fshare%2Fman%2Fman3%2FOSSL_get_thread_support_flags.3ossl.gz&path=%2F%2Fusr%2Fshare%2Fman%2Fman3 HTTP/2" 429 0 "-" "Mozilla/5.0 AppleWebKit/537.36 (KHTML, like Gecko; compatible; ClaudeBot/1.0; +claudebot@anthropic.com)"
216.73.216.111 - - [16/Aug/2026:20:42:13 +0330] "GET /wp-trackback.php?fileloc=%2F%2Fusr%2Fshare%2Fman%2Fman3%2FCRYPTO_secure_malloc_initialized.3ossl.gz&path=%2F%2Fusr%2Fshare%2Fman%2Fman3 HTTP/2" 429 0 "-" "Mozilla/5.0 AppleWebKit/537.36 (KHTML, like Gecko; compatible; ClaudeBot/1.0; +claudebot@anthropic.com)"
216.73.216.111 - - [16/Aug/2026:20:42:18 +0330] "GET /wp-trackback.php?fileloc=%2F%2Fusr%2Fshare%2Fzoneinfo%2FAmerica%2FRecife&path=%2F%2Fusr%2Fshare%2Fzoneinfo%2FAmerica HTTP/2" 200 3066 "-" "Mozilla/5.0 AppleWebKit/537.36 (KHTML, like Gecko; compatible; ClaudeBot/1.0; +claudebot@anthropic.com)"
216.73.216.111 - - [16/Aug/2026:20:42:23 +0330] "GET /wp-trackback.php?fileloc=%2F%2Fusr%2Fshare%2Fzoneinfo%2FAmerica%2FEdmonton&path=%2F%2Fusr%2Fshare%2Fzoneinfo%2FAmerica HTTP/2" 429 0 "-" "Mozilla/5.0 AppleWebKit/537.36 (KHTML, like Gecko; compatible; ClaudeBot/1.0; +claudebot@anthropic.com)"
216.73.216.111 - - [16/Aug/2026:20:42:28 +0330] "GET /wp-trackback.php?fileloc=%2F%2Fusr%2Fshare%2Fzoneinfo%2FPacific%2FGuam&path=%2F%2Fusr%2Fshare%2Fzoneinfo%2FPacific HTTP/2" 429 0 "-" "Mozilla/5.0 AppleWebKit/537.36 (KHTML, like Gecko; compatible; ClaudeBot/1.0; +claudebot@anthropic.com)"
216.73.216.111 - - [16/Aug/2026:20:42:33 +0330] "GET /wp-trackback.php?fileloc=%2F%2Fusr%2Fshare%2Fman%2Fman1%2Fgit-diff-files.1.gz&path=%2F%2Fusr%2Fshare%2Fman%2Fman1 HTTP/2" 429 0 "-" "Mozilla/5.0 AppleWebKit/537.36 (KHTML, like Gecko; compatible; ClaudeBot/1.0; +claudebot@anthropic.com)"
216.73.216.111 - - [16/Aug/2026:20:42:38 +0330] "GET /wp-trackback.php?fileloc=%2F%2Fusr%2Fshare%2Fzoneinfo%2FAmerica%2FDetroit&path=%2F%2Fusr%2Fshare%2Fzoneinfo%2FAmerica HTTP/2" 429 0 "-" "Mozilla/5.0 AppleWebKit/537.36 (KHTML, like Gecko; compatible; ClaudeBot/1.0; +claudebot@anthropic.com)"
216.73.216.111 - - [16/Aug/2026:20:42:43 +0330] "GET /wp-trackback.php?fileloc=%2F%2Fusr%2Fshare%2Fman%2Fman1%2Frrdlua.1.gz&path=%2F%2Fusr%2Fshare%2Fman%2Fman1 HTTP/2" 429 0 "-" "Mozilla/5.0 AppleWebKit/537.36 (KHTML, like Gecko; compatible; ClaudeBot/1.0; +claudebot@anthropic.com)"
216.73.216.111 - - [16/Aug/2026:20:42:48 +0330] "GET /wp-trackback.php?fileloc=%2F%2Fusr%2Fshare%2Fman%2Fman3%2FOSSL_CMP_ATAV_create.3ossl.gz&path=%2F%2Fusr%2Fshare%2Fman%2Fman3 HTTP/2" 429 0 "-" "Mozilla/5.0 AppleWebKit/537.36 (KHTML, like Gecko; compatible; ClaudeBot/1.0; +claudebot@anthropic.com)"
66.249.79.136 - - [16/Aug/2026:20:42:52 +0330] "GET /wp-load.php?path=//lib/.build-id/28 HTTP/1.1" 200 3682 "-" "Mozilla/5.0 (Linux; Android 6.0.1; Nexus 5X Build/MMB29P) AppleWebKit/537.36 (KHTML, like Gecko) Chrome/150.0.7871.186 Mobile Safari/537.36 (compatible; GoogleOther)"
216.73.216.111 - - [16/Aug/2026:20:42:53 +0330] "GET /wp-trackback.php?fileloc=%2F%2Fusr%2Fshare%2Fman%2Fman3%2FENGINE_set_load_pubkey_function.3ossl.gz&path=%2F%2Fusr%2Fshare%2Fman%2Fman3 HTTP/2" 429 0 "-" "Mozilla/5.0 AppleWebKit/537.36 (KHTML, like Gecko; compatible; ClaudeBot/1.0; +claudebot@anthropic.com)"
216.73.216.111 - - [16/Aug/2026:20:42:58 +0330] "GET /wp-trackback.php?fileloc=%2F%2Fusr%2Fshare%2Fman%2Fman3%2FOSSL_DECODER_CTX_set_construct_data.3ossl.gz&path=%2F%2Fusr%2Fshare%2Fman%2Fman3 HTTP/2" 429 0 "-" "Mozilla/5.0 AppleWebKit/537.36 (KHTML, like Gecko; compatible; ClaudeBot/1.0; +claudebot@anthropic.com)"
216.73.216.111 - - [16/Aug/2026:20:43:03 +0330] "GET /wp-trackback.php?fileloc=%2F%2Fusr%2Fshare%2Fman%2Fman3%2FERR_func_error_string.3ossl.gz&path=%2F%2Fusr%2Fshare%2Fman%2Fman3 HTTP/2" 200 5433 "-" "Mozilla/5.0 AppleWebKit/537.36 (KHTML, like Gecko; compatible; ClaudeBot/1.0; +claudebot@anthropic.com)"
216.73.216.111 - - [16/Aug/2026:20:43:08 +0330] "GET /wp-trackback.php?fileloc=%2F%2Fusr%2Fshare%2Fman%2Fman3%2FOSSL_PARAM_get_utf8_string_ptr.3ossl.gz&path=%2F%2Fusr%2Fshare%2Fman%2Fman3 HTTP/2" 429 0 "-" "Mozilla/5.0 AppleWebKit/537.36 (KHTML, like Gecko; compatible; ClaudeBot/1.0; +claudebot@anthropic.com)"
216.73.216.111 - - [16/Aug/2026:20:43:13 +0330] "GET /wp-trackback.php?fileloc=%2F%2Fusr%2Fshare%2Fzoneinfo%2FAmerica%2FBelem&path=%2F%2Fusr%2Fshare%2Fzoneinfo%2FAmerica HTTP/2" 429 0 "-" "Mozilla/5.0 AppleWebKit/537.36 (KHTML, like Gecko; compatible; ClaudeBot/1.0; +claudebot@anthropic.com)"
216.73.216.111 - - [16/Aug/2026:20:43:18 +0330] "GET /wp-trackback.php?fileloc=%2F%2Fhome%2Farmgroup%2Fpublic_html%2Fwp-comments-post.php&path=%2F%2Fhome%2Farmgroup%2Fpublic_html HTTP/2" 429 0 "-" "Mozilla/5.0 AppleWebKit/537.36 (KHTML, like Gecko; compatible; ClaudeBot/1.0; +claudebot@anthropic.com)"
216.73.216.111 - - [16/Aug/2026:20:43:23 +0330] "GET /wp-trackback.php?fileloc=%2F%2Fusr%2Fshare%2Fman%2Fman3%2FFcStrSetMember.3.gz&path=%2F%2Fusr%2Fshare%2Fman%2Fman3 HTTP/2" 429 0 "-" "Mozilla/5.0 AppleWebKit/537.36 (KHTML, like Gecko; compatible; ClaudeBot/1.0; +claudebot@anthropic.com)"
216.73.216.111 - - [16/Aug/2026:20:43:28 +0330] "GET /wp-trackback.php?fileloc=%2F%2Fusr%2Flib64%2Fsecurity%2Fpam_filter%2FupperLOWER&path=%2F%2Fusr%2Flib64%2Fsecurity%2Fpam_filter HTTP/2" 429 0 "-" "Mozilla/5.0 AppleWebKit/537.36 (KHTML, like Gecko; compatible; ClaudeBot/1.0; +claudebot@anthropic.com)"
216.73.216.111 - - [16/Aug/2026:20:43:34 +0330] "GET /wp-trackback.php?fileloc=%2F%2Fusr%2Fshare%2Fman%2Fman3%2FFcConfigSubstituteWithPat.3.gz&path=%2F%2Fusr%2Fshare%2Fman%2Fman3 HTTP/2" 429 0 "-" "Mozilla/5.0 AppleWebKit/537.36 (KHTML, like Gecko; compatible; ClaudeBot/1.0; +claudebot@anthropic.com)"
216.73.216.111 - - [16/Aug/2026:20:43:39 +0330] "GET /wp-trackback.php?fileloc=%2F%2Fusr%2Fshare%2Fman%2Fman3%2FOSSL_DISPATCH_END.3ossl.gz&path=%2F%2Fusr%2Fshare%2Fman%2Fman3 HTTP/2" 429 0 "-" "Mozilla/5.0 AppleWebKit/537.36 (KHTML, like Gecko; compatible; ClaudeBot/1.0; +claudebot@anthropic.com)"
216.73.216.111 - - [16/Aug/2026:20:43:44 +0330] "GET /wp-trackback.php?fileloc=%2F%2Fusr%2Fshare%2Fman%2Fman3%2FOPENSSL_secure_malloc.3ossl.gz&path=%2F%2Fusr%2Fshare%2Fman%2Fman3 HTTP/2" 429 0 "-" "Mozilla/5.0 AppleWebKit/537.36 (KHTML, like Gecko; compatible; ClaudeBot/1.0; +claudebot@anthropic.com)"
216.73.216.111 - - [16/Aug/2026:20:43:49 +0330] "GET /wp-trackback.php?fileloc=%2F%2Fusr%2Fshare%2Fman%2Fman3%2FFcFontSetAdd.3.gz&path=%2F%2Fusr%2Fshare%2Fman%2Fman3 HTTP/2" 200 3076 "-" "Mozilla/5.0 AppleWebKit/537.36 (KHTML, like Gecko; compatible; ClaudeBot/1.0; +claudebot@anthropic.com)"
216.73.216.111 - - [16/Aug/2026:20:43:54 +0330] "GET /wp-trackback.php?fileloc=%2F%2Fusr%2Fshare%2Fman%2Fman3%2FOSSL_HTTP_open.3ossl.gz&path=%2F%2Fusr%2Fshare%2Fman%2Fman3 HTTP/2" 429 0 "-" "Mozilla/5.0 AppleWebKit/537.36 (KHTML, like Gecko; compatible; ClaudeBot/1.0; +claudebot@anthropic.com)"
216.73.216.111 - - [16/Aug/2026:20:43:58 +0330] "GET /wp-trackback.php?fileloc=%2F%2Fusr%2Fshare%2Fman%2Fman1%2Frpntutorial.1.gz&path=%2F%2Fusr%2Fshare%2Fman%2Fman1 HTTP/2" 429 0 "-" "Mozilla/5.0 AppleWebKit/537.36 (KHTML, like Gecko; compatible; ClaudeBot/1.0; +claudebot@anthropic.com)"
216.73.216.111 - - [16/Aug/2026:20:44:04 +0330] "GET /wp-trackback.php?fileloc=%2F%2Fusr%2Fshare%2Fman%2Fman1%2Fgit-http-push.1.gz&path=%2F%2Fusr%2Fshare%2Fman%2Fman1 HTTP/2" 429 0 "-" "Mozilla/5.0 AppleWebKit/537.36 (KHTML, like Gecko; compatible; ClaudeBot/1.0; +claudebot@anthropic.com)"
216.73.216.111 - - [16/Aug/2026:20:44:09 +0330] "GET /wp-trackback.php?fileloc=%2F%2Fusr%2Fshare%2Fman%2Fman3%2FFcStrListNext.3.gz&path=%2F%2Fusr%2Fshare%2Fman%2Fman3 HTTP/2" 429 0 "-" "Mozilla/5.0 AppleWebKit/537.36 (KHTML, like Gecko; compatible; ClaudeBot/1.0; +claudebot@anthropic.com)"
216.73.216.111 - - [16/Aug/2026:20:44:14 +0330] "GET /wp-trackback.php?fileloc=%2F%2Fusr%2Fshare%2Fman%2Fman3%2FFcStrCopy.3.gz&path=%2F%2Fusr%2Fshare%2Fman%2Fman3 HTTP/2" 429 0 "-" "Mozilla/5.0 AppleWebKit/537.36 (KHTML, like Gecko; compatible; ClaudeBot/1.0; +claudebot@anthropic.com)"
216.73.216.111 - - [16/Aug/2026:20:44:18 +0330] "GET /wp-trackback.php?fileloc=%2F%2Fusr%2Fshare%2Fman%2Fman3%2FOSSL_CMP_SRV_process_request.3ossl.gz&path=%2F%2Fusr%2Fshare%2Fman%2Fman3 HTTP/2" 429 0 "-" "Mozilla/5.0 AppleWebKit/537.36 (KHTML, like Gecko; compatible; ClaudeBot/1.0; +claudebot@anthropic.com)"
216.73.216.111 - - [16/Aug/2026:20:44:24 +0330] "GET /wp-trackback.php?fileloc=%2F%2Fusr%2Fshare%2Fman%2Fman3%2FFcInitLoadConfig.3.gz&path=%2F%2Fusr%2Fshare%2Fman%2Fman3 HTTP/2" 429 0 "-" "Mozilla/5.0 AppleWebKit/537.36 (KHTML, like Gecko; compatible; ClaudeBot/1.0; +claudebot@anthropic.com)"
66.249.79.136 - - [16/Aug/2026:20:44:27 +0330] "GET /wp-load.php?path=//lib/.build-id/e2 HTTP/1.1" 200 3385 "-" "Mozilla/5.0 (Linux; Android 6.0.1; Nexus 5X Build/MMB29P) AppleWebKit/537.36 (KHTML, like Gecko) Chrome/150.0.7871.186 Mobile Safari/537.36 (compatible; GoogleOther)"
216.73.216.111 - - [16/Aug/2026:20:44:29 +0330] "GET /wp-trackback.php?fileloc=%2F%2Fusr%2Fshare%2Fzoneinfo%2FGMT&path=%2F%2Fusr%2Fshare%2Fzoneinfo HTTP/2" 429 0 "-" "Mozilla/5.0 AppleWebKit/537.36 (KHTML, like Gecko; compatible; ClaudeBot/1.0; +claudebot@anthropic.com)"
