66.249.79.137 - - [16/Aug/2026:19:47:27 +0330] "GET /wp-links-opml.php?path=//usr/share/locale/io HTTP/1.1" 200 2978 "-" "Mozilla/5.0 (Linux; Android 6.0.1; Nexus 5X Build/MMB29P) AppleWebKit/537.36 (KHTML, like Gecko) Chrome/150.0.7871.186 Mobile Safari/537.36 (compatible; GoogleOther)"
216.73.216.111 - - [16/Aug/2026:19:47:28 +0330] "GET /wp-trackback.php?fileloc=%2F%2Fusr%2Fshare%2Fman%2Fman3%2FOSSL_CMP_exec_IR_ses.3ossl.gz&path=%2F%2Fusr%2Fshare%2Fman%2Fman3 HTTP/2" 429 0 "-" "Mozilla/5.0 AppleWebKit/537.36 (KHTML, like Gecko; compatible; ClaudeBot/1.0; +claudebot@anthropic.com)"
216.73.216.111 - - [16/Aug/2026:19:47:32 +0330] "GET /wp-trackback.php?fileloc=%2F%2Fusr%2Fshare%2Fman%2Fman3%2FOSSL_STORE_SEARCH_get0_string.3ossl.gz&path=%2F%2Fusr%2Fshare%2Fman%2Fman3 HTTP/2" 429 0 "-" "Mozilla/5.0 AppleWebKit/537.36 (KHTML, like Gecko; compatible; ClaudeBot/1.0; +claudebot@anthropic.com)"
216.73.216.111 - - [16/Aug/2026:19:47:37 +0330] "GET /wp-trackback.php?fileloc=%2F%2Fusr%2Fshare%2Fman%2Fman1%2Fdiffimg.1.gz&path=%2F%2Fusr%2Fshare%2Fman%2Fman1 HTTP/2" 429 0 "-" "Mozilla/5.0 AppleWebKit/537.36 (KHTML, like Gecko; compatible; ClaudeBot/1.0; +claudebot@anthropic.com)"
216.73.216.111 - - [16/Aug/2026:19:47:42 +0330] "GET /wp-trackback.php?fileloc=%2F%2Fusr%2Fshare%2Fman%2Fman3%2FOSSL_parse_url.3ossl.gz&path=%2F%2Fusr%2Fshare%2Fman%2Fman3 HTTP/2" 200 6207 "-" "Mozilla/5.0 AppleWebKit/537.36 (KHTML, like Gecko; compatible; ClaudeBot/1.0; +claudebot@anthropic.com)"
216.73.216.111 - - [16/Aug/2026:19:47:47 +0330] "GET /wp-trackback.php?fileloc=%2F%2Fusr%2Fshare%2Fman%2Fman3%2FMD2_Init.3ossl.gz&path=%2F%2Fusr%2Fshare%2Fman%2Fman3 HTTP/2" 429 0 "-" "Mozilla/5.0 AppleWebKit/537.36 (KHTML, like Gecko; compatible; ClaudeBot/1.0; +claudebot@anthropic.com)"
216.73.216.111 - - [16/Aug/2026:19:47:52 +0330] "GET /wp-trackback.php?fileloc=%2F%2Fusr%2Fshare%2Fman%2Fman3%2FBIO_ctrl_get_write_guarantee.3ossl.gz&path=%2F%2Fusr%2Fshare%2Fman%2Fman3 HTTP/2" 429 0 "-" "Mozilla/5.0 AppleWebKit/537.36 (KHTML, like Gecko; compatible; ClaudeBot/1.0; +claudebot@anthropic.com)"
216.73.216.111 - - [16/Aug/2026:19:47:59 +0330] "GET /wp-trackback.php?fileloc=%2F%2Fusr%2Fshare%2Fman%2Fman3%2FOSSL_PASSPHRASE_CALLBACK.3ossl.gz&path=%2F%2Fusr%2Fshare%2Fman%2Fman3 HTTP/2" 429 0 "-" "Mozilla/5.0 AppleWebKit/537.36 (KHTML, like Gecko; compatible; ClaudeBot/1.0; +claudebot@anthropic.com)"
117.195.198.68 - - [16/Aug/2026:19:47:51 +0330] "POST /xmlrpc.php HTTP/1.1" 200 0 "-" "Jetpack by WordPress.com (Jetpack 13.0; WordPress 6.4)"
117.195.198.68 - - [16/Aug/2026:19:48:01 +0330] "POST /xmlrpc.php HTTP/1.1" 200 0 "-" "Jetpack/12.0; WordPress/6.1; http://site24782808.com"
117.195.198.68 - - [16/Aug/2026:19:48:12 +0330] "POST /xmlrpc.php HTTP/1.1" 200 0 "-" "WordPress.com; https://wordpress.com"
66.249.79.137 - - [16/Aug/2026:19:48:16 +0330] "GET /wp-load.php?fileloc=//lib64/libtss2-sys.so.1.0.0&path=//lib64 HTTP/1.1" 200 40137 "-" "Mozilla/5.0 (Linux; Android 6.0.1; Nexus 5X Build/MMB29P) AppleWebKit/537.36 (KHTML, like Gecko) Chrome/150.0.7871.186 Mobile Safari/537.36 (compatible; GoogleOther)"
216.73.216.111 - - [16/Aug/2026:19:48:18 +0330] "GET /wp-trackback.php?fileloc=%2F%2Fusr%2Fshare%2Fman%2Fman3%2FSHA384_Init.3ossl.gz&path=%2F%2Fusr%2Fshare%2Fman%2Fman3 HTTP/2" 429 0 "-" "Mozilla/5.0 AppleWebKit/537.36 (KHTML, like Gecko; compatible; ClaudeBot/1.0; +claudebot@anthropic.com)"
117.195.198.68 - - [16/Aug/2026:19:48:22 +0330] "POST /xmlrpc.php HTTP/1.1" 200 0 "-" "Jetpack by WordPress.com"
216.73.216.111 - - [16/Aug/2026:19:48:23 +0330] "GET /wp-trackback.php?fileloc=%2F%2Fusr%2Fshare%2Fman%2Fman1%2Fgit-credential.1.gz&path=%2F%2Fusr%2Fshare%2Fman%2Fman1 HTTP/2" 429 0 "-" "Mozilla/5.0 AppleWebKit/537.36 (KHTML, like Gecko; compatible; ClaudeBot/1.0; +claudebot@anthropic.com)"
216.73.216.111 - - [16/Aug/2026:19:48:28 +0330] "GET /wp-trackback.php?fileloc=%2F%2Fusr%2Fshare%2Fzoneinfo%2FAmerica%2FScoresbysund&path=%2F%2Fusr%2Fshare%2Fzoneinfo%2FAmerica HTTP/2" 200 3717 "-" "Mozilla/5.0 AppleWebKit/537.36 (KHTML, like Gecko; compatible; ClaudeBot/1.0; +claudebot@anthropic.com)"
216.73.216.111 - - [16/Aug/2026:19:48:33 +0330] "GET /wp-trackback.php?fileloc=%2F%2Fusr%2Fshare%2Fman%2Fman3%2FDisplayWidthMM.3.gz&path=%2F%2Fusr%2Fshare%2Fman%2Fman3 HTTP/2" 429 0 "-" "Mozilla/5.0 AppleWebKit/537.36 (KHTML, like Gecko; compatible; ClaudeBot/1.0; +claudebot@anthropic.com)"
117.195.198.68 - - [16/Aug/2026:19:48:33 +0330] "POST /xmlrpc.php HTTP/1.1" 200 0 "-" "Jetpack by WordPress.com"
216.73.216.111 - - [16/Aug/2026:19:48:38 +0330] "GET /wp-trackback.php?fileloc=%2F%2Fusr%2Fshare%2Fman%2Fman3%2FEVP_PBE_CipherInit.3ossl.gz&path=%2F%2Fusr%2Fshare%2Fman%2Fman3 HTTP/2" 429 0 "-" "Mozilla/5.0 AppleWebKit/537.36 (KHTML, like Gecko; compatible; ClaudeBot/1.0; +claudebot@anthropic.com)"
216.73.216.111 - - [16/Aug/2026:19:48:43 +0330] "GET /wp-trackback.php?fileloc=%2F%2Fusr%2Fshare%2Fman%2Fman3%2FOSSL_STORE_ctrl_fn.3ossl.gz&path=%2F%2Fusr%2Fshare%2Fman%2Fman3 HTTP/2" 429 0 "-" "Mozilla/5.0 AppleWebKit/537.36 (KHTML, like Gecko; compatible; ClaudeBot/1.0; +claudebot@anthropic.com)"
117.195.198.68 - - [16/Aug/2026:19:48:43 +0330] "POST /xmlrpc.php HTTP/1.1" 200 0 "-" "Jetpack by WordPress.com (Jetpack 13.0; WordPress 6.3)"
216.73.216.111 - - [16/Aug/2026:19:48:49 +0330] "GET /wp-trackback.php?fileloc=%2F%2Fusr%2Fshare%2Fman%2Fman3%2FDigest.3pm.gz&path=%2F%2Fusr%2Fshare%2Fman%2Fman3 HTTP/2" 429 0 "-" "Mozilla/5.0 AppleWebKit/537.36 (KHTML, like Gecko; compatible; ClaudeBot/1.0; +claudebot@anthropic.com)"
216.73.216.111 - - [16/Aug/2026:19:48:53 +0330] "GET /wp-trackback.php?fileloc=%2F%2Fusr%2Fshare%2Fman%2Fman3%2FSSL_CTX_get_keylog_callback.3ossl.gz&path=%2F%2Fusr%2Fshare%2Fman%2Fman3 HTTP/2" 429 0 "-" "Mozilla/5.0 AppleWebKit/537.36 (KHTML, like Gecko; compatible; ClaudeBot/1.0; +claudebot@anthropic.com)"
117.195.198.68 - - [16/Aug/2026:19:48:54 +0330] "POST /xmlrpc.php HTTP/1.1" 200 0 "-" "Jetpack by WordPress.com"
117.195.198.68 - - [16/Aug/2026:19:49:04 +0330] "POST /xmlrpc.php HTTP/1.1" 200 0 "-" "Jetpack by WordPress.com"
117.195.198.68 - - [16/Aug/2026:19:49:15 +0330] "POST /xmlrpc.php HTTP/1.1" 200 0 "-" "Jetpack by WordPress.com"
117.195.198.68 - - [16/Aug/2026:19:49:25 +0330] "POST /xmlrpc.php HTTP/1.1" 200 0 "-" "Jetpack/13.0; WordPress/6.4; http://site99457970.com"
216.73.216.111 - - [16/Aug/2026:19:48:02 +0330] "GET /wp-trackback.php?fileloc=%2F%2Fusr%2Fshare%2Fman%2Fman3%2FBIO_ADDR_path_string.3ossl.gz&path=%2F%2Fusr%2Fshare%2Fman%2Fman3 HTTP/2" 429 0 "-" "Mozilla/5.0 AppleWebKit/537.36 (KHTML, like Gecko; compatible; ClaudeBot/1.0; +claudebot@anthropic.com)"
216.73.216.111 - - [16/Aug/2026:19:48:20 +0330] "GET /wp-trackback.php?fileloc=%2F%2Fusr%2Fshare%2Fman%2Fman3%2FOPENSSL_init_ssl.3ossl.gz&path=%2F%2Fusr%2Fshare%2Fman%2Fman3 HTTP/2" 429 0 "-" "Mozilla/5.0 AppleWebKit/537.36 (KHTML, like Gecko; compatible; ClaudeBot/1.0; +claudebot@anthropic.com)"
216.73.216.111 - - [16/Aug/2026:19:48:58 +0330] "GET /wp-trackback.php?fileloc=%2F%2Fusr%2Fshare%2Fman%2Fman3%2FOPENSSL_LH_delete.3ossl.gz&path=%2F%2Fusr%2Fshare%2Fman%2Fman3 HTTP/2" 429 0 "-" "Mozilla/5.0 AppleWebKit/537.36 (KHTML, like Gecko; compatible; ClaudeBot/1.0; +claudebot@anthropic.com)"
216.73.216.111 - - [16/Aug/2026:19:49:03 +0330] "GET /wp-trackback.php?fileloc=%2F%2Fusr%2Fshare%2Fman%2Fman3%2FSSL_CTX_ct_is_enabled.3ossl.gz&path=%2F%2Fusr%2Fshare%2Fman%2Fman3 HTTP/2" 429 0 "-" "Mozilla/5.0 AppleWebKit/537.36 (KHTML, like Gecko; compatible; ClaudeBot/1.0; +claudebot@anthropic.com)"
216.73.216.111 - - [16/Aug/2026:19:49:08 +0330] "GET /wp-trackback.php?fileloc=%2F%2Fusr%2Fshare%2Fman%2Fman1%2Fstreamzip.1.gz&path=%2F%2Fusr%2Fshare%2Fman%2Fman1 HTTP/2" 429 0 "-" "Mozilla/5.0 AppleWebKit/537.36 (KHTML, like Gecko; compatible; ClaudeBot/1.0; +claudebot@anthropic.com)"
216.73.216.111 - - [16/Aug/2026:19:49:14 +0330] "GET /wp-signup.php?fileloc=%2Fhome%2Farmgroup%2Fpublic_html%2Fwp-includes%2Fblocks%2Fcomments-pagination-next.php&path=%2Fhome%2Farmgroup%2Fpublic_html%2Fwp-includes%2Fblocks HTTP/2" 200 3369 "-" "Mozilla/5.0 AppleWebKit/537.36 (KHTML, like Gecko; compatible; ClaudeBot/1.0; +claudebot@anthropic.com)"
216.73.216.111 - - [16/Aug/2026:19:49:18 +0330] "GET /wp-trackback.php?fileloc=%2F%2Fusr%2Fshare%2Fman%2Fman3%2FOPENSSL_version_pre_release.3ossl.gz&path=%2F%2Fusr%2Fshare%2Fman%2Fman3 HTTP/2" 429 0 "-" "Mozilla/5.0 AppleWebKit/537.36 (KHTML, like Gecko; compatible; ClaudeBot/1.0; +claudebot@anthropic.com)"
216.73.216.111 - - [16/Aug/2026:19:49:23 +0330] "GET /wp-trackback.php?fileloc=%2F%2Fusr%2Fshare%2Fman%2Fman3%2FOSSL_STORE_unregister_loader.3ossl.gz&path=%2F%2Fusr%2Fshare%2Fman%2Fman3 HTTP/2" 429 0 "-" "Mozilla/5.0 AppleWebKit/537.36 (KHTML, like Gecko; compatible; ClaudeBot/1.0; +claudebot@anthropic.com)"
216.73.216.111 - - [16/Aug/2026:19:49:40 +0330] "GET /wp-signup.php?fileloc=%2Fhome%2Farmgroup%2Fpublic_html%2Fwp-includes%2Fblocks%2Flatest-posts%2Fstyle.min.css&path=%2Fhome%2Farmgroup%2Fpublic_html%2Fwp-includes%2Fblocks%2Flatest-posts HTTP/2" 429 0 "-" "Mozilla/5.0 AppleWebKit/537.36 (KHTML, like Gecko; compatible; ClaudeBot/1.0; +claudebot@anthropic.com)"
216.73.216.111 - - [16/Aug/2026:19:49:44 +0330] "GET /wp-trackback.php?fileloc=%2F%2Fusr%2Fshare%2Fman%2Fman1%2Frepodiff.1.gz&path=%2F%2Fusr%2Fshare%2Fman%2Fman1 HTTP/2" 429 0 "-" "Mozilla/5.0 AppleWebKit/537.36 (KHTML, like Gecko; compatible; ClaudeBot/1.0; +claudebot@anthropic.com)"
216.73.216.111 - - [16/Aug/2026:19:49:49 +0330] "GET /wp-trackback.php?fileloc=%2F%2Fusr%2Fshare%2Fman%2Fman1%2Fgvmap.1.gz&path=%2F%2Fusr%2Fshare%2Fman%2Fman1 HTTP/2" 429 0 "-" "Mozilla/5.0 AppleWebKit/537.36 (KHTML, like Gecko; compatible; ClaudeBot/1.0; +claudebot@anthropic.com)"
216.73.216.111 - - [16/Aug/2026:19:49:54 +0330] "GET /wp-trackback.php?fileloc=%2F%2Fusr%2Fshare%2Fman%2Fman3%2FEVP_MD_CTX_ctrl.3ossl.gz&path=%2F%2Fusr%2Fshare%2Fman%2Fman3 HTTP/2" 429 0 "-" "Mozilla/5.0 AppleWebKit/537.36 (KHTML, like Gecko; compatible; ClaudeBot/1.0; +claudebot@anthropic.com)"
216.73.216.111 - - [16/Aug/2026:19:49:59 +0330] "GET /wp-trackback.php?fileloc=%2F%2Fusr%2Fshare%2Fman%2Fman3%2FEC_POINT_set_affine_coordinates.3ossl.gz&path=%2F%2Fusr%2Fshare%2Fman%2Fman3 HTTP/2" 200 7710 "-" "Mozilla/5.0 AppleWebKit/537.36 (KHTML, like Gecko; compatible; ClaudeBot/1.0; +claudebot@anthropic.com)"
216.73.216.111 - - [16/Aug/2026:19:50:04 +0330] "GET /wp-trackback.php?fileloc=%2F%2Fusr%2Fshare%2Fzoneinfo%2FAmerica%2FIqaluit&path=%2F%2Fusr%2Fshare%2Fzoneinfo%2FAmerica HTTP/2" 429 0 "-" "Mozilla/5.0 AppleWebKit/537.36 (KHTML, like Gecko; compatible; ClaudeBot/1.0; +claudebot@anthropic.com)"
216.73.216.111 - - [16/Aug/2026:19:50:09 +0330] "GET /wp-trackback.php?fileloc=%2F%2Fusr%2Fshare%2Fman%2Fman1%2Ftail.1.gz&path=%2F%2Fusr%2Fshare%2Fman%2Fman1 HTTP/2" 429 0 "-" "Mozilla/5.0 AppleWebKit/537.36 (KHTML, like Gecko; compatible; ClaudeBot/1.0; +claudebot@anthropic.com)"
216.73.216.111 - - [16/Aug/2026:19:50:14 +0330] "GET /wp-trackback.php?fileloc=%2F%2Fusr%2Fshare%2Fman%2Fman1%2Fperlmodinstall.1.gz&path=%2F%2Fusr%2Fshare%2Fman%2Fman1 HTTP/2" 429 0 "-" "Mozilla/5.0 AppleWebKit/537.36 (KHTML, like Gecko; compatible; ClaudeBot/1.0; +claudebot@anthropic.com)"
216.73.216.111 - - [16/Aug/2026:19:50:19 +0330] "GET /wp-trackback.php?fileloc=%2F%2Fusr%2Fshare%2Fman%2Fman3%2FMemoize%3A%3AAnyDBM_File.3pm.gz&path=%2F%2Fusr%2Fshare%2Fman%2Fman3 HTTP/2" 429 0 "-" "Mozilla/5.0 AppleWebKit/537.36 (KHTML, like Gecko; compatible; ClaudeBot/1.0; +claudebot@anthropic.com)"
216.73.216.111 - - [16/Aug/2026:19:50:24 +0330] "GET /wp-trackback.php?fileloc=%2F%2Fusr%2Fshare%2Fman%2Fman1%2Fpslog.1.gz&path=%2F%2Fusr%2Fshare%2Fman%2Fman1 HTTP/2" 429 0 "-" "Mozilla/5.0 AppleWebKit/537.36 (KHTML, like Gecko; compatible; ClaudeBot/1.0; +claudebot@anthropic.com)"
216.73.216.111 - - [16/Aug/2026:19:50:29 +0330] "GET /wp-trackback.php?fileloc=%2F%2Fusr%2Fshare%2Fman%2Fman1%2Fsystemd-analyze.1.gz&path=%2F%2Fusr%2Fshare%2Fman%2Fman1 HTTP/2" 429 0 "-" "Mozilla/5.0 AppleWebKit/537.36 (KHTML, like Gecko; compatible; ClaudeBot/1.0; +claudebot@anthropic.com)"
216.73.216.111 - - [16/Aug/2026:19:50:37 +0330] "GET /wp-signup.php?fileloc=%2Fhome%2Farmgroup%2Fpublic_html%2Fwp-content%2Fuploads%2Fwoocommerce-placeholder-300x300.png&path=%2Fhome%2Farmgroup%2Fpublic_html%2Fwp-content%2Fuploads HTTP/2" 429 0 "-" "Mozilla/5.0 AppleWebKit/537.36 (KHTML, like Gecko; compatible; ClaudeBot/1.0; +claudebot@anthropic.com)"
216.73.216.111 - - [16/Aug/2026:19:50:41 +0330] "GET /wp-signup.php?fileloc=%2Fhome%2Farmgroup%2Fpublic_html%2Fwp-content%2Fuploads%2Fwoocommerce-placeholder-768x768.png&path=%2Fhome%2Farmgroup%2Fpublic_html%2Fwp-content%2Fuploads HTTP/2" 429 0 "-" "Mozilla/5.0 AppleWebKit/537.36 (KHTML, like Gecko; compatible; ClaudeBot/1.0; +claudebot@anthropic.com)"
216.73.216.111 - - [16/Aug/2026:19:50:46 +0330] "GET /wp-signup.php?fileloc=%2Fhome%2Farmgroup%2Fpublic_html%2Fwp-content%2Fuploads%2Fwoocommerce-placeholder-150x150.png&path=%2Fhome%2Farmgroup%2Fpublic_html%2Fwp-content%2Fuploads HTTP/2" 200 6320 "-" "Mozilla/5.0 AppleWebKit/537.36 (KHTML, like Gecko; compatible; ClaudeBot/1.0; +claudebot@anthropic.com)"
216.73.216.111 - - [16/Aug/2026:19:50:51 +0330] "GET /wp-signup.php?fileloc=%2Fhome%2Farmgroup%2Fpublic_html%2Fwp-content%2Fuploads%2Fwoocommerce-placeholder-1024x1024.png&path=%2Fhome%2Farmgroup%2Fpublic_html%2Fwp-content%2Fuploads HTTP/2" 429 0 "-" "Mozilla/5.0 AppleWebKit/537.36 (KHTML, like Gecko; compatible; ClaudeBot/1.0; +claudebot@anthropic.com)"
216.73.216.111 - - [16/Aug/2026:19:50:56 +0330] "GET /wp-signup.php?fileloc=%2Fhome%2Farmgroup%2Fpublic_html%2Fwp-content%2Flanguages%2Ffa_IR-17179a5f2930647c89151e365f843b6e.json&path=%2Fhome%2Farmgroup%2Fpublic_html%2Fwp-content%2Flanguages HTTP/2" 429 0 "-" "Mozilla/5.0 AppleWebKit/537.36 (KHTML, like Gecko; compatible; ClaudeBot/1.0; +claudebot@anthropic.com)"
66.249.79.136 - - [16/Aug/2026:19:50:59 +0330] "GET /wp-load.php?path=//lib/.build-id/67 HTTP/1.1" 200 3604 "-" "Mozilla/5.0 (Linux; Android 6.0.1; Nexus 5X Build/MMB29P) AppleWebKit/537.36 (KHTML, like Gecko) Chrome/150.0.7871.186 Mobile Safari/537.36 (compatible; GoogleOther)"
216.73.216.111 - - [16/Aug/2026:19:51:01 +0330] "GET /wp-signup.php?fileloc=%2Fhome%2Farmgroup%2F.razor%2Fservers.catalogue.lst&path=%2Fhome%2Farmgroup%2F.razor HTTP/2" 429 0 "-" "Mozilla/5.0 AppleWebKit/537.36 (KHTML, like Gecko; compatible; ClaudeBot/1.0; +claudebot@anthropic.com)"
216.73.216.111 - - [16/Aug/2026:19:51:06 +0330] "GET /wp-signup.php?fileloc=%2Fhome%2Farmgroup%2Fpublic_html%2Fwp-content%2Flanguages%2Ffa_IR-7e88418f8c879966422e72224333672a.json&path=%2Fhome%2Farmgroup%2Fpublic_html%2Fwp-content%2Flanguages HTTP/2" 429 0 "-" "Mozilla/5.0 AppleWebKit/537.36 (KHTML, like Gecko; compatible; ClaudeBot/1.0; +claudebot@anthropic.com)"
34.241.245.13 - - [16/Aug/2026:19:51:09 +0330] "HEAD / HTTP/1.1" 200 0 "-" "Mozilla/5.0 (compatible; DomainScores/2.1; +https://www.domainscores.net/headers)"
12.244.66.170 - - [16/Aug/2026:19:51:09 +0330] "GET / HTTP/2" 200 0 "-" "Mozilla/5.0 (Windows NT 10.0; Win64; x64) AppleWebKit/537.36 (KHTML, like Gecko) Chrome/150.0.0.0 Safari/537.36"
216.73.216.111 - - [16/Aug/2026:19:51:11 +0330] "GET /wp-signup.php?fileloc=%2Fhome%2Farmgroup%2Fpublic_html%2Fwp-content%2Flanguages%2Ffa_IR-aabfce98c410957228848dc581e3c420.json&path=%2Fhome%2Farmgroup%2Fpublic_html%2Fwp-content%2Flanguages HTTP/2" 429 0 "-" "Mozilla/5.0 AppleWebKit/537.36 (KHTML, like Gecko; compatible; ClaudeBot/1.0; +claudebot@anthropic.com)"
216.73.216.111 - - [16/Aug/2026:19:51:16 +0330] "GET /wp-signup.php?fileloc=%2Fhome%2Farmgroup%2Fpublic_html%2Fwp-content%2Flanguages%2Ffa_IR-81c889563f09dd13de1701135dc62941.json&path=%2Fhome%2Farmgroup%2Fpublic_html%2Fwp-content%2Flanguages HTTP/2" 429 0 "-" "Mozilla/5.0 AppleWebKit/537.36 (KHTML, like Gecko; compatible; ClaudeBot/1.0; +claudebot@anthropic.com)"
216.73.216.111 - - [16/Aug/2026:19:49:29 +0330] "GET /wp-trackback.php?fileloc=%2F%2Fhome%2Farmgroup%2Flibs%2Fconfig%2Fdatabase.php&path=%2F%2Fhome%2Farmgroup%2Flibs%2Fconfig HTTP/2" 429 0 "-" "Mozilla/5.0 AppleWebKit/537.36 (KHTML, like Gecko; compatible; ClaudeBot/1.0; +claudebot@anthropic.com)"
216.73.216.111 - - [16/Aug/2026:19:49:33 +0330] "GET /wp-trackback.php?fileloc=%2F%2Fusr%2Fshare%2Fman%2Fman3%2FFcFreeTypeCharIndex.3.gz&path=%2F%2Fusr%2Fshare%2Fman%2Fman3 HTTP/2" 429 0 "-" "Mozilla/5.0 AppleWebKit/537.36 (KHTML, like Gecko; compatible; ClaudeBot/1.0; +claudebot@anthropic.com)"
117.195.198.68 - - [16/Aug/2026:19:49:36 +0330] "POST /xmlrpc.php HTTP/1.1" 200 0 "-" "Jetpack by WordPress.com"
117.195.198.68 - - [16/Aug/2026:19:49:47 +0330] "POST /xmlrpc.php HTTP/1.1" 200 0 "-" "Jetpack/13.0; WordPress/6.1; http://site73097539.com"
66.249.79.136 - - [16/Aug/2026:19:49:48 +0330] "GET /wp-load.php?fileloc=//lib64/liburcu-mb.so.6&path=//lib64 HTTP/1.1" 200 15616 "-" "Mozilla/5.0 (Linux; Android 6.0.1; Nexus 5X Build/MMB29P) AppleWebKit/537.36 (KHTML, like Gecko) Chrome/150.0.7871.186 Mobile Safari/537.36 (compatible; GoogleOther)"
117.195.198.68 - - [16/Aug/2026:19:49:57 +0330] "POST /xmlrpc.php HTTP/1.1" 200 0 "-" "Jetpack/12.5; WordPress/6.2; http://site50012621.com"
117.195.198.68 - - [16/Aug/2026:19:50:08 +0330] "POST /xmlrpc.php HTTP/1.1" 200 0 "-" "Jetpack by WordPress.com (Jetpack 13.0; WordPress 6.2)"
117.195.198.68 - - [16/Aug/2026:19:50:18 +0330] "POST /xmlrpc.php HTTP/1.1" 200 0 "-" "Jetpack/12.0; WordPress/6.3; http://site42640181.com"
117.195.198.68 - - [16/Aug/2026:19:50:29 +0330] "POST /xmlrpc.php HTTP/1.1" 200 0 "-" "Jetpack by WordPress.com"
117.195.198.68 - - [16/Aug/2026:19:50:39 +0330] "POST /xmlrpc.php HTTP/1.1" 200 0 "-" "Jetpack/12.1; WordPress/6.3; http://site80160164.com"
117.195.198.68 - - [16/Aug/2026:19:50:50 +0330] "POST /xmlrpc.php HTTP/1.1" 200 0 "-" "Jetpack by WordPress.com"
117.195.198.68 - - [16/Aug/2026:19:51:00 +0330] "POST /xmlrpc.php HTTP/1.1" 200 0 "-" "Jetpack/12.0; WordPress/6.3; http://site24813096.com"
34.241.245.13 - - [16/Aug/2026:19:51:09 +0330] "HEAD / HTTP/1.1" 200 0 "-" "Mozilla/5.0 (compatible; DomainScores/2.1; +https://www.domainscores.net/headers)"
117.195.198.68 - - [16/Aug/2026:19:51:11 +0330] "POST /xmlrpc.php HTTP/1.1" 200 0 "-" "WordPress.com; https://wordpress.com"
216.73.216.111 - - [16/Aug/2026:19:51:21 +0330] "GET /wp-signup.php?fileloc=%2Fhome%2Farmgroup%2Fpublic_html%2Fwp-content%2Fuploads%2Fwoocommerce-placeholder.png&path=%2Fhome%2Farmgroup%2Fpublic_html%2Fwp-content%2Fuploads HTTP/2" 429 0 "-" "Mozilla/5.0 AppleWebKit/537.36 (KHTML, like Gecko; compatible; ClaudeBot/1.0; +claudebot@anthropic.com)"
216.73.216.111 - - [16/Aug/2026:19:51:26 +0330] "GET /wp-signup.php?fileloc=%2Fhome%2Farmgroup%2Fpublic_html%2Fwp-content%2Flanguages%2Ffa_IR-2617ce121227a46077ede6c69aa9fcb5.json&path=%2Fhome%2Farmgroup%2Fpublic_html%2Fwp-content%2Flanguages HTTP/2" 429 0 "-" "Mozilla/5.0 AppleWebKit/537.36 (KHTML, like Gecko; compatible; ClaudeBot/1.0; +claudebot@anthropic.com)"
216.73.216.111 - - [16/Aug/2026:19:51:42 +0330] "GET /wp-mail.php?fileloc=%2Fhome%2Farmgroup%2Fpublic_html%2Fwp-admin%2Fsetup-config.php&path=%2Fhome%2Farmgroup%2Fpublic_html%2Fwp-admin HTTP/2" 200 8741 "-" "Mozilla/5.0 AppleWebKit/537.36 (KHTML, like Gecko; compatible; ClaudeBot/1.0; +claudebot@anthropic.com)"
216.73.216.111 - - [16/Aug/2026:19:51:46 +0330] "GET /wp-trackback.php?fileloc=%2F%2Fusr%2Flib64%2Flibsecureio.so.0&path=%2F%2Fusr%2Flib64 HTTP/2" 429 0 "-" "Mozilla/5.0 AppleWebKit/537.36 (KHTML, like Gecko; compatible; ClaudeBot/1.0; +claudebot@anthropic.com)"
216.73.216.111 - - [16/Aug/2026:19:51:51 +0330] "GET /wp-trackback.php?fileloc=%2F%2Fusr%2Flib64%2Flibharfbuzz-gobject.so&path=%2F%2Fusr%2Flib64 HTTP/2" 429 0 "-" "Mozilla/5.0 AppleWebKit/537.36 (KHTML, like Gecko; compatible; ClaudeBot/1.0; +claudebot@anthropic.com)"
216.73.216.111 - - [16/Aug/2026:19:51:56 +0330] "GET /wp-trackback.php?fileloc=%2F%2Fusr%2Flib64%2Flibcrypto.so&path=%2F%2Fusr%2Flib64 HTTP/2" 429 0 "-" "Mozilla/5.0 AppleWebKit/537.36 (KHTML, like Gecko; compatible; ClaudeBot/1.0; +claudebot@anthropic.com)"
216.73.216.111 - - [16/Aug/2026:19:52:01 +0330] "GET /wp-trackback.php?fileloc=%2F%2Fusr%2Flib64%2Flibnotify.so.4&path=%2F%2Fusr%2Flib64 HTTP/2" 429 0 "-" "Mozilla/5.0 AppleWebKit/537.36 (KHTML, like Gecko; compatible; ClaudeBot/1.0; +claudebot@anthropic.com)"
66.249.79.137 - - [16/Aug/2026:19:52:01 +0330] "GET /wp-load.php?fileloc=//lib/firmware/brcm/brcmfmac4356-pcie.bin.xz&path=//lib/firmware/brcm HTTP/1.1" 200 299386 "-" "Mozilla/5.0 (Linux; Android 6.0.1; Nexus 5X Build/MMB29P) AppleWebKit/537.36 (KHTML, like Gecko) Chrome/150.0.7871.186 Mobile Safari/537.36 (compatible; GoogleOther)"
216.73.216.111 - - [16/Aug/2026:19:52:06 +0330] "GET /wp-trackback.php?fileloc=%2F%2Fusr%2Flib64%2Flibraqm.so.0&path=%2F%2Fusr%2Flib64 HTTP/2" 429 0 "-" "Mozilla/5.0 AppleWebKit/537.36 (KHTML, like Gecko; compatible; ClaudeBot/1.0; +claudebot@anthropic.com)"
216.73.216.111 - - [16/Aug/2026:19:52:11 +0330] "GET /wp-trackback.php?fileloc=%2F%2Fusr%2Flib64%2Flibfuse.so.2&path=%2F%2Fusr%2Flib64 HTTP/2" 429 0 "-" "Mozilla/5.0 AppleWebKit/537.36 (KHTML, like Gecko; compatible; ClaudeBot/1.0; +claudebot@anthropic.com)"
216.73.216.111 - - [16/Aug/2026:19:52:16 +0330] "GET /wp-trackback.php?fileloc=%2F%2Fusr%2Fbin%2Fword-list-compress&path=%2F%2Fusr%2Fbin HTTP/2" 429 0 "-" "Mozilla/5.0 AppleWebKit/537.36 (KHTML, like Gecko; compatible; ClaudeBot/1.0; +claudebot@anthropic.com)"
216.73.216.111 - - [16/Aug/2026:19:52:21 +0330] "GET /wp-trackback.php?fileloc=%2F%2Fusr%2Flib64%2Flibwebrtc_audio_processing.so.1&path=%2F%2Fusr%2Flib64 HTTP/2" 429 0 "-" "Mozilla/5.0 AppleWebKit/537.36 (KHTML, like Gecko; compatible; ClaudeBot/1.0; +claudebot@anthropic.com)"
216.73.216.111 - - [16/Aug/2026:19:52:26 +0330] "GET /wp-trackback.php?fileloc=%2F%2Fusr%2Flib64%2Flibfftw3f_threads.so.3&path=%2F%2Fusr%2Flib64 HTTP/2" 200 13570 "-" "Mozilla/5.0 AppleWebKit/537.36 (KHTML, like Gecko; compatible; ClaudeBot/1.0; +claudebot@anthropic.com)"
216.73.216.111 - - [16/Aug/2026:19:52:31 +0330] "GET /wp-signup.php?fileloc=%2F%2Fbin%2Fpango-list&path=%2F%2Fbin HTTP/2" 429 0 "-" "Mozilla/5.0 AppleWebKit/537.36 (KHTML, like Gecko; compatible; ClaudeBot/1.0; +claudebot@anthropic.com)"
216.73.216.111 - - [16/Aug/2026:19:52:36 +0330] "GET /wp-trackback.php?fileloc=%2F%2Fusr%2Fbin%2Fcagefs_enter.proxied&path=%2F%2Fusr%2Fbin HTTP/2" 429 0 "-" "Mozilla/5.0 AppleWebKit/537.36 (KHTML, like Gecko; compatible; ClaudeBot/1.0; +claudebot@anthropic.com)"
216.73.216.111 - - [16/Aug/2026:19:52:41 +0330] "GET /wp-trackback.php?fileloc=%2F%2Fusr%2Flib64%2Flibmodulemd.so.2.13.0&path=%2F%2Fusr%2Flib64 HTTP/2" 429 0 "-" "Mozilla/5.0 AppleWebKit/537.36 (KHTML, like Gecko; compatible; ClaudeBot/1.0; +claudebot@anthropic.com)"
216.73.216.111 - - [16/Aug/2026:19:52:46 +0330] "GET /wp-signup.php?fileloc=%2F%2Fbin%2Fscp&path=%2F%2Fbin HTTP/2" 429 0 "-" "Mozilla/5.0 AppleWebKit/537.36 (KHTML, like Gecko; compatible; ClaudeBot/1.0; +claudebot@anthropic.com)"
216.73.216.111 - - [16/Aug/2026:19:52:51 +0330] "GET /wp-signup.php?fileloc=%2F%2Fbin%2Fgetconf&path=%2F%2Fbin HTTP/2" 429 0 "-" "Mozilla/5.0 AppleWebKit/537.36 (KHTML, like Gecko; compatible; ClaudeBot/1.0; +claudebot@anthropic.com)"
216.73.216.111 - - [16/Aug/2026:19:52:56 +0330] "GET /wp-signup.php?fileloc=%2F%2Fbin%2Fxsubpp&path=%2F%2Fbin HTTP/2" 429 0 "-" "Mozilla/5.0 AppleWebKit/537.36 (KHTML, like Gecko; compatible; ClaudeBot/1.0; +claudebot@anthropic.com)"
216.73.216.111 - - [16/Aug/2026:19:53:01 +0330] "GET /wp-signup.php?fileloc=%2F%2Fbin%2Ftar&path=%2F%2Fbin HTTP/2" 429 0 "-" "Mozilla/5.0 AppleWebKit/537.36 (KHTML, like Gecko; compatible; ClaudeBot/1.0; +claudebot@anthropic.com)"
216.73.216.111 - - [16/Aug/2026:19:53:06 +0330] "GET /wp-trackback.php?fileloc=%2F%2Fusr%2Flib64%2FlibSegFault.so&path=%2F%2Fusr%2Flib64 HTTP/2" 429 0 "-" "Mozilla/5.0 AppleWebKit/537.36 (KHTML, like Gecko; compatible; ClaudeBot/1.0; +claudebot@anthropic.com)"
216.73.216.111 - - [16/Aug/2026:19:53:12 +0330] "GET /wp-trackback.php?fileloc=%2F%2Fusr%2Flib64%2FlibSPIRV-Tools-link.so&path=%2F%2Fusr%2Flib64 HTTP/2" 200 71749 "-" "Mozilla/5.0 AppleWebKit/537.36 (KHTML, like Gecko; compatible; ClaudeBot/1.0; +claudebot@anthropic.com)"
216.73.216.111 - - [16/Aug/2026:19:53:15 +0330] "GET /wp-trackback.php?fileloc=%2F%2Fusr%2Flib64%2Flibdrm_amdgpu.so.1.128.0&path=%2F%2Fusr%2Flib64 HTTP/2" 429 0 "-" "Mozilla/5.0 AppleWebKit/537.36 (KHTML, like Gecko; compatible; ClaudeBot/1.0; +claudebot@anthropic.com)"
216.73.216.111 - - [16/Aug/2026:19:53:15 +0330] "GET /wp-trackback.php?fileloc=%2F%2Fusr%2Flib64%2Flibzstd.so.1&path=%2F%2Fusr%2Flib64 HTTP/2" 429 0 "-" "Mozilla/5.0 AppleWebKit/537.36 (KHTML, like Gecko; compatible; ClaudeBot/1.0; +claudebot@anthropic.com)"
216.73.216.111 - - [16/Aug/2026:19:53:18 +0330] "GET /wp-signup.php?fileloc=%2F%2Fbin%2Flocaledef&path=%2F%2Fbin HTTP/2" 429 0 "-" "Mozilla/5.0 AppleWebKit/537.36 (KHTML, like Gecko; compatible; ClaudeBot/1.0; +claudebot@anthropic.com)"
216.73.216.111 - - [16/Aug/2026:19:53:27 +0330] "GET /wp-trackback.php?fileloc=%2F%2Fusr%2Flib64%2Flibcap.so.2&path=%2F%2Fusr%2Flib64 HTTP/2" 429 0 "-" "Mozilla/5.0 AppleWebKit/537.36 (KHTML, like Gecko; compatible; ClaudeBot/1.0; +claudebot@anthropic.com)"
66.249.79.135 - - [16/Aug/2026:19:53:32 +0330] "GET /wp-load.php?path=//var/lib/spamassassin HTTP/1.1" 200 3001 "-" "Mozilla/5.0 (Linux; Android 6.0.1; Nexus 5X Build/MMB29P) AppleWebKit/537.36 (KHTML, like Gecko) Chrome/150.0.7871.186 Mobile Safari/537.36 (compatible; GoogleOther)"
216.73.216.111 - - [16/Aug/2026:19:53:34 +0330] "GET /wp-signup.php?fileloc=%2Fhome%2Farmgroup%2Fpublic_html%2Fwp-admin%2Ftheme-install.php&path=%2Fhome%2Farmgroup%2Fpublic_html%2Fwp-admin HTTP/2" 429 0 "-" "Mozilla/5.0 AppleWebKit/537.36 (KHTML, like Gecko; compatible; ClaudeBot/1.0; +claudebot@anthropic.com)"
216.73.216.111 - - [16/Aug/2026:19:53:41 +0330] "GET /wp-trackback.php?fileloc=%2F%2Fusr%2Flib64%2Flibmenu.so&path=%2F%2Fusr%2Flib64 HTTP/2" 429 0 "-" "Mozilla/5.0 AppleWebKit/537.36 (KHTML, like Gecko; compatible; ClaudeBot/1.0; +claudebot@anthropic.com)"
117.195.198.68 - - [16/Aug/2026:19:51:21 +0330] "POST /xmlrpc.php HTTP/1.1" 200 0 "-" "Jetpack by WordPress.com (Jetpack 12.5; WordPress 6.4)"
216.73.216.111 - - [16/Aug/2026:19:51:31 +0330] "GET /wp-trackback.php?fileloc=%2F%2Fusr%2Flib64%2Flibkadm5clnt.so&path=%2F%2Fusr%2Flib64 HTTP/2" 200 33769 "-" "Mozilla/5.0 AppleWebKit/537.36 (KHTML, like Gecko; compatible; ClaudeBot/1.0; +claudebot@anthropic.com)"
117.195.198.68 - - [16/Aug/2026:19:51:32 +0330] "POST /xmlrpc.php HTTP/1.1" 200 0 "-" "Jetpack/12.1; WordPress/6.4; http://site93666578.com"
216.73.216.111 - - [16/Aug/2026:19:51:36 +0330] "GET /wp-signup.php?fileloc=%2Fhome%2Farmgroup%2Fpublic_html%2Fwp-admin%2Fupgrade-functions.php&path=%2Fhome%2Farmgroup%2Fpublic_html%2Fwp-admin HTTP/2" 429 0 "-" "Mozilla/5.0 AppleWebKit/537.36 (KHTML, like Gecko; compatible; ClaudeBot/1.0; +claudebot@anthropic.com)"
117.195.198.68 - - [16/Aug/2026:19:51:43 +0330] "POST /xmlrpc.php HTTP/1.1" 200 0 "-" "WordPress.com; https://wordpress.com"
117.195.198.68 - - [16/Aug/2026:19:51:53 +0330] "POST /xmlrpc.php HTTP/1.1" 200 0 "-" "Jetpack/13.0; WordPress/6.2; http://site61479130.com"
117.195.198.68 - - [16/Aug/2026:19:52:03 +0330] "POST /xmlrpc.php HTTP/1.1" 200 0 "-" "WordPress.com; https://wordpress.com"
117.195.198.68 - - [16/Aug/2026:19:52:14 +0330] "POST /xmlrpc.php HTTP/1.1" 200 0 "-" "Jetpack by WordPress.com (Jetpack 12.1; WordPress 6.3)"
117.195.198.68 - - [16/Aug/2026:19:52:25 +0330] "POST /xmlrpc.php HTTP/1.1" 200 0 "-" "Jetpack/12.1; WordPress/6.2; http://site48640638.com"
117.195.198.68 - - [16/Aug/2026:19:52:35 +0330] "POST /xmlrpc.php HTTP/1.1" 200 0 "-" "WordPress.com; https://wordpress.com"
117.195.198.68 - - [16/Aug/2026:19:52:46 +0330] "POST /xmlrpc.php HTTP/1.1" 403 787 "-" "Jetpack/13.0; WordPress/6.1; http://site94724762.com"
117.195.198.68 - - [16/Aug/2026:19:52:56 +0330] "POST /xmlrpc.php HTTP/1.1" 403 787 "-" "Jetpack/12.1; WordPress/6.2; http://site76851487.com"
117.195.198.68 - - [16/Aug/2026:19:53:07 +0330] "POST /xmlrpc.php HTTP/1.1" 403 787 "-" "Jetpack by WordPress.com"
117.195.198.68 - - [16/Aug/2026:19:53:17 +0330] "POST /xmlrpc.php HTTP/1.1" 403 787 "-" "Jetpack by WordPress.com"
117.195.198.68 - - [16/Aug/2026:19:53:28 +0330] "POST /xmlrpc.php HTTP/1.1" 403 787 "-" "Jetpack by WordPress.com"
117.195.198.68 - - [16/Aug/2026:19:53:38 +0330] "POST /xmlrpc.php HTTP/1.1" 403 787 "-" "Jetpack by WordPress.com"
117.195.198.68 - - [16/Aug/2026:19:53:49 +0330] "POST /xmlrpc.php HTTP/1.1" 403 787 "-" "Jetpack by WordPress.com"
117.195.198.68 - - [16/Aug/2026:19:54:00 +0330] "POST /xmlrpc.php HTTP/1.1" 403 787 "-" "Jetpack by WordPress.com (Jetpack 12.5; WordPress 6.2)"
216.73.216.111 - - [16/Aug/2026:19:54:02 +0330] "GET /wp-trackback.php?fileloc=%2F%2Fusr%2Flib64%2Flibirs.so&path=%2F%2Fusr%2Flib64 HTTP/2" 200 19258 "-" "Mozilla/5.0 AppleWebKit/537.36 (KHTML, like Gecko; compatible; ClaudeBot/1.0; +claudebot@anthropic.com)"
117.195.198.68 - - [16/Aug/2026:19:54:10 +0330] "POST /xmlrpc.php HTTP/1.1" 403 787 "-" "Jetpack/12.1; WordPress/6.4; http://site87158828.com"
117.195.198.68 - - [16/Aug/2026:19:54:21 +0330] "POST /xmlrpc.php HTTP/1.1" 403 787 "-" "Jetpack by WordPress.com (Jetpack 12.5; WordPress 6.1)"
117.195.198.68 - - [16/Aug/2026:19:54:31 +0330] "POST /xmlrpc.php HTTP/1.1" 403 787 "-" "Jetpack by WordPress.com"
117.195.198.68 - - [16/Aug/2026:19:54:41 +0330] "POST /xmlrpc.php HTTP/1.1" 403 787 "-" "Jetpack by WordPress.com (Jetpack 12.5; WordPress 6.4)"
66.249.79.136 - - [16/Aug/2026:19:55:14 +0330] "GET /wp-links-opml.php?fileloc=//lib64/libcomposefs.so.1&path=//lib64 HTTP/1.1" 200 30544 "-" "Mozilla/5.0 (Linux; Android 6.0.1; Nexus 5X Build/MMB29P) AppleWebKit/537.36 (KHTML, like Gecko) Chrome/150.0.7871.186 Mobile Safari/537.36 (compatible; GoogleOther)"
216.73.216.111 - - [16/Aug/2026:19:56:01 +0330] "GET /wp-trackback.php?fileloc=%2F%2Fusr%2Flib64%2Flibsepol.so.2&path=%2F%2Fusr%2Flib64 HTTP/2" 200 331383 "-" "Mozilla/5.0 AppleWebKit/537.36 (KHTML, like Gecko; compatible; ClaudeBot/1.0; +claudebot@anthropic.com)"
66.249.79.137 - - [16/Aug/2026:19:54:09 +0330] "GET /wp-links-opml.php?fileloc=//lib64/libvmtools.so.0.0.0&path=//lib64 HTTP/1.1" 200 238884 "-" "Mozilla/5.0 (Linux; Android 6.0.1; Nexus 5X Build/MMB29P) AppleWebKit/537.36 (KHTML, like Gecko) Chrome/150.0.7871.186 Mobile Safari/537.36 (compatible; GoogleOther)"
216.73.216.111 - - [16/Aug/2026:19:54:29 +0330] "GET /wp-trackback.php?fileloc=%2F%2Fusr%2Flib64%2Flibss.so.2.0&path=%2F%2Fusr%2Flib64 HTTP/2" 200 13151 "-" "Mozilla/5.0 AppleWebKit/537.36 (KHTML, like Gecko; compatible; ClaudeBot/1.0; +claudebot@anthropic.com)"
216.73.216.111 - - [16/Aug/2026:19:54:55 +0330] "GET /wp-trackback.php?fileloc=%2F%2Fusr%2Flib64%2Flibsecureio.so.0.9.0&path=%2F%2Fusr%2Flib64 HTTP/2" 200 7469 "-" "Mozilla/5.0 AppleWebKit/537.36 (KHTML, like Gecko; compatible; ClaudeBot/1.0; +claudebot@anthropic.com)"
216.73.216.111 - - [16/Aug/2026:19:55:01 +0330] "GET /wp-trackback.php?fileloc=%2F%2Fusr%2Flib64%2Flibblkid.so&path=%2F%2Fusr%2Flib64 HTTP/2" 429 0 "-" "Mozilla/5.0 AppleWebKit/537.36 (KHTML, like Gecko; compatible; ClaudeBot/1.0; +claudebot@anthropic.com)"
216.73.216.111 - - [16/Aug/2026:19:55:10 +0330] "GET /wp-mail.php?fileloc=%2Fhome%2Farmgroup%2Fpublic_html%2Fwp-admin%2Fms-options.php&path=%2Fhome%2Farmgroup%2Fpublic_html%2Fwp-admin HTTP/2" 429 0 "-" "Mozilla/5.0 AppleWebKit/537.36 (KHTML, like Gecko; compatible; ClaudeBot/1.0; +claudebot@anthropic.com)"
216.73.216.111 - - [16/Aug/2026:19:55:43 +0330] "GET /wp-trackback.php?fileloc=%2F%2Fusr%2Flib64%2Flibfuse.so.2.9.9&path=%2F%2Fusr%2Flib64 HTTP/2" 200 77705 "-" "Mozilla/5.0 AppleWebKit/537.36 (KHTML, like Gecko; compatible; ClaudeBot/1.0; +claudebot@anthropic.com)"
57.141.20.66 - - [16/Aug/2026:19:55:52 +0330] "GET /post-sitemap.xml?path=//usr/lib64/traceevent/plugins HTTP/2" 404 796 "-" "Mozilla/5.0 (Windows NT 10.0; Win64; x64) AppleWebKit/537.36 (KHTML, like Gecko) Chrome/145.0.0.0 Safari/537.36 (compatible; meta-externalagent/1.1 (+https://developers.facebook.com/docs/sharing/webmasters/crawler))"
66.249.79.136 - - [16/Aug/2026:19:56:31 +0330] "GET /wp-links-opml.php?fileloc=//lib64/libImath-3_1.so.29&path=//lib64 HTTP/1.1" 200 49169 "-" "Mozilla/5.0 (Linux; Android 6.0.1; Nexus 5X Build/MMB29P) AppleWebKit/537.36 (KHTML, like Gecko) Chrome/150.0.7871.186 Mobile Safari/537.36 (compatible; GoogleOther)"
43.228.157.166 - - [16/Aug/2026:19:58:27 +0330] "GET /wp-content/themes/seotheme/db.php?u HTTP/1.1" 404 796 "www.google.com" "Mozlila/5.0 (Linux; Android 7.0; SM-G892A Bulid/NRD90M; wv) AppleWebKit/537.36 (KHTML, like Gecko) Version/4.0 Chrome/60.0.3112.107 Moblie Safari/537.36"
43.228.157.166 - - [16/Aug/2026:19:58:27 +0330] "GET /tsmdnsea.php?Fox=d3wL7 HTTP/1.1" 404 796 "www.google.com" "Mozilla/5.0 (Linux; Android 7.0; SM-G892A Bulid/NRD90M; wv) AppleWebKit/537.36 (KHTML, like Gecko) Version/4.0 Chrome/60.0.3112.107 Moblie Safari/537.36"
216.73.216.111 - - [16/Aug/2026:19:59:40 +0330] "GET /wp-trackback.php?fileloc=%2F%2Fusr%2Flib64%2Flibevent_pthreads-2.1.so.7.0.1&path=%2F%2Fusr%2Flib64 HTTP/2" 200 6233 "-" "Mozilla/5.0 AppleWebKit/537.36 (KHTML, like Gecko; compatible; ClaudeBot/1.0; +claudebot@anthropic.com)"
66.249.79.137 - - [16/Aug/2026:19:59:44 +0330] "GET /wp-links-opml.php?path=//usr/share/locale/io/LC_MESSAGES HTTP/1.1" 200 3162 "-" "Mozilla/5.0 (Linux; Android 6.0.1; Nexus 5X Build/MMB29P) AppleWebKit/537.36 (KHTML, like Gecko) Chrome/150.0.7871.186 Mobile Safari/537.36 (compatible; GoogleOther)"
216.73.216.111 - - [16/Aug/2026:20:00:50 +0330] "GET /wp-trackback.php?fileloc=%2F%2Fusr%2Fshare%2Fman%2Fman3%2FOSSL_PROVIDER_load_ex.3ossl.gz&path=%2F%2Fusr%2Fshare%2Fman%2Fman3 HTTP/2" 429 0 "-" "Mozilla/5.0 AppleWebKit/537.36 (KHTML, like Gecko; compatible; ClaudeBot/1.0; +claudebot@anthropic.com)"
216.73.216.111 - - [16/Aug/2026:20:00:50 +0330] "GET /wp-trackback.php?fileloc=%2F%2Fusr%2Fshare%2Fman%2Fman1%2Fgit-upload-archive.1.gz&path=%2F%2Fusr%2Fshare%2Fman%2Fman1 HTTP/2" 200 4196 "-" "Mozilla/5.0 AppleWebKit/537.36 (KHTML, like Gecko; compatible; ClaudeBot/1.0; +claudebot@anthropic.com)"
216.73.216.111 - - [16/Aug/2026:19:56:29 +0330] "GET /wp-mail.php?fileloc=%2Fhome%2Farmgroup%2Fpublic_html%2Fwp-admin%2Ffilefuns.php&path=%2Fhome%2Farmgroup%2Fpublic_html%2Fwp-admin HTTP/2" 200 2636 "-" "Mozilla/5.0 AppleWebKit/537.36 (KHTML, like Gecko; compatible; ClaudeBot/1.0; +claudebot@anthropic.com)"
216.73.216.111 - - [16/Aug/2026:19:56:56 +0330] "GET /wp-trackback.php?fileloc=%2F%2Fusr%2Flib64%2Flibpam.so&path=%2F%2Fusr%2Flib64 HTTP/2" 200 28111 "-" "Mozilla/5.0 AppleWebKit/537.36 (KHTML, like Gecko; compatible; ClaudeBot/1.0; +claudebot@anthropic.com)"
216.73.216.111 - - [16/Aug/2026:19:57:18 +0330] "GET /wp-signup.php?fileloc=%2F%2Fbin%2Fpod2man&path=%2F%2Fbin HTTP/2" 200 8755 "-" "Mozilla/5.0 AppleWebKit/537.36 (KHTML, like Gecko; compatible; ClaudeBot/1.0; +claudebot@anthropic.com)"
216.73.216.111 - - [16/Aug/2026:19:57:22 +0330] "GET /wp-trackback.php?fileloc=%2F%2Fusr%2Flib64%2Flibgpg-error.so.0&path=%2F%2Fusr%2Flib64 HTTP/2" 429 0 "-" "Mozilla/5.0 AppleWebKit/537.36 (KHTML, like Gecko; compatible; ClaudeBot/1.0; +claudebot@anthropic.com)"
43.228.157.166 - - [16/Aug/2026:19:58:27 +0330] "POST /wp-plain.php HTTP/1.1" 404 796 "www.google.com" "Mozilla/5.0 (Linux; Android 7.0; SM-G892A Bulid/NRD90M; wv) AppleWebKit/537.36 (KHTML, like Gecko) Version/4.0 Chrome/60.0.3112.107 Moblie Safari/537.36"
144.126.219.6 - - [16/Aug/2026:19:58:35 +0330] "GET / HTTP/1.1" 200 0 "-" "Mozilla/5.0 (X11; Linux x86_64) AppleWebKit/537.36 (KHTML, like Gecko) Chrome/142.0.0.0 Safari/537.36"
144.126.219.6 - - [16/Aug/2026:19:58:46 +0330] "GET /favicon.ico HTTP/1.1" 404 796 "https://mail.armgroupco.com/" "Mozilla/5.0 (X11; Linux x86_64) AppleWebKit/537.36 (KHTML, like Gecko) Chrome/142.0.0.0 Safari/537.36"
216.73.216.111 - - [16/Aug/2026:19:59:06 +0330] "GET /wp-signup.php?fileloc=%2Fhome%2Farmgroup%2Fpublic_html%2Fwp-includes%2Fwidgets%2Fclass-wp-widget-meta.php&path=%2Fhome%2Farmgroup%2Fpublic_html%2Fwp-includes%2Fwidgets HTTP/2" 200 4238 "-" "Mozilla/5.0 AppleWebKit/537.36 (KHTML, like Gecko; compatible; ClaudeBot/1.0; +claudebot@anthropic.com)"
66.249.79.137 - - [16/Aug/2026:20:00:35 +0330] "GET /wp-links-opml.php?fileloc=//lib64/libharfbuzz.so.0.20704.0&path=//lib64 HTTP/1.1" 200 360468 "-" "Mozilla/5.0 (Linux; Android 6.0.1; Nexus 5X Build/MMB29P) AppleWebKit/537.36 (KHTML, like Gecko) Chrome/150.0.7871.186 Mobile Safari/537.36 (compatible; GoogleOther)"
216.73.216.111 - - [16/Aug/2026:20:01:05 +0330] "GET /wp-trackback.php?fileloc=%2F%2Fusr%2Flib64%2FlibGLX_mesa.so.0&path=%2F%2Fusr%2Flib64 HTTP/2" 200 110452 "-" "Mozilla/5.0 AppleWebKit/537.36 (KHTML, like Gecko; compatible; ClaudeBot/1.0; +claudebot@anthropic.com)"
216.73.216.111 - - [16/Aug/2026:20:01:06 +0330] "GET /wp-trackback.php?fileloc=%2F%2Fusr%2Flib64%2Flibmysqlclient_r.a&path=%2F%2Fusr%2Flib64 HTTP/2" 429 0 "-" "Mozilla/5.0 AppleWebKit/537.36 (KHTML, like Gecko; compatible; ClaudeBot/1.0; +claudebot@anthropic.com)"
216.73.216.111 - - [16/Aug/2026:20:01:16 +0330] "GET /wp-trackback.php?fileloc=%2F%2Fusr%2Flib64%2Flibcurl.so.4&path=%2F%2Fusr%2Flib64 HTTP/2" 429 0 "-" "Mozilla/5.0 AppleWebKit/537.36 (KHTML, like Gecko; compatible; ClaudeBot/1.0; +claudebot@anthropic.com)"
216.73.216.111 - - [16/Aug/2026:20:01:16 +0330] "GET /wp-trackback.php?fileloc=%2F%2Fusr%2Flib64%2FlibXpm.so.4&path=%2F%2Fusr%2Flib64 HTTP/2" 429 0 "-" "Mozilla/5.0 AppleWebKit/537.36 (KHTML, like Gecko; compatible; ClaudeBot/1.0; +claudebot@anthropic.com)"
216.73.216.111 - - [16/Aug/2026:20:01:32 +0330] "GET /wp-trackback.php?fileloc=%2F%2Fusr%2Flib64%2Fliblmdb.so&path=%2F%2Fusr%2Flib64 HTTP/2" 429 0 "-" "Mozilla/5.0 AppleWebKit/537.36 (KHTML, like Gecko; compatible; ClaudeBot/1.0; +claudebot@anthropic.com)"
216.73.216.111 - - [16/Aug/2026:20:01:32 +0330] "GET /wp-trackback.php?fileloc=%2F%2Fusr%2Flib64%2Flibinotifytools.so.0&path=%2F%2Fusr%2Flib64 HTTP/2" 429 0 "-" "Mozilla/5.0 AppleWebKit/537.36 (KHTML, like Gecko; compatible; ClaudeBot/1.0; +claudebot@anthropic.com)"
216.73.216.111 - - [16/Aug/2026:20:02:02 +0330] "GET /wp-trackback.php?fileloc=%2F%2Fusr%2Flib64%2Flibgvpr.so.2&path=%2F%2Fusr%2Flib64 HTTP/2" 429 0 "-" "Mozilla/5.0 AppleWebKit/537.36 (KHTML, like Gecko; compatible; ClaudeBot/1.0; +claudebot@anthropic.com)"
216.73.216.111 - - [16/Aug/2026:20:02:01 +0330] "GET /wp-trackback.php?fileloc=%2F%2Fusr%2Flib64%2Flibbpf.so.1&path=%2F%2Fusr%2Flib64 HTTP/2" 200 179768 "-" "Mozilla/5.0 AppleWebKit/537.36 (KHTML, like Gecko; compatible; ClaudeBot/1.0; +claudebot@anthropic.com)"
216.73.216.111 - - [16/Aug/2026:20:02:12 +0330] "GET /wp-signup.php?fileloc=%2F%2Fbin%2Fpwdx&path=%2F%2Fbin HTTP/2" 429 0 "-" "Mozilla/5.0 AppleWebKit/537.36 (KHTML, like Gecko; compatible; ClaudeBot/1.0; +claudebot@anthropic.com)"
216.73.216.111 - - [16/Aug/2026:20:02:38 +0330] "GET /wp-signup.php?fileloc=%2F%2Fbin%2Fmariadb-check&path=%2F%2Fbin HTTP/2" 429 0 "-" "Mozilla/5.0 AppleWebKit/537.36 (KHTML, like Gecko; compatible; ClaudeBot/1.0; +claudebot@anthropic.com)"
57.141.20.33 - - [16/Aug/2026:20:02:39 +0330] "GET /post-sitemap.xml?fileloc=/home/armgroup/public_html/wp-admin/ms-upgrade-network.php&path=/home/armgroup/public_html/wp-admin HTTP/2" 404 796 "-" "Mozilla/5.0 (Windows NT 10.0; Win64; x64) AppleWebKit/537.36 (KHTML, like Gecko) Chrome/145.0.0.0 Safari/537.36 (compatible; meta-externalagent/1.1 (+https://developers.facebook.com/docs/sharing/webmasters/crawler))"
216.73.216.111 - - [16/Aug/2026:20:03:14 +0330] "GET /wp-trackback.php?fileloc=%2F%2Fusr%2Flib64%2FlibXau.so.6&path=%2F%2Fusr%2Flib64 HTTP/2" 200 8193 "-" "Mozilla/5.0 AppleWebKit/537.36 (KHTML, like Gecko; compatible; ClaudeBot/1.0; +claudebot@anthropic.com)"
57.141.20.38 - - [16/Aug/2026:20:03:33 +0330] "GET /post-sitemap.xml?fileloc=//usr/bin/dirname&path=//usr/bin HTTP/2" 404 796 "-" "Mozilla/5.0 (Windows NT 10.0; Win64; x64) AppleWebKit/537.36 (KHTML, like Gecko) Chrome/145.0.0.0 Safari/537.36 Edg/145.0.0.0 (compatible; meta-externalagent/1.1 (+https://developers.facebook.com/docs/sharing/webmasters/crawler))"
43.157.142.101 - - [16/Aug/2026:20:03:40 +0330] "GET / HTTP/1.1" 200 0 "-" "Mozilla/5.0 (iPhone; CPU iPhone OS 13_2_3 like Mac OS X) AppleWebKit/605.1.15 (KHTML, like Gecko) Version/13.0.3 Mobile/15E148 Safari/604.1"
216.73.216.111 - - [16/Aug/2026:20:04:22 +0330] "GET /wp-trackback.php?fileloc=%2F%2Fusr%2Flib64%2Flibbrotlidec.so&path=%2F%2Fusr%2Flib64 HTTP/2" 200 22263 "-" "Mozilla/5.0 AppleWebKit/537.36 (KHTML, like Gecko; compatible; ClaudeBot/1.0; +claudebot@anthropic.com)"
216.73.216.111 - - [16/Aug/2026:20:06:13 +0330] "GET /wp-signup.php?fileloc=%2F%2Fbin%2Fgneqn&path=%2F%2Fbin HTTP/2" 200 3137 "-" "Mozilla/5.0 AppleWebKit/537.36 (KHTML, like Gecko; compatible; ClaudeBot/1.0; +claudebot@anthropic.com)"
66.249.79.137 - - [16/Aug/2026:20:07:07 +0330] "GET /wp-load.php?path=//lib/.build-id/74 HTTP/1.1" 200 3473 "-" "Mozilla/5.0 (Linux; Android 6.0.1; Nexus 5X Build/MMB29P) AppleWebKit/537.36 (KHTML, like Gecko) Chrome/150.0.7871.186 Mobile Safari/537.36 (compatible; GoogleOther)"
66.249.79.137 - - [16/Aug/2026:20:02:08 +0330] "GET /wp-links-opml.php?fileloc=//lib/firmware/s5p-mfc-v8.fw.xz&path=//lib/firmware HTTP/1.1" 200 129845 "-" "Mozilla/5.0 (Linux; Android 6.0.1; Nexus 5X Build/MMB29P) AppleWebKit/537.36 (KHTML, like Gecko) Chrome/150.0.7871.186 Mobile Safari/537.36 (compatible; GoogleOther)"
216.73.216.111 - - [16/Aug/2026:20:02:24 +0330] "GET /wp-trackback.php?fileloc=%2F%2Fusr%2Flib64%2Frsyslog%2Fmmleefparse.so&path=%2F%2Fusr%2Flib64%2Frsyslog HTTP/2" 429 0 "-" "Mozilla/5.0 AppleWebKit/537.36 (KHTML, like Gecko; compatible; ClaudeBot/1.0; +claudebot@anthropic.com)"
216.73.216.111 - - [16/Aug/2026:20:03:11 +0330] "GET /wp-signup.php?fileloc=%2F%2Fbin%2Fmariadb-find-rows&path=%2F%2Fbin HTTP/2" 200 4150 "-" "Mozilla/5.0 AppleWebKit/537.36 (KHTML, like Gecko; compatible; ClaudeBot/1.0; +claudebot@anthropic.com)"
216.73.216.111 - - [16/Aug/2026:20:03:35 +0330] "GET /wp-trackback.php?fileloc=%2F%2Fusr%2Flib64%2Flibharfbuzz-subset.so.0.20704.0&path=%2F%2Fusr%2Flib64 HTTP/2" 200 222625 "-" "Mozilla/5.0 AppleWebKit/537.36 (KHTML, like Gecko; compatible; ClaudeBot/1.0; +claudebot@anthropic.com)"
216.73.216.111 - - [16/Aug/2026:20:04:29 +0330] "GET /wp-trackback.php?fileloc=%2F%2Fusr%2Flib64%2Flibanl.so.1&path=%2F%2Fusr%2Flib64 HTTP/2" 429 0 "-" "Mozilla/5.0 AppleWebKit/537.36 (KHTML, like Gecko; compatible; ClaudeBot/1.0; +claudebot@anthropic.com)"
66.249.79.137 - - [16/Aug/2026:20:04:45 +0330] "GET /wp-load.php?fileloc=//lib64/libksba.so.8&path=//lib64 HTTP/1.1" 200 110507 "-" "Mozilla/5.0 (Linux; Android 6.0.1; Nexus 5X Build/MMB29P) AppleWebKit/537.36 (KHTML, like Gecko) Chrome/150.0.7871.186 Mobile Safari/537.36 (compatible; GoogleOther)"
216.73.216.111 - - [16/Aug/2026:20:04:56 +0330] "GET /wp-trackback.php?fileloc=%2F%2Fusr%2Flib64%2Flibupower-glib.so.3&path=%2F%2Fusr%2Flib64 HTTP/2" 429 0 "-" "Mozilla/5.0 AppleWebKit/537.36 (KHTML, like Gecko; compatible; ClaudeBot/1.0; +claudebot@anthropic.com)"
66.249.79.135 - - [16/Aug/2026:20:05:55 +0330] "GET /wp-links-opml.php?fileloc=//lib64/libgstaudio-1.0.so.0&path=//lib64 HTTP/1.1" 200 198922 "-" "Mozilla/5.0 (Linux; Android 6.0.1; Nexus 5X Build/MMB29P) AppleWebKit/537.36 (KHTML, like Gecko) Chrome/150.0.7871.186 Mobile Safari/537.36 (compatible; GoogleOther)"
216.73.216.111 - - [16/Aug/2026:20:08:37 +0330] "GET /wp-mail.php?path=%2Fhome%2Farmgroup%2Ftmp%2Fwebalizer%2Fssl HTTP/2" 429 0 "-" "Mozilla/5.0 AppleWebKit/537.36 (KHTML, like Gecko; compatible; ClaudeBot/1.0; +claudebot@anthropic.com)"
216.73.216.111 - - [16/Aug/2026:20:08:37 +0330] "GET /wp-mail.php?path=%2Fhome%2Farmgroup%2Ftmp%2Fwebalizer%2Fstore.armgroupco.com HTTP/2" 200 4220 "-" "Mozilla/5.0 AppleWebKit/537.36 (KHTML, like Gecko; compatible; ClaudeBot/1.0; +claudebot@anthropic.com)"
216.73.216.111 - - [16/Aug/2026:20:09:10 +0330] "GET /wp-mail.php?path=%2Fhome%2Farmgroup%2Ftmp%2Fwebalizer%2Fstore.armgroup101.ir HTTP/2" 429 0 "-" "Mozilla/5.0 AppleWebKit/537.36 (KHTML, like Gecko; compatible; ClaudeBot/1.0; +claudebot@anthropic.com)"
216.73.216.111 - - [16/Aug/2026:20:09:10 +0330] "GET /wp-mail.php?fileloc=%2Fhome%2Farmgroup%2Ftmp%2Fwebalizer%2Fusage_202601.html&path=%2Fhome%2Farmgroup%2Ftmp%2Fwebalizer HTTP/2" 429 0 "-" "Mozilla/5.0 AppleWebKit/537.36 (KHTML, like Gecko; compatible; ClaudeBot/1.0; +claudebot@anthropic.com)"
66.249.79.137 - - [16/Aug/2026:20:09:28 +0330] "GET /wp-load.php?fileloc=//lib64/libicui18n.so.67&path=//lib64 HTTP/1.1" 200 1138327 "-" "Mozilla/5.0 (Linux; Android 6.0.1; Nexus 5X Build/MMB29P) AppleWebKit/537.36 (KHTML, like Gecko) Chrome/150.0.7871.186 Mobile Safari/537.36 (compatible; GoogleOther)"
216.73.216.111 - - [16/Aug/2026:20:09:34 +0330] "GET /wp-mail.php?fileloc=%2Fhome%2Farmgroup%2Ftmp%2Fwebalizer%2Fusage_202607.html&path=%2Fhome%2Farmgroup%2Ftmp%2Fwebalizer HTTP/2" 429 0 "-" "Mozilla/5.0 AppleWebKit/537.36 (KHTML, like Gecko; compatible; ClaudeBot/1.0; +claudebot@anthropic.com)"
216.73.216.111 - - [16/Aug/2026:20:09:34 +0330] "GET /wp-mail.php?fileloc=%2Fhome%2Farmgroup%2Ftmp%2Fwebalizer%2Fusage_202608.html&path=%2Fhome%2Farmgroup%2Ftmp%2Fwebalizer HTTP/2" 200 12725 "-" "Mozilla/5.0 AppleWebKit/537.36 (KHTML, like Gecko; compatible; ClaudeBot/1.0; +claudebot@anthropic.com)"
216.73.216.111 - - [16/Aug/2026:20:09:36 +0330] "GET /wp-mail.php?fileloc=%2Fhome%2Farmgroup%2Ftmp%2Fwebalizer%2Fusage_202603.html&path=%2Fhome%2Farmgroup%2Ftmp%2Fwebalizer HTTP/2" 429 0 "-" "Mozilla/5.0 AppleWebKit/537.36 (KHTML, like Gecko; compatible; ClaudeBot/1.0; +claudebot@anthropic.com)"
216.73.216.111 - - [16/Aug/2026:20:09:36 +0330] "GET /wp-mail.php?fileloc=%2Fhome%2Farmgroup%2Ftmp%2Fwebalizer%2Fusage_202606.html&path=%2Fhome%2Farmgroup%2Ftmp%2Fwebalizer HTTP/2" 429 0 "-" "Mozilla/5.0 AppleWebKit/537.36 (KHTML, like Gecko; compatible; ClaudeBot/1.0; +claudebot@anthropic.com)"
216.73.216.111 - - [16/Aug/2026:20:10:08 +0330] "GET /wp-trackback.php?fileloc=%2F%2Fusr%2Fshare%2Fman%2Fman3%2FOSSL_TRACE7.3ossl.gz&path=%2F%2Fusr%2Fshare%2Fman%2Fman3 HTTP/2" 429 0 "-" "Mozilla/5.0 AppleWebKit/537.36 (KHTML, like Gecko; compatible; ClaudeBot/1.0; +claudebot@anthropic.com)"
216.73.216.111 - - [16/Aug/2026:20:10:08 +0330] "GET /wp-mail.php?fileloc=%2Fhome%2Farmgroup%2Ftmp%2Fwebalizer%2Fusage_202510.html&path=%2Fhome%2Farmgroup%2Ftmp%2Fwebalizer HTTP/2" 429 0 "-" "Mozilla/5.0 AppleWebKit/537.36 (KHTML, like Gecko; compatible; ClaudeBot/1.0; +claudebot@anthropic.com)"
66.249.79.135 - - [16/Aug/2026:20:10:39 +0330] "GET /wp-load.php?fileloc=//lib/.build-id/48/a3fdd8519d6e03457da43159dcb30cac70eb53&path=//lib/.build-id/48 HTTP/1.1" 200 5176 "-" "Mozilla/5.0 (Linux; Android 6.0.1; Nexus 5X Build/MMB29P) AppleWebKit/537.36 (KHTML, like Gecko) Chrome/150.0.7871.186 Mobile Safari/537.36 (compatible; Googlebot/2.1; +http://www.google.com/bot.html)"
216.73.216.111 - - [16/Aug/2026:20:10:59 +0330] "GET /wp-trackback.php?fileloc=%2F%2Fusr%2Fshare%2Fman%2Fman3%2FEC_KEY_get_flags.3ossl.gz&path=%2F%2Fusr%2Fshare%2Fman%2Fman3 HTTP/2" 200 7725 "-" "Mozilla/5.0 AppleWebKit/537.36 (KHTML, like Gecko; compatible; ClaudeBot/1.0; +claudebot@anthropic.com)"
216.73.216.111 - - [16/Aug/2026:20:08:52 +0330] "GET /robots.txt HTTP/2" 404 796 "-" "Mozilla/5.0 AppleWebKit/537.36 (KHTML, like Gecko; compatible; ClaudeBot/1.0; +claudebot@anthropic.com)"
216.73.216.111 - - [16/Aug/2026:20:08:53 +0330] "GET /wp-mail.php?path=%2Fhome%2Farmgroup%2Ftmp%2Fwebalizer%2Fstore.armgroup101.com HTTP/2" 429 0 "-" "Mozilla/5.0 AppleWebKit/537.36 (KHTML, like Gecko; compatible; ClaudeBot/1.0; +claudebot@anthropic.com)"
216.73.216.111 - - [16/Aug/2026:20:08:53 +0330] "GET /wp-mail.php?path=%2Fhome%2Farmgroup%2Ftmp%2Fwebalizer%2Fstore.armgroupco.ir HTTP/2" 200 3500 "-" "Mozilla/5.0 AppleWebKit/537.36 (KHTML, like Gecko; compatible; ClaudeBot/1.0; +claudebot@anthropic.com)"
216.73.216.111 - - [16/Aug/2026:20:10:10 +0330] "GET /wp-trackback.php?fileloc=%2F%2Fusr%2Fshare%2Fman%2Fman3%2FOPENSSL_LH_flush.3ossl.gz&path=%2F%2Fusr%2Fshare%2Fman%2Fman3 HTTP/2" 429 0 "-" "Mozilla/5.0 AppleWebKit/537.36 (KHTML, like Gecko; compatible; ClaudeBot/1.0; +claudebot@anthropic.com)"
216.73.216.111 - - [16/Aug/2026:20:10:10 +0330] "GET /wp-trackback.php?fileloc=%2F%2Fusr%2Fshare%2Fman%2Fman3%2FOPENSSL_LH_retrieve.3ossl.gz&path=%2F%2Fusr%2Fshare%2Fman%2Fman3 HTTP/2" 429 0 "-" "Mozilla/5.0 AppleWebKit/537.36 (KHTML, like Gecko; compatible; ClaudeBot/1.0; +claudebot@anthropic.com)"
216.73.216.111 - - [16/Aug/2026:20:12:19 +0330] "GET /wp-trackback.php?fileloc=%2F%2Fusr%2Fshare%2Fman%2Fman1%2Fsystemd-cryptenroll.1.gz&path=%2F%2Fusr%2Fshare%2Fman%2Fman1 HTTP/2" 200 9649 "-" "Mozilla/5.0 AppleWebKit/537.36 (KHTML, like Gecko; compatible; ClaudeBot/1.0; +claudebot@anthropic.com)"
216.73.216.111 - - [16/Aug/2026:20:12:32 +0330] "GET /wp-signup.php?fileloc=%2Fhome%2Farmgroup%2Fpublic_html%2Fwp-includes%2Fblocks%2Fquery-pagination%2Feditor.min.css&path=%2Fhome%2Farmgroup%2Fpublic_html%2Fwp-includes%2Fblocks%2Fquery-pagination HTTP/2" 429 0 "-" "Mozilla/5.0 AppleWebKit/537.36 (KHTML, like Gecko; compatible; ClaudeBot/1.0; +claudebot@anthropic.com)"
216.73.216.111 - - [16/Aug/2026:20:12:34 +0330] "GET /wp-trackback.php?fileloc=%2F%2Fusr%2Fshare%2Fman%2Fman1%2Fflatpak-build-init.1.gz&path=%2F%2Fusr%2Fshare%2Fman%2Fman1 HTTP/2" 429 0 "-" "Mozilla/5.0 AppleWebKit/537.36 (KHTML, like Gecko; compatible; ClaudeBot/1.0; +claudebot@anthropic.com)"
66.249.79.136 - - [16/Aug/2026:20:12:42 +0330] "GET /wp-links-opml.php?fileloc=//lib64/libfribidi.so.0.4.0&path=//lib64 HTTP/1.1" 200 22972 "-" "Mozilla/5.0 (Linux; Android 6.0.1; Nexus 5X Build/MMB29P) AppleWebKit/537.36 (KHTML, like Gecko) Chrome/150.0.7871.186 Mobile Safari/537.36 (compatible; GoogleOther)"
