216.73.216.111 - - [16/Aug/2026:22:34:29 +0330] "GET /wp-trackback.php?fileloc=%2F%2Fusr%2Fshare%2Fman%2Fman3%2FOSSL_NAMED_DAY_new.3ossl.gz&path=%2F%2Fusr%2Fshare%2Fman%2Fman3 HTTP/2" 429 0 "-" "Mozilla/5.0 AppleWebKit/537.36 (KHTML, like Gecko; compatible; ClaudeBot/1.0; +claudebot@anthropic.com)"
216.73.216.111 - - [16/Aug/2026:22:34:36 +0330] "GET /wp-trackback.php?fileloc=%2F%2Fusr%2Fshare%2Fman%2Fman1%2Fsnmpbulkget.1.gz&path=%2F%2Fusr%2Fshare%2Fman%2Fman1 HTTP/2" 429 0 "-" "Mozilla/5.0 AppleWebKit/537.36 (KHTML, like Gecko; compatible; ClaudeBot/1.0; +claudebot@anthropic.com)"
216.73.216.111 - - [16/Aug/2026:22:34:40 +0330] "GET /wp-trackback.php?fileloc=%2F%2Fusr%2Fshare%2Fman%2Fman1%2Fmkfifo.1.gz&path=%2F%2Fusr%2Fshare%2Fman%2Fman1 HTTP/2" 429 0 "-" "Mozilla/5.0 AppleWebKit/537.36 (KHTML, like Gecko; compatible; ClaudeBot/1.0; +claudebot@anthropic.com)"
216.73.216.111 - - [16/Aug/2026:22:34:45 +0330] "GET /wp-trackback.php?fileloc=%2F%2Fusr%2Fshare%2Fman%2Fman1%2Fman.1.gz&path=%2F%2Fusr%2Fshare%2Fman%2Fman1 HTTP/2" 429 0 "-" "Mozilla/5.0 AppleWebKit/537.36 (KHTML, like Gecko; compatible; ClaudeBot/1.0; +claudebot@anthropic.com)"
216.73.216.111 - - [16/Aug/2026:22:34:50 +0330] "GET /wp-trackback.php?fileloc=%2F%2Fusr%2Fshare%2Fman%2Fman3%2FSSL_CTX_sess_get_get_cb.3ossl.gz&path=%2F%2Fusr%2Fshare%2Fman%2Fman3 HTTP/2" 429 0 "-" "Mozilla/5.0 AppleWebKit/537.36 (KHTML, like Gecko; compatible; ClaudeBot/1.0; +claudebot@anthropic.com)"
216.73.216.111 - - [16/Aug/2026:22:34:56 +0330] "GET /wp-signup.php?fileloc=%2F%2Fusr%2Flib%2Frpm%2Frpmdb_dump&path=%2F%2Fusr%2Flib%2Frpm HTTP/2" 200 2647 "-" "Mozilla/5.0 AppleWebKit/537.36 (KHTML, like Gecko; compatible; ClaudeBot/1.0; +claudebot@anthropic.com)"
216.73.216.111 - - [16/Aug/2026:22:35:01 +0330] "GET /wp-signup.php?fileloc=%2F%2Fusr%2Flib%2Frpm%2Fsysusers.generate-pre.sh&path=%2F%2Fusr%2Flib%2Frpm HTTP/2" 429 0 "-" "Mozilla/5.0 AppleWebKit/537.36 (KHTML, like Gecko; compatible; ClaudeBot/1.0; +claudebot@anthropic.com)"
216.73.216.111 - - [16/Aug/2026:22:35:05 +0330] "GET /wp-signup.php?fileloc=%2F%2Fusr%2Flib%2Fsysusers.d%2Fgeoclue2.conf&path=%2F%2Fusr%2Flib%2Fsysusers.d HTTP/2" 429 0 "-" "Mozilla/5.0 AppleWebKit/537.36 (KHTML, like Gecko; compatible; ClaudeBot/1.0; +claudebot@anthropic.com)"
216.73.216.111 - - [16/Aug/2026:22:35:10 +0330] "GET /wp-signup.php?fileloc=%2F%2Fusr%2Flib%2Frpm%2Fsysusers.prov&path=%2F%2Fusr%2Flib%2Frpm HTTP/2" 429 0 "-" "Mozilla/5.0 AppleWebKit/537.36 (KHTML, like Gecko; compatible; ClaudeBot/1.0; +claudebot@anthropic.com)"
216.73.216.111 - - [16/Aug/2026:22:35:15 +0330] "GET /wp-signup.php?fileloc=%2F%2Fusr%2Flib%2Fsysusers.d%2Ftpm2-tss.conf&path=%2F%2Fusr%2Flib%2Fsysusers.d HTTP/2" 429 0 "-" "Mozilla/5.0 AppleWebKit/537.36 (KHTML, like Gecko; compatible; ClaudeBot/1.0; +claudebot@anthropic.com)"
216.73.216.111 - - [16/Aug/2026:22:35:20 +0330] "GET /wp-signup.php?fileloc=%2F%2Fusr%2Flib%2Fsysusers.d%2Fpipewire.conf&path=%2F%2Fusr%2Flib%2Fsysusers.d HTTP/2" 429 0 "-" "Mozilla/5.0 AppleWebKit/537.36 (KHTML, like Gecko; compatible; ClaudeBot/1.0; +claudebot@anthropic.com)"
66.249.79.136 - - [16/Aug/2026:22:35:21 +0330] "GET /robots.txt HTTP/1.1" 404 796 "-" "Mozilla/5.0 (compatible; Googlebot/2.1; +http://www.google.com/bot.html)"
66.249.79.136 - - [16/Aug/2026:22:35:48 +0330] "GET /wp-links-opml.php?path=//lib/.build-id/fc HTTP/1.1" 200 3746 "-" "Mozilla/5.0 (Linux; Android 6.0.1; Nexus 5X Build/MMB29P) AppleWebKit/537.36 (KHTML, like Gecko) Chrome/150.0.7871.186 Mobile Safari/537.36 (compatible; GoogleOther)"
216.73.216.111 - - [16/Aug/2026:22:35:52 +0330] "GET /wp-trackback.php?fileloc=%2F%2Fusr%2Fshare%2Fman%2Fman3%2FOSSL_DECODER_INSTANCE.3ossl.gz&path=%2F%2Fusr%2Fshare%2Fman%2Fman3 HTTP/2" 429 0 "-" "Mozilla/5.0 AppleWebKit/537.36 (KHTML, like Gecko; compatible; ClaudeBot/1.0; +claudebot@anthropic.com)"
57.141.20.25 - - [16/Aug/2026:22:31:44 +0330] "GET /sitemap_index.xml?fileloc=/home/armgroup/public_html/store/favicon22222222-32x32.png&path=/home/armgroup/public_html/store HTTP/2" 404 796 "-" "Mozilla/5.0 (Windows NT 10.0; Win64; x64) AppleWebKit/537.36 (KHTML, like Gecko) Chrome/145.0.0.0 Safari/537.36 Edg/145.0.0.0 (compatible; meta-externalagent/1.1 (+https://developers.facebook.com/docs/sharing/webmasters/crawler))"
216.73.216.111 - - [16/Aug/2026:22:34:07 +0330] "GET /wp-signup.php?fileloc=%2F%2Fusr%2Flib%2Fmodprobe.d%2Fdist-alsa.conf&path=%2F%2Fusr%2Flib%2Fmodprobe.d HTTP/2" 200 2829 "-" "Mozilla/5.0 AppleWebKit/537.36 (KHTML, like Gecko; compatible; ClaudeBot/1.0; +claudebot@anthropic.com)"
216.73.216.111 - - [16/Aug/2026:22:34:11 +0330] "GET /wp-signup.php?fileloc=%2F%2Fusr%2Flib%2Frpm%2Ftgpg&path=%2F%2Fusr%2Flib%2Frpm HTTP/2" 429 0 "-" "Mozilla/5.0 AppleWebKit/537.36 (KHTML, like Gecko; compatible; ClaudeBot/1.0; +claudebot@anthropic.com)"
216.73.216.111 - - [16/Aug/2026:22:34:16 +0330] "GET /wp-signup.php?fileloc=%2F%2Fusr%2Flib%2Frpm%2Fmacros&path=%2F%2Fusr%2Flib%2Frpm HTTP/2" 429 0 "-" "Mozilla/5.0 AppleWebKit/537.36 (KHTML, like Gecko; compatible; ClaudeBot/1.0; +claudebot@anthropic.com)"
216.73.216.111 - - [16/Aug/2026:22:34:21 +0330] "GET /wp-signup.php?fileloc=%2F%2Fusr%2Flib%2Frpm%2Frpm.log&path=%2F%2Fusr%2Flib%2Frpm HTTP/2" 429 0 "-" "Mozilla/5.0 AppleWebKit/537.36 (KHTML, like Gecko; compatible; ClaudeBot/1.0; +claudebot@anthropic.com)"
216.73.216.111 - - [16/Aug/2026:22:34:27 +0330] "GET /wp-signup.php?fileloc=%2F%2Fusr%2Flib%2Frpm%2Frpmdb_load&path=%2F%2Fusr%2Flib%2Frpm HTTP/2" 429 0 "-" "Mozilla/5.0 AppleWebKit/537.36 (KHTML, like Gecko; compatible; ClaudeBot/1.0; +claudebot@anthropic.com)"
216.73.216.111 - - [16/Aug/2026:22:35:26 +0330] "GET /wp-trackback.php?fileloc=%2F%2Fusr%2Fshare%2Fman%2Fman3%2FBIO_f_zlib.3ossl.gz&path=%2F%2Fusr%2Fshare%2Fman%2Fman3 HTTP/2" 429 0 "-" "Mozilla/5.0 AppleWebKit/537.36 (KHTML, like Gecko; compatible; ClaudeBot/1.0; +claudebot@anthropic.com)"
216.73.216.111 - - [16/Aug/2026:22:35:31 +0330] "GET /wp-trackback.php?fileloc=%2F%2Fusr%2Fshare%2Fman%2Fman1%2Fautomake.1.gz&path=%2F%2Fusr%2Fshare%2Fman%2Fman1 HTTP/2" 429 0 "-" "Mozilla/5.0 AppleWebKit/537.36 (KHTML, like Gecko; compatible; ClaudeBot/1.0; +claudebot@anthropic.com)"
216.73.216.111 - - [16/Aug/2026:22:35:36 +0330] "GET /wp-trackback.php?fileloc=%2F%2Fusr%2Fshare%2Fman%2Fman3%2FCOLOR_PAIRS.3x.gz&path=%2F%2Fusr%2Fshare%2Fman%2Fman3 HTTP/2" 429 0 "-" "Mozilla/5.0 AppleWebKit/537.36 (KHTML, like Gecko; compatible; ClaudeBot/1.0; +claudebot@anthropic.com)"
216.73.216.111 - - [16/Aug/2026:22:35:41 +0330] "GET /wp-trackback.php?fileloc=%2F%2Fusr%2Fshare%2Fman%2Fman3%2FBIO_meth_set_destroy.3ossl.gz&path=%2F%2Fusr%2Fshare%2Fman%2Fman3 HTTP/2" 200 6881 "-" "Mozilla/5.0 AppleWebKit/537.36 (KHTML, like Gecko; compatible; ClaudeBot/1.0; +claudebot@anthropic.com)"
216.73.216.111 - - [16/Aug/2026:22:35:48 +0330] "GET /wp-trackback.php?fileloc=%2F%2Fusr%2Fshare%2Fman%2Fman1%2Fminfo.1.gz&path=%2F%2Fusr%2Fshare%2Fman%2Fman1 HTTP/2" 429 0 "-" "Mozilla/5.0 AppleWebKit/537.36 (KHTML, like Gecko; compatible; ClaudeBot/1.0; +claudebot@anthropic.com)"
57.141.20.26 - - [16/Aug/2026:22:36:02 +0330] "GET /sitemap_index.xml?path=/home/armgroup/public_html/wp-includes/customize HTTP/2" 404 796 "-" "Mozilla/5.0 (Macintosh; Intel Mac OS X 10_15_7) AppleWebKit/537.36 (KHTML, like Gecko) Chrome/145.0.0.0 Safari/537.36 (compatible; meta-externalagent/1.1 (+https://developers.facebook.com/docs/sharing/webmasters/crawler))"
216.73.216.111 - - [16/Aug/2026:22:36:26 +0330] "GET /wp-trackback.php?fileloc=%2F%2Fusr%2Fshare%2Fman%2Fman3%2FPod%3A%3AHtml.3pm.gz&path=%2F%2Fusr%2Fshare%2Fman%2Fman3 HTTP/2" 429 0 "-" "Mozilla/5.0 AppleWebKit/537.36 (KHTML, like Gecko; compatible; ClaudeBot/1.0; +claudebot@anthropic.com)"
216.73.216.111 - - [16/Aug/2026:22:35:54 +0330] "GET /wp-trackback.php?fileloc=%2F%2Fusr%2Fshare%2Fman%2Fman3%2FEVP_des_ede3.3ossl.gz&path=%2F%2Fusr%2Fshare%2Fman%2Fman3 HTTP/2" 429 0 "-" "Mozilla/5.0 AppleWebKit/537.36 (KHTML, like Gecko; compatible; ClaudeBot/1.0; +claudebot@anthropic.com)"
216.73.216.111 - - [16/Aug/2026:22:35:58 +0330] "GET /wp-trackback.php?fileloc=%2F%2Fusr%2Fshare%2Fman%2Fman1%2Flexgrog.1.gz&path=%2F%2Fusr%2Fshare%2Fman%2Fman1 HTTP/2" 429 0 "-" "Mozilla/5.0 AppleWebKit/537.36 (KHTML, like Gecko; compatible; ClaudeBot/1.0; +claudebot@anthropic.com)"
216.73.216.111 - - [16/Aug/2026:22:36:04 +0330] "GET /wp-trackback.php?fileloc=%2F%2Fusr%2Fshare%2Fman%2Fman1%2Fkdf.1ossl.gz&path=%2F%2Fusr%2Fshare%2Fman%2Fman1 HTTP/2" 429 0 "-" "Mozilla/5.0 AppleWebKit/537.36 (KHTML, like Gecko; compatible; ClaudeBot/1.0; +claudebot@anthropic.com)"
216.73.216.111 - - [16/Aug/2026:22:36:08 +0330] "GET /wp-trackback.php?fileloc=%2F%2Fusr%2Fshare%2Fman%2Fman3%2FOSSL_ENCODER_CLEANUP.3ossl.gz&path=%2F%2Fusr%2Fshare%2Fman%2Fman3 HTTP/2" 429 0 "-" "Mozilla/5.0 AppleWebKit/537.36 (KHTML, like Gecko; compatible; ClaudeBot/1.0; +claudebot@anthropic.com)"
216.73.216.111 - - [16/Aug/2026:22:36:12 +0330] "GET /wp-mail.php?fileloc=%2Fhome%2Farmgroup%2Ftmp%2Fwebalizer%2Fhourly_usage_202511.png&path=%2Fhome%2Farmgroup%2Ftmp%2Fwebalizer HTTP/2" 429 0 "-" "Mozilla/5.0 AppleWebKit/537.36 (KHTML, like Gecko; compatible; ClaudeBot/1.0; +claudebot@anthropic.com)"
66.249.79.137 - - [16/Aug/2026:22:36:37 +0330] "GET /wp-load.php?fileloc=//lib/firmware/iwlwifi-7265D-29.ucode.xz&path=//lib/firmware HTTP/1.1" 200 239877 "-" "Mozilla/5.0 (Linux; Android 6.0.1; Nexus 5X Build/MMB29P) AppleWebKit/537.36 (KHTML, like Gecko) Chrome/150.0.7871.186 Mobile Safari/537.36 (compatible; GoogleOther)"
216.73.216.111 - - [16/Aug/2026:22:36:56 +0330] "GET /wp-trackback.php?fileloc=%2F%2Fusr%2Fshare%2Fman%2Fman3%2FBIO_write_filename.3ossl.gz&path=%2F%2Fusr%2Fshare%2Fman%2Fman3 HTTP/2" 200 6156 "-" "Mozilla/5.0 AppleWebKit/537.36 (KHTML, like Gecko; compatible; ClaudeBot/1.0; +claudebot@anthropic.com)"
216.73.216.111 - - [16/Aug/2026:22:37:28 +0330] "GET /wp-signup.php?fileloc=%2F%2Fbin%2Fsha384sum&path=%2F%2Fbin HTTP/2" 200 17000 "-" "Mozilla/5.0 AppleWebKit/537.36 (KHTML, like Gecko; compatible; ClaudeBot/1.0; +claudebot@anthropic.com)"
216.73.216.111 - - [16/Aug/2026:22:37:33 +0330] "GET /wp-signup.php?fileloc=%2F%2Fbin%2Fcal&path=%2F%2Fbin HTTP/2" 429 0 "-" "Mozilla/5.0 AppleWebKit/537.36 (KHTML, like Gecko; compatible; ClaudeBot/1.0; +claudebot@anthropic.com)"
216.73.216.111 - - [16/Aug/2026:22:37:44 +0330] "GET /wp-load.php?fileloc=%2Fhome%2Farmgroup%2Fpublic_html%2Fwp-content%2Fplugins%2Fwp-rocket%2Finc%2Fclasses%2Fadmin%2Fclass-options-data.php&path=%2Fhome%2Farmgroup%2Fpublic_html%2Fwp-content%2Fplugins%2Fwp-rocket%2Finc%2Fclasses%2Fadmin HTTP/2" 429 0 "-" "Mozilla/5.0 AppleWebKit/537.36 (KHTML, like Gecko; compatible; ClaudeBot/1.0; +claudebot@anthropic.com)"
216.73.216.111 - - [16/Aug/2026:22:37:50 +0330] "GET /wp-signup.php?path=%2F%2Fhome%2Farmgroup%2F.cpanel%2Fdatastore HTTP/2" 429 0 "-" "Mozilla/5.0 AppleWebKit/537.36 (KHTML, like Gecko; compatible; ClaudeBot/1.0; +claudebot@anthropic.com)"
216.73.216.111 - - [16/Aug/2026:22:37:51 +0330] "GET /wp-signup.php?fileloc=%2F%2Fbin%2Fcatchsegv&path=%2F%2Fbin HTTP/2" 429 0 "-" "Mozilla/5.0 AppleWebKit/537.36 (KHTML, like Gecko; compatible; ClaudeBot/1.0; +claudebot@anthropic.com)"
216.73.216.111 - - [16/Aug/2026:22:38:13 +0330] "GET /wp-load.php?fileloc=%2Fhome%2Farmgroup%2Fpublic_html%2Fstore%2Fjs%2Fmds.bs.datetimepicker.js&path=%2Fhome%2Farmgroup%2Fpublic_html%2Fstore%2Fjs HTTP/2" 200 16793 "-" "Mozilla/5.0 AppleWebKit/537.36 (KHTML, like Gecko; compatible; ClaudeBot/1.0; +claudebot@anthropic.com)"
216.73.216.111 - - [16/Aug/2026:22:38:38 +0330] "GET /wp-trackback.php?fileloc=%2F%2Fusr%2Flib64%2Flibmlx5.so.1&path=%2F%2Fusr%2Flib64 HTTP/2" 429 0 "-" "Mozilla/5.0 AppleWebKit/537.36 (KHTML, like Gecko; compatible; ClaudeBot/1.0; +claudebot@anthropic.com)"
52.167.144.222 - - [16/Aug/2026:22:36:39 +0330] "GET /product/%DA%A9%D8%A7%D8%B3%D9%87-%D9%86%D9%85%D8%AF-28x62/ HTTP/2" 404 796 "-" "Mozilla/5.0 AppleWebKit/537.36 (KHTML, like Gecko; compatible; bingbot/2.0; +http://www.bing.com/bingbot.htm) Chrome/116.0.1938.76 Safari/537.36"
66.249.79.137 - - [16/Aug/2026:22:37:01 +0330] "GET /robots.txt HTTP/1.1" 404 796 "-" "Mozilla/5.0 (compatible; Googlebot/2.1; +http://www.google.com/bot.html)"
216.73.216.111 - - [16/Aug/2026:22:37:03 +0330] "GET /wp-trackback.php?fileloc=%2F%2Fusr%2Fbin%2Fssh-keyscan&path=%2F%2Fusr%2Fbin HTTP/2" 200 123947 "-" "Mozilla/5.0 AppleWebKit/537.36 (KHTML, like Gecko; compatible; ClaudeBot/1.0; +claudebot@anthropic.com)"
216.73.216.111 - - [16/Aug/2026:22:37:09 +0330] "GET /wp-trackback.php?fileloc=%2F%2Fusr%2Fbin%2Fpathchk&path=%2F%2Fusr%2Fbin HTTP/2" 429 0 "-" "Mozilla/5.0 AppleWebKit/537.36 (KHTML, like Gecko; compatible; ClaudeBot/1.0; +claudebot@anthropic.com)"
216.73.216.111 - - [16/Aug/2026:22:37:11 +0330] "GET /wp-trackback.php?path=%2F%2Fusr%2Fshare%2Flocale%2Fchb HTTP/2" 429 0 "-" "Mozilla/5.0 AppleWebKit/537.36 (KHTML, like Gecko; compatible; ClaudeBot/1.0; +claudebot@anthropic.com)"
216.73.216.111 - - [16/Aug/2026:22:37:16 +0330] "GET /wp-trackback.php?path=%2F%2Fusr%2Fshare%2Flocale%2Ffo HTTP/2" 429 0 "-" "Mozilla/5.0 AppleWebKit/537.36 (KHTML, like Gecko; compatible; ClaudeBot/1.0; +claudebot@anthropic.com)"
216.73.216.111 - - [16/Aug/2026:22:37:21 +0330] "GET /wp-trackback.php?path=%2F%2Fusr%2Fshare%2Flocale%2Flam HTTP/2" 429 0 "-" "Mozilla/5.0 AppleWebKit/537.36 (KHTML, like Gecko; compatible; ClaudeBot/1.0; +claudebot@anthropic.com)"
216.73.216.111 - - [16/Aug/2026:22:37:27 +0330] "GET /wp-trackback.php?fileloc=%2F%2Fetc%2Fhosts&path=%2F%2Fetc HTTP/2" 429 0 "-" "Mozilla/5.0 AppleWebKit/537.36 (KHTML, like Gecko; compatible; ClaudeBot/1.0; +claudebot@anthropic.com)"
216.73.216.111 - - [16/Aug/2026:22:38:16 +0330] "GET /wp-signup.php?path=%2F%2Fhome%2Farmgroup%2Flibs%2Froutes HTTP/2" 429 0 "-" "Mozilla/5.0 AppleWebKit/537.36 (KHTML, like Gecko; compatible; ClaudeBot/1.0; +claudebot@anthropic.com)"
216.73.216.111 - - [16/Aug/2026:22:38:28 +0330] "GET /wp-trackback.php?fileloc=%2F%2Fusr%2Flib64%2Flibbabeltrace-ctf-text.so.1&path=%2F%2Fusr%2Flib64 HTTP/2" 429 0 "-" "Mozilla/5.0 AppleWebKit/537.36 (KHTML, like Gecko; compatible; ClaudeBot/1.0; +claudebot@anthropic.com)"
216.73.216.111 - - [16/Aug/2026:22:38:33 +0330] "GET /wp-trackback.php?fileloc=%2F%2Fusr%2Flib64%2Flibpcreposix.so.0.0.7&path=%2F%2Fusr%2Flib64 HTTP/2" 429 0 "-" "Mozilla/5.0 AppleWebKit/537.36 (KHTML, like Gecko; compatible; ClaudeBot/1.0; +claudebot@anthropic.com)"
216.73.216.111 - - [16/Aug/2026:22:38:40 +0330] "GET /wp-trackback.php?fileloc=%2F%2Fusr%2Flib64%2Fdovecot%2Flibdovecot-lua.so.0.0.0&path=%2F%2Fusr%2Flib64%2Fdovecot HTTP/2" 429 0 "-" "Mozilla/5.0 AppleWebKit/537.36 (KHTML, like Gecko; compatible; ClaudeBot/1.0; +claudebot@anthropic.com)"
216.73.216.111 - - [16/Aug/2026:22:38:44 +0330] "GET /wp-trackback.php?fileloc=%2F%2Fusr%2Flib64%2Flibncursesw.so.6&path=%2F%2Fusr%2Flib64 HTTP/2" 429 0 "-" "Mozilla/5.0 AppleWebKit/537.36 (KHTML, like Gecko; compatible; ClaudeBot/1.0; +claudebot@anthropic.com)"
216.73.216.111 - - [16/Aug/2026:22:38:58 +0330] "GET /wp-signup.php?fileloc=%2F%2Fbin%2Fwhereis&path=%2F%2Fbin HTTP/2" 200 12110 "-" "Mozilla/5.0 AppleWebKit/537.36 (KHTML, like Gecko; compatible; ClaudeBot/1.0; +claudebot@anthropic.com)"
216.73.216.111 - - [16/Aug/2026:22:39:08 +0330] "GET /wp-trackback.php?fileloc=%2F%2Fusr%2Flib64%2Fdovecot%2Flibdovecot-storage.so.0&path=%2F%2Fusr%2Flib64%2Fdovecot HTTP/2" 429 0 "-" "Mozilla/5.0 AppleWebKit/537.36 (KHTML, like Gecko; compatible; ClaudeBot/1.0; +claudebot@anthropic.com)"
216.73.216.111 - - [16/Aug/2026:22:39:12 +0330] "GET /wp-trackback.php?fileloc=%2F%2Fusr%2Flib64%2Fliborc-test-0.4.so.0.31.0&path=%2F%2Fusr%2Flib64 HTTP/2" 429 0 "-" "Mozilla/5.0 AppleWebKit/537.36 (KHTML, like Gecko; compatible; ClaudeBot/1.0; +claudebot@anthropic.com)"
216.73.216.111 - - [16/Aug/2026:22:39:17 +0330] "GET /wp-trackback.php?fileloc=%2F%2Fusr%2Flib64%2Flibgpgme.so.11.24.1&path=%2F%2Fusr%2Flib64 HTTP/2" 429 0 "-" "Mozilla/5.0 AppleWebKit/537.36 (KHTML, like Gecko; compatible; ClaudeBot/1.0; +claudebot@anthropic.com)"
216.73.216.111 - - [16/Aug/2026:22:39:23 +0330] "GET /wp-trackback.php?fileloc=%2F%2Fusr%2Flib64%2Flibgstfft-1.0.so.0&path=%2F%2Fusr%2Flib64 HTTP/2" 429 0 "-" "Mozilla/5.0 AppleWebKit/537.36 (KHTML, like Gecko; compatible; ClaudeBot/1.0; +claudebot@anthropic.com)"
216.73.216.111 - - [16/Aug/2026:22:39:29 +0330] "GET /wp-trackback.php?fileloc=%2F%2Fusr%2Flib64%2Flibhgfs.so.0.0.0&path=%2F%2Fusr%2Flib64 HTTP/2" 429 0 "-" "Mozilla/5.0 AppleWebKit/537.36 (KHTML, like Gecko; compatible; ClaudeBot/1.0; +claudebot@anthropic.com)"
66.249.79.137 - - [16/Aug/2026:22:39:30 +0330] "GET /wp-links-opml.php?fileloc=//lib64/libpcre16.so.0.2.12&path=//lib64 HTTP/1.1" 200 169481 "-" "Mozilla/5.0 (Linux; Android 6.0.1; Nexus 5X Build/MMB29P) AppleWebKit/537.36 (KHTML, like Gecko) Chrome/150.0.7871.186 Mobile Safari/537.36 (compatible; GoogleOther)"
216.73.216.111 - - [16/Aug/2026:22:39:34 +0330] "GET /wp-trackback.php?fileloc=%2F%2Fusr%2Flib64%2Fliburcu.so.6.1.0&path=%2F%2Fusr%2Flib64 HTTP/2" 429 0 "-" "Mozilla/5.0 AppleWebKit/537.36 (KHTML, like Gecko; compatible; ClaudeBot/1.0; +claudebot@anthropic.com)"
216.73.216.111 - - [16/Aug/2026:22:39:39 +0330] "GET /wp-trackback.php?fileloc=%2F%2Fusr%2Flib64%2Flibcolordprivate.so.2.0.5&path=%2F%2Fusr%2Flib64 HTTP/2" 429 0 "-" "Mozilla/5.0 AppleWebKit/537.36 (KHTML, like Gecko; compatible; ClaudeBot/1.0; +claudebot@anthropic.com)"
66.249.79.135 - - [16/Aug/2026:22:42:17 +0330] "GET /wp-load.php?fileloc=//bin/fc-cache-64&path=//bin HTTP/1.1" 200 8664 "-" "Mozilla/5.0 (Linux; Android 6.0.1; Nexus 5X Build/MMB29P) AppleWebKit/537.36 (KHTML, like Gecko) Chrome/150.0.7871.186 Mobile Safari/537.36 (compatible; GoogleOther)"
66.249.79.136 - - [16/Aug/2026:22:42:21 +0330] "GET /robots.txt HTTP/1.1" 404 796 "-" "Mozilla/5.0 (compatible; Googlebot/2.1; +http://www.google.com/bot.html)"
52.167.144.215 - - [16/Aug/2026:22:43:47 +0330] "GET /product/%D8%AF%D8%B3%D8%AA%DA%AF%DB%8C%D8%B1%D9%87-%D9%81%D8%B1%DB%8C%D8%AC%DB%8C%D8%AF%D8%B1-%D9%86%D9%88%D8%B4%D8%AA%D9%87-%D8%AF%D8%A7%D8%B1/ HTTP/2" 404 796 "-" "Mozilla/5.0 AppleWebKit/537.36 (KHTML, like Gecko; compatible; bingbot/2.0; +http://www.bing.com/bingbot.htm) Chrome/116.0.1938.76 Safari/537.36"
66.249.79.135 - - [16/Aug/2026:22:43:59 +0330] "GET /wp-load.php?fileloc=//lib64/libgudev-1.0.so.0&path=//lib64 HTTP/1.1" 200 16766 "-" "Mozilla/5.0 (Linux; Android 6.0.1; Nexus 5X Build/MMB29P) AppleWebKit/537.36 (KHTML, like Gecko) Chrome/150.0.7871.186 Mobile Safari/537.36 (compatible; GoogleOther)"
37.114.63.206 - - [16/Aug/2026:22:48:06 +0330] "GET /.env.production HTTP/1.1" 404 796 "-" "Mozilla/5.0 (Windows NT 10.0; Win64; x64) AppleWebKit/537.36 (KHTML, like Gecko) Chrome/147.0.0.0 Safari/537.36 Edg/146.0.3856.109"
37.114.63.206 - - [16/Aug/2026:22:48:06 +0330] "GET /backend/.env HTTP/1.1" 404 796 "-" "Mozilla/5.0 (Macintosh; Intel Mac OS X 15.7; rv:149.0) Gecko/20100101 Firefox/149.0"
37.114.63.206 - - [16/Aug/2026:22:48:06 +0330] "GET /api/.env HTTP/1.1" 404 796 "-" "Mozilla/5.0 (Macintosh; Intel Mac OS X 15.7; rv:149.0) Gecko/20100101 Firefox/149.0"
37.114.63.206 - - [16/Aug/2026:22:48:07 +0330] "GET /.aws/credentials HTTP/1.1" 404 796 "-" "Mozilla/5.0 (Macintosh; Intel Mac OS X 15.7; rv:149.0) Gecko/20100101 Firefox/149.0"
37.114.63.206 - - [16/Aug/2026:22:48:07 +0330] "GET /js/config.js HTTP/1.1" 404 796 "-" "Mozilla/5.0 (Macintosh; Intel Mac OS X 10_15_7) AppleWebKit/537.36 (KHTML, like Gecko) Chrome/147.0.0.0 Safari/537.36"
66.249.79.137 - - [16/Aug/2026:22:48:29 +0330] "GET /wp-load.php?fileloc=//bin/fc-cat&path=//bin HTTP/1.1" 200 7741 "-" "Mozilla/5.0 (Linux; Android 6.0.1; Nexus 5X Build/MMB29P) AppleWebKit/537.36 (KHTML, like Gecko) Chrome/150.0.7871.186 Mobile Safari/537.36 (compatible; GoogleOther)"
216.73.216.111 - - [16/Aug/2026:22:48:33 +0330] "GET /wp-trackback.php?fileloc=%2F%2Fusr%2Fshare%2Fman%2Fman3%2FOSSL_CMP_CTX_get0_trustedStore.3ossl.gz&path=%2F%2Fusr%2Fshare%2Fman%2Fman3 HTTP/2" 200 14801 "-" "Mozilla/5.0 AppleWebKit/537.36 (KHTML, like Gecko; compatible; ClaudeBot/1.0; +claudebot@anthropic.com)"
216.73.216.111 - - [16/Aug/2026:22:48:35 +0330] "GET /wp-trackback.php?fileloc=%2F%2Fusr%2Fshare%2Fman%2Fman3%2FMMDB_get_value.3.gz&path=%2F%2Fusr%2Fshare%2Fman%2Fman3 HTTP/2" 429 0 "-" "Mozilla/5.0 AppleWebKit/537.36 (KHTML, like Gecko; compatible; ClaudeBot/1.0; +claudebot@anthropic.com)"
216.73.216.111 - - [16/Aug/2026:22:48:40 +0330] "GET /wp-trackback.php?fileloc=%2F%2Fusr%2Fshare%2Fman%2Fman3%2FFcLangSetGetLangs.3.gz&path=%2F%2Fusr%2Fshare%2Fman%2Fman3 HTTP/2" 429 0 "-" "Mozilla/5.0 AppleWebKit/537.36 (KHTML, like Gecko; compatible; ClaudeBot/1.0; +claudebot@anthropic.com)"
216.73.216.111 - - [16/Aug/2026:22:48:45 +0330] "GET /wp-trackback.php?fileloc=%2F%2Fusr%2Fshare%2Fman%2Fman1%2Ftracker-writeback-3.1.gz&path=%2F%2Fusr%2Fshare%2Fman%2Fman1 HTTP/2" 429 0 "-" "Mozilla/5.0 AppleWebKit/537.36 (KHTML, like Gecko; compatible; ClaudeBot/1.0; +claudebot@anthropic.com)"
216.73.216.111 - - [16/Aug/2026:22:48:50 +0330] "GET /wp-trackback.php?fileloc=%2F%2Fusr%2Fshare%2Fman%2Fman3%2FOPENSSL_hexstr2buf.3ossl.gz&path=%2F%2Fusr%2Fshare%2Fman%2Fman3 HTTP/2" 429 0 "-" "Mozilla/5.0 AppleWebKit/537.36 (KHTML, like Gecko; compatible; ClaudeBot/1.0; +claudebot@anthropic.com)"
138.197.146.202 - - [16/Aug/2026:22:48:52 +0330] "GET / HTTP/1.1" 200 0 "-" "Mozilla/5.0 (X11; Linux x86_64) AppleWebKit/537.36 (KHTML, like Gecko) Chrome/142.0.0.0 Safari/537.36"
216.73.216.111 - - [16/Aug/2026:22:48:55 +0330] "GET /wp-trackback.php?fileloc=%2F%2Fusr%2Fshare%2Fman%2Fman3%2FOSSL_CMP_MSG_it.3ossl.gz&path=%2F%2Fusr%2Fshare%2Fman%2Fman3 HTTP/2" 429 0 "-" "Mozilla/5.0 AppleWebKit/537.36 (KHTML, like Gecko; compatible; ClaudeBot/1.0; +claudebot@anthropic.com)"
216.73.216.111 - - [16/Aug/2026:22:49:00 +0330] "GET /wp-trackback.php?fileloc=%2F%2Fusr%2Fshare%2Fman%2Fman3%2FFcDirCacheUnlink.3.gz&path=%2F%2Fusr%2Fshare%2Fman%2Fman3 HTTP/2" 429 0 "-" "Mozilla/5.0 AppleWebKit/537.36 (KHTML, like Gecko; compatible; ClaudeBot/1.0; +claudebot@anthropic.com)"
216.73.216.111 - - [16/Aug/2026:22:49:05 +0330] "GET /wp-trackback.php?fileloc=%2F%2Fusr%2Fshare%2Fman%2Fman3%2FSCT_get_source.3ossl.gz&path=%2F%2Fusr%2Fshare%2Fman%2Fman3 HTTP/2" 429 0 "-" "Mozilla/5.0 AppleWebKit/537.36 (KHTML, like Gecko; compatible; ClaudeBot/1.0; +claudebot@anthropic.com)"
216.73.216.111 - - [16/Aug/2026:22:49:10 +0330] "GET /wp-trackback.php?fileloc=%2F%2Fusr%2Fshare%2Fman%2Fman3%2FDH_OpenSSL.3ossl.gz&path=%2F%2Fusr%2Fshare%2Fman%2Fman3 HTTP/2" 429 0 "-" "Mozilla/5.0 AppleWebKit/537.36 (KHTML, like Gecko; compatible; ClaudeBot/1.0; +claudebot@anthropic.com)"
216.73.216.111 - - [16/Aug/2026:22:49:15 +0330] "GET /wp-trackback.php?fileloc=%2F%2Fusr%2Fshare%2Fzoneinfo%2FAmerica%2FAtikokan&path=%2F%2Fusr%2Fshare%2Fzoneinfo%2FAmerica HTTP/2" 200 2741 "-" "Mozilla/5.0 AppleWebKit/537.36 (KHTML, like Gecko; compatible; ClaudeBot/1.0; +claudebot@anthropic.com)"
216.73.216.111 - - [16/Aug/2026:22:49:20 +0330] "GET /wp-trackback.php?fileloc=%2F%2Fusr%2Fshare%2Fzoneinfo%2FHST&path=%2F%2Fusr%2Fshare%2Fzoneinfo HTTP/2" 429 0 "-" "Mozilla/5.0 AppleWebKit/537.36 (KHTML, like Gecko; compatible; ClaudeBot/1.0; +claudebot@anthropic.com)"
216.73.216.111 - - [16/Aug/2026:22:49:25 +0330] "GET /wp-trackback.php?fileloc=%2F%2Fusr%2Fshare%2Fmysql%2Ferrmsg-utf8.txt&path=%2F%2Fusr%2Fshare%2Fmysql HTTP/2" 429 0 "-" "Mozilla/5.0 AppleWebKit/537.36 (KHTML, like Gecko; compatible; ClaudeBot/1.0; +claudebot@anthropic.com)"
216.73.216.111 - - [16/Aug/2026:22:49:33 +0330] "GET /wp-trackback.php?path=%2F%2Fusr%2Fshare%2Flocale%2Fpt_BR.us-ascii HTTP/2" 429 0 "-" "Mozilla/5.0 AppleWebKit/537.36 (KHTML, like Gecko; compatible; ClaudeBot/1.0; +claudebot@anthropic.com)"
216.73.216.111 - - [16/Aug/2026:22:49:36 +0330] "GET /wp-trackback.php?fileloc=%2F%2Fusr%2Fshare%2Ftabset%2Fvt100&path=%2F%2Fusr%2Fshare%2Ftabset HTTP/2" 429 0 "-" "Mozilla/5.0 AppleWebKit/537.36 (KHTML, like Gecko; compatible; ClaudeBot/1.0; +claudebot@anthropic.com)"
216.73.216.111 - - [16/Aug/2026:22:49:43 +0330] "GET /wp-signup.php?path=%2F%2Fhome%2Farmgroup%2Flibs%2Fpackages%2Fconsoletvs%2Fcharts%2Fdocs%2Fdocs HTTP/2" 429 0 "-" "Mozilla/5.0 AppleWebKit/537.36 (KHTML, like Gecko; compatible; ClaudeBot/1.0; +claudebot@anthropic.com)"
216.73.216.111 - - [16/Aug/2026:22:49:45 +0330] "GET /wp-signup.php?path=%2F%2Fhome%2Farmgroup%2F.cpanel%2Fdatastore HTTP/2" 429 0 "-" "Mozilla/5.0 AppleWebKit/537.36 (KHTML, like Gecko; compatible; ClaudeBot/1.0; +claudebot@anthropic.com)"
216.73.216.111 - - [16/Aug/2026:22:49:50 +0330] "GET /wp-trackback.php?path=%2F%2Fusr%2Fshare%2Fmysql%2Fjapanese HTTP/2" 429 0 "-" "Mozilla/5.0 AppleWebKit/537.36 (KHTML, like Gecko; compatible; ClaudeBot/1.0; +claudebot@anthropic.com)"
216.73.216.111 - - [16/Aug/2026:22:49:55 +0330] "GET /wp-trackback.php?path=%2F%2Fusr%2Fshare%2Flocale%2Fen_AU HTTP/2" 429 0 "-" "Mozilla/5.0 AppleWebKit/537.36 (KHTML, like Gecko; compatible; ClaudeBot/1.0; +claudebot@anthropic.com)"
216.73.216.111 - - [16/Aug/2026:22:50:00 +0330] "GET /wp-trackback.php?path=%2F%2Fusr%2Fshare%2Flocale%2Feu_ES%2FLC_MESSAGES HTTP/2" 200 2739 "-" "Mozilla/5.0 AppleWebKit/537.36 (KHTML, like Gecko; compatible; ClaudeBot/1.0; +claudebot@anthropic.com)"
216.73.216.111 - - [16/Aug/2026:22:50:06 +0330] "GET /wp-trackback.php?path=%2F%2Fusr%2Fshare%2Flocale%2Fca.us-ascii HTTP/2" 429 0 "-" "Mozilla/5.0 AppleWebKit/537.36 (KHTML, like Gecko; compatible; ClaudeBot/1.0; +claudebot@anthropic.com)"
216.73.216.111 - - [16/Aug/2026:22:50:10 +0330] "GET /wp-trackback.php?path=%2F%2Fusr%2Fshare%2Flocale%2Fbg%2FLC_TIME HTTP/2" 429 0 "-" "Mozilla/5.0 AppleWebKit/537.36 (KHTML, like Gecko; compatible; ClaudeBot/1.0; +claudebot@anthropic.com)"
216.73.216.111 - - [16/Aug/2026:22:50:15 +0330] "GET /wp-trackback.php?path=%2F%2Fusr%2Fshare%2Flocale%2Fhr%2FLC_TIME HTTP/2" 429 0 "-" "Mozilla/5.0 AppleWebKit/537.36 (KHTML, like Gecko; compatible; ClaudeBot/1.0; +claudebot@anthropic.com)"
216.73.216.111 - - [16/Aug/2026:22:50:20 +0330] "GET /wp-trackback.php?path=%2F%2Fusr%2Fshare%2Flocale%2Falg%2FLC_MESSAGES HTTP/2" 429 0 "-" "Mozilla/5.0 AppleWebKit/537.36 (KHTML, like Gecko; compatible; ClaudeBot/1.0; +claudebot@anthropic.com)"
52.167.144.199 - - [16/Aug/2026:22:50:20 +0330] "GET /product/%D8%B5%D8%A7%D9%81%DB%8C-%D9%81%DB%8C%D9%84%D8%AA%D8%B1-%D8%A8%D9%88%D8%B4-%D8%AC%D8%AF%DB%8C%D8%AF/ HTTP/2" 404 796 "-" "Mozilla/5.0 AppleWebKit/537.36 (KHTML, like Gecko; compatible; bingbot/2.0; +http://www.bing.com/bingbot.htm) Chrome/116.0.1938.76 Safari/537.36"
216.73.216.111 - - [16/Aug/2026:22:50:26 +0330] "GET /wp-trackback.php?path=%2F%2Fusr%2Fshare%2Flocale%2Filo%2FLC_MESSAGES HTTP/2" 429 0 "-" "Mozilla/5.0 AppleWebKit/537.36 (KHTML, like Gecko; compatible; ClaudeBot/1.0; +claudebot@anthropic.com)"
216.73.216.111 - - [16/Aug/2026:22:50:30 +0330] "GET /wp-trackback.php?path=%2F%2Fusr%2Fshare%2Flocale%2Fen_NZ HTTP/2" 429 0 "-" "Mozilla/5.0 AppleWebKit/537.36 (KHTML, like Gecko; compatible; ClaudeBot/1.0; +claudebot@anthropic.com)"
216.73.216.111 - - [16/Aug/2026:22:50:35 +0330] "GET /wp-trackback.php?path=%2F%2Fusr%2Fshare%2Flocale%2Fhi_IN HTTP/2" 429 0 "-" "Mozilla/5.0 AppleWebKit/537.36 (KHTML, like Gecko; compatible; ClaudeBot/1.0; +claudebot@anthropic.com)"
216.73.216.111 - - [16/Aug/2026:22:50:40 +0330] "GET /wp-trackback.php?path=%2F%2Fusr%2Fshare%2Flocale%2Fpt_BR HTTP/2" 429 0 "-" "Mozilla/5.0 AppleWebKit/537.36 (KHTML, like Gecko; compatible; ClaudeBot/1.0; +claudebot@anthropic.com)"
66.249.79.135 - - [16/Aug/2026:22:50:48 +0330] "GET /wp-load.php?fileloc=//lib/firmware/iwlwifi-cc-a0-50.ucode.xz&path=//lib/firmware HTTP/1.1" 200 349001 "-" "Mozilla/5.0 (Linux; Android 6.0.1; Nexus 5X Build/MMB29P) AppleWebKit/537.36 (KHTML, like Gecko) Chrome/150.0.7871.186 Mobile Safari/537.36 (compatible; GoogleOther)"
216.73.216.111 - - [16/Aug/2026:22:50:51 +0330] "GET /wp-trackback.php?path=%2F%2Fusr%2Fshare%2Flocale%2Fnqo HTTP/2" 200 2979 "-" "Mozilla/5.0 AppleWebKit/537.36 (KHTML, like Gecko; compatible; ClaudeBot/1.0; +claudebot@anthropic.com)"
216.73.216.111 - - [16/Aug/2026:22:50:56 +0330] "GET /wp-trackback.php?path=%2F%2Fusr%2Fshare%2Flocale%2Fksw HTTP/2" 429 0 "-" "Mozilla/5.0 AppleWebKit/537.36 (KHTML, like Gecko; compatible; ClaudeBot/1.0; +claudebot@anthropic.com)"
216.73.216.111 - - [16/Aug/2026:22:51:01 +0330] "GET /wp-trackback.php?path=%2F%2Fusr%2Fshare%2Flocale%2Fmus HTTP/2" 429 0 "-" "Mozilla/5.0 AppleWebKit/537.36 (KHTML, like Gecko; compatible; ClaudeBot/1.0; +claudebot@anthropic.com)"
216.73.216.111 - - [16/Aug/2026:22:51:06 +0330] "GET /wp-trackback.php?path=%2F%2Fusr%2Fshare%2Flocale%2Fcy HTTP/2" 429 0 "-" "Mozilla/5.0 AppleWebKit/537.36 (KHTML, like Gecko; compatible; ClaudeBot/1.0; +claudebot@anthropic.com)"
216.73.216.111 - - [16/Aug/2026:22:51:24 +0330] "GET /wp-trackback.php?path=%2F%2Fusr%2Fshare%2Flocale%2Fur HTTP/2" 429 0 "-" "Mozilla/5.0 AppleWebKit/537.36 (KHTML, like Gecko; compatible; ClaudeBot/1.0; +claudebot@anthropic.com)"
216.73.216.111 - - [16/Aug/2026:22:51:30 +0330] "GET /wp-trackback.php?fileloc=%2F%2Fusr%2Fshare%2Fman%2Fman3%2FSSL_CTX_set1_sigalgs_list.3ossl.gz&path=%2F%2Fusr%2Fshare%2Fman%2Fman3 HTTP/2" 429 0 "-" "Mozilla/5.0 AppleWebKit/537.36 (KHTML, like Gecko; compatible; ClaudeBot/1.0; +claudebot@anthropic.com)"
216.73.216.111 - - [16/Aug/2026:22:51:35 +0330] "GET /wp-trackback.php?fileloc=%2F%2Fusr%2Fshare%2Fman%2Fman3%2FDES_ede2_cfb64_encrypt.3ossl.gz&path=%2F%2Fusr%2Fshare%2Fman%2Fman3 HTTP/2" 429 0 "-" "Mozilla/5.0 AppleWebKit/537.36 (KHTML, like Gecko; compatible; ClaudeBot/1.0; +claudebot@anthropic.com)"
216.73.216.111 - - [16/Aug/2026:22:51:41 +0330] "GET /wp-trackback.php?fileloc=%2F%2Fusr%2Fshare%2Fman%2Fman3%2FBIO_set_retry_write.3ossl.gz&path=%2F%2Fusr%2Fshare%2Fman%2Fman3 HTTP/2" 429 0 "-" "Mozilla/5.0 AppleWebKit/537.36 (KHTML, like Gecko; compatible; ClaudeBot/1.0; +claudebot@anthropic.com)"
216.73.216.111 - - [16/Aug/2026:22:51:45 +0330] "GET /wp-trackback.php?fileloc=%2F%2Fusr%2Fshare%2Fman%2Fman3%2FPKCS12_gen_mac.3ossl.gz&path=%2F%2Fusr%2Fshare%2Fman%2Fman3 HTTP/2" 429 0 "-" "Mozilla/5.0 AppleWebKit/537.36 (KHTML, like Gecko; compatible; ClaudeBot/1.0; +claudebot@anthropic.com)"
216.73.216.111 - - [16/Aug/2026:22:51:52 +0330] "GET /wp-trackback.php?fileloc=%2F%2Fusr%2Fshare%2Fman%2Fman3%2FCMS_ReceiptRequest_free.3ossl.gz&path=%2F%2Fusr%2Fshare%2Fman%2Fman3 HTTP/2" 429 0 "-" "Mozilla/5.0 AppleWebKit/537.36 (KHTML, like Gecko; compatible; ClaudeBot/1.0; +claudebot@anthropic.com)"
216.73.216.111 - - [16/Aug/2026:22:51:58 +0330] "GET /wp-trackback.php?fileloc=%2F%2Fusr%2Fshare%2Fman%2Fman3%2FOSSL_ESS_signing_cert_new_init.3ossl.gz&path=%2F%2Fusr%2Fshare%2Fman%2Fman3 HTTP/2" 429 0 "-" "Mozilla/5.0 AppleWebKit/537.36 (KHTML, like Gecko; compatible; ClaudeBot/1.0; +claudebot@anthropic.com)"
216.73.216.111 - - [16/Aug/2026:22:52:01 +0330] "GET /wp-trackback.php?fileloc=%2F%2Fusr%2Fshare%2Fman%2Fman3%2FCMS_add1_ReceiptRequest.3ossl.gz&path=%2F%2Fusr%2Fshare%2Fman%2Fman3 HTTP/2" 429 0 "-" "Mozilla/5.0 AppleWebKit/537.36 (KHTML, like Gecko; compatible; ClaudeBot/1.0; +claudebot@anthropic.com)"
216.73.216.111 - - [16/Aug/2026:22:39:01 +0330] "GET /wp-signup.php?fileloc=%2F%2Fbin%2Fdelv&path=%2F%2Fbin HTTP/2" 429 0 "-" "Mozilla/5.0 AppleWebKit/537.36 (KHTML, like Gecko; compatible; ClaudeBot/1.0; +claudebot@anthropic.com)"
66.249.79.135 - - [16/Aug/2026:22:39:35 +0330] "GET /robots.txt HTTP/1.1" 404 796 "-" "Mozilla/5.0 (compatible; Googlebot/2.1; +http://www.google.com/bot.html)"
66.249.79.136 - - [16/Aug/2026:22:40:47 +0330] "GET /wp-load.php?fileloc=//lib64/libblkid.so.1.1.0&path=//lib64 HTTP/1.1" 200 97735 "-" "Mozilla/5.0 (Linux; Android 6.0.1; Nexus 5X Build/MMB29P) AppleWebKit/537.36 (KHTML, like Gecko) Chrome/150.0.7871.186 Mobile Safari/537.36 (compatible; GoogleOther)"
66.249.79.135 - - [16/Aug/2026:22:40:51 +0330] "GET /robots.txt HTTP/1.1" 404 796 "-" "Mozilla/5.0 (compatible; Googlebot/2.1; +http://www.google.com/bot.html)"
66.249.79.135 - - [16/Aug/2026:22:43:06 +0330] "GET /wp-load.php?fileloc=//lib64/libncursesw.so.6.2&path=//lib64 HTTP/1.1" 200 108402 "-" "Mozilla/5.0 (Linux; Android 6.0.1; Nexus 5X Build/MMB29P) AppleWebKit/537.36 (KHTML, like Gecko) Chrome/150.0.7871.186 Mobile Safari/537.36 (compatible; GoogleOther)"
37.114.63.206 - - [16/Aug/2026:22:47:57 +0330] "HEAD / HTTP/1.1" 200 0 "-" "Mozilla/5.0 (Macintosh; Intel Mac OS X 10_15_7) AppleWebKit/537.36 (KHTML, like Gecko) Chrome/147.0.0.0 Safari/537.36"
37.114.63.206 - - [16/Aug/2026:22:47:59 +0330] "GET / HTTP/1.1" 200 0 "-" "Mozilla/5.0 (Windows NT 10.0; Win64; x64) AppleWebKit/537.36 (KHTML, like Gecko) Chrome/147.0.0.0 Safari/537.36"
37.114.63.206 - - [16/Aug/2026:22:48:02 +0330] "GET /.git/HEAD HTTP/1.1" 403 787 "-" "Mozilla/5.0 (Windows NT 10.0; Win64; x64) AppleWebKit/537.36 (KHTML, like Gecko) Chrome/147.0.0.0 Safari/537.36 Edg/146.0.3856.109"
37.114.63.206 - - [16/Aug/2026:22:48:03 +0330] "GET /.env HTTP/1.1" 404 796 "-" "Mozilla/5.0 (Windows NT 10.0; Win64; x64; rv:149.0) Gecko/20100101 Firefox/149.0"
37.114.63.206 - - [16/Aug/2026:22:48:04 +0330] "GET /env HTTP/1.1" 404 796 "-" "Mozilla/5.0 (Windows NT 10.0; Win64; x64) AppleWebKit/537.36 (KHTML, like Gecko) Chrome/147.0.0.0 Safari/537.36"
37.114.63.206 - - [16/Aug/2026:22:48:06 +0330] "GET /.env.local HTTP/1.1" 404 796 "-" "Mozilla/5.0 (Windows NT 10.0; Win64; x64) AppleWebKit/537.36 (KHTML, like Gecko) Chrome/147.0.0.0 Safari/537.36"
37.114.63.206 - - [16/Aug/2026:22:48:06 +0330] "GET /.env.development HTTP/1.1" 404 796 "-" "Mozilla/5.0 (Macintosh; Intel Mac OS X 15_7_5) AppleWebKit/605.1.15 (KHTML, like Gecko) Version/26.0 Safari/605.1.15"
37.114.63.206 - - [16/Aug/2026:22:48:07 +0330] "GET /config.json HTTP/1.1" 404 796 "-" "Mozilla/5.0 (Macintosh; Intel Mac OS X 10_15_7) AppleWebKit/537.36 (KHTML, like Gecko) Chrome/147.0.0.0 Safari/537.36"
37.114.63.206 - - [16/Aug/2026:22:48:07 +0330] "GET /.git/config HTTP/1.1" 403 787 "-" "Mozilla/5.0 (Windows NT 10.0; Win64; x64) AppleWebKit/537.36 (KHTML, like Gecko) Chrome/147.0.0.0 Safari/537.36"
138.197.146.202 - - [16/Aug/2026:22:49:10 +0330] "GET /favicon.ico HTTP/1.1" 404 796 "https://armgroupco.com/" "Mozilla/5.0 (X11; Linux x86_64) AppleWebKit/537.36 (KHTML, like Gecko) Chrome/142.0.0.0 Safari/537.36"
66.249.79.135 - - [16/Aug/2026:22:49:26 +0330] "GET /wp-links-opml.php?fileloc=//lib64/libcryptsetup.so.12&path=//lib64 HTTP/1.1" 200 253079 "-" "Mozilla/5.0 (Linux; Android 6.0.1; Nexus 5X Build/MMB29P) AppleWebKit/537.36 (KHTML, like Gecko) Chrome/150.0.7871.186 Mobile Safari/537.36 (compatible; GoogleOther)"
216.73.216.111 - - [16/Aug/2026:22:51:21 +0330] "GET /wp-trackback.php?path=%2F%2Fusr%2Fshare%2Flocale%2Fig HTTP/2" 200 2978 "-" "Mozilla/5.0 AppleWebKit/537.36 (KHTML, like Gecko; compatible; ClaudeBot/1.0; +claudebot@anthropic.com)"
216.73.216.111 - - [16/Aug/2026:22:51:26 +0330] "GET /wp-trackback.php?path=%2F%2Fusr%2Fshare%2Fautoconf%2Fautoconf HTTP/2" 429 0 "-" "Mozilla/5.0 AppleWebKit/537.36 (KHTML, like Gecko; compatible; ClaudeBot/1.0; +claudebot@anthropic.com)"
216.73.216.111 - - [16/Aug/2026:22:52:22 +0330] "GET /wp-trackback.php?fileloc=%2F%2Fusr%2Fshare%2Fman%2Fman3%2FEVP_KEYMGMT_get0_description.3ossl.gz&path=%2F%2Fusr%2Fshare%2Fman%2Fman3 HTTP/2" 200 6266 "-" "Mozilla/5.0 AppleWebKit/537.36 (KHTML, like Gecko; compatible; ClaudeBot/1.0; +claudebot@anthropic.com)"
51.77.217.11 - - [16/Aug/2026:22:52:26 +0330] "GET /robots.txt HTTP/1.1" 404 796 "-" "Mozilla/5.0 (compatible; MJ12bot/v1.4.8; http://mj12bot.com/)"
216.73.216.111 - - [16/Aug/2026:22:52:26 +0330] "GET /wp-trackback.php?fileloc=%2F%2Fusr%2Fshare%2Fman%2Fman3%2FENGINE_set_digests.3ossl.gz&path=%2F%2Fusr%2Fshare%2Fman%2Fman3 HTTP/2" 429 0 "-" "Mozilla/5.0 AppleWebKit/537.36 (KHTML, like Gecko; compatible; ClaudeBot/1.0; +claudebot@anthropic.com)"
51.77.217.11 - - [16/Aug/2026:22:52:29 +0330] "GET /?fileloc=//lib/.build-id/a4/aba5e5a4326272225fa54f1d41fb102fdc04e7&path=//lib/.build-id/a4 HTTP/1.1" 200 0 "-" "Mozilla/5.0 (compatible; MJ12bot/v1.4.8; http://mj12bot.com/)"
216.73.216.111 - - [16/Aug/2026:22:52:31 +0330] "GET /wp-trackback.php?fileloc=%2F%2Fusr%2Fshare%2Fman%2Fman3%2FBIO_get_callback_arg.3ossl.gz&path=%2F%2Fusr%2Fshare%2Fman%2Fman3 HTTP/2" 429 0 "-" "Mozilla/5.0 AppleWebKit/537.36 (KHTML, like Gecko; compatible; ClaudeBot/1.0; +claudebot@anthropic.com)"
51.77.217.11 - - [16/Aug/2026:22:52:33 +0330] "GET /?fileloc=//usr/lib/firewalld/icmptypes/unknown-header-type.xml&path=//usr/lib/firewalld/icmptypes HTTP/1.1" 200 0 "-" "Mozilla/5.0 (compatible; MJ12bot/v1.4.8; http://mj12bot.com/)"
216.73.216.111 - - [16/Aug/2026:22:52:35 +0330] "GET /wp-trackback.php?fileloc=%2F%2Fusr%2Fshare%2Fman%2Fman3%2FPEM_read_CMS.3ossl.gz&path=%2F%2Fusr%2Fshare%2Fman%2Fman3 HTTP/2" 429 0 "-" "Mozilla/5.0 AppleWebKit/537.36 (KHTML, like Gecko; compatible; ClaudeBot/1.0; +claudebot@anthropic.com)"
51.77.217.11 - - [16/Aug/2026:22:52:36 +0330] "GET /?fileloc=//usr/share/libtool/libltdl/lt__argz_.h&path=//usr/share/libtool/libltdl HTTP/1.1" 200 0 "-" "Mozilla/5.0 (compatible; MJ12bot/v1.4.8; http://mj12bot.com/)"
51.77.217.11 - - [16/Aug/2026:22:52:40 +0330] "GET /?path=//lib/firmware/nvidia/ad107.rpmmoved HTTP/1.1" 200 0 "-" "Mozilla/5.0 (compatible; MJ12bot/v1.4.8; http://mj12bot.com/)"
216.73.216.111 - - [16/Aug/2026:22:52:40 +0330] "GET /wp-trackback.php?fileloc=%2F%2Fusr%2Fshare%2Fman%2Fman3%2FERR_clear_error.3ossl.gz&path=%2F%2Fusr%2Fshare%2Fman%2Fman3 HTTP/2" 429 0 "-" "Mozilla/5.0 AppleWebKit/537.36 (KHTML, like Gecko; compatible; ClaudeBot/1.0; +claudebot@anthropic.com)"
51.77.217.11 - - [16/Aug/2026:22:52:41 +0330] "GET /store/products/%D8%B4%D9%81%D8%AA-%D8%A7%DB%8C%D9%86%D8%AF%D8%B2%DB%8C%D8%AA-5%D9%884-%DA%A9%D9%88%D8%AA%D8%A7%D9%87 HTTP/1.1" 200 18746 "-" "Mozilla/5.0 (compatible; MJ12bot/v1.4.8; http://mj12bot.com/)"
51.77.217.11 - - [16/Aug/2026:22:52:43 +0330] "GET /?path=//usr/lib/.build-id/25 HTTP/1.1" 200 0 "-" "Mozilla/5.0 (compatible; MJ12bot/v1.4.8; http://mj12bot.com/)"
216.73.216.111 - - [16/Aug/2026:22:52:45 +0330] "GET /wp-trackback.php?fileloc=%2F%2Fusr%2Fshare%2Fman%2Fman1%2Fmktemp.1.gz&path=%2F%2Fusr%2Fshare%2Fman%2Fman1 HTTP/2" 429 0 "-" "Mozilla/5.0 AppleWebKit/537.36 (KHTML, like Gecko; compatible; ClaudeBot/1.0; +claudebot@anthropic.com)"
51.77.217.11 - - [16/Aug/2026:22:52:47 +0330] "GET /?path=//usr/lib/.build-id/26 HTTP/1.1" 200 0 "-" "Mozilla/5.0 (compatible; MJ12bot/v1.4.8; http://mj12bot.com/)"
51.77.217.11 - - [16/Aug/2026:22:52:50 +0330] "GET /?path=//usr/lib/.build-id/27 HTTP/1.1" 200 0 "-" "Mozilla/5.0 (compatible; MJ12bot/v1.4.8; http://mj12bot.com/)"
51.77.217.11 - - [16/Aug/2026:22:52:50 +0330] "GET /store/products/%D8%B4%D9%81%D8%AA-%D8%A8%D9%88%D8%B4-8-%DA%A9%DB%8C%D9%84%D9%88%DB%8C%DB%8C-11-%D8%B3%D8%A7%D9%86%D8%AA%DB%8C-6%D9%885 HTTP/1.1" 200 18900 "-" "Mozilla/5.0 (compatible; MJ12bot/v1.4.8; http://mj12bot.com/)"
216.73.216.111 - - [16/Aug/2026:22:52:05 +0330] "GET /wp-trackback.php?fileloc=%2F%2Fusr%2Fshare%2Fman%2Fman3%2FOPENSSL_LH_DOALL_FUNC.3ossl.gz&path=%2F%2Fusr%2Fshare%2Fman%2Fman3 HTTP/2" 429 0 "-" "Mozilla/5.0 AppleWebKit/537.36 (KHTML, like Gecko; compatible; ClaudeBot/1.0; +claudebot@anthropic.com)"
51.77.217.11 - - [16/Aug/2026:22:52:23 +0330] "GET /robots.txt HTTP/1.1" 404 796 "-" "Mozilla/5.0 (compatible; MJ12bot/v1.4.8; http://mj12bot.com/)"
51.77.217.11 - - [16/Aug/2026:22:52:25 +0330] "GET /store/products/%D8%B4%D9%81%D8%AA-%D8%A7%DB%8C%D9%86%D8%AF%D8%B2%DB%8C%D8%AA-%D9%87%D8%B2%D8%A7%D8%B1%D8%AE%D8%A7%D8%B1-%D9%81%D8%A7%D8%A8%D8%B1%DB%8C%DA%A9-4%D9%883 HTTP/1.1" 200 19068 "-" "Mozilla/5.0 (compatible; MJ12bot/v1.4.8; http://mj12bot.com/)"
66.249.79.136 - - [16/Aug/2026:22:52:40 +0330] "GET /wp-load.php?fileloc=//lib64/libexif.so.12.3.4&path=//lib64 HTTP/1.1" 200 80968 "-" "Mozilla/5.0 (Linux; Android 6.0.1; Nexus 5X Build/MMB29P) AppleWebKit/537.36 (KHTML, like Gecko) Chrome/150.0.7871.186 Mobile Safari/537.36 (compatible; GoogleOther)"
216.73.216.111 - - [16/Aug/2026:22:53:22 +0330] "GET /wp-trackback.php?fileloc=%2F%2Fusr%2Fshare%2Fman%2Fman3%2FBN_pseudo_rand.3ossl.gz&path=%2F%2Fusr%2Fshare%2Fman%2Fman3 HTTP/2" 429 0 "-" "Mozilla/5.0 AppleWebKit/537.36 (KHTML, like Gecko; compatible; ClaudeBot/1.0; +claudebot@anthropic.com)"
216.73.216.111 - - [16/Aug/2026:22:53:26 +0330] "GET /wp-trackback.php?fileloc=%2F%2Fusr%2Fshare%2Fman%2Fman3%2FNAME_CONSTRAINTS_new.3ossl.gz&path=%2F%2Fusr%2Fshare%2Fman%2Fman3 HTTP/2" 429 0 "-" "Mozilla/5.0 AppleWebKit/537.36 (KHTML, like Gecko; compatible; ClaudeBot/1.0; +claudebot@anthropic.com)"
216.73.216.111 - - [16/Aug/2026:22:53:31 +0330] "GET /wp-trackback.php?fileloc=%2F%2Fusr%2Fshare%2Fman%2Fman3%2FSSL_CTX_sess_get_new_cb.3ossl.gz&path=%2F%2Fusr%2Fshare%2Fman%2Fman3 HTTP/2" 429 0 "-" "Mozilla/5.0 AppleWebKit/537.36 (KHTML, like Gecko; compatible; ClaudeBot/1.0; +claudebot@anthropic.com)"
216.73.216.111 - - [16/Aug/2026:22:53:36 +0330] "GET /wp-trackback.php?fileloc=%2F%2Fusr%2Fshare%2Fman%2Fman3%2FBN_ucmp.3ossl.gz&path=%2F%2Fusr%2Fshare%2Fman%2Fman3 HTTP/2" 429 0 "-" "Mozilla/5.0 AppleWebKit/537.36 (KHTML, like Gecko; compatible; ClaudeBot/1.0; +claudebot@anthropic.com)"
216.73.216.111 - - [16/Aug/2026:22:53:41 +0330] "GET /wp-trackback.php?fileloc=%2F%2Fusr%2Fshare%2Fman%2Fman3%2FOCSP_REQ_CTX.3ossl.gz&path=%2F%2Fusr%2Fshare%2Fman%2Fman3 HTTP/2" 429 0 "-" "Mozilla/5.0 AppleWebKit/537.36 (KHTML, like Gecko; compatible; ClaudeBot/1.0; +claudebot@anthropic.com)"
216.73.216.111 - - [16/Aug/2026:22:53:46 +0330] "GET /wp-trackback.php?fileloc=%2F%2Fusr%2Fshare%2Fman%2Fman3%2FOSSL_CRMF_SINGLEPUBINFO_new.3ossl.gz&path=%2F%2Fusr%2Fshare%2Fman%2Fman3 HTTP/2" 429 0 "-" "Mozilla/5.0 AppleWebKit/537.36 (KHTML, like Gecko; compatible; ClaudeBot/1.0; +claudebot@anthropic.com)"
216.73.216.111 - - [16/Aug/2026:22:53:51 +0330] "GET /wp-trackback.php?fileloc=%2F%2Fusr%2Fshare%2Fman%2Fman3%2FDIST_POINT_NAME_free.3ossl.gz&path=%2F%2Fusr%2Fshare%2Fman%2Fman3 HTTP/2" 429 0 "-" "Mozilla/5.0 AppleWebKit/537.36 (KHTML, like Gecko; compatible; ClaudeBot/1.0; +claudebot@anthropic.com)"
216.73.216.111 - - [16/Aug/2026:22:53:56 +0330] "GET /wp-trackback.php?fileloc=%2F%2Fusr%2Fshare%2Fman%2Fman3%2FBN_bn2bin.3ossl.gz&path=%2F%2Fusr%2Fshare%2Fman%2Fman3 HTTP/2" 429 0 "-" "Mozilla/5.0 AppleWebKit/537.36 (KHTML, like Gecko; compatible; ClaudeBot/1.0; +claudebot@anthropic.com)"
216.73.216.111 - - [16/Aug/2026:22:54:01 +0330] "GET /wp-trackback.php?fileloc=%2F%2Fusr%2Fshare%2Fman%2Fman3%2FDSA_sign.3ossl.gz&path=%2F%2Fusr%2Fshare%2Fman%2Fman3 HTTP/2" 429 0 "-" "Mozilla/5.0 AppleWebKit/537.36 (KHTML, like Gecko; compatible; ClaudeBot/1.0; +claudebot@anthropic.com)"
51.77.217.11 - - [16/Aug/2026:22:54:04 +0330] "GET /store/products/%D8%B4%DB%8C%D8%B1%D8%A8%D8%B1%D9%82%DB%8C-%D8%AA%DA%A9-%D8%A7%D9%81-%DA%86%DB%8C%D9%86 HTTP/1.1" 200 17574 "-" "Mozilla/5.0 (compatible; MJ12bot/v1.4.8; http://mj12bot.com/)"
216.73.216.111 - - [16/Aug/2026:22:52:52 +0330] "GET /wp-trackback.php?fileloc=%2F%2Fusr%2Fshare%2Fzoneinfo%2FAmerica%2FDawson_Creek&path=%2F%2Fusr%2Fshare%2Fzoneinfo%2FAmerica HTTP/2" 429 0 "-" "Mozilla/5.0 AppleWebKit/537.36 (KHTML, like Gecko; compatible; ClaudeBot/1.0; +claudebot@anthropic.com)"
51.77.217.11 - - [16/Aug/2026:22:52:54 +0330] "GET /?path=//usr/lib/.build-id/28 HTTP/1.1" 200 0 "-" "Mozilla/5.0 (compatible; MJ12bot/v1.4.8; http://mj12bot.com/)"
51.77.217.11 - - [16/Aug/2026:22:52:54 +0330] "GET /store/products/%D8%B4%D9%81%D8%AA-%D8%A8%D9%88%D8%B4-8-%DA%A9%DB%8C%D9%84%D9%88-7%D9%885 HTTP/1.1" 200 19054 "-" "Mozilla/5.0 (compatible; MJ12bot/v1.4.8; http://mj12bot.com/)"
216.73.216.111 - - [16/Aug/2026:22:52:55 +0330] "GET /wp-trackback.php?fileloc=%2F%2Fusr%2Fshare%2Fman%2Fman3%2FEVP_RAND_STATE_READY.3ossl.gz&path=%2F%2Fusr%2Fshare%2Fman%2Fman3 HTTP/2" 429 0 "-" "Mozilla/5.0 AppleWebKit/537.36 (KHTML, like Gecko; compatible; ClaudeBot/1.0; +claudebot@anthropic.com)"
51.77.217.11 - - [16/Aug/2026:22:52:58 +0330] "GET /?path=//usr/lib/.build-id/29 HTTP/1.1" 200 0 "-" "Mozilla/5.0 (compatible; MJ12bot/v1.4.8; http://mj12bot.com/)"
51.77.217.11 - - [16/Aug/2026:22:52:57 +0330] "GET /store/products/%D8%B4%D9%81%D8%AA-%D8%A8%DA%A9%D9%88-%D9%87%D8%B2%D8%A7%D8%B1%D8%AE%D8%A7%D8%B1-7%D9%886 HTTP/1.1" 200 19006 "-" "Mozilla/5.0 (compatible; MJ12bot/v1.4.8; http://mj12bot.com/)"
51.77.217.11 - - [16/Aug/2026:22:53:02 +0330] "GET /store/products/%D8%B4%D9%81%D8%AA-%D8%AA%DA%A9%D9%86%D9%88-%D8%A8%D9%87%DB%8C-%D8%AC%D9%81%D8%AA-3 HTTP/1.1" 200 18859 "-" "Mozilla/5.0 (compatible; MJ12bot/v1.4.8; http://mj12bot.com/)"
51.77.217.11 - - [16/Aug/2026:22:53:07 +0330] "GET /?path=//usr/lib/.build-id/2a HTTP/1.1" 200 0 "-" "Mozilla/5.0 (compatible; MJ12bot/v1.4.8; http://mj12bot.com/)"
51.77.217.11 - - [16/Aug/2026:22:53:09 +0330] "GET /?path=//usr/lib/.build-id/2b HTTP/1.1" 200 0 "-" "Mozilla/5.0 (compatible; MJ12bot/v1.4.8; http://mj12bot.com/)"
51.77.217.11 - - [16/Aug/2026:22:53:10 +0330] "GET /store/products/%D8%B4%D9%81%D8%AA-%D8%AF%D9%88%D9%88-%D8%A7%D8%B3%D9%86%D9%88%D8%A7-%DA%86%D9%87%D8%A7%D8%B1%D9%BE%D8%B1-6%D9%885 HTTP/1.1" 200 19000 "-" "Mozilla/5.0 (compatible; MJ12bot/v1.4.8; http://mj12bot.com/)"
51.77.217.11 - - [16/Aug/2026:22:53:13 +0330] "GET /?path=//usr/lib/.build-id/2c HTTP/1.1" 200 0 "-" "Mozilla/5.0 (compatible; MJ12bot/v1.4.8; http://mj12bot.com/)"
51.77.217.11 - - [16/Aug/2026:22:53:14 +0330] "GET /store/products/%D8%B4%D9%81%D8%AA-%D8%B3%D8%A7%D9%85%D8%B3%D9%88%D9%86%DA%AF-1282-6%D9%885 HTTP/1.1" 200 18858 "-" "Mozilla/5.0 (compatible; MJ12bot/v1.4.8; http://mj12bot.com/)"
51.77.217.11 - - [16/Aug/2026:22:53:16 +0330] "GET /?path=//usr/lib/.build-id/2d HTTP/1.1" 200 0 "-" "Mozilla/5.0 (compatible; MJ12bot/v1.4.8; http://mj12bot.com/)"
51.77.217.11 - - [16/Aug/2026:22:53:20 +0330] "GET /?path=//usr/lib/.build-id/2e HTTP/1.1" 200 0 "-" "Mozilla/5.0 (compatible; MJ12bot/v1.4.8; http://mj12bot.com/)"
216.73.216.111 - - [16/Aug/2026:22:53:21 +0330] "GET /wp-trackback.php?fileloc=%2F%2Fusr%2Fshare%2Fman%2Fman1%2Fmdb_dump.1.gz&path=%2F%2Fusr%2Fshare%2Fman%2Fman1 HTTP/2" 200 3757 "-" "Mozilla/5.0 AppleWebKit/537.36 (KHTML, like Gecko; compatible; ClaudeBot/1.0; +claudebot@anthropic.com)"
51.77.217.11 - - [16/Aug/2026:22:53:24 +0330] "GET /?path=//usr/lib/.build-id/2f HTTP/1.1" 200 0 "-" "Mozilla/5.0 (compatible; MJ12bot/v1.4.8; http://mj12bot.com/)"
216.73.216.111 - - [16/Aug/2026:22:53:26 +0330] "GET /wp-trackback.php?fileloc=%2F%2Fusr%2Fshare%2Fman%2Fman1%2Fdig.1.gz&path=%2F%2Fusr%2Fshare%2Fman%2Fman1 HTTP/2" 429 0 "-" "Mozilla/5.0 AppleWebKit/537.36 (KHTML, like Gecko; compatible; ClaudeBot/1.0; +claudebot@anthropic.com)"
51.77.217.11 - - [16/Aug/2026:22:53:27 +0330] "GET /?path=//usr/lib/.build-id/30 HTTP/1.1" 200 0 "-" "Mozilla/5.0 (compatible; MJ12bot/v1.4.8; http://mj12bot.com/)"
51.77.217.11 - - [16/Aug/2026:22:53:58 +0330] "GET /?path=//usr/lib/.build-id/33 HTTP/1.1" 200 0 "-" "Mozilla/5.0 (compatible; MJ12bot/v1.4.8; http://mj12bot.com/)"
216.73.216.111 - - [16/Aug/2026:22:54:07 +0330] "GET /wp-trackback.php?fileloc=%2F%2Fusr%2Fshare%2Fman%2Fman3%2FNAMING_AUTHORITY_free.3ossl.gz&path=%2F%2Fusr%2Fshare%2Fman%2Fman3 HTTP/2" 200 8591 "-" "Mozilla/5.0 AppleWebKit/537.36 (KHTML, like Gecko; compatible; ClaudeBot/1.0; +claudebot@anthropic.com)"
51.77.217.11 - - [16/Aug/2026:22:54:16 +0330] "GET /store/products/%D8%B4%DB%8C%D8%B1%D8%A8%D8%B1%D9%82%DB%8C-%D8%AA%DA%A9-90-%D8%AF%D8%B1%D8%AC%D9%87-%DA%86%DB%8C%D9%86 HTTP/1.1" 200 17317 "-" "Mozilla/5.0 (compatible; MJ12bot/v1.4.8; http://mj12bot.com/)"
51.77.217.11 - - [16/Aug/2026:22:54:20 +0330] "GET /store/products/%D8%B4%DB%8C%D8%B1%D8%A8%D8%B1%D9%82%DB%8C-%D8%AF%D9%88%D9%82%D9%84%D9%88-180-%D8%AF%D8%B1%D8%AC%D9%87-%D9%81%D8%A7%D8%A8%D8%B1%DB%8C%DA%A9 HTTP/1.1" 200 17152 "-" "Mozilla/5.0 (compatible; MJ12bot/v1.4.8; http://mj12bot.com/)"
51.77.217.11 - - [16/Aug/2026:22:54:25 +0330] "GET /store/products/%D8%B4%DB%8C%D8%B1%D8%A8%D8%B1%D9%82%DB%8C-%D8%B3%D9%87-%D9%82%D9%84%D9%88-180-%D8%AF%D8%B1%D8%AC%D9%87-%D9%81%D8%A7%D8%A8%D8%B1%DB%8C%DA%A9 HTTP/1.1" 200 17518 "-" "Mozilla/5.0 (compatible; MJ12bot/v1.4.8; http://mj12bot.com/)"
51.77.217.11 - - [16/Aug/2026:22:54:29 +0330] "GET /store/products/%D9%81%D9%84%D9%86%DA%86-%D8%B3%D8%B1%D9%85%D9%88%D8%AA%D9%88%D8%B1-%D8%AE%D8%B4%DA%A9%D9%86-%D8%AD%D8%A7%DB%8C%D8%B1 HTTP/1.1" 200 17140 "-" "Mozilla/5.0 (compatible; MJ12bot/v1.4.8; http://mj12bot.com/)"
216.73.216.111 - - [16/Aug/2026:22:54:37 +0330] "GET /wp-trackback.php?fileloc=%2F%2Fusr%2Fshare%2Fman%2Fman3%2FEVP_PKEY_meth_get_digest_custom.3ossl.gz&path=%2F%2Fusr%2Fshare%2Fman%2Fman3 HTTP/2" 429 0 "-" "Mozilla/5.0 AppleWebKit/537.36 (KHTML, like Gecko; compatible; ClaudeBot/1.0; +claudebot@anthropic.com)"
51.77.217.11 - - [16/Aug/2026:22:54:37 +0330] "GET /?path=//usr/lib/.build-id/35 HTTP/1.1" 200 0 "-" "Mozilla/5.0 (compatible; MJ12bot/v1.4.8; http://mj12bot.com/)"
51.77.217.11 - - [16/Aug/2026:22:54:45 +0330] "GET /?path=//usr/lib/.build-id/36 HTTP/1.1" 200 0 "-" "Mozilla/5.0 (compatible; MJ12bot/v1.4.8; http://mj12bot.com/)"
51.77.217.11 - - [16/Aug/2026:22:54:48 +0330] "GET /?path=//usr/lib/.build-id/39 HTTP/1.1" 200 0 "-" "Mozilla/5.0 (compatible; MJ12bot/v1.4.8; http://mj12bot.com/)"
51.77.217.11 - - [16/Aug/2026:22:54:51 +0330] "GET /?path=//usr/lib/.build-id/3a HTTP/1.1" 200 0 "-" "Mozilla/5.0 (compatible; MJ12bot/v1.4.8; http://mj12bot.com/)"
51.77.217.11 - - [16/Aug/2026:22:54:55 +0330] "GET /?path=//usr/lib/.build-id/3b HTTP/1.1" 200 0 "-" "Mozilla/5.0 (compatible; MJ12bot/v1.4.8; http://mj12bot.com/)"
51.77.217.11 - - [16/Aug/2026:22:54:57 +0330] "GET /?path=//usr/lib/.build-id/3c HTTP/1.1" 200 0 "-" "Mozilla/5.0 (compatible; MJ12bot/v1.4.8; http://mj12bot.com/)"
216.73.216.111 - - [16/Aug/2026:22:55:00 +0330] "GET /wp-trackback.php?fileloc=%2F%2Fusr%2Fshare%2Fman%2Fman1%2Fgit-push.1.gz&path=%2F%2Fusr%2Fshare%2Fman%2Fman1 HTTP/2" 429 0 "-" "Mozilla/5.0 AppleWebKit/537.36 (KHTML, like Gecko; compatible; ClaudeBot/1.0; +claudebot@anthropic.com)"
