216.73.216.111 - - [16/Aug/2026:23:37:30 +0330] "GET /wp-trackback.php?fileloc=%2F%2Fusr%2Fshare%2Fman%2Fman3%2FEVP_PKEY_CTX_set_ec_param_enc.3ossl.gz&path=%2F%2Fusr%2Fshare%2Fman%2Fman3 HTTP/2" 429 0 "-" "Mozilla/5.0 AppleWebKit/537.36 (KHTML, like Gecko; compatible; ClaudeBot/1.0; +claudebot@anthropic.com)"
51.75.129.178 - - [16/Aug/2026:23:37:30 +0330] "GET /wp-blog-header.php?fileloc=//lib/.build-id/df/9b849b1249637e0ad2e36bf6244126665df996&path=//lib/.build-id/df HTTP/1.1" 200 63599 "-" "Mozilla/5.0 (compatible; MJ12bot/v1.4.8; http://mj12bot.com/)"
51.75.129.178 - - [16/Aug/2026:23:37:32 +0330] "GET /wp-blog-header.php?fileloc=//lib/.build-id/df/9d75b3c2163268c1d78ecd264d57e5c8dcdbb8&path=//lib/.build-id/df HTTP/1.1" 200 5974 "-" "Mozilla/5.0 (compatible; MJ12bot/v1.4.8; http://mj12bot.com/)"
216.73.216.111 - - [16/Aug/2026:23:37:35 +0330] "GET /wp-trackback.php?fileloc=%2F%2Fusr%2Fshare%2Fman%2Fman1%2Fsystemd-cgtop.1.gz&path=%2F%2Fusr%2Fshare%2Fman%2Fman1 HTTP/2" 429 0 "-" "Mozilla/5.0 AppleWebKit/537.36 (KHTML, like Gecko; compatible; ClaudeBot/1.0; +claudebot@anthropic.com)"
51.75.129.178 - - [16/Aug/2026:23:37:34 +0330] "GET /wp-blog-header.php?fileloc=//lib/.build-id/df/a6e33aec12020f72c74289828868a4b95e7e94&path=//lib/.build-id/df HTTP/1.1" 200 149150 "-" "Mozilla/5.0 (compatible; MJ12bot/v1.4.8; http://mj12bot.com/)"
51.75.129.178 - - [16/Aug/2026:23:37:37 +0330] "GET /wp-blog-header.php?fileloc=//lib/.build-id/e0/17d440cc7c2b169a1ff2827edf42defb6774f7&path=//lib/.build-id/e0 HTTP/1.1" 200 161952 "-" "Mozilla/5.0 (compatible; MJ12bot/v1.4.8; http://mj12bot.com/)"
216.73.216.111 - - [16/Aug/2026:23:37:40 +0330] "GET /wp-trackback.php?fileloc=%2F%2Fusr%2Fshare%2Fman%2Fman1%2Fpod2man.1.gz&path=%2F%2Fusr%2Fshare%2Fman%2Fman1 HTTP/2" 429 0 "-" "Mozilla/5.0 AppleWebKit/537.36 (KHTML, like Gecko; compatible; ClaudeBot/1.0; +claudebot@anthropic.com)"
216.73.216.111 - - [16/Aug/2026:23:37:46 +0330] "GET /wp-trackback.php?fileloc=%2F%2Fusr%2Fshare%2Fman%2Fman1%2Ftracker3-index.1.gz&path=%2F%2Fusr%2Fshare%2Fman%2Fman1 HTTP/2" 429 0 "-" "Mozilla/5.0 AppleWebKit/537.36 (KHTML, like Gecko; compatible; ClaudeBot/1.0; +claudebot@anthropic.com)"
51.75.129.178 - - [16/Aug/2026:23:37:47 +0330] "GET /wp-blog-header.php?fileloc=//lib/.build-id/e0/1a681347d978dddd97f43e97791af157bf1720&path=//lib/.build-id/e0 HTTP/1.1" 200 34509 "-" "Mozilla/5.0 (compatible; MJ12bot/v1.4.8; http://mj12bot.com/)"
51.75.129.178 - - [16/Aug/2026:23:37:49 +0330] "GET /wp-blog-header.php?fileloc=//lib/.build-id/e0/248f65bd7c3a96a5fff49823f8a23f121de1b3&path=//lib/.build-id/e0 HTTP/1.1" 200 7558 "-" "Mozilla/5.0 (compatible; MJ12bot/v1.4.8; http://mj12bot.com/)"
216.73.216.111 - - [16/Aug/2026:23:37:51 +0330] "GET /wp-trackback.php?fileloc=%2F%2Fusr%2Fshare%2Fman%2Fman1%2Frehash.1ossl.gz&path=%2F%2Fusr%2Fshare%2Fman%2Fman1 HTTP/2" 429 0 "-" "Mozilla/5.0 AppleWebKit/537.36 (KHTML, like Gecko; compatible; ClaudeBot/1.0; +claudebot@anthropic.com)"
51.75.129.178 - - [16/Aug/2026:23:37:52 +0330] "GET /wp-blog-header.php?fileloc=//lib/.build-id/e0/2db54df0b680ef8d88309babf8c40a692c5c14&path=//lib/.build-id/e0 HTTP/1.1" 200 212305 "-" "Mozilla/5.0 (compatible; MJ12bot/v1.4.8; http://mj12bot.com/)"
51.75.129.178 - - [16/Aug/2026:23:37:55 +0330] "GET /wp-blog-header.php?fileloc=//lib/.build-id/e0/34a4398871da38ab1147bfedbd9541adf11256&path=//lib/.build-id/e0 HTTP/1.1" 200 44908 "-" "Mozilla/5.0 (compatible; MJ12bot/v1.4.8; http://mj12bot.com/)"
216.73.216.111 - - [16/Aug/2026:23:37:56 +0330] "GET /wp-trackback.php?fileloc=%2F%2Fusr%2Fshare%2Fman%2Fman1%2Fgit-checkout-index.1.gz&path=%2F%2Fusr%2Fshare%2Fman%2Fman1 HTTP/2" 429 0 "-" "Mozilla/5.0 AppleWebKit/537.36 (KHTML, like Gecko; compatible; ClaudeBot/1.0; +claudebot@anthropic.com)"
51.75.129.178 - - [16/Aug/2026:23:37:57 +0330] "GET /wp-blog-header.php?fileloc=//lib/.build-id/e0/730cea05e020cf0d6802b6b2623f91241fda90&path=//lib/.build-id/e0 HTTP/1.1" 200 5012 "-" "Mozilla/5.0 (compatible; MJ12bot/v1.4.8; http://mj12bot.com/)"
51.75.129.178 - - [16/Aug/2026:23:37:59 +0330] "GET /wp-blog-header.php?fileloc=//lib/.build-id/e0/80f7755ffd34cf52a89d8c8cd33dd572e77592&path=//lib/.build-id/e0 HTTP/1.1" 200 12524 "-" "Mozilla/5.0 (compatible; MJ12bot/v1.4.8; http://mj12bot.com/)"
216.73.216.111 - - [16/Aug/2026:23:37:01 +0330] "GET /wp-trackback.php?fileloc=%2F%2Fusr%2Fshare%2Fman%2Fman3%2FEC_POINT_new.3ossl.gz&path=%2F%2Fusr%2Fshare%2Fman%2Fman3 HTTP/2" 429 0 "-" "Mozilla/5.0 AppleWebKit/537.36 (KHTML, like Gecko; compatible; ClaudeBot/1.0; +claudebot@anthropic.com)"
216.73.216.111 - - [16/Aug/2026:23:37:06 +0330] "GET /wp-trackback.php?fileloc=%2F%2Fusr%2Fshare%2Fman%2Fman3%2FENGINE_cleanup.3ossl.gz&path=%2F%2Fusr%2Fshare%2Fman%2Fman3 HTTP/2" 429 0 "-" "Mozilla/5.0 AppleWebKit/537.36 (KHTML, like Gecko; compatible; ClaudeBot/1.0; +claudebot@anthropic.com)"
66.249.79.135 - - [16/Aug/2026:23:37:25 +0330] "GET /?path=//lib/.build-id/3a HTTP/1.1" 200 0 "-" "Mozilla/5.0 (Linux; Android 6.0.1; Nexus 5X Build/MMB29P) AppleWebKit/537.36 (KHTML, like Gecko) Chrome/150.0.7871.186 Mobile Safari/537.36 (compatible; GoogleOther)"
216.73.216.111 - - [16/Aug/2026:23:38:01 +0330] "GET /wp-trackback.php?fileloc=%2F%2Fusr%2Fshare%2Fman%2Fman1%2Fipcrm.1.gz&path=%2F%2Fusr%2Fshare%2Fman%2Fman1 HTTP/2" 429 0 "-" "Mozilla/5.0 AppleWebKit/537.36 (KHTML, like Gecko; compatible; ClaudeBot/1.0; +claudebot@anthropic.com)"
216.73.216.111 - - [16/Aug/2026:23:38:05 +0330] "GET /wp-trackback.php?fileloc=%2F%2Fusr%2Fshare%2Fman%2Fman1%2Fopenssl-speed.1ossl.gz&path=%2F%2Fusr%2Fshare%2Fman%2Fman1 HTTP/2" 429 0 "-" "Mozilla/5.0 AppleWebKit/537.36 (KHTML, like Gecko; compatible; ClaudeBot/1.0; +claudebot@anthropic.com)"
216.73.216.111 - - [16/Aug/2026:23:38:10 +0330] "GET /wp-trackback.php?fileloc=%2F%2Fusr%2Fshare%2Fman%2Fman1%2Fcpan-mirrors.1.gz&path=%2F%2Fusr%2Fshare%2Fman%2Fman1 HTTP/2" 200 5148 "-" "Mozilla/5.0 AppleWebKit/537.36 (KHTML, like Gecko; compatible; ClaudeBot/1.0; +claudebot@anthropic.com)"
216.73.216.111 - - [16/Aug/2026:23:38:15 +0330] "GET /wp-signup.php?fileloc=%2F%2Fusr%2Flib%2Frpm%2Fbrp-boot-efi-times&path=%2F%2Fusr%2Flib%2Frpm HTTP/2" 429 0 "-" "Mozilla/5.0 AppleWebKit/537.36 (KHTML, like Gecko; compatible; ClaudeBot/1.0; +claudebot@anthropic.com)"
172.234.26.141 - - [16/Aug/2026:23:38:18 +0330] "GET / HTTP/2" 200 0 "-" "Mozilla/5.0 (Windows NT 10.0; Win64; x64) AppleWebKit/537.36 (KHTML, like Gecko) Chrome/120.0.0.0 Safari/537.36"
172.234.26.141 - - [16/Aug/2026:23:38:19 +0330] "GET / HTTP/2" 200 0 "-" "Mozilla/5.0 (Windows NT 10.0; Win64; x64) AppleWebKit/537.36 (KHTML, like Gecko) Chrome/120.0.0.0 Safari/537.36"
216.73.216.111 - - [16/Aug/2026:23:38:21 +0330] "GET /wp-includes/images/icon-library/lifesaver.svg HTTP/2" 429 0 "-" "Mozilla/5.0 AppleWebKit/537.36 (KHTML, like Gecko; compatible; ClaudeBot/1.0; +claudebot@anthropic.com)"
216.73.216.111 - - [16/Aug/2026:23:38:25 +0330] "GET /wp-includes/images/icon-library/contents.svg HTTP/2" 429 0 "-" "Mozilla/5.0 AppleWebKit/537.36 (KHTML, like Gecko; compatible; ClaudeBot/1.0; +claudebot@anthropic.com)"
172.234.26.141 - - [16/Aug/2026:23:38:27 +0330] "GET / HTTP/2" 200 0 "-" "Mozilla/5.0 (Windows NT 10.0; Win64; x64) AppleWebKit/537.36 (KHTML, like Gecko) Chrome/120.0.0.0 Safari/537.36"
216.73.216.111 - - [16/Aug/2026:23:38:31 +0330] "GET /wp-trackback.php?fileloc=%2F%2Fetc%2Fcl.php.d%2Falt-php54%2Falt_php.ini&path=%2F%2Fetc%2Fcl.php.d%2Falt-php54 HTTP/2" 429 0 "-" "Mozilla/5.0 AppleWebKit/537.36 (KHTML, like Gecko; compatible; ClaudeBot/1.0; +claudebot@anthropic.com)"
216.73.216.111 - - [16/Aug/2026:23:38:36 +0330] "GET /wp-trackback.php?path=%2F%2Fusr%2Fshare%2Flocale%2Fmic HTTP/2" 429 0 "-" "Mozilla/5.0 AppleWebKit/537.36 (KHTML, like Gecko; compatible; ClaudeBot/1.0; +claudebot@anthropic.com)"
216.73.216.111 - - [16/Aug/2026:23:38:42 +0330] "GET /wp-trackback.php?fileloc=%2F%2Fusr%2Fshare%2Fman%2Fman3%2FBIO_set_accept_name.3ossl.gz&path=%2F%2Fusr%2Fshare%2Fman%2Fman3 HTTP/2" 429 0 "-" "Mozilla/5.0 AppleWebKit/537.36 (KHTML, like Gecko; compatible; ClaudeBot/1.0; +claudebot@anthropic.com)"
51.75.129.178 - - [16/Aug/2026:23:38:02 +0330] "GET /wp-blog-header.php?fileloc=//lib/.build-id/e0/8c72c2727309f7aaeebf9c21e4fc65537b5de5&path=//lib/.build-id/e0 HTTP/1.1" 200 22779 "-" "Mozilla/5.0 (compatible; MJ12bot/v1.4.8; http://mj12bot.com/)"
51.75.129.178 - - [16/Aug/2026:23:38:04 +0330] "GET /wp-blog-header.php?fileloc=//lib/.build-id/e0/923095d772bc3a1bba7ca4bc7ae1be8398ab1c&path=//lib/.build-id/e0 HTTP/1.1" 200 60950 "-" "Mozilla/5.0 (compatible; MJ12bot/v1.4.8; http://mj12bot.com/)"
51.75.129.178 - - [16/Aug/2026:23:38:06 +0330] "GET /wp-blog-header.php?fileloc=//lib/.build-id/e0/938ba31c7dbf4762df4c9d5e81e7b1da0c9f3e&path=//lib/.build-id/e0 HTTP/1.1" 200 8792 "-" "Mozilla/5.0 (compatible; MJ12bot/v1.4.8; http://mj12bot.com/)"
51.75.129.178 - - [16/Aug/2026:23:38:08 +0330] "GET /wp-blog-header.php?fileloc=//lib/.build-id/e0/9970888549617b88b3f0e1415ae82aebe23978&path=//lib/.build-id/e0 HTTP/1.1" 200 14138 "-" "Mozilla/5.0 (compatible; MJ12bot/v1.4.8; http://mj12bot.com/)"
51.75.129.178 - - [16/Aug/2026:23:38:11 +0330] "GET /wp-blog-header.php?fileloc=//lib/.build-id/e0/99e1a0a2d79a0e61326da40a174cbe7cdc4268&path=//lib/.build-id/e0 HTTP/1.1" 200 5332 "-" "Mozilla/5.0 (compatible; MJ12bot/v1.4.8; http://mj12bot.com/)"
66.249.79.136 - - [16/Aug/2026:23:38:12 +0330] "GET /wp-load.php?fileloc=//lib64/libopus.so.0&path=//lib64 HTTP/1.1" 200 179654 "-" "Mozilla/5.0 (Linux; Android 6.0.1; Nexus 5X Build/MMB29P) AppleWebKit/537.36 (KHTML, like Gecko) Chrome/150.0.7871.186 Mobile Safari/537.36 (compatible; GoogleOther)"
51.75.129.178 - - [16/Aug/2026:23:38:17 +0330] "GET /wp-blog-header.php?fileloc=//lib/.build-id/e0/aaa55d8837fbc0bb31aec5110f6cade78ac894&path=//lib/.build-id/e0 HTTP/1.1" 200 4699 "-" "Mozilla/5.0 (compatible; MJ12bot/v1.4.8; http://mj12bot.com/)"
216.73.216.111 - - [16/Aug/2026:23:38:19 +0330] "GET /wp-mail.php?fileloc=%2Fhome%2Farmgroup%2Ftmp%2Fwebalizer%2Fdaily_usage_202601.png&path=%2Fhome%2Farmgroup%2Ftmp%2Fwebalizer HTTP/2" 429 0 "-" "Mozilla/5.0 AppleWebKit/537.36 (KHTML, like Gecko; compatible; ClaudeBot/1.0; +claudebot@anthropic.com)"
51.75.129.178 - - [16/Aug/2026:23:38:20 +0330] "GET /wp-blog-header.php?fileloc=//lib/.build-id/e0/cb73158073a26e0a4bb34e981572735f778e98&path=//lib/.build-id/e0 HTTP/1.1" 200 10319 "-" "Mozilla/5.0 (compatible; MJ12bot/v1.4.8; http://mj12bot.com/)"
51.75.129.178 - - [16/Aug/2026:23:38:22 +0330] "GET /wp-blog-header.php?fileloc=//lib/.build-id/e0/d193d89dcf0ee36f158080db73a50c98e16e3f&path=//lib/.build-id/e0 HTTP/1.1" 200 7303 "-" "Mozilla/5.0 (compatible; MJ12bot/v1.4.8; http://mj12bot.com/)"
172.234.26.141 - - [16/Aug/2026:23:38:23 +0330] "GET / HTTP/2" 200 0 "-" "Mozilla/5.0 (Windows NT 10.0; Win64; x64) AppleWebKit/537.36 (KHTML, like Gecko) Chrome/120.0.0.0 Safari/537.36"
51.75.129.178 - - [16/Aug/2026:23:38:24 +0330] "GET /wp-blog-header.php?fileloc=//lib/.build-id/e0/d70f0608433fb36c094086f5ff78ab4499fd50&path=//lib/.build-id/e0 HTTP/1.1" 200 78133 "-" "Mozilla/5.0 (compatible; MJ12bot/v1.4.8; http://mj12bot.com/)"
51.75.129.178 - - [16/Aug/2026:23:38:27 +0330] "GET /wp-blog-header.php?fileloc=//lib/.build-id/e1/2b84f6bee8988652f01ac9f6d7e56b6ba19ae9&path=//lib/.build-id/e1 HTTP/1.1" 200 101605 "-" "Mozilla/5.0 (compatible; MJ12bot/v1.4.8; http://mj12bot.com/)"
57.141.20.61 - - [16/Aug/2026:23:39:07 +0330] "GET /post-sitemap.xml?path=/home/armgroup/public_html/wp-admin/css HTTP/2" 404 796 "-" "Mozilla/5.0 (Windows NT 10.0; Win64; x64) AppleWebKit/537.36 (KHTML, like Gecko) Chrome/145.0.0.0 Safari/537.36 (compatible; meta-externalagent/1.1 (+https://developers.facebook.com/docs/sharing/webmasters/crawler))"
216.73.216.111 - - [16/Aug/2026:23:39:23 +0330] "GET /wp-trackback.php?fileloc=%2F%2Fusr%2Fbin%2Fgpic&path=%2F%2Fusr%2Fbin HTTP/2" 429 0 "-" "Mozilla/5.0 AppleWebKit/537.36 (KHTML, like Gecko; compatible; ClaudeBot/1.0; +claudebot@anthropic.com)"
216.73.216.111 - - [16/Aug/2026:23:38:46 +0330] "GET /wp-trackback.php?fileloc=%2F%2Fusr%2Fshare%2Fman%2Fman3%2FOpenSSL_add_all_ciphers.3ossl.gz&path=%2F%2Fusr%2Fshare%2Fman%2Fman3 HTTP/2" 429 0 "-" "Mozilla/5.0 AppleWebKit/537.36 (KHTML, like Gecko; compatible; ClaudeBot/1.0; +claudebot@anthropic.com)"
216.73.216.111 - - [16/Aug/2026:23:38:51 +0330] "GET /wp-trackback.php?fileloc=%2F%2Fusr%2Fshare%2Fman%2Fman3%2FDSA_meth_new.3ossl.gz&path=%2F%2Fusr%2Fshare%2Fman%2Fman3 HTTP/2" 429 0 "-" "Mozilla/5.0 AppleWebKit/537.36 (KHTML, like Gecko; compatible; ClaudeBot/1.0; +claudebot@anthropic.com)"
216.73.216.111 - - [16/Aug/2026:23:38:56 +0330] "GET /wp-trackback.php?fileloc=%2F%2Fusr%2Fshare%2Fman%2Fman3%2FDH_get0_pub_key.3ossl.gz&path=%2F%2Fusr%2Fshare%2Fman%2Fman3 HTTP/2" 200 6690 "-" "Mozilla/5.0 AppleWebKit/537.36 (KHTML, like Gecko; compatible; ClaudeBot/1.0; +claudebot@anthropic.com)"
216.73.216.111 - - [16/Aug/2026:23:39:01 +0330] "GET /wp-trackback.php?fileloc=%2F%2Fusr%2Fshare%2Fman%2Fman3%2FOPENSSL_secure_actual_size.3ossl.gz&path=%2F%2Fusr%2Fshare%2Fman%2Fman3 HTTP/2" 429 0 "-" "Mozilla/5.0 AppleWebKit/537.36 (KHTML, like Gecko; compatible; ClaudeBot/1.0; +claudebot@anthropic.com)"
216.73.216.111 - - [16/Aug/2026:23:39:08 +0330] "GET /wp-trackback.php?path=%2F%2Fusr%2Flib64%2Fgtk-2.0%2F2.10.0%2Fimmodules HTTP/2" 429 0 "-" "Mozilla/5.0 AppleWebKit/537.36 (KHTML, like Gecko; compatible; ClaudeBot/1.0; +claudebot@anthropic.com)"
216.73.216.111 - - [16/Aug/2026:23:39:12 +0330] "GET /wp-trackback.php?fileloc=%2F%2Fusr%2Fbin%2Fcpan&path=%2F%2Fusr%2Fbin HTTP/2" 429 0 "-" "Mozilla/5.0 AppleWebKit/537.36 (KHTML, like Gecko; compatible; ClaudeBot/1.0; +claudebot@anthropic.com)"
216.73.216.111 - - [16/Aug/2026:23:39:17 +0330] "GET /wp-signup.php?path=%2F%2Fhome%2Farmgroup%2Fssl%2Fkeys HTTP/2" 429 0 "-" "Mozilla/5.0 AppleWebKit/537.36 (KHTML, like Gecko; compatible; ClaudeBot/1.0; +claudebot@anthropic.com)"
216.73.216.111 - - [16/Aug/2026:23:39:22 +0330] "GET /wp-signup.php?fileloc=%2F%2Fbin%2Fscl_source&path=%2F%2Fbin HTTP/2" 429 0 "-" "Mozilla/5.0 AppleWebKit/537.36 (KHTML, like Gecko; compatible; ClaudeBot/1.0; +claudebot@anthropic.com)"
51.75.129.178 - - [16/Aug/2026:23:39:20 +0330] "GET /wp-blog-header.php?fileloc=//lib/.build-id/e1/360086cc7344efb2268eb17bf62ef1707a7b75&path=//lib/.build-id/e1 HTTP/1.1" 200 300369 "-" "Mozilla/5.0 (compatible; MJ12bot/v1.4.8; http://mj12bot.com/)"
66.249.79.136 - - [16/Aug/2026:23:39:26 +0330] "GET /wp-load.php?fileloc=//bin/word-list-compress&path=//bin HTTP/1.1" 200 6504 "-" "Mozilla/5.0 (Linux; Android 6.0.1; Nexus 5X Build/MMB29P) AppleWebKit/537.36 (KHTML, like Gecko) Chrome/150.0.7871.186 Mobile Safari/537.36 (compatible; GoogleOther)"
51.75.129.178 - - [16/Aug/2026:23:39:25 +0330] "GET /wp-blog-header.php?fileloc=//lib/.build-id/e1/360086cc7344efb2268eb17bf62ef1707a7b75.1&path=//lib/.build-id/e1 HTTP/1.1" 200 300109 "-" "Mozilla/5.0 (compatible; MJ12bot/v1.4.8; http://mj12bot.com/)"
51.75.129.178 - - [16/Aug/2026:23:39:34 +0330] "GET /wp-blog-header.php?fileloc=//lib/.build-id/e1/39fcb2ec97218473984adfcd7404b835f5726b&path=//lib/.build-id/e1 HTTP/1.1" 200 5619 "-" "Mozilla/5.0 (compatible; MJ12bot/v1.4.8; http://mj12bot.com/)"
51.75.129.178 - - [16/Aug/2026:23:39:36 +0330] "GET /wp-blog-header.php?fileloc=//lib/.build-id/e1/5630f2b83915b4f7e017a3c420ecb821060520&path=//lib/.build-id/e1 HTTP/1.1" 200 10385 "-" "Mozilla/5.0 (compatible; MJ12bot/v1.4.8; http://mj12bot.com/)"
51.75.129.178 - - [16/Aug/2026:23:39:38 +0330] "GET /wp-blog-header.php?fileloc=//lib/.build-id/e1/57f4fc42e42d9e479d409d081262042c8e200c&path=//lib/.build-id/e1 HTTP/1.1" 200 12982 "-" "Mozilla/5.0 (compatible; MJ12bot/v1.4.8; http://mj12bot.com/)"
51.75.129.178 - - [16/Aug/2026:23:39:50 +0330] "GET /wp-blog-header.php?fileloc=//lib/.build-id/e1/5e2909bab1aad46bc6f76449bf977093a1ecec&path=//lib/.build-id/e1 HTTP/1.1" 200 12342 "-" "Mozilla/5.0 (compatible; MJ12bot/v1.4.8; http://mj12bot.com/)"
216.73.216.111 - - [16/Aug/2026:23:39:28 +0330] "GET /wp-signup.php?path=%2F%2Fhome%2Farmgroup%2F.razor HTTP/2" 429 0 "-" "Mozilla/5.0 AppleWebKit/537.36 (KHTML, like Gecko; compatible; ClaudeBot/1.0; +claudebot@anthropic.com)"
216.73.216.111 - - [16/Aug/2026:23:39:33 +0330] "GET /wp-trackback.php?fileloc=%2F%2Fusr%2Fbin%2Fps2pdf12&path=%2F%2Fusr%2Fbin HTTP/2" 429 0 "-" "Mozilla/5.0 AppleWebKit/537.36 (KHTML, like Gecko; compatible; ClaudeBot/1.0; +claudebot@anthropic.com)"
216.73.216.111 - - [16/Aug/2026:23:39:38 +0330] "GET /wp-trackback.php?fileloc=%2F%2Fusr%2Fbin%2Fautoupdate&path=%2F%2Fusr%2Fbin HTTP/2" 429 0 "-" "Mozilla/5.0 AppleWebKit/537.36 (KHTML, like Gecko; compatible; ClaudeBot/1.0; +claudebot@anthropic.com)"
216.73.216.111 - - [16/Aug/2026:23:39:40 +0330] "GET /wp-trackback.php?fileloc=%2F%2Fusr%2Flib64%2Fgtk-2.0%2F2.10.0%2Fengines%2Flibpixmap.so&path=%2F%2Fusr%2Flib64%2Fgtk-2.0%2F2.10.0%2Fengines HTTP/2" 429 0 "-" "Mozilla/5.0 AppleWebKit/537.36 (KHTML, like Gecko; compatible; ClaudeBot/1.0; +claudebot@anthropic.com)"
216.73.216.111 - - [16/Aug/2026:23:39:45 +0330] "GET /wp-trackback.php?fileloc=%2F%2Fusr%2Flib64%2Flibbabeltrace-lttng-live.so.1&path=%2F%2Fusr%2Flib64 HTTP/2" 200 19031 "-" "Mozilla/5.0 AppleWebKit/537.36 (KHTML, like Gecko; compatible; ClaudeBot/1.0; +claudebot@anthropic.com)"
216.73.216.111 - - [16/Aug/2026:23:39:51 +0330] "GET /wp-signup.php?fileloc=%2F%2Fhome%2Farmgroup%2Fwww%2Fwp-config-sample.php&path=%2F%2Fhome%2Farmgroup%2Fwww HTTP/2" 429 0 "-" "Mozilla/5.0 AppleWebKit/537.36 (KHTML, like Gecko; compatible; ClaudeBot/1.0; +claudebot@anthropic.com)"
216.73.216.111 - - [16/Aug/2026:23:40:18 +0330] "GET /wp-trackback.php?fileloc=%2F%2Fusr%2Flib64%2Flibcollection.so.4&path=%2F%2Fusr%2Flib64 HTTP/2" 429 0 "-" "Mozilla/5.0 AppleWebKit/537.36 (KHTML, like Gecko; compatible; ClaudeBot/1.0; +claudebot@anthropic.com)"
216.73.216.111 - - [16/Aug/2026:23:40:23 +0330] "GET /wp-trackback.php?fileloc=%2F%2Fusr%2Flib64%2Flibgobject-2.0.so.0&path=%2F%2Fusr%2Flib64 HTTP/2" 429 0 "-" "Mozilla/5.0 AppleWebKit/537.36 (KHTML, like Gecko; compatible; ClaudeBot/1.0; +claudebot@anthropic.com)"
216.73.216.111 - - [16/Aug/2026:23:40:27 +0330] "GET /wp-trackback.php?fileloc=%2F%2Fusr%2Flib64%2Flibfftw3_threads.so.3.5.8&path=%2F%2Fusr%2Flib64 HTTP/2" 429 0 "-" "Mozilla/5.0 AppleWebKit/537.36 (KHTML, like Gecko; compatible; ClaudeBot/1.0; +claudebot@anthropic.com)"
216.73.216.111 - - [16/Aug/2026:23:40:33 +0330] "GET /wp-signup.php?fileloc=%2F%2Fbin%2Fagentxtrap&path=%2F%2Fbin HTTP/2" 200 10084 "-" "Mozilla/5.0 AppleWebKit/537.36 (KHTML, like Gecko; compatible; ClaudeBot/1.0; +claudebot@anthropic.com)"
66.249.79.136 - - [16/Aug/2026:23:40:37 +0330] "GET /wp-load.php?path=//lib/.build-id/5e HTTP/1.1" 200 3685 "-" "Mozilla/5.0 (Linux; Android 6.0.1; Nexus 5X Build/MMB29P) AppleWebKit/537.36 (KHTML, like Gecko) Chrome/150.0.7871.186 Mobile Safari/537.36 (compatible; GoogleOther)"
216.73.216.111 - - [16/Aug/2026:23:40:38 +0330] "GET /wp-trackback.php?fileloc=%2F%2Fetc%2Fcl.php.d%2Falt-php84%2Fclos_ssa.ini&path=%2F%2Fetc%2Fcl.php.d%2Falt-php84 HTTP/2" 429 0 "-" "Mozilla/5.0 AppleWebKit/537.36 (KHTML, like Gecko; compatible; ClaudeBot/1.0; +claudebot@anthropic.com)"
216.73.216.111 - - [16/Aug/2026:23:40:43 +0330] "GET /wp-load.php?fileloc=%2Fhome%2Farmgroup%2Fpublic_html%2Fwp-content%2Fplugins%2Fwordpress-seo%2Fsrc%2Fconditionals%2Fadmin-conditional.php&path=%2Fhome%2Farmgroup%2Fpublic_html%2Fwp-content%2Fplugins%2Fwordpress-seo%2Fsrc%2Fconditionals HTTP/2" 429 0 "-" "Mozilla/5.0 AppleWebKit/537.36 (KHTML, like Gecko; compatible; ClaudeBot/1.0; +claudebot@anthropic.com)"
216.73.216.111 - - [16/Aug/2026:23:40:48 +0330] "GET /wp-signup.php?fileloc=%2F%2Fbin%2Fssh-add&path=%2F%2Fbin HTTP/2" 429 0 "-" "Mozilla/5.0 AppleWebKit/537.36 (KHTML, like Gecko; compatible; ClaudeBot/1.0; +claudebot@anthropic.com)"
216.73.216.111 - - [16/Aug/2026:23:39:56 +0330] "GET /wp-signup.php?path=%2F%2Fhome%2Farmgroup%2Flibs%2Fresources HTTP/2" 429 0 "-" "Mozilla/5.0 AppleWebKit/537.36 (KHTML, like Gecko; compatible; ClaudeBot/1.0; +claudebot@anthropic.com)"
216.73.216.111 - - [16/Aug/2026:23:40:00 +0330] "GET /wp-signup.php?path=%2F%2Fhome%2Farmgroup%2Flibs%2Fapp HTTP/2" 429 0 "-" "Mozilla/5.0 AppleWebKit/537.36 (KHTML, like Gecko; compatible; ClaudeBot/1.0; +claudebot@anthropic.com)"
51.75.129.178 - - [16/Aug/2026:23:39:52 +0330] "GET /wp-blog-header.php?fileloc=//lib/.build-id/e1/78f9d07f9442b1913873ac504a085fa552ce29&path=//lib/.build-id/e1 HTTP/1.1" 200 539256 "-" "Mozilla/5.0 (compatible; MJ12bot/v1.4.8; http://mj12bot.com/)"
216.73.216.111 - - [16/Aug/2026:23:40:05 +0330] "GET /wp-signup.php?fileloc=%2F%2Fbin%2Fflock&path=%2F%2Fbin HTTP/2" 429 0 "-" "Mozilla/5.0 AppleWebKit/537.36 (KHTML, like Gecko; compatible; ClaudeBot/1.0; +claudebot@anthropic.com)"
51.75.129.178 - - [16/Aug/2026:23:40:07 +0330] "GET /wp-blog-header.php?fileloc=//lib/.build-id/e1/9656d3d87dc8476cbdbdd8164dd380dfac7f89&path=//lib/.build-id/e1 HTTP/1.1" 200 26671 "-" "Mozilla/5.0 (compatible; MJ12bot/v1.4.8; http://mj12bot.com/)"
51.75.129.178 - - [16/Aug/2026:23:40:09 +0330] "GET /wp-blog-header.php?fileloc=//lib/.build-id/e1/9ce97c921f7eb805825d105c2c6aaad904b892&path=//lib/.build-id/e1 HTTP/1.1" 200 338730 "-" "Mozilla/5.0 (compatible; MJ12bot/v1.4.8; http://mj12bot.com/)"
216.73.216.111 - - [16/Aug/2026:23:40:10 +0330] "GET /wp-signup.php?path=%2F%2Fhome%2Farmgroup%2Fmail%2F.Trash HTTP/2" 429 0 "-" "Mozilla/5.0 AppleWebKit/537.36 (KHTML, like Gecko; compatible; ClaudeBot/1.0; +claudebot@anthropic.com)"
216.73.216.111 - - [16/Aug/2026:23:40:11 +0330] "GET /wp-trackback.php?path=%2F%2Fusr%2Fshare%2Flocale%2Fne HTTP/2" 429 0 "-" "Mozilla/5.0 AppleWebKit/537.36 (KHTML, like Gecko; compatible; ClaudeBot/1.0; +claudebot@anthropic.com)"
216.73.216.111 - - [16/Aug/2026:23:40:16 +0330] "GET /wp-trackback.php?path=%2F%2Fusr%2Fshare%2Flocale%2Ffa_IR HTTP/2" 429 0 "-" "Mozilla/5.0 AppleWebKit/537.36 (KHTML, like Gecko; compatible; ClaudeBot/1.0; +claudebot@anthropic.com)"
51.75.129.178 - - [16/Aug/2026:23:41:13 +0330] "GET /wp-blog-header.php?fileloc=//lib/.build-id/e1/dea9ba7c885de8a98f88729a0cb5011858ad6d&path=//lib/.build-id/e1 HTTP/1.1" 200 11456 "-" "Mozilla/5.0 (compatible; MJ12bot/v1.4.8; http://mj12bot.com/)"
216.73.216.111 - - [16/Aug/2026:23:41:14 +0330] "GET /wp-signup.php?fileloc=%2Fhome%2Farmgroup%2Fpublic_html%2Fwp-includes%2Fformatting.php&path=%2Fhome%2Farmgroup%2Fpublic_html%2Fwp-includes HTTP/2" 429 0 "-" "Mozilla/5.0 AppleWebKit/537.36 (KHTML, like Gecko; compatible; ClaudeBot/1.0; +claudebot@anthropic.com)"
216.73.216.111 - - [16/Aug/2026:23:41:14 +0330] "GET /wp-signup.php?fileloc=%2Fhome%2Farmgroup%2Fpublic_html%2Fwp-includes%2Fms-load.php&path=%2Fhome%2Farmgroup%2Fpublic_html%2Fwp-includes HTTP/2" 200 9179 "-" "Mozilla/5.0 AppleWebKit/537.36 (KHTML, like Gecko; compatible; ClaudeBot/1.0; +claudebot@anthropic.com)"
51.75.129.178 - - [16/Aug/2026:23:41:15 +0330] "GET /wp-blog-header.php?fileloc=//lib/.build-id/e1/e215d31988009dd8b4fa11cdd517c654647364&path=//lib/.build-id/e1 HTTP/1.1" 200 311378 "-" "Mozilla/5.0 (compatible; MJ12bot/v1.4.8; http://mj12bot.com/)"
216.73.216.111 - - [16/Aug/2026:23:41:19 +0330] "GET /wp-signup.php?fileloc=%2Fhome%2Farmgroup%2Fpublic_html%2Fwp-includes%2Fclass-wp-block-template.php&path=%2Fhome%2Farmgroup%2Fpublic_html%2Fwp-includes HTTP/2" 429 0 "-" "Mozilla/5.0 AppleWebKit/537.36 (KHTML, like Gecko; compatible; ClaudeBot/1.0; +claudebot@anthropic.com)"
51.75.129.178 - - [16/Aug/2026:23:41:20 +0330] "GET /wp-blog-header.php?fileloc=//lib/.build-id/e1/e51062a8fce72e2d0a7c40d81a1acd7a288574&path=//lib/.build-id/e1 HTTP/1.1" 200 20617 "-" "Mozilla/5.0 (compatible; MJ12bot/v1.4.8; http://mj12bot.com/)"
51.75.129.178 - - [16/Aug/2026:23:41:22 +0330] "GET /wp-blog-header.php?fileloc=//lib/.build-id/e1/ecf40edbaac4d482a28a86b7be7654093330b0&path=//lib/.build-id/e1 HTTP/1.1" 200 48092 "-" "Mozilla/5.0 (compatible; MJ12bot/v1.4.8; http://mj12bot.com/)"
216.73.216.111 - - [16/Aug/2026:23:41:24 +0330] "GET /wp-trackback.php?fileloc=%2F%2Fusr%2Fshare%2Fman%2Fman3%2FIPAddressChoice_new.3ossl.gz&path=%2F%2Fusr%2Fshare%2Fman%2Fman3 HTTP/2" 429 0 "-" "Mozilla/5.0 AppleWebKit/537.36 (KHTML, like Gecko; compatible; ClaudeBot/1.0; +claudebot@anthropic.com)"
51.75.129.178 - - [16/Aug/2026:23:41:24 +0330] "GET /wp-blog-header.php?fileloc=//lib/.build-id/e1/f412ff4c7dea47fdc2cadbedae2c1866b2dd67&path=//lib/.build-id/e1 HTTP/1.1" 200 25363 "-" "Mozilla/5.0 (compatible; MJ12bot/v1.4.8; http://mj12bot.com/)"
51.75.129.178 - - [16/Aug/2026:23:41:26 +0330] "GET /wp-blog-header.php?fileloc=//lib/.build-id/e2/21d7de17c777207585b8797c1b9ac48a69b12b&path=//lib/.build-id/e2 HTTP/1.1" 200 50587 "-" "Mozilla/5.0 (compatible; MJ12bot/v1.4.8; http://mj12bot.com/)"
216.73.216.111 - - [16/Aug/2026:23:41:29 +0330] "GET /wp-trackback.php?fileloc=%2F%2Fusr%2Fshare%2Fman%2Fman3%2FOPENSSL_zalloc.3ossl.gz&path=%2F%2Fusr%2Fshare%2Fman%2Fman3 HTTP/2" 429 0 "-" "Mozilla/5.0 AppleWebKit/537.36 (KHTML, like Gecko; compatible; ClaudeBot/1.0; +claudebot@anthropic.com)"
51.75.129.178 - - [16/Aug/2026:23:41:33 +0330] "GET /wp-blog-header.php?fileloc=//lib/.build-id/e2/42b158344220f42b0609329cf02d2ebf6ab3a5&path=//lib/.build-id/e2 HTTP/1.1" 200 66347 "-" "Mozilla/5.0 (compatible; MJ12bot/v1.4.8; http://mj12bot.com/)"
216.73.216.111 - - [16/Aug/2026:23:41:39 +0330] "GET /wp-trackback.php?fileloc=%2F%2Fusr%2Fshare%2Fman%2Fman3%2FCTLOG_STORE_load_default_file.3ossl.gz&path=%2F%2Fusr%2Fshare%2Fman%2Fman3 HTTP/2" 429 0 "-" "Mozilla/5.0 AppleWebKit/537.36 (KHTML, like Gecko; compatible; ClaudeBot/1.0; +claudebot@anthropic.com)"
51.75.129.178 - - [16/Aug/2026:23:41:40 +0330] "GET /wp-blog-header.php?fileloc=//lib/.build-id/e2/5a4ac8d9a047b66e46f7ff1654e8c00965f326&path=//lib/.build-id/e2 HTTP/1.1" 200 571442 "-" "Mozilla/5.0 (compatible; MJ12bot/v1.4.8; http://mj12bot.com/)"
216.73.216.111 - - [16/Aug/2026:23:41:44 +0330] "GET /wp-trackback.php?fileloc=%2F%2Fusr%2Fshare%2Fman%2Fman1%2Fgit-read-tree.1.gz&path=%2F%2Fusr%2Fshare%2Fman%2Fman1 HTTP/2" 429 0 "-" "Mozilla/5.0 AppleWebKit/537.36 (KHTML, like Gecko; compatible; ClaudeBot/1.0; +claudebot@anthropic.com)"
51.75.129.178 - - [16/Aug/2026:23:41:48 +0330] "GET /wp-blog-header.php?fileloc=//lib/.build-id/e2/73bda833c4c3f6dc36b946ef78ae4aa6ec80d7&path=//lib/.build-id/e2 HTTP/1.1" 200 736805 "-" "Mozilla/5.0 (compatible; MJ12bot/v1.4.8; http://mj12bot.com/)"
216.73.216.111 - - [16/Aug/2026:23:41:49 +0330] "GET /wp-trackback.php?fileloc=%2F%2Fusr%2Fshare%2Fman%2Fman3%2FNextRequest.3.gz&path=%2F%2Fusr%2Fshare%2Fman%2Fman3 HTTP/2" 429 0 "-" "Mozilla/5.0 AppleWebKit/537.36 (KHTML, like Gecko; compatible; ClaudeBot/1.0; +claudebot@anthropic.com)"
51.75.129.178 - - [16/Aug/2026:23:41:51 +0330] "GET /wp-blog-header.php?fileloc=//lib/.build-id/e2/b9307fcd9e3b8c2dabb6d28d4b68d121d5c2a8&path=//lib/.build-id/e2 HTTP/1.1" 200 12606 "-" "Mozilla/5.0 (compatible; MJ12bot/v1.4.8; http://mj12bot.com/)"
51.75.129.178 - - [16/Aug/2026:23:41:53 +0330] "GET /wp-blog-header.php?fileloc=//lib/.build-id/e2/ca4b546abf45993670997ca04866e7061aec66&path=//lib/.build-id/e2 HTTP/1.1" 200 56471 "-" "Mozilla/5.0 (compatible; MJ12bot/v1.4.8; http://mj12bot.com/)"
216.73.216.111 - - [16/Aug/2026:23:41:54 +0330] "GET /wp-signup.php?fileloc=%2Fhome%2Farmgroup%2Fpublic_html%2Fwp-includes%2FIXR%2Fclass-IXR-client.php&path=%2Fhome%2Farmgroup%2Fpublic_html%2Fwp-includes%2FIXR HTTP/2" 200 4204 "-" "Mozilla/5.0 AppleWebKit/537.36 (KHTML, like Gecko; compatible; ClaudeBot/1.0; +claudebot@anthropic.com)"
51.75.129.178 - - [16/Aug/2026:23:41:56 +0330] "GET /wp-blog-header.php?fileloc=//lib/.build-id/e2/eb46e8ade6eb23092f7a53a446227fd603d983&path=//lib/.build-id/e2 HTTP/1.1" 200 47458 "-" "Mozilla/5.0 (compatible; MJ12bot/v1.4.8; http://mj12bot.com/)"
216.73.216.111 - - [16/Aug/2026:23:40:53 +0330] "GET /wp-trackback.php?fileloc=%2F%2Fusr%2Fbin%2Flook&path=%2F%2Fusr%2Fbin HTTP/2" 429 0 "-" "Mozilla/5.0 AppleWebKit/537.36 (KHTML, like Gecko; compatible; ClaudeBot/1.0; +claudebot@anthropic.com)"
51.75.129.178 - - [16/Aug/2026:23:40:55 +0330] "GET /wp-blog-header.php?fileloc=//lib/.build-id/e1/ca50098a4973f8d26b2f60297b45562e37d5fb&path=//lib/.build-id/e1 HTTP/1.1" 200 8211 "-" "Mozilla/5.0 (compatible; MJ12bot/v1.4.8; http://mj12bot.com/)"
51.75.129.178 - - [16/Aug/2026:23:40:57 +0330] "GET /wp-blog-header.php?fileloc=//lib/.build-id/e1/cb5095d93a431b3ff649ace5d8a87f0b4a57d5&path=//lib/.build-id/e1 HTTP/1.1" 200 7269 "-" "Mozilla/5.0 (compatible; MJ12bot/v1.4.8; http://mj12bot.com/)"
216.73.216.111 - - [16/Aug/2026:23:40:58 +0330] "GET /wp-trackback.php?fileloc=%2F%2Fusr%2Fbin%2Fshred&path=%2F%2Fusr%2Fbin HTTP/2" 429 0 "-" "Mozilla/5.0 AppleWebKit/537.36 (KHTML, like Gecko; compatible; ClaudeBot/1.0; +claudebot@anthropic.com)"
216.73.216.111 - - [16/Aug/2026:23:41:03 +0330] "GET /wp-trackback.php?fileloc=%2F%2Fusr%2Fbin%2Ftset&path=%2F%2Fusr%2Fbin HTTP/2" 429 0 "-" "Mozilla/5.0 AppleWebKit/537.36 (KHTML, like Gecko; compatible; ClaudeBot/1.0; +claudebot@anthropic.com)"
216.73.216.111 - - [16/Aug/2026:23:41:10 +0330] "GET /wp-signup.php?fileloc=%2F%2Fbin%2Fvmstat&path=%2F%2Fbin HTTP/2" 429 0 "-" "Mozilla/5.0 AppleWebKit/537.36 (KHTML, like Gecko; compatible; ClaudeBot/1.0; +claudebot@anthropic.com)"
66.249.79.135 - - [16/Aug/2026:23:41:33 +0330] "GET /wp-load.php?fileloc=//lib64/libodbc.so.2&path=//lib64 HTTP/1.1" 200 175991 "-" "Mozilla/5.0 (Linux; Android 6.0.1; Nexus 5X Build/MMB29P) AppleWebKit/537.36 (KHTML, like Gecko) Chrome/150.0.7871.186 Mobile Safari/537.36 (compatible; GoogleOther)"
216.73.216.111 - - [16/Aug/2026:23:41:35 +0330] "GET /wp-trackback.php?fileloc=%2F%2Fusr%2Fshare%2Fman%2Fman3%2FEVP_get_cipherbyname.3ossl.gz&path=%2F%2Fusr%2Fshare%2Fman%2Fman3 HTTP/2" 429 0 "-" "Mozilla/5.0 AppleWebKit/537.36 (KHTML, like Gecko; compatible; ClaudeBot/1.0; +claudebot@anthropic.com)"
216.73.216.111 - - [16/Aug/2026:23:42:10 +0330] "GET /wp-trackback.php?fileloc=%2F%2Fusr%2Fshare%2Fman%2Fman3%2FPKCS12_SAFEBAG_create_secret.3ossl.gz&path=%2F%2Fusr%2Fshare%2Fman%2Fman3 HTTP/2" 429 0 "-" "Mozilla/5.0 AppleWebKit/537.36 (KHTML, like Gecko; compatible; ClaudeBot/1.0; +claudebot@anthropic.com)"
216.73.216.111 - - [16/Aug/2026:23:42:11 +0330] "GET /wp-trackback.php?fileloc=%2F%2Fusr%2Fshare%2Fman%2Fman3%2FCMS_EncryptedData_decrypt.3ossl.gz&path=%2F%2Fusr%2Fshare%2Fman%2Fman3 HTTP/2" 429 0 "-" "Mozilla/5.0 AppleWebKit/537.36 (KHTML, like Gecko; compatible; ClaudeBot/1.0; +claudebot@anthropic.com)"
216.73.216.111 - - [16/Aug/2026:23:42:15 +0330] "GET /wp-trackback.php?fileloc=%2F%2Fusr%2Fshare%2Fman%2Fman3%2FEVP_PKEY_print_params.3ossl.gz&path=%2F%2Fusr%2Fshare%2Fman%2Fman3 HTTP/2" 429 0 "-" "Mozilla/5.0 AppleWebKit/537.36 (KHTML, like Gecko; compatible; ClaudeBot/1.0; +claudebot@anthropic.com)"
51.75.129.178 - - [16/Aug/2026:23:42:15 +0330] "GET /wp-blog-header.php?fileloc=//lib/.build-id/e3/70c55c1d4c8d951f0018f77c805a2af864e971&path=//lib/.build-id/e3 HTTP/1.1" 200 24858 "-" "Mozilla/5.0 (compatible; MJ12bot/v1.4.8; http://mj12bot.com/)"
51.75.129.178 - - [16/Aug/2026:23:42:18 +0330] "GET /wp-blog-header.php?fileloc=//lib/.build-id/e3/799cf547cec512c3175f07fb7bcd1254884563&path=//lib/.build-id/e3 HTTP/1.1" 200 8631 "-" "Mozilla/5.0 (compatible; MJ12bot/v1.4.8; http://mj12bot.com/)"
216.73.216.111 - - [16/Aug/2026:23:42:20 +0330] "GET /wp-trackback.php?fileloc=%2F%2Fusr%2Fshare%2Fman%2Fman3%2FEVP_MAC_gettable_ctx_params.3ossl.gz&path=%2F%2Fusr%2Fshare%2Fman%2Fman3 HTTP/2" 429 0 "-" "Mozilla/5.0 AppleWebKit/537.36 (KHTML, like Gecko; compatible; ClaudeBot/1.0; +claudebot@anthropic.com)"
51.75.129.178 - - [16/Aug/2026:23:42:20 +0330] "GET /wp-blog-header.php?fileloc=//lib/.build-id/e3/83a91ff8bf683e9be0ac2fd6ff9912da5fc02e&path=//lib/.build-id/e3 HTTP/1.1" 200 13241 "-" "Mozilla/5.0 (compatible; MJ12bot/v1.4.8; http://mj12bot.com/)"
51.75.129.178 - - [16/Aug/2026:23:42:22 +0330] "GET /wp-blog-header.php?fileloc=//lib/.build-id/e3/88546f4fc0e3a861537501f2c33c8b0398aabd&path=//lib/.build-id/e3 HTTP/1.1" 200 51113 "-" "Mozilla/5.0 (compatible; MJ12bot/v1.4.8; http://mj12bot.com/)"
216.73.216.111 - - [16/Aug/2026:23:42:25 +0330] "GET /wp-trackback.php?fileloc=%2F%2Fusr%2Fshare%2Fman%2Fman1%2Fperlriscos.1.gz&path=%2F%2Fusr%2Fshare%2Fman%2Fman1 HTTP/2" 429 0 "-" "Mozilla/5.0 AppleWebKit/537.36 (KHTML, like Gecko; compatible; ClaudeBot/1.0; +claudebot@anthropic.com)"
51.75.129.178 - - [16/Aug/2026:23:42:25 +0330] "GET /wp-blog-header.php?fileloc=//lib/.build-id/e3/9c29becdc7d90d9eda604ee72a23a1703c0e5d&path=//lib/.build-id/e3 HTTP/1.1" 200 19010 "-" "Mozilla/5.0 (compatible; MJ12bot/v1.4.8; http://mj12bot.com/)"
51.75.129.178 - - [16/Aug/2026:23:42:27 +0330] "GET /wp-blog-header.php?fileloc=//lib/.build-id/e3/9edff414f561f5696eaf4cc84a1a2f8cdfb643&path=//lib/.build-id/e3 HTTP/1.1" 200 46712 "-" "Mozilla/5.0 (compatible; MJ12bot/v1.4.8; http://mj12bot.com/)"
51.75.129.178 - - [16/Aug/2026:23:42:30 +0330] "GET /wp-blog-header.php?fileloc=//lib/.build-id/e3/d9d49d86683863ec6a23017ea575845af09ede&path=//lib/.build-id/e3 HTTP/1.1" 200 12541 "-" "Mozilla/5.0 (compatible; MJ12bot/v1.4.8; http://mj12bot.com/)"
216.73.216.111 - - [16/Aug/2026:23:42:30 +0330] "GET /wp-trackback.php?fileloc=%2F%2Fusr%2Fshare%2Fman%2Fman3%2FASYNC_is_capable.3ossl.gz&path=%2F%2Fusr%2Fshare%2Fman%2Fman3 HTTP/2" 429 0 "-" "Mozilla/5.0 AppleWebKit/537.36 (KHTML, like Gecko; compatible; ClaudeBot/1.0; +claudebot@anthropic.com)"
51.75.129.178 - - [16/Aug/2026:23:42:32 +0330] "GET /wp-blog-header.php?fileloc=//lib/.build-id/e3/e2773fcef7cfa83a51129f221dfee8d6baed75&path=//lib/.build-id/e3 HTTP/1.1" 200 109873 "-" "Mozilla/5.0 (compatible; MJ12bot/v1.4.8; http://mj12bot.com/)"
51.75.129.178 - - [16/Aug/2026:23:42:35 +0330] "GET /wp-blog-header.php?fileloc=//lib/.build-id/e4/00543f474879e1d07cb06059cfdfcc037c7ac6&path=//lib/.build-id/e4 HTTP/1.1" 200 60174 "-" "Mozilla/5.0 (compatible; MJ12bot/v1.4.8; http://mj12bot.com/)"
216.73.216.111 - - [16/Aug/2026:23:42:36 +0330] "GET /wp-trackback.php?fileloc=%2F%2Fusr%2Flib64%2Flibmlx4.so.1&path=%2F%2Fusr%2Flib64 HTTP/2" 429 0 "-" "Mozilla/5.0 AppleWebKit/537.36 (KHTML, like Gecko; compatible; ClaudeBot/1.0; +claudebot@anthropic.com)"
51.75.129.178 - - [16/Aug/2026:23:42:37 +0330] "GET /wp-blog-header.php?fileloc=//lib/.build-id/e4/0a2aea6ee7aafc55e98062cf08ef7e05a3614c&path=//lib/.build-id/e4 HTTP/1.1" 200 9618 "-" "Mozilla/5.0 (compatible; MJ12bot/v1.4.8; http://mj12bot.com/)"
51.75.129.178 - - [16/Aug/2026:23:42:39 +0330] "GET /wp-blog-header.php?fileloc=//lib/.build-id/e4/191606c4a5f7cbb0f6ebf3e4dbef3874959b75&path=//lib/.build-id/e4 HTTP/1.1" 200 5259 "-" "Mozilla/5.0 (compatible; MJ12bot/v1.4.8; http://mj12bot.com/)"
216.73.216.111 - - [16/Aug/2026:23:42:41 +0330] "GET /wp-trackback.php?fileloc=%2F%2Fusr%2Fshare%2Fman%2Fman3%2FOSSL_ROLE_SPEC_CERT_ID_SYNTAX_new.3ossl.gz&path=%2F%2Fusr%2Fshare%2Fman%2Fman3 HTTP/2" 200 8592 "-" "Mozilla/5.0 AppleWebKit/537.36 (KHTML, like Gecko; compatible; ClaudeBot/1.0; +claudebot@anthropic.com)"
51.75.129.178 - - [16/Aug/2026:23:42:41 +0330] "GET /wp-blog-header.php?fileloc=//lib/.build-id/e4/1e1e053923a0051ad13630c38539767a29c377&path=//lib/.build-id/e4 HTTP/1.1" 200 13871 "-" "Mozilla/5.0 (compatible; MJ12bot/v1.4.8; http://mj12bot.com/)"
51.75.129.178 - - [16/Aug/2026:23:42:43 +0330] "GET /wp-blog-header.php?fileloc=//lib/.build-id/e4/2e6a1e849ff558949b29e060384931a77d08fb&path=//lib/.build-id/e4 HTTP/1.1" 200 8014 "-" "Mozilla/5.0 (compatible; MJ12bot/v1.4.8; http://mj12bot.com/)"
216.73.216.111 - - [16/Aug/2026:23:42:45 +0330] "GET /wp-trackback.php?fileloc=%2F%2Fusr%2Fshare%2Fman%2Fman1%2Fnisdomainname.1.gz&path=%2F%2Fusr%2Fshare%2Fman%2Fman1 HTTP/2" 429 0 "-" "Mozilla/5.0 AppleWebKit/537.36 (KHTML, like Gecko; compatible; ClaudeBot/1.0; +claudebot@anthropic.com)"
51.75.129.178 - - [16/Aug/2026:23:42:45 +0330] "GET /wp-blog-header.php?fileloc=//lib/.build-id/e4/41df279fe381d393a274e25085e63457be25b1&path=//lib/.build-id/e4 HTTP/1.1" 200 18602 "-" "Mozilla/5.0 (compatible; MJ12bot/v1.4.8; http://mj12bot.com/)"
216.73.216.111 - - [16/Aug/2026:23:43:09 +0330] "GET /wp-trackback.php?fileloc=%2F%2Fusr%2Fshare%2Fman%2Fman3%2FPEM_read_bio_DSA_PUBKEY.3ossl.gz&path=%2F%2Fusr%2Fshare%2Fman%2Fman3 HTTP/2" 429 0 "-" "Mozilla/5.0 AppleWebKit/537.36 (KHTML, like Gecko; compatible; ClaudeBot/1.0; +claudebot@anthropic.com)"
216.73.216.111 - - [16/Aug/2026:23:43:11 +0330] "GET /wp-trackback.php?fileloc=%2F%2Fusr%2Fshare%2Fman%2Fman3%2FRSA_meth_get_pub_dec.3ossl.gz&path=%2F%2Fusr%2Fshare%2Fman%2Fman3 HTTP/2" 429 0 "-" "Mozilla/5.0 AppleWebKit/537.36 (KHTML, like Gecko; compatible; ClaudeBot/1.0; +claudebot@anthropic.com)"
216.73.216.111 - - [16/Aug/2026:23:43:16 +0330] "GET /wp-trackback.php?fileloc=%2F%2Fusr%2Fshare%2Fman%2Fman3%2FEVP_EC_gen.3ossl.gz&path=%2F%2Fusr%2Fshare%2Fman%2Fman3 HTTP/2" 429 0 "-" "Mozilla/5.0 AppleWebKit/537.36 (KHTML, like Gecko; compatible; ClaudeBot/1.0; +claudebot@anthropic.com)"
216.73.216.111 - - [16/Aug/2026:23:43:20 +0330] "GET /wp-trackback.php?fileloc=%2F%2Fusr%2Fshare%2Fman%2Fman3%2FOSSL_STORE_LOADER_is_a.3ossl.gz&path=%2F%2Fusr%2Fshare%2Fman%2Fman3 HTTP/2" 429 0 "-" "Mozilla/5.0 AppleWebKit/537.36 (KHTML, like Gecko; compatible; ClaudeBot/1.0; +claudebot@anthropic.com)"
216.73.216.111 - - [16/Aug/2026:23:43:21 +0330] "GET /wp-trackback.php?fileloc=%2F%2Fusr%2Fshare%2Fman%2Fman3%2FOSSL_ROLE_SPEC_CERT_ID_SYNTAX_free.3ossl.gz&path=%2F%2Fusr%2Fshare%2Fman%2Fman3 HTTP/2" 429 0 "-" "Mozilla/5.0 AppleWebKit/537.36 (KHTML, like Gecko; compatible; ClaudeBot/1.0; +claudebot@anthropic.com)"
216.73.216.111 - - [16/Aug/2026:23:43:26 +0330] "GET /wp-trackback.php?fileloc=%2F%2Fusr%2Fshare%2Fman%2Fman3%2FBN_secure_new.3ossl.gz&path=%2F%2Fusr%2Fshare%2Fman%2Fman3 HTTP/2" 200 5172 "-" "Mozilla/5.0 AppleWebKit/537.36 (KHTML, like Gecko; compatible; ClaudeBot/1.0; +claudebot@anthropic.com)"
51.75.129.178 - - [16/Aug/2026:23:43:51 +0330] "GET /wp-blog-header.php?fileloc=//lib/.build-id/e4/974a79473912a4a214c97203f1c5100d1cece3&path=//lib/.build-id/e4 HTTP/1.1" 200 28482 "-" "Mozilla/5.0 (compatible; MJ12bot/v1.4.8; http://mj12bot.com/)"
51.75.129.178 - - [16/Aug/2026:23:43:54 +0330] "GET /wp-blog-header.php?fileloc=//lib/.build-id/e4/a5d3921b2650fc6468179518c828ce151a7482&path=//lib/.build-id/e4 HTTP/1.1" 200 4620 "-" "Mozilla/5.0 (compatible; MJ12bot/v1.4.8; http://mj12bot.com/)"
51.75.129.178 - - [16/Aug/2026:23:43:56 +0330] "GET /wp-blog-header.php?fileloc=//lib/.build-id/e4/a8f6592195a22a2b43e81b22352aa255232e03&path=//lib/.build-id/e4 HTTP/1.1" 200 6226 "-" "Mozilla/5.0 (compatible; MJ12bot/v1.4.8; http://mj12bot.com/)"
51.75.129.178 - - [16/Aug/2026:23:42:47 +0330] "GET /wp-blog-header.php?fileloc=//lib/.build-id/e4/672a78ae5ad539150ddc495ba37084d4dd608c&path=//lib/.build-id/e4 HTTP/1.1" 200 385197 "-" "Mozilla/5.0 (compatible; MJ12bot/v1.4.8; http://mj12bot.com/)"
51.75.129.178 - - [16/Aug/2026:23:43:58 +0330] "GET /wp-blog-header.php?fileloc=//lib/.build-id/e4/c084a6e9743cc3b067d97b349f6162b40ea4b5&path=//lib/.build-id/e4 HTTP/1.1" 200 8752 "-" "Mozilla/5.0 (compatible; MJ12bot/v1.4.8; http://mj12bot.com/)"
51.75.129.178 - - [16/Aug/2026:23:44:01 +0330] "GET /wp-blog-header.php?fileloc=//lib/.build-id/e4/c5b51857296731158c1d954caa9efbb99b3a52&path=//lib/.build-id/e4 HTTP/1.1" 200 6509 "-" "Mozilla/5.0 (compatible; MJ12bot/v1.4.8; http://mj12bot.com/)"
216.73.216.111 - - [16/Aug/2026:23:44:02 +0330] "GET /wp-trackback.php?fileloc=%2F%2Fusr%2Fshare%2Fman%2Fman1%2Fgit-patch-id.1.gz&path=%2F%2Fusr%2Fshare%2Fman%2Fman1 HTTP/2" 200 4245 "-" "Mozilla/5.0 AppleWebKit/537.36 (KHTML, like Gecko; compatible; ClaudeBot/1.0; +claudebot@anthropic.com)"
51.75.129.178 - - [16/Aug/2026:23:41:58 +0330] "GET /wp-blog-header.php?fileloc=//lib/.build-id/e3/3e546621cec389c638d92d9401e3035cced8c8&path=//lib/.build-id/e3 HTTP/1.1" 200 22717 "-" "Mozilla/5.0 (compatible; MJ12bot/v1.4.8; http://mj12bot.com/)"
216.73.216.111 - - [16/Aug/2026:23:41:59 +0330] "GET /wp-trackback.php?fileloc=%2F%2Fusr%2Flib64%2Flibnsl.so.1&path=%2F%2Fusr%2Flib64 HTTP/2" 429 0 "-" "Mozilla/5.0 AppleWebKit/537.36 (KHTML, like Gecko; compatible; ClaudeBot/1.0; +claudebot@anthropic.com)"
51.75.129.178 - - [16/Aug/2026:23:42:00 +0330] "GET /wp-blog-header.php?fileloc=//lib/.build-id/e3/4db616a56dab66a079204910c4247917a27a68&path=//lib/.build-id/e3 HTTP/1.1" 200 111503 "-" "Mozilla/5.0 (compatible; MJ12bot/v1.4.8; http://mj12bot.com/)"
66.249.79.136 - - [16/Aug/2026:23:42:33 +0330] "GET /wp-links-opml.php?fileloc=//lib64/libpsx.so.2.48&path=//lib64 HTTP/1.1" 200 8533 "-" "Mozilla/5.0 (Linux; Android 6.0.1; Nexus 5X Build/MMB29P) AppleWebKit/537.36 (KHTML, like Gecko) Chrome/150.0.7871.186 Mobile Safari/537.36 (compatible; GoogleOther)"
216.73.216.111 - - [16/Aug/2026:23:42:57 +0330] "GET /wp-trackback.php?fileloc=%2F%2Fusr%2Fshare%2Fman%2Fman3%2FLWP%3A%3AAuthen%3A%3ANtlm.3pm.gz&path=%2F%2Fusr%2Fshare%2Fman%2Fman3 HTTP/2" 429 0 "-" "Mozilla/5.0 AppleWebKit/537.36 (KHTML, like Gecko; compatible; ClaudeBot/1.0; +claudebot@anthropic.com)"
216.73.216.111 - - [16/Aug/2026:23:43:01 +0330] "GET /wp-trackback.php?fileloc=%2F%2Fusr%2Fshare%2Fman%2Fman3%2FEVP_KDF_CTX_free.3ossl.gz&path=%2F%2Fusr%2Fshare%2Fman%2Fman3 HTTP/2" 429 0 "-" "Mozilla/5.0 AppleWebKit/537.36 (KHTML, like Gecko; compatible; ClaudeBot/1.0; +claudebot@anthropic.com)"
216.73.216.111 - - [16/Aug/2026:23:43:41 +0330] "GET /wp-trackback.php?fileloc=%2F%2Fetc%2Fskipsmtpcheckhosts&path=%2F%2Fetc HTTP/2" 200 2604 "-" "Mozilla/5.0 AppleWebKit/537.36 (KHTML, like Gecko; compatible; ClaudeBot/1.0; +claudebot@anthropic.com)"
216.73.216.111 - - [16/Aug/2026:23:43:45 +0330] "GET /wp-signup.php?fileloc=%2F%2Fbin%2Fsdiff&path=%2F%2Fbin HTTP/2" 429 0 "-" "Mozilla/5.0 AppleWebKit/537.36 (KHTML, like Gecko; compatible; ClaudeBot/1.0; +claudebot@anthropic.com)"
216.73.216.111 - - [16/Aug/2026:23:43:52 +0330] "GET /wp-signup.php?fileloc=%2F%2Fbin%2Fwatch&path=%2F%2Fbin HTTP/2" 429 0 "-" "Mozilla/5.0 AppleWebKit/537.36 (KHTML, like Gecko; compatible; ClaudeBot/1.0; +claudebot@anthropic.com)"
216.73.216.111 - - [16/Aug/2026:23:43:55 +0330] "GET /wp-signup.php?fileloc=%2F%2Fbin%2Fwget&path=%2F%2Fbin HTTP/2" 429 0 "-" "Mozilla/5.0 AppleWebKit/537.36 (KHTML, like Gecko; compatible; ClaudeBot/1.0; +claudebot@anthropic.com)"
216.73.216.111 - - [16/Aug/2026:23:44:02 +0330] "GET /wp-signup.php?fileloc=%2F%2Fbin%2Fmd5sum&path=%2F%2Fbin HTTP/2" 429 0 "-" "Mozilla/5.0 AppleWebKit/537.36 (KHTML, like Gecko; compatible; ClaudeBot/1.0; +claudebot@anthropic.com)"
216.73.216.111 - - [16/Aug/2026:23:44:18 +0330] "GET /wp-trackback.php?fileloc=%2F%2Fusr%2Fshare%2Fmisc%2Fmagic&path=%2F%2Fusr%2Fshare%2Fmisc HTTP/2" 429 0 "-" "Mozilla/5.0 AppleWebKit/537.36 (KHTML, like Gecko; compatible; ClaudeBot/1.0; +claudebot@anthropic.com)"
216.73.216.111 - - [16/Aug/2026:23:44:22 +0330] "GET /wp-trackback.php?fileloc=%2F%2Fusr%2Fshare%2Fawk%2Fpasswd.awk&path=%2F%2Fusr%2Fshare%2Fawk HTTP/2" 429 0 "-" "Mozilla/5.0 AppleWebKit/537.36 (KHTML, like Gecko; compatible; ClaudeBot/1.0; +claudebot@anthropic.com)"
216.73.216.111 - - [16/Aug/2026:23:44:27 +0330] "GET /wp-trackback.php?fileloc=%2F%2Fusr%2Fshare%2Fmysql%2Fmysql_test_data_timezone.sql&path=%2F%2Fusr%2Fshare%2Fmysql HTTP/2" 429 0 "-" "Mozilla/5.0 AppleWebKit/537.36 (KHTML, like Gecko; compatible; ClaudeBot/1.0; +claudebot@anthropic.com)"
216.73.216.111 - - [16/Aug/2026:23:44:32 +0330] "GET /wp-trackback.php?path=%2F%2Fusr%2Fshare%2Fzoneinfo%2FAmerica%2FKentucky HTTP/2" 429 0 "-" "Mozilla/5.0 AppleWebKit/537.36 (KHTML, like Gecko; compatible; ClaudeBot/1.0; +claudebot@anthropic.com)"
51.75.129.178 - - [16/Aug/2026:23:44:03 +0330] "GET /wp-blog-header.php?fileloc=//lib/.build-id/e4/ca998e4b12e1e4779589eadcee0d668aba4a53&path=//lib/.build-id/e4 HTTP/1.1" 200 9060 "-" "Mozilla/5.0 (compatible; MJ12bot/v1.4.8; http://mj12bot.com/)"
51.75.129.178 - - [16/Aug/2026:23:44:05 +0330] "GET /wp-blog-header.php?fileloc=//lib/.build-id/e4/cf3220b0de1dfe257834f61790a2ad5608e22e&path=//lib/.build-id/e4 HTTP/1.1" 200 6140 "-" "Mozilla/5.0 (compatible; MJ12bot/v1.4.8; http://mj12bot.com/)"
216.73.216.111 - - [16/Aug/2026:23:44:07 +0330] "GET /wp-trackback.php?fileloc=%2F%2Fusr%2Fshare%2Fman%2Fman3%2FFcAtomicOrigFile.3.gz&path=%2F%2Fusr%2Fshare%2Fman%2Fman3 HTTP/2" 429 0 "-" "Mozilla/5.0 AppleWebKit/537.36 (KHTML, like Gecko; compatible; ClaudeBot/1.0; +claudebot@anthropic.com)"
51.75.129.178 - - [16/Aug/2026:23:44:08 +0330] "GET /wp-blog-header.php?fileloc=//lib/.build-id/e4/e09e894e8d4c550deb5b8082cf761392b06605&path=//lib/.build-id/e4 HTTP/1.1" 200 8613 "-" "Mozilla/5.0 (compatible; MJ12bot/v1.4.8; http://mj12bot.com/)"
51.75.129.178 - - [16/Aug/2026:23:44:10 +0330] "GET /wp-blog-header.php?fileloc=//lib/.build-id/e4/ee7c1103bf0475806b794744133af24687dfd3&path=//lib/.build-id/e4 HTTP/1.1" 200 14752 "-" "Mozilla/5.0 (compatible; MJ12bot/v1.4.8; http://mj12bot.com/)"
216.73.216.111 - - [16/Aug/2026:23:44:12 +0330] "GET /wp-trackback.php?fileloc=%2F%2Fusr%2Fshare%2Fman%2Fman3%2FOSSL_CMP_LOG_INFO.3ossl.gz&path=%2F%2Fusr%2Fshare%2Fman%2Fman3 HTTP/2" 429 0 "-" "Mozilla/5.0 AppleWebKit/537.36 (KHTML, like Gecko; compatible; ClaudeBot/1.0; +claudebot@anthropic.com)"
51.75.129.178 - - [16/Aug/2026:23:44:12 +0330] "GET /wp-blog-header.php?fileloc=//lib/.build-id/e4/f930aeca608f9f5ae043b948472a99142b0f33&path=//lib/.build-id/e4 HTTP/1.1" 200 5942 "-" "Mozilla/5.0 (compatible; MJ12bot/v1.4.8; http://mj12bot.com/)"
51.75.129.178 - - [16/Aug/2026:23:44:15 +0330] "GET /wp-blog-header.php?fileloc=//lib/.build-id/e5/2a335b0ab1720cdedbfc61ca37399cfd907c3b&path=//lib/.build-id/e5 HTTP/1.1" 200 13442 "-" "Mozilla/5.0 (compatible; MJ12bot/v1.4.8; http://mj12bot.com/)"
51.75.129.178 - - [16/Aug/2026:23:44:17 +0330] "GET /wp-blog-header.php?fileloc=//lib/.build-id/e5/3dbc3147781414ea958bc21603bae0688b1dbf&path=//lib/.build-id/e5 HTTP/1.1" 200 654945 "-" "Mozilla/5.0 (compatible; MJ12bot/v1.4.8; http://mj12bot.com/)"
51.75.129.178 - - [16/Aug/2026:23:44:23 +0330] "GET /wp-blog-header.php?fileloc=//lib/.build-id/e5/46aa45fe86265f62387e2f6bfb9e728cbf5a01&path=//lib/.build-id/e5 HTTP/1.1" 200 21349 "-" "Mozilla/5.0 (compatible; MJ12bot/v1.4.8; http://mj12bot.com/)"
51.75.129.178 - - [16/Aug/2026:23:44:25 +0330] "GET /wp-blog-header.php?fileloc=//lib/.build-id/e5/4a3badc9a96603df7ba4203855243ac8df812f&path=//lib/.build-id/e5 HTTP/1.1" 200 8460 "-" "Mozilla/5.0 (compatible; MJ12bot/v1.4.8; http://mj12bot.com/)"
51.75.129.178 - - [16/Aug/2026:23:44:27 +0330] "GET /wp-blog-header.php?fileloc=//lib/.build-id/e5/4fce62064db7dc8f50a9e8a6532281db915af9&path=//lib/.build-id/e5 HTTP/1.1" 200 8261 "-" "Mozilla/5.0 (compatible; MJ12bot/v1.4.8; http://mj12bot.com/)"
51.75.129.178 - - [16/Aug/2026:23:44:29 +0330] "GET /wp-blog-header.php?fileloc=//lib/.build-id/e5/52b5e9b58a5287d0274344e54bda2e7991877c&path=//lib/.build-id/e5 HTTP/1.1" 200 31932 "-" "Mozilla/5.0 (compatible; MJ12bot/v1.4.8; http://mj12bot.com/)"
51.75.129.178 - - [16/Aug/2026:23:44:31 +0330] "GET /wp-blog-header.php?fileloc=//lib/.build-id/e5/71a270d0b3cd7af36a49aa9c0e6f534c6da187&path=//lib/.build-id/e5 HTTP/1.1" 200 8340 "-" "Mozilla/5.0 (compatible; MJ12bot/v1.4.8; http://mj12bot.com/)"
51.75.129.178 - - [16/Aug/2026:23:44:33 +0330] "GET /wp-blog-header.php?fileloc=//lib/.build-id/e5/81da46b465da5d9e32d2e16f7b4f8df7542d3f&path=//lib/.build-id/e5 HTTP/1.1" 200 9917 "-" "Mozilla/5.0 (compatible; MJ12bot/v1.4.8; http://mj12bot.com/)"
51.75.129.178 - - [16/Aug/2026:23:44:35 +0330] "GET /wp-blog-header.php?fileloc=//lib/.build-id/e5/86372be6a28e5c1a845094375c2c562c5a81e4&path=//lib/.build-id/e5 HTTP/1.1" 200 60126 "-" "Mozilla/5.0 (compatible; MJ12bot/v1.4.8; http://mj12bot.com/)"
216.73.216.111 - - [16/Aug/2026:23:44:37 +0330] "GET /wp-trackback.php?path=%2F%2Fusr%2Fshare%2Flocale%2Ftr%2FLC_MESSAGES HTTP/2" 429 0 "-" "Mozilla/5.0 AppleWebKit/537.36 (KHTML, like Gecko; compatible; ClaudeBot/1.0; +claudebot@anthropic.com)"
216.73.216.111 - - [16/Aug/2026:23:44:42 +0330] "GET /wp-trackback.php?fileloc=%2F%2Fusr%2Fshare%2Fawk%2Fnoassign.awk&path=%2F%2Fusr%2Fshare%2Fawk HTTP/2" 429 0 "-" "Mozilla/5.0 AppleWebKit/537.36 (KHTML, like Gecko; compatible; ClaudeBot/1.0; +claudebot@anthropic.com)"
216.73.216.111 - - [16/Aug/2026:23:44:47 +0330] "GET /wp-trackback.php?path=%2F%2Fusr%2Fshare%2Flocale%2Fwar%2FLC_MESSAGES HTTP/2" 200 2739 "-" "Mozilla/5.0 AppleWebKit/537.36 (KHTML, like Gecko; compatible; ClaudeBot/1.0; +claudebot@anthropic.com)"
216.73.216.111 - - [16/Aug/2026:23:44:52 +0330] "GET /wp-trackback.php?path=%2F%2Fusr%2Fshare%2Flocale%2Fsk.cp1250 HTTP/2" 429 0 "-" "Mozilla/5.0 AppleWebKit/537.36 (KHTML, like Gecko; compatible; ClaudeBot/1.0; +claudebot@anthropic.com)"
216.73.216.111 - - [16/Aug/2026:23:44:57 +0330] "GET /wp-trackback.php?fileloc=%2F%2Fusr%2Fshare%2Fawk%2Fzerofile.awk&path=%2F%2Fusr%2Fshare%2Fawk HTTP/2" 429 0 "-" "Mozilla/5.0 AppleWebKit/537.36 (KHTML, like Gecko; compatible; ClaudeBot/1.0; +claudebot@anthropic.com)"
51.75.129.178 - - [16/Aug/2026:23:44:59 +0330] "GET /wp-blog-header.php?fileloc=//lib/.build-id/e5/f388cb4355c6b7d015d145b78bf61d1e63a402&path=//lib/.build-id/e5 HTTP/1.1" 200 12278 "-" "Mozilla/5.0 (compatible; MJ12bot/v1.4.8; http://mj12bot.com/)"
51.75.129.178 - - [16/Aug/2026:23:45:01 +0330] "GET /wp-blog-header.php?fileloc=//lib/.build-id/e6/024987291f86134749f3ed5e064e5b729942cf&path=//lib/.build-id/e6 HTTP/1.1" 200 103734 "-" "Mozilla/5.0 (compatible; MJ12bot/v1.4.8; http://mj12bot.com/)"
216.73.216.111 - - [16/Aug/2026:23:45:02 +0330] "GET /wp-trackback.php?path=%2F%2Fusr%2Fshare%2Flocale%2Fqaa-qtz HTTP/2" 429 0 "-" "Mozilla/5.0 AppleWebKit/537.36 (KHTML, like Gecko; compatible; ClaudeBot/1.0; +claudebot@anthropic.com)"
51.75.129.178 - - [16/Aug/2026:23:45:04 +0330] "GET /wp-blog-header.php?fileloc=//lib/.build-id/e6/12f079dc0b8388d3943e0a53f3d43e909a5313&path=//lib/.build-id/e6 HTTP/1.1" 200 5970 "-" "Mozilla/5.0 (compatible; MJ12bot/v1.4.8; http://mj12bot.com/)"
