54.38.38.130 - - [16/Aug/2026:20:19:00 +0330] "GET /wp-blog-header.php?fileloc=//lib/.build-id/ac/fd75c898fa91b441b0d063946488d15ae44a29&path=//lib/.build-id/ac HTTP/1.1" 200 9635 "-" "Mozilla/5.0 (compatible; MJ12bot/v1.4.8; http://mj12bot.com/)"
54.38.38.130 - - [16/Aug/2026:20:19:02 +0330] "GET /wp-blog-header.php?fileloc=//lib/.build-id/ad/0f6d8d5d1bd4d84ecf82c6240621f65a7e411d&path=//lib/.build-id/ad HTTP/1.1" 200 13594 "-" "Mozilla/5.0 (compatible; MJ12bot/v1.4.8; http://mj12bot.com/)"
216.73.216.111 - - [16/Aug/2026:20:19:04 +0330] "GET /wp-trackback.php?fileloc=%2F%2Fusr%2Fshare%2Fman%2Fman1%2Fsoelim.1.gz&path=%2F%2Fusr%2Fshare%2Fman%2Fman1 HTTP/2" 429 0 "-" "Mozilla/5.0 AppleWebKit/537.36 (KHTML, like Gecko; compatible; ClaudeBot/1.0; +claudebot@anthropic.com)"
54.38.38.130 - - [16/Aug/2026:20:19:04 +0330] "GET /wp-blog-header.php?fileloc=//lib/.build-id/ad/1055f46a7436cee1f7e3bd627efa8d0c7ffc5c&path=//lib/.build-id/ad HTTP/1.1" 200 89641 "-" "Mozilla/5.0 (compatible; MJ12bot/v1.4.8; http://mj12bot.com/)"
54.38.38.130 - - [16/Aug/2026:20:19:06 +0330] "GET /wp-blog-header.php?fileloc=//lib/.build-id/ad/12c184a980c2ad5d9c9a5fa52e6dc38152589a&path=//lib/.build-id/ad HTTP/1.1" 200 639173 "-" "Mozilla/5.0 (compatible; MJ12bot/v1.4.8; http://mj12bot.com/)"
216.73.216.111 - - [16/Aug/2026:20:19:09 +0330] "GET /wp-trackback.php?fileloc=%2F%2Fusr%2Fshare%2Fman%2Fman1%2Fperlopenbsd.1.gz&path=%2F%2Fusr%2Fshare%2Fman%2Fman1 HTTP/2" 429 0 "-" "Mozilla/5.0 AppleWebKit/537.36 (KHTML, like Gecko; compatible; ClaudeBot/1.0; +claudebot@anthropic.com)"
54.38.38.130 - - [16/Aug/2026:20:19:12 +0330] "GET /wp-blog-header.php?fileloc=//lib/.build-id/ad/178f7315e137dfa5290f65798f3424fa628c66&path=//lib/.build-id/ad HTTP/1.1" 200 36138 "-" "Mozilla/5.0 (compatible; MJ12bot/v1.4.8; http://mj12bot.com/)"
54.38.38.130 - - [16/Aug/2026:20:19:14 +0330] "GET /wp-blog-header.php?fileloc=//lib/.build-id/ad/452c473a269bb4bd37209ad1d4866911c34dfc&path=//lib/.build-id/ad HTTP/1.1" 200 15737 "-" "Mozilla/5.0 (compatible; MJ12bot/v1.4.8; http://mj12bot.com/)"
216.73.216.111 - - [16/Aug/2026:20:19:14 +0330] "GET /wp-trackback.php?fileloc=%2F%2Fusr%2Fshare%2Fman%2Fman1%2Fmokutil.1.gz&path=%2F%2Fusr%2Fshare%2Fman%2Fman1 HTTP/2" 429 0 "-" "Mozilla/5.0 AppleWebKit/537.36 (KHTML, like Gecko; compatible; ClaudeBot/1.0; +claudebot@anthropic.com)"
54.38.38.130 - - [16/Aug/2026:20:19:15 +0330] "GET /wp-blog-header.php?fileloc=//lib/.build-id/ad/5e73698cb52cd8928adf6726e685776ba1362d&path=//lib/.build-id/ad HTTP/1.1" 200 134840 "-" "Mozilla/5.0 (compatible; MJ12bot/v1.4.8; http://mj12bot.com/)"
54.38.38.130 - - [16/Aug/2026:20:19:18 +0330] "GET /wp-blog-header.php?fileloc=//lib/.build-id/ad/7ea395dc4d081bb51aa3da69bf94a1eedc49e3&path=//lib/.build-id/ad HTTP/1.1" 200 23147 "-" "Mozilla/5.0 (compatible; MJ12bot/v1.4.8; http://mj12bot.com/)"
216.73.216.111 - - [16/Aug/2026:20:19:19 +0330] "GET /wp-trackback.php?fileloc=%2F%2Fusr%2Fshare%2Fman%2Fman1%2Fsha1sum.1.gz&path=%2F%2Fusr%2Fshare%2Fman%2Fman1 HTTP/2" 200 4065 "-" "Mozilla/5.0 AppleWebKit/537.36 (KHTML, like Gecko; compatible; ClaudeBot/1.0; +claudebot@anthropic.com)"
54.38.38.130 - - [16/Aug/2026:20:19:20 +0330] "GET /wp-blog-header.php?fileloc=//lib/.build-id/ad/a2461233efb2fbb8eb66644e5b4e8377a51506&path=//lib/.build-id/ad HTTP/1.1" 200 46905 "-" "Mozilla/5.0 (compatible; MJ12bot/v1.4.8; http://mj12bot.com/)"
54.38.38.130 - - [16/Aug/2026:20:19:23 +0330] "GET /wp-blog-header.php?fileloc=//lib/.build-id/b1/21f1eb625489832aa4c3b5da6cc04b89f77e73&path=//lib/.build-id/b1 HTTP/1.1" 200 10235 "-" "Mozilla/5.0 (compatible; MJ12bot/v1.4.8; http://mj12bot.com/)"
54.38.38.130 - - [16/Aug/2026:20:19:24 +0330] "GET /wp-blog-header.php?fileloc=//lib/.build-id/ad/be9035b5f56faff62dad1cde6857df278d66ff&path=//lib/.build-id/ad HTTP/1.1" 200 30769 "-" "Mozilla/5.0 (compatible; MJ12bot/v1.4.8; http://mj12bot.com/)"
216.73.216.111 - - [16/Aug/2026:20:19:24 +0330] "GET /wp-trackback.php?fileloc=%2F%2Fusr%2Fshare%2Fman%2Fman3%2FRSA_meth_get_init.3ossl.gz&path=%2F%2Fusr%2Fshare%2Fman%2Fman3 HTTP/2" 429 0 "-" "Mozilla/5.0 AppleWebKit/537.36 (KHTML, like Gecko; compatible; ClaudeBot/1.0; +claudebot@anthropic.com)"
54.38.38.130 - - [16/Aug/2026:20:19:25 +0330] "GET /wp-blog-header.php?fileloc=//lib/.build-id/b1/2ae5ae1d2fccdc2ae7eb1e9b519782d74cc55e&path=//lib/.build-id/b1 HTTP/1.1" 200 11843 "-" "Mozilla/5.0 (compatible; MJ12bot/v1.4.8; http://mj12bot.com/)"
54.38.38.130 - - [16/Aug/2026:20:19:26 +0330] "GET /wp-blog-header.php?fileloc=//lib/.build-id/ad/cd5a2adbee2c0ce15ed70ad34af2cbd4052073&path=//lib/.build-id/ad HTTP/1.1" 200 542840 "-" "Mozilla/5.0 (compatible; MJ12bot/v1.4.8; http://mj12bot.com/)"
54.38.38.130 - - [16/Aug/2026:20:19:27 +0330] "GET /wp-blog-header.php?fileloc=//lib/.build-id/b1/3497857000c55ece543810828c7cfcd86190d7&path=//lib/.build-id/b1 HTTP/1.1" 200 22054 "-" "Mozilla/5.0 (compatible; MJ12bot/v1.4.8; http://mj12bot.com/)"
216.73.216.111 - - [16/Aug/2026:20:19:29 +0330] "GET /wp-trackback.php?fileloc=%2F%2Fusr%2Fshare%2Fman%2Fman3%2FEVP_ASYM_CIPHER_gettable_ctx_params.3ossl.gz&path=%2F%2Fusr%2Fshare%2Fman%2Fman3 HTTP/2" 429 0 "-" "Mozilla/5.0 AppleWebKit/537.36 (KHTML, like Gecko; compatible; ClaudeBot/1.0; +claudebot@anthropic.com)"
54.38.38.130 - - [16/Aug/2026:20:19:29 +0330] "GET /wp-blog-header.php?fileloc=//lib/.build-id/ad/dd7581ea2285095ea4b7b4b8912feb677a3446&path=//lib/.build-id/ad HTTP/1.1" 200 44752 "-" "Mozilla/5.0 (compatible; MJ12bot/v1.4.8; http://mj12bot.com/)"
54.38.38.130 - - [16/Aug/2026:20:19:30 +0330] "GET /wp-blog-header.php?fileloc=//lib/.build-id/b1/56b99c31dc0488b676fac54ed6f8fe9e360dc9&path=//lib/.build-id/b1 HTTP/1.1" 200 6417 "-" "Mozilla/5.0 (compatible; MJ12bot/v1.4.8; http://mj12bot.com/)"
54.38.38.130 - - [16/Aug/2026:20:19:31 +0330] "GET /wp-blog-header.php?fileloc=//lib/.build-id/ad/f9677aea339dc7b7559a67b23839c31e973af6&path=//lib/.build-id/ad HTTP/1.1" 200 28151 "-" "Mozilla/5.0 (compatible; MJ12bot/v1.4.8; http://mj12bot.com/)"
54.38.38.130 - - [16/Aug/2026:20:19:32 +0330] "GET /wp-blog-header.php?fileloc=//lib/.build-id/b1/aecb5a8a96cda82e6ff51b2089b3c4d1aafa05&path=//lib/.build-id/b1 HTTP/1.1" 200 9474 "-" "Mozilla/5.0 (compatible; MJ12bot/v1.4.8; http://mj12bot.com/)"
216.73.216.111 - - [16/Aug/2026:20:19:33 +0330] "GET /wp-trackback.php?fileloc=%2F%2Fusr%2Fshare%2Fman%2Fman1%2Flslogins.1.gz&path=%2F%2Fusr%2Fshare%2Fman%2Fman1 HTTP/2" 429 0 "-" "Mozilla/5.0 AppleWebKit/537.36 (KHTML, like Gecko; compatible; ClaudeBot/1.0; +claudebot@anthropic.com)"
54.38.38.130 - - [16/Aug/2026:20:19:34 +0330] "GET /wp-blog-header.php?fileloc=//lib/.build-id/b1/b17e7361894e906ac17d1eec9f4836c4371aa4&path=//lib/.build-id/b1 HTTP/1.1" 200 15608 "-" "Mozilla/5.0 (compatible; MJ12bot/v1.4.8; http://mj12bot.com/)"
54.38.38.130 - - [16/Aug/2026:20:19:34 +0330] "GET /wp-blog-header.php?fileloc=//lib/.build-id/ae/10ef5a403a25025878dfd324984686222b28d8&path=//lib/.build-id/ae HTTP/1.1" 200 10042 "-" "Mozilla/5.0 (compatible; MJ12bot/v1.4.8; http://mj12bot.com/)"
54.38.38.130 - - [16/Aug/2026:20:19:36 +0330] "GET /wp-blog-header.php?fileloc=//lib/.build-id/b1/b3ac933f2f0f1f6048764645d46558d4fce1b9&path=//lib/.build-id/b1 HTTP/1.1" 200 11013 "-" "Mozilla/5.0 (compatible; MJ12bot/v1.4.8; http://mj12bot.com/)"
54.38.38.130 - - [16/Aug/2026:20:19:36 +0330] "GET /wp-blog-header.php?fileloc=//lib/.build-id/ae/4003059b7af2bed4eddf3b3d5a352fb4261a7b&path=//lib/.build-id/ae HTTP/1.1" 200 11314 "-" "Mozilla/5.0 (compatible; MJ12bot/v1.4.8; http://mj12bot.com/)"
54.38.38.130 - - [16/Aug/2026:20:19:38 +0330] "GET /wp-blog-header.php?fileloc=//lib/.build-id/b1/c058dc6e73a149e17c357b64456029297eac68&path=//lib/.build-id/b1 HTTP/1.1" 200 12324 "-" "Mozilla/5.0 (compatible; MJ12bot/v1.4.8; http://mj12bot.com/)"
216.73.216.111 - - [16/Aug/2026:20:19:38 +0330] "GET /wp-trackback.php?fileloc=%2F%2Fusr%2Fshare%2Fman%2Fman3%2FPKCS12_SAFEBAG_free.3ossl.gz&path=%2F%2Fusr%2Fshare%2Fman%2Fman3 HTTP/2" 429 0 "-" "Mozilla/5.0 AppleWebKit/537.36 (KHTML, like Gecko; compatible; ClaudeBot/1.0; +claudebot@anthropic.com)"
54.38.38.130 - - [16/Aug/2026:20:19:38 +0330] "GET /wp-blog-header.php?fileloc=//lib/.build-id/ae/54a741bba6d3968810172c47348abfdcd3812f&path=//lib/.build-id/ae HTTP/1.1" 200 208603 "-" "Mozilla/5.0 (compatible; MJ12bot/v1.4.8; http://mj12bot.com/)"
54.38.38.130 - - [16/Aug/2026:20:19:39 +0330] "GET /wp-blog-header.php?fileloc=//lib/.build-id/b1/c33cde8b60d9529d9dd47e6f229cb785f0bcf5&path=//lib/.build-id/b1 HTTP/1.1" 200 12362 "-" "Mozilla/5.0 (compatible; MJ12bot/v1.4.8; http://mj12bot.com/)"
54.38.38.130 - - [16/Aug/2026:20:19:41 +0330] "GET /wp-blog-header.php?fileloc=//lib/.build-id/ae/5a6b93f64d5dbba63712c0ef23080e798a4abc&path=//lib/.build-id/ae HTTP/1.1" 200 16390 "-" "Mozilla/5.0 (compatible; MJ12bot/v1.4.8; http://mj12bot.com/)"
54.38.38.130 - - [16/Aug/2026:20:19:42 +0330] "GET /wp-blog-header.php?fileloc=//lib/.build-id/b1/d0632c5e31d2c20420ccb6e57e788fae7a078c&path=//lib/.build-id/b1 HTTP/1.1" 200 56979 "-" "Mozilla/5.0 (compatible; MJ12bot/v1.4.8; http://mj12bot.com/)"
54.38.38.130 - - [16/Aug/2026:20:19:42 +0330] "GET /wp-blog-header.php?fileloc=//lib/.build-id/ae/6140e42c4ead642853511cba8288b21e47c4f0&path=//lib/.build-id/ae HTTP/1.1" 200 14859 "-" "Mozilla/5.0 (compatible; MJ12bot/v1.4.8; http://mj12bot.com/)"
216.73.216.111 - - [16/Aug/2026:20:19:43 +0330] "GET /wp-trackback.php?fileloc=%2F%2Fusr%2Fshare%2Fman%2Fman3%2FDSA_get0_priv_key.3ossl.gz&path=%2F%2Fusr%2Fshare%2Fman%2Fman3 HTTP/2" 429 0 "-" "Mozilla/5.0 AppleWebKit/537.36 (KHTML, like Gecko; compatible; ClaudeBot/1.0; +claudebot@anthropic.com)"
54.38.38.130 - - [16/Aug/2026:20:19:44 +0330] "GET /wp-blog-header.php?fileloc=//lib/.build-id/b1/d49aae2c495b1de59baea7d23a51aad7b78428&path=//lib/.build-id/b1 HTTP/1.1" 200 6188 "-" "Mozilla/5.0 (compatible; MJ12bot/v1.4.8; http://mj12bot.com/)"
54.38.38.130 - - [16/Aug/2026:20:19:45 +0330] "GET /wp-blog-header.php?fileloc=//lib/.build-id/ae/7519855fdf26f5a24656b49f8304f13e5a831d&path=//lib/.build-id/ae HTTP/1.1" 200 37685 "-" "Mozilla/5.0 (compatible; MJ12bot/v1.4.8; http://mj12bot.com/)"
54.38.38.130 - - [16/Aug/2026:20:19:46 +0330] "GET /wp-blog-header.php?fileloc=//lib/.build-id/b2/018d42670d257372e6d38006c9d84ff11e2fae&path=//lib/.build-id/b2 HTTP/1.1" 200 8685 "-" "Mozilla/5.0 (compatible; MJ12bot/v1.4.8; http://mj12bot.com/)"
54.38.38.130 - - [16/Aug/2026:20:19:47 +0330] "GET /wp-blog-header.php?fileloc=//lib/.build-id/ae/9c1e3256da9dbcc6b921e64cde55ff5dbcae58&path=//lib/.build-id/ae HTTP/1.1" 200 14388 "-" "Mozilla/5.0 (compatible; MJ12bot/v1.4.8; http://mj12bot.com/)"
54.38.38.130 - - [16/Aug/2026:20:18:34 +0330] "GET /wp-blog-header.php?fileloc=//lib/.build-id/af/640cef66f3db4a1741944e8e87c70baf139183&path=//lib/.build-id/af HTTP/1.1" 200 18758 "-" "Mozilla/5.0 (compatible; MJ12bot/v1.4.8; http://mj12bot.com/)"
54.38.38.130 - - [16/Aug/2026:20:18:37 +0330] "GET /wp-blog-header.php?fileloc=//lib/.build-id/af/7e5f802282302ee16d19f664d82f5ce692c591&path=//lib/.build-id/af HTTP/1.1" 200 13352 "-" "Mozilla/5.0 (compatible; MJ12bot/v1.4.8; http://mj12bot.com/)"
54.38.38.130 - - [16/Aug/2026:20:18:38 +0330] "GET /wp-blog-header.php?fileloc=//lib/.build-id/af/8908d9c1305abd222393d023555c74ed5a43e4&path=//lib/.build-id/af HTTP/1.1" 200 29340 "-" "Mozilla/5.0 (compatible; MJ12bot/v1.4.8; http://mj12bot.com/)"
54.38.38.130 - - [16/Aug/2026:20:18:40 +0330] "GET /wp-blog-header.php?fileloc=//lib/.build-id/af/97d296bad3a085b723a9c98ece09a868248b1a&path=//lib/.build-id/af HTTP/1.1" 200 6694 "-" "Mozilla/5.0 (compatible; MJ12bot/v1.4.8; http://mj12bot.com/)"
54.38.38.130 - - [16/Aug/2026:20:18:42 +0330] "GET /wp-blog-header.php?fileloc=//lib/.build-id/af/ce61e02830b26436068393696f53898cc71aea&path=//lib/.build-id/af HTTP/1.1" 200 7541 "-" "Mozilla/5.0 (compatible; MJ12bot/v1.4.8; http://mj12bot.com/)"
54.38.38.130 - - [16/Aug/2026:20:18:45 +0330] "GET /wp-blog-header.php?fileloc=//lib/.build-id/af/d3c97c753ea1fbb517c80a455d9e89e6e30d3f&path=//lib/.build-id/af HTTP/1.1" 200 8550 "-" "Mozilla/5.0 (compatible; MJ12bot/v1.4.8; http://mj12bot.com/)"
54.38.38.130 - - [16/Aug/2026:20:18:47 +0330] "GET /wp-blog-header.php?fileloc=//lib/.build-id/af/eaa63bd18ef523beba6d77d91ce9b24a1b878d&path=//lib/.build-id/af HTTP/1.1" 200 9354 "-" "Mozilla/5.0 (compatible; MJ12bot/v1.4.8; http://mj12bot.com/)"
54.38.38.130 - - [16/Aug/2026:20:18:49 +0330] "GET /wp-blog-header.php?fileloc=//lib/.build-id/b0/1d5802bcf4e38acbe134dca135058f2b6d5290&path=//lib/.build-id/b0 HTTP/1.1" 200 18771 "-" "Mozilla/5.0 (compatible; MJ12bot/v1.4.8; http://mj12bot.com/)"
54.38.38.130 - - [16/Aug/2026:20:18:51 +0330] "GET /wp-blog-header.php?fileloc=//lib/.build-id/b0/4763925bb944f085e6b70d8b17e6e8fe426ebe&path=//lib/.build-id/b0 HTTP/1.1" 200 13729 "-" "Mozilla/5.0 (compatible; MJ12bot/v1.4.8; http://mj12bot.com/)"
54.38.38.130 - - [16/Aug/2026:20:18:53 +0330] "GET /wp-blog-header.php?fileloc=//lib/.build-id/b0/484d6bdc6beddfaa52fd058051bb70a78a7e2a&path=//lib/.build-id/b0 HTTP/1.1" 200 8521 "-" "Mozilla/5.0 (compatible; MJ12bot/v1.4.8; http://mj12bot.com/)"
54.38.38.130 - - [16/Aug/2026:20:18:55 +0330] "GET /wp-blog-header.php?fileloc=//lib/.build-id/b0/660bef6d16462cf85a3b6c70ac1b660868800e&path=//lib/.build-id/b0 HTTP/1.1" 200 12938 "-" "Mozilla/5.0 (compatible; MJ12bot/v1.4.8; http://mj12bot.com/)"
54.38.38.130 - - [16/Aug/2026:20:18:57 +0330] "GET /wp-blog-header.php?fileloc=//lib/.build-id/b0/8142fb767691df98f55ea1a8f8192ea62e9992&path=//lib/.build-id/b0 HTTP/1.1" 200 164828 "-" "Mozilla/5.0 (compatible; MJ12bot/v1.4.8; http://mj12bot.com/)"
54.38.38.130 - - [16/Aug/2026:20:19:00 +0330] "GET /wp-blog-header.php?fileloc=//lib/.build-id/b0/8142fb767691df98f55ea1a8f8192ea62e9992.1&path=//lib/.build-id/b0 HTTP/1.1" 200 164709 "-" "Mozilla/5.0 (compatible; MJ12bot/v1.4.8; http://mj12bot.com/)"
54.38.38.130 - - [16/Aug/2026:20:19:03 +0330] "GET /wp-blog-header.php?fileloc=//lib/.build-id/b0/95ea96c59cb832de6a72aef9dcceb077b20780&path=//lib/.build-id/b0 HTTP/1.1" 200 13844 "-" "Mozilla/5.0 (compatible; MJ12bot/v1.4.8; http://mj12bot.com/)"
54.38.38.130 - - [16/Aug/2026:20:19:05 +0330] "GET /wp-blog-header.php?fileloc=//lib/.build-id/b0/cd25596de51b9221564fbc906b349a2319ae6a&path=//lib/.build-id/b0 HTTP/1.1" 200 640520 "-" "Mozilla/5.0 (compatible; MJ12bot/v1.4.8; http://mj12bot.com/)"
54.38.38.130 - - [16/Aug/2026:20:19:18 +0330] "GET /wp-blog-header.php?fileloc=//lib/.build-id/b0/e7f697e7b5aee5add1aa2d1fc69540fdcd7689&path=//lib/.build-id/b0 HTTP/1.1" 200 1448626 "-" "Mozilla/5.0 (compatible; MJ12bot/v1.4.8; http://mj12bot.com/)"
216.73.216.111 - - [16/Aug/2026:20:19:48 +0330] "GET /wp-trackback.php?fileloc=%2F%2Fusr%2Fshare%2Fman%2Fman3%2FOSSL_DECODER_CTX_set_passphrase_ui.3ossl.gz&path=%2F%2Fusr%2Fshare%2Fman%2Fman3 HTTP/2" 429 0 "-" "Mozilla/5.0 AppleWebKit/537.36 (KHTML, like Gecko; compatible; ClaudeBot/1.0; +claudebot@anthropic.com)"
54.38.38.130 - - [16/Aug/2026:20:19:48 +0330] "GET /wp-blog-header.php?fileloc=//lib/.build-id/b2/3d18e9c39abe52116a8e357043dc4f456fef4e&path=//lib/.build-id/b2 HTTP/1.1" 200 8594 "-" "Mozilla/5.0 (compatible; MJ12bot/v1.4.8; http://mj12bot.com/)"
54.38.38.130 - - [16/Aug/2026:20:19:49 +0330] "GET /wp-blog-header.php?fileloc=//lib/.build-id/ae/a27d79abd4462553886e5385f56c8f9d61a4fe&path=//lib/.build-id/ae HTTP/1.1" 200 10885 "-" "Mozilla/5.0 (compatible; MJ12bot/v1.4.8; http://mj12bot.com/)"
54.38.38.130 - - [16/Aug/2026:20:19:50 +0330] "GET /wp-blog-header.php?fileloc=//lib/.build-id/b2/479996697c6d3b0ce9cd47529d1e0875301493&path=//lib/.build-id/b2 HTTP/1.1" 200 7587 "-" "Mozilla/5.0 (compatible; MJ12bot/v1.4.8; http://mj12bot.com/)"
54.38.38.130 - - [16/Aug/2026:20:19:52 +0330] "GET /wp-blog-header.php?fileloc=//lib/.build-id/b2/94c8e6d97c5b8c15e22f99d427aa926d49521f&path=//lib/.build-id/b2 HTTP/1.1" 200 19585 "-" "Mozilla/5.0 (compatible; MJ12bot/v1.4.8; http://mj12bot.com/)"
216.73.216.111 - - [16/Aug/2026:20:19:53 +0330] "GET /wp-trackback.php?fileloc=%2F%2Fusr%2Fshare%2Fman%2Fman1%2Fchsh.1.gz&path=%2F%2Fusr%2Fshare%2Fman%2Fman1 HTTP/2" 429 0 "-" "Mozilla/5.0 AppleWebKit/537.36 (KHTML, like Gecko; compatible; ClaudeBot/1.0; +claudebot@anthropic.com)"
54.38.38.130 - - [16/Aug/2026:20:19:52 +0330] "GET /wp-blog-header.php?fileloc=//lib/.build-id/ae/aa396aeb1d1a871725e3464d0b99fce8e53019&path=//lib/.build-id/ae HTTP/1.1" 200 63903 "-" "Mozilla/5.0 (compatible; MJ12bot/v1.4.8; http://mj12bot.com/)"
54.38.38.130 - - [16/Aug/2026:20:19:54 +0330] "GET /wp-blog-header.php?fileloc=//lib/.build-id/b2/ada8f5ed5090be91c04407e1efc2f069d2fe80&path=//lib/.build-id/b2 HTTP/1.1" 200 279826 "-" "Mozilla/5.0 (compatible; MJ12bot/v1.4.8; http://mj12bot.com/)"
54.38.38.130 - - [16/Aug/2026:20:19:55 +0330] "GET /wp-blog-header.php?fileloc=//lib/.build-id/ae/c2b520d019f2a476d02a21abfd79cdadb00dd4&path=//lib/.build-id/ae HTTP/1.1" 200 8029 "-" "Mozilla/5.0 (compatible; MJ12bot/v1.4.8; http://mj12bot.com/)"
216.73.216.111 - - [16/Aug/2026:20:19:58 +0330] "GET /wp-trackback.php?fileloc=%2F%2Fusr%2Fshare%2Fman%2Fman1%2Fjws.1.gz&path=%2F%2Fusr%2Fshare%2Fman%2Fman1 HTTP/2" 429 0 "-" "Mozilla/5.0 AppleWebKit/537.36 (KHTML, like Gecko; compatible; ClaudeBot/1.0; +claudebot@anthropic.com)"
54.38.38.130 - - [16/Aug/2026:20:19:57 +0330] "GET /wp-blog-header.php?fileloc=//lib/.build-id/b2/bac89faa34186b4c4660c12471c3b5&path=//lib/.build-id/b2 HTTP/1.1" 200 15537 "-" "Mozilla/5.0 (compatible; MJ12bot/v1.4.8; http://mj12bot.com/)"
54.38.38.130 - - [16/Aug/2026:20:19:57 +0330] "GET /wp-blog-header.php?fileloc=//lib/.build-id/ae/c9c4cf7cc033fd59068348034db583aa286a79&path=//lib/.build-id/ae HTTP/1.1" 200 1059460 "-" "Mozilla/5.0 (compatible; MJ12bot/v1.4.8; http://mj12bot.com/)"
54.38.38.130 - - [16/Aug/2026:20:19:59 +0330] "GET /wp-blog-header.php?fileloc=//lib/.build-id/b2/bdae9e923e39f7693fc0f7f7d9c103cc3a58f4&path=//lib/.build-id/b2 HTTP/1.1" 200 8676 "-" "Mozilla/5.0 (compatible; MJ12bot/v1.4.8; http://mj12bot.com/)"
54.38.38.130 - - [16/Aug/2026:20:20:01 +0330] "GET /wp-blog-header.php?fileloc=//lib/.build-id/b2/c9551f26cc6c60c4df782b6f72445d466dee0e&path=//lib/.build-id/b2 HTTP/1.1" 200 5779 "-" "Mozilla/5.0 (compatible; MJ12bot/v1.4.8; http://mj12bot.com/)"
216.73.216.111 - - [16/Aug/2026:20:20:03 +0330] "GET /wp-trackback.php?fileloc=%2F%2Fusr%2Fshare%2Fman%2Fman1%2Fzgrep.1.gz&path=%2F%2Fusr%2Fshare%2Fman%2Fman1 HTTP/2" 429 0 "-" "Mozilla/5.0 AppleWebKit/537.36 (KHTML, like Gecko; compatible; ClaudeBot/1.0; +claudebot@anthropic.com)"
54.38.38.130 - - [16/Aug/2026:20:20:03 +0330] "GET /wp-blog-header.php?fileloc=//lib/.build-id/b2/eed3aff9465193541660ba310774e92269d011&path=//lib/.build-id/b2 HTTP/1.1" 200 61612 "-" "Mozilla/5.0 (compatible; MJ12bot/v1.4.8; http://mj12bot.com/)"
54.38.38.130 - - [16/Aug/2026:20:20:05 +0330] "GET /wp-blog-header.php?fileloc=//lib/.build-id/b3/017b58740d2fca204d5a50e2d1cb4d5f219dd1&path=//lib/.build-id/b3 HTTP/1.1" 200 28753 "-" "Mozilla/5.0 (compatible; MJ12bot/v1.4.8; http://mj12bot.com/)"
57.141.20.16 - - [16/Aug/2026:20:20:06 +0330] "GET /post-sitemap.xml?fileloc=//usr/lib64/pkgconfig/mount.pc&path=//usr/lib64/pkgconfig HTTP/2" 404 796 "-" "Mozilla/5.0 (Macintosh; Intel Mac OS X 10_15_7) AppleWebKit/537.36 (KHTML, like Gecko) Chrome/145.0.0.0 Safari/537.36 (compatible; meta-externalagent/1.1 (+https://developers.facebook.com/docs/sharing/webmasters/crawler))"
54.38.38.130 - - [16/Aug/2026:20:20:07 +0330] "GET /wp-blog-header.php?fileloc=//lib/.build-id/b3/049a1ba91b2045b4a60387e38edf89afeacaae&path=//lib/.build-id/b3 HTTP/1.1" 200 33782 "-" "Mozilla/5.0 (compatible; MJ12bot/v1.4.8; http://mj12bot.com/)"
216.73.216.111 - - [16/Aug/2026:20:20:08 +0330] "GET /wp-trackback.php?fileloc=%2F%2Fusr%2Fshare%2Fman%2Fman3%2FEVP_RAND_CTX_gettable_params.3ossl.gz&path=%2F%2Fusr%2Fshare%2Fman%2Fman3 HTTP/2" 200 9455 "-" "Mozilla/5.0 AppleWebKit/537.36 (KHTML, like Gecko; compatible; ClaudeBot/1.0; +claudebot@anthropic.com)"
54.38.38.130 - - [16/Aug/2026:20:20:09 +0330] "GET /wp-blog-header.php?fileloc=//lib/.build-id/b3/34a7723e9571e601f244af291379e86acb146f&path=//lib/.build-id/b3 HTTP/1.1" 200 8625 "-" "Mozilla/5.0 (compatible; MJ12bot/v1.4.8; http://mj12bot.com/)"
54.38.38.130 - - [16/Aug/2026:20:20:12 +0330] "GET /wp-blog-header.php?fileloc=//lib/.build-id/b3/663e769f94045fbc2697b6ebde84503c5c37d0&path=//lib/.build-id/b3 HTTP/1.1" 200 8899 "-" "Mozilla/5.0 (compatible; MJ12bot/v1.4.8; http://mj12bot.com/)"
216.73.216.111 - - [16/Aug/2026:20:20:13 +0330] "GET /wp-trackback.php?fileloc=%2F%2Fusr%2Fshare%2Fman%2Fman1%2Fpkcheck.1.gz&path=%2F%2Fusr%2Fshare%2Fman%2Fman1 HTTP/2" 429 0 "-" "Mozilla/5.0 AppleWebKit/537.36 (KHTML, like Gecko; compatible; ClaudeBot/1.0; +claudebot@anthropic.com)"
54.38.38.130 - - [16/Aug/2026:20:20:14 +0330] "GET /wp-blog-header.php?fileloc=//lib/.build-id/b3/9d079bcae38dd3dab92e0790f25981dcda6370&path=//lib/.build-id/b3 HTTP/1.1" 200 10194 "-" "Mozilla/5.0 (compatible; MJ12bot/v1.4.8; http://mj12bot.com/)"
54.38.38.130 - - [16/Aug/2026:20:20:15 +0330] "GET /wp-blog-header.php?fileloc=//lib/.build-id/b3/a7e82454de95f749aff603936d92e70f6e2b2c&path=//lib/.build-id/b3 HTTP/1.1" 200 610999 "-" "Mozilla/5.0 (compatible; MJ12bot/v1.4.8; http://mj12bot.com/)"
216.73.216.111 - - [16/Aug/2026:20:20:18 +0330] "GET /wp-trackback.php?fileloc=%2F%2Fusr%2Fshare%2Fman%2Fman3%2FOPENSSL_LH_doall_arg_thunk.3ossl.gz&path=%2F%2Fusr%2Fshare%2Fman%2Fman3 HTTP/2" 429 0 "-" "Mozilla/5.0 AppleWebKit/537.36 (KHTML, like Gecko; compatible; ClaudeBot/1.0; +claudebot@anthropic.com)"
54.38.38.130 - - [16/Aug/2026:20:20:18 +0330] "GET /wp-blog-header.php?fileloc=//lib/.build-id/b3/b41b65340c754191f0015e0b35936df3321c20&path=//lib/.build-id/b3 HTTP/1.1" 200 6369 "-" "Mozilla/5.0 (compatible; MJ12bot/v1.4.8; http://mj12bot.com/)"
54.38.38.130 - - [16/Aug/2026:20:20:21 +0330] "GET /wp-blog-header.php?fileloc=//lib/.build-id/b3/b75b9648b2d6c2624037537a5256f8829b1b4f&path=//lib/.build-id/b3 HTTP/1.1" 200 8264 "-" "Mozilla/5.0 (compatible; MJ12bot/v1.4.8; http://mj12bot.com/)"
216.73.216.111 - - [16/Aug/2026:20:20:23 +0330] "GET /wp-trackback.php?fileloc=%2F%2Fusr%2Fshare%2Fman%2Fman1%2Fjosepy.1.gz&path=%2F%2Fusr%2Fshare%2Fman%2Fman1 HTTP/2" 429 0 "-" "Mozilla/5.0 AppleWebKit/537.36 (KHTML, like Gecko; compatible; ClaudeBot/1.0; +claudebot@anthropic.com)"
54.38.38.130 - - [16/Aug/2026:20:20:23 +0330] "GET /wp-blog-header.php?fileloc=//lib/.build-id/b3/c9808bc2fb083e1c2fa6c59f33c89c6dd702b1&path=//lib/.build-id/b3 HTTP/1.1" 200 299889 "-" "Mozilla/5.0 (compatible; MJ12bot/v1.4.8; http://mj12bot.com/)"
54.38.38.130 - - [16/Aug/2026:20:20:02 +0330] "GET /wp-blog-header.php?fileloc=//lib/.build-id/af/2207c4c8f4ae4aec4a3cb603e87dc7d3b49c05&path=//lib/.build-id/af HTTP/1.1" 200 9907 "-" "Mozilla/5.0 (compatible; MJ12bot/v1.4.8; http://mj12bot.com/)"
54.38.38.130 - - [16/Aug/2026:20:20:04 +0330] "GET /wp-blog-header.php?fileloc=//lib/.build-id/af/4c0b773f6ec07b6bca7aaccf235e4251c25946&path=//lib/.build-id/af HTTP/1.1" 200 50142 "-" "Mozilla/5.0 (compatible; MJ12bot/v1.4.8; http://mj12bot.com/)"
54.38.38.130 - - [16/Aug/2026:20:20:07 +0330] "GET /wp-blog-header.php?fileloc=//lib/.build-id/af/50705f1211f426bfb2e2ac533583db00d8bc47&path=//lib/.build-id/af HTTP/1.1" 200 39029 "-" "Mozilla/5.0 (compatible; MJ12bot/v1.4.8; http://mj12bot.com/)"
54.38.38.130 - - [16/Aug/2026:20:20:09 +0330] "GET /wp-blog-header.php?fileloc=//lib/.build-id/af/640cef66f3db4a1741944e8e87c70baf139183&path=//lib/.build-id/af HTTP/1.1" 200 18748 "-" "Mozilla/5.0 (compatible; MJ12bot/v1.4.8; http://mj12bot.com/)"
66.249.79.136 - - [16/Aug/2026:20:20:11 +0330] "GET /wp-load.php?fileloc=//bin/fc-match&path=//bin HTTP/1.1" 200 7236 "-" "Mozilla/5.0 (Linux; Android 6.0.1; Nexus 5X Build/MMB29P) AppleWebKit/537.36 (KHTML, like Gecko) Chrome/150.0.7871.186 Mobile Safari/537.36 (compatible; GoogleOther)"
54.38.38.130 - - [16/Aug/2026:20:20:12 +0330] "GET /wp-blog-header.php?fileloc=//lib/.build-id/af/7e5f802282302ee16d19f664d82f5ce692c591&path=//lib/.build-id/af HTTP/1.1" 200 13424 "-" "Mozilla/5.0 (compatible; MJ12bot/v1.4.8; http://mj12bot.com/)"
54.38.38.130 - - [16/Aug/2026:20:20:14 +0330] "GET /wp-blog-header.php?fileloc=//lib/.build-id/af/8908d9c1305abd222393d023555c74ed5a43e4&path=//lib/.build-id/af HTTP/1.1" 200 29340 "-" "Mozilla/5.0 (compatible; MJ12bot/v1.4.8; http://mj12bot.com/)"
54.38.38.130 - - [16/Aug/2026:20:20:16 +0330] "GET /wp-blog-header.php?fileloc=//lib/.build-id/af/97d296bad3a085b723a9c98ece09a868248b1a&path=//lib/.build-id/af HTTP/1.1" 200 6719 "-" "Mozilla/5.0 (compatible; MJ12bot/v1.4.8; http://mj12bot.com/)"
54.38.38.130 - - [16/Aug/2026:20:20:18 +0330] "GET /wp-blog-header.php?fileloc=//lib/.build-id/af/ce61e02830b26436068393696f53898cc71aea&path=//lib/.build-id/af HTTP/1.1" 200 7541 "-" "Mozilla/5.0 (compatible; MJ12bot/v1.4.8; http://mj12bot.com/)"
54.38.38.130 - - [16/Aug/2026:20:20:21 +0330] "GET /wp-blog-header.php?fileloc=//lib/.build-id/af/d3c97c753ea1fbb517c80a455d9e89e6e30d3f&path=//lib/.build-id/af HTTP/1.1" 200 8564 "-" "Mozilla/5.0 (compatible; MJ12bot/v1.4.8; http://mj12bot.com/)"
54.38.38.130 - - [16/Aug/2026:20:20:23 +0330] "GET /wp-blog-header.php?fileloc=//lib/.build-id/af/eaa63bd18ef523beba6d77d91ce9b24a1b878d&path=//lib/.build-id/af HTTP/1.1" 200 9343 "-" "Mozilla/5.0 (compatible; MJ12bot/v1.4.8; http://mj12bot.com/)"
54.38.38.130 - - [16/Aug/2026:20:20:25 +0330] "GET /wp-blog-header.php?fileloc=//lib/.build-id/b0/1d5802bcf4e38acbe134dca135058f2b6d5290&path=//lib/.build-id/b0 HTTP/1.1" 200 18763 "-" "Mozilla/5.0 (compatible; MJ12bot/v1.4.8; http://mj12bot.com/)"
54.38.38.130 - - [16/Aug/2026:20:20:28 +0330] "GET /wp-blog-header.php?fileloc=//lib/.build-id/b0/4763925bb944f085e6b70d8b17e6e8fe426ebe&path=//lib/.build-id/b0 HTTP/1.1" 200 13763 "-" "Mozilla/5.0 (compatible; MJ12bot/v1.4.8; http://mj12bot.com/)"
54.38.38.130 - - [16/Aug/2026:20:20:30 +0330] "GET /wp-blog-header.php?fileloc=//lib/.build-id/b0/484d6bdc6beddfaa52fd058051bb70a78a7e2a&path=//lib/.build-id/b0 HTTP/1.1" 200 8471 "-" "Mozilla/5.0 (compatible; MJ12bot/v1.4.8; http://mj12bot.com/)"
54.38.38.130 - - [16/Aug/2026:20:20:33 +0330] "GET /wp-blog-header.php?fileloc=//lib/.build-id/b0/660bef6d16462cf85a3b6c70ac1b660868800e&path=//lib/.build-id/b0 HTTP/1.1" 200 12967 "-" "Mozilla/5.0 (compatible; MJ12bot/v1.4.8; http://mj12bot.com/)"
54.38.38.130 - - [16/Aug/2026:20:20:35 +0330] "GET /wp-blog-header.php?fileloc=//lib/.build-id/b0/8142fb767691df98f55ea1a8f8192ea62e9992&path=//lib/.build-id/b0 HTTP/1.1" 200 164793 "-" "Mozilla/5.0 (compatible; MJ12bot/v1.4.8; http://mj12bot.com/)"
54.38.38.130 - - [16/Aug/2026:20:20:25 +0330] "GET /wp-blog-header.php?fileloc=//lib/.build-id/b3/cdb18cb59b48c0f15c6d67a2f5b558559ae8c2&path=//lib/.build-id/b3 HTTP/1.1" 200 18465 "-" "Mozilla/5.0 (compatible; MJ12bot/v1.4.8; http://mj12bot.com/)"
216.73.216.111 - - [16/Aug/2026:20:20:28 +0330] "GET /wp-trackback.php?fileloc=%2F%2Fusr%2Fshare%2Fman%2Fman1%2Ftruncate.1.gz&path=%2F%2Fusr%2Fshare%2Fman%2Fman1 HTTP/2" 429 0 "-" "Mozilla/5.0 AppleWebKit/537.36 (KHTML, like Gecko; compatible; ClaudeBot/1.0; +claudebot@anthropic.com)"
54.38.38.130 - - [16/Aug/2026:20:20:28 +0330] "GET /wp-blog-header.php?fileloc=//lib/.build-id/b3/d5b11630f588c21ef844ad31b8311e77b6d553&path=//lib/.build-id/b3 HTTP/1.1" 200 44439 "-" "Mozilla/5.0 (compatible; MJ12bot/v1.4.8; http://mj12bot.com/)"
54.38.38.130 - - [16/Aug/2026:20:20:30 +0330] "GET /wp-blog-header.php?fileloc=//lib/.build-id/b3/e21cce83115e7eb5d584e597641d9e03165d74&path=//lib/.build-id/b3 HTTP/1.1" 200 10808 "-" "Mozilla/5.0 (compatible; MJ12bot/v1.4.8; http://mj12bot.com/)"
54.38.38.130 - - [16/Aug/2026:20:20:32 +0330] "GET /wp-blog-header.php?fileloc=//lib/.build-id/b4/574038d18d9c0a689dd09a77222349484a1f95&path=//lib/.build-id/b4 HTTP/1.1" 200 58365 "-" "Mozilla/5.0 (compatible; MJ12bot/v1.4.8; http://mj12bot.com/)"
216.73.216.111 - - [16/Aug/2026:20:20:33 +0330] "GET /wp-trackback.php?fileloc=%2F%2Fusr%2Fshare%2Fman%2Fman1%2Fssltap.1.gz&path=%2F%2Fusr%2Fshare%2Fman%2Fman1 HTTP/2" 429 0 "-" "Mozilla/5.0 AppleWebKit/537.36 (KHTML, like Gecko; compatible; ClaudeBot/1.0; +claudebot@anthropic.com)"
54.38.38.130 - - [16/Aug/2026:20:20:34 +0330] "GET /wp-blog-header.php?fileloc=//lib/.build-id/b4/a085516bf003817160f76c41b7887817d5c8a9&path=//lib/.build-id/b4 HTTP/1.1" 200 30373 "-" "Mozilla/5.0 (compatible; MJ12bot/v1.4.8; http://mj12bot.com/)"
54.38.38.130 - - [16/Aug/2026:20:20:36 +0330] "GET /wp-blog-header.php?fileloc=//lib/.build-id/b4/b421e05a0951c39d239e00f166b044db6b33a9&path=//lib/.build-id/b4 HTTP/1.1" 200 43832 "-" "Mozilla/5.0 (compatible; MJ12bot/v1.4.8; http://mj12bot.com/)"
216.73.216.111 - - [16/Aug/2026:20:20:38 +0330] "GET /wp-trackback.php?fileloc=%2F%2Fusr%2Fshare%2Fman%2Fman1%2Fwsrep_sst_rsync_wan.1.gz&path=%2F%2Fusr%2Fshare%2Fman%2Fman1 HTTP/2" 429 0 "-" "Mozilla/5.0 AppleWebKit/537.36 (KHTML, like Gecko; compatible; ClaudeBot/1.0; +claudebot@anthropic.com)"
54.38.38.130 - - [16/Aug/2026:20:20:39 +0330] "GET /wp-blog-header.php?fileloc=//lib/.build-id/b4/caa066f76c1c68f09c439e55d20a3c9898d3d4&path=//lib/.build-id/b4 HTTP/1.1" 200 119701 "-" "Mozilla/5.0 (compatible; MJ12bot/v1.4.8; http://mj12bot.com/)"
54.38.38.130 - - [16/Aug/2026:20:20:41 +0330] "GET /wp-blog-header.php?fileloc=//lib/.build-id/b4/d51a258dcf5153e512fb0c22ba1c9e3340cea0&path=//lib/.build-id/b4 HTTP/1.1" 200 8225 "-" "Mozilla/5.0 (compatible; MJ12bot/v1.4.8; http://mj12bot.com/)"
216.73.216.111 - - [16/Aug/2026:20:20:43 +0330] "GET /wp-trackback.php?fileloc=%2F%2Fusr%2Fshare%2Fman%2Fman1%2Fps2pdf12.1.gz&path=%2F%2Fusr%2Fshare%2Fman%2Fman1 HTTP/2" 429 0 "-" "Mozilla/5.0 AppleWebKit/537.36 (KHTML, like Gecko; compatible; ClaudeBot/1.0; +claudebot@anthropic.com)"
54.38.38.130 - - [16/Aug/2026:20:20:43 +0330] "GET /wp-blog-header.php?fileloc=//lib/.build-id/b4/e28a6e03cc7cf9a2eec438e5e35225538241ed&path=//lib/.build-id/b4 HTTP/1.1" 200 8309 "-" "Mozilla/5.0 (compatible; MJ12bot/v1.4.8; http://mj12bot.com/)"
54.38.38.130 - - [16/Aug/2026:20:20:45 +0330] "GET /wp-blog-header.php?fileloc=//lib/.build-id/b5/01a4f6bd420cbce079e420c5c92c978b58be83&path=//lib/.build-id/b5 HTTP/1.1" 200 143852 "-" "Mozilla/5.0 (compatible; MJ12bot/v1.4.8; http://mj12bot.com/)"
216.73.216.111 - - [16/Aug/2026:20:20:48 +0330] "GET /wp-signup.php?fileloc=%2Fhome%2Farmgroup%2Fpublic_html%2Fwp-includes%2Fblocks%2Fpage-list-item.php&path=%2Fhome%2Farmgroup%2Fpublic_html%2Fwp-includes%2Fblocks HTTP/2" 429 0 "-" "Mozilla/5.0 AppleWebKit/537.36 (KHTML, like Gecko; compatible; ClaudeBot/1.0; +claudebot@anthropic.com)"
54.38.38.130 - - [16/Aug/2026:20:20:47 +0330] "GET /wp-blog-header.php?fileloc=//lib/.build-id/b5/1321b24155e6b65c5dbf29ab228bed5e5c3c9c&path=//lib/.build-id/b5 HTTP/1.1" 200 6143 "-" "Mozilla/5.0 (compatible; MJ12bot/v1.4.8; http://mj12bot.com/)"
54.38.38.130 - - [16/Aug/2026:20:20:50 +0330] "GET /wp-blog-header.php?fileloc=//lib/.build-id/b1/21f1eb625489832aa4c3b5da6cc04b89f77e73&path=//lib/.build-id/b1 HTTP/1.1" 200 10256 "-" "Mozilla/5.0 (compatible; MJ12bot/v1.4.8; http://mj12bot.com/)"
54.38.38.130 - - [16/Aug/2026:20:20:49 +0330] "GET /wp-blog-header.php?fileloc=//lib/.build-id/b5/1da0bc3aadb319663c41d106c439887831564d&path=//lib/.build-id/b5 HTTP/1.1" 200 15848 "-" "Mozilla/5.0 (compatible; MJ12bot/v1.4.8; http://mj12bot.com/)"
54.38.38.130 - - [16/Aug/2026:20:20:51 +0330] "GET /wp-blog-header.php?fileloc=//lib/.build-id/b1/2ae5ae1d2fccdc2ae7eb1e9b519782d74cc55e&path=//lib/.build-id/b1 HTTP/1.1" 200 11843 "-" "Mozilla/5.0 (compatible; MJ12bot/v1.4.8; http://mj12bot.com/)"
54.38.38.130 - - [16/Aug/2026:20:20:51 +0330] "GET /wp-blog-header.php?fileloc=//lib/.build-id/b5/3c9c0e34e4b4c1d1d94ab7eb5af2c8c9a40204&path=//lib/.build-id/b5 HTTP/1.1" 200 7565 "-" "Mozilla/5.0 (compatible; MJ12bot/v1.4.8; http://mj12bot.com/)"
216.73.216.111 - - [16/Aug/2026:20:20:53 +0330] "GET /wp-trackback.php?fileloc=%2F%2Fusr%2Fshare%2Fman%2Fman1%2Fbuiltins.1.gz&path=%2F%2Fusr%2Fshare%2Fman%2Fman1 HTTP/2" 200 3275 "-" "Mozilla/5.0 AppleWebKit/537.36 (KHTML, like Gecko; compatible; ClaudeBot/1.0; +claudebot@anthropic.com)"
54.38.38.130 - - [16/Aug/2026:20:20:54 +0330] "GET /wp-blog-header.php?fileloc=//lib/.build-id/b5/5a6475d655caca5165a911bfb3c18681cbd1d6&path=//lib/.build-id/b5 HTTP/1.1" 200 6537 "-" "Mozilla/5.0 (compatible; MJ12bot/v1.4.8; http://mj12bot.com/)"
54.38.38.130 - - [16/Aug/2026:20:20:54 +0330] "GET /wp-blog-header.php?fileloc=//lib/.build-id/b1/3497857000c55ece543810828c7cfcd86190d7&path=//lib/.build-id/b1 HTTP/1.1" 200 22106 "-" "Mozilla/5.0 (compatible; MJ12bot/v1.4.8; http://mj12bot.com/)"
54.38.38.130 - - [16/Aug/2026:20:20:55 +0330] "GET /wp-blog-header.php?fileloc=//lib/.build-id/b5/686822af590574d254734eb6c18d45b8dd4ca4&path=//lib/.build-id/b5 HTTP/1.1" 200 35994 "-" "Mozilla/5.0 (compatible; MJ12bot/v1.4.8; http://mj12bot.com/)"
54.38.38.130 - - [16/Aug/2026:20:20:56 +0330] "GET /wp-blog-header.php?fileloc=//lib/.build-id/b1/56b99c31dc0488b676fac54ed6f8fe9e360dc9&path=//lib/.build-id/b1 HTTP/1.1" 200 6417 "-" "Mozilla/5.0 (compatible; MJ12bot/v1.4.8; http://mj12bot.com/)"
216.73.216.111 - - [16/Aug/2026:20:20:58 +0330] "GET /wp-trackback.php?fileloc=%2F%2Fusr%2Fshare%2Fman%2Fman1%2Fsha256sum.1.gz&path=%2F%2Fusr%2Fshare%2Fman%2Fman1 HTTP/2" 429 0 "-" "Mozilla/5.0 AppleWebKit/537.36 (KHTML, like Gecko; compatible; ClaudeBot/1.0; +claudebot@anthropic.com)"
54.38.38.130 - - [16/Aug/2026:20:20:57 +0330] "GET /wp-blog-header.php?fileloc=//lib/.build-id/b5/8fdd4add49e8396afbdf80143a60ed01b3504b&path=//lib/.build-id/b5 HTTP/1.1" 200 5951 "-" "Mozilla/5.0 (compatible; MJ12bot/v1.4.8; http://mj12bot.com/)"
54.38.38.130 - - [16/Aug/2026:20:20:58 +0330] "GET /wp-blog-header.php?fileloc=//lib/.build-id/b1/aecb5a8a96cda82e6ff51b2089b3c4d1aafa05&path=//lib/.build-id/b1 HTTP/1.1" 200 9492 "-" "Mozilla/5.0 (compatible; MJ12bot/v1.4.8; http://mj12bot.com/)"
54.38.38.130 - - [16/Aug/2026:20:20:59 +0330] "GET /wp-blog-header.php?fileloc=//lib/.build-id/b5/9299a32a6b7487a91bc7c2d5a61cd94ae2efe3&path=//lib/.build-id/b5 HTTP/1.1" 200 8663 "-" "Mozilla/5.0 (compatible; MJ12bot/v1.4.8; http://mj12bot.com/)"
54.38.38.130 - - [16/Aug/2026:20:21:00 +0330] "GET /wp-blog-header.php?fileloc=//lib/.build-id/b1/b17e7361894e906ac17d1eec9f4836c4371aa4&path=//lib/.build-id/b1 HTTP/1.1" 200 15608 "-" "Mozilla/5.0 (compatible; MJ12bot/v1.4.8; http://mj12bot.com/)"
54.38.38.130 - - [16/Aug/2026:20:21:01 +0330] "GET /wp-blog-header.php?fileloc=//lib/.build-id/b5/942b057630d0e5fb5f12675995de047b2c796a&path=//lib/.build-id/b5 HTTP/1.1" 200 6832 "-" "Mozilla/5.0 (compatible; MJ12bot/v1.4.8; http://mj12bot.com/)"
54.38.38.130 - - [16/Aug/2026:20:21:02 +0330] "GET /wp-blog-header.php?fileloc=//lib/.build-id/b1/b3ac933f2f0f1f6048764645d46558d4fce1b9&path=//lib/.build-id/b1 HTTP/1.1" 200 11088 "-" "Mozilla/5.0 (compatible; MJ12bot/v1.4.8; http://mj12bot.com/)"
54.38.38.130 - - [16/Aug/2026:20:21:03 +0330] "GET /wp-blog-header.php?fileloc=//lib/.build-id/b5/c494a87cf83119a893c0109b10392b8f0c3cb1&path=//lib/.build-id/b5 HTTP/1.1" 200 15395 "-" "Mozilla/5.0 (compatible; MJ12bot/v1.4.8; http://mj12bot.com/)"
216.73.216.111 - - [16/Aug/2026:20:21:04 +0330] "GET /wp-trackback.php?path=%2F%2Fusr%2Fshare%2Fenchant HTTP/2" 429 0 "-" "Mozilla/5.0 AppleWebKit/537.36 (KHTML, like Gecko; compatible; ClaudeBot/1.0; +claudebot@anthropic.com)"
54.38.38.130 - - [16/Aug/2026:20:21:05 +0330] "GET /wp-blog-header.php?fileloc=//lib/.build-id/b1/c058dc6e73a149e17c357b64456029297eac68&path=//lib/.build-id/b1 HTTP/1.1" 200 12338 "-" "Mozilla/5.0 (compatible; MJ12bot/v1.4.8; http://mj12bot.com/)"
54.38.38.130 - - [16/Aug/2026:20:21:05 +0330] "GET /wp-blog-header.php?fileloc=//lib/.build-id/b8/695c1fc633782fecd7b2f8711ef2b4aca7cb5d&path=//lib/.build-id/b8 HTTP/1.1" 200 64201 "-" "Mozilla/5.0 (compatible; MJ12bot/v1.4.8; http://mj12bot.com/)"
54.38.38.130 - - [16/Aug/2026:20:21:06 +0330] "GET /wp-blog-header.php?fileloc=//lib/.build-id/b1/c33cde8b60d9529d9dd47e6f229cb785f0bcf5&path=//lib/.build-id/b1 HTTP/1.1" 200 12375 "-" "Mozilla/5.0 (compatible; MJ12bot/v1.4.8; http://mj12bot.com/)"
54.38.38.130 - - [16/Aug/2026:20:21:08 +0330] "GET /wp-blog-header.php?fileloc=//lib/.build-id/b8/70a1bd28dd394d679953a521193d5a2b7ac9ed&path=//lib/.build-id/b8 HTTP/1.1" 200 249381 "-" "Mozilla/5.0 (compatible; MJ12bot/v1.4.8; http://mj12bot.com/)"
216.73.216.111 - - [16/Aug/2026:20:21:09 +0330] "GET /wp-signup.php?path=%2F%2Fhome%2Farmgroup%2Fphp HTTP/2" 429 0 "-" "Mozilla/5.0 AppleWebKit/537.36 (KHTML, like Gecko; compatible; ClaudeBot/1.0; +claudebot@anthropic.com)"
54.38.38.130 - - [16/Aug/2026:20:21:08 +0330] "GET /wp-blog-header.php?fileloc=//lib/.build-id/b1/d0632c5e31d2c20420ccb6e57e788fae7a078c&path=//lib/.build-id/b1 HTTP/1.1" 200 56999 "-" "Mozilla/5.0 (compatible; MJ12bot/v1.4.8; http://mj12bot.com/)"
54.38.38.130 - - [16/Aug/2026:20:21:11 +0330] "GET /wp-blog-header.php?fileloc=//lib/.build-id/b1/d49aae2c495b1de59baea7d23a51aad7b78428&path=//lib/.build-id/b1 HTTP/1.1" 200 6188 "-" "Mozilla/5.0 (compatible; MJ12bot/v1.4.8; http://mj12bot.com/)"
54.38.38.130 - - [16/Aug/2026:20:21:11 +0330] "GET /wp-blog-header.php?fileloc=//lib/.build-id/b8/7233c1f4206a375b743944734e2c3acb4c19db&path=//lib/.build-id/b8 HTTP/1.1" 200 4754 "-" "Mozilla/5.0 (compatible; MJ12bot/v1.4.8; http://mj12bot.com/)"
54.38.38.130 - - [16/Aug/2026:20:21:13 +0330] "GET /wp-blog-header.php?fileloc=//lib/.build-id/b2/018d42670d257372e6d38006c9d84ff11e2fae&path=//lib/.build-id/b2 HTTP/1.1" 200 8685 "-" "Mozilla/5.0 (compatible; MJ12bot/v1.4.8; http://mj12bot.com/)"
54.38.38.130 - - [16/Aug/2026:20:21:13 +0330] "GET /wp-blog-header.php?fileloc=//lib/.build-id/b8/72bd15c665cc6f22689d603e316167cef1558a&path=//lib/.build-id/b8 HTTP/1.1" 200 25345 "-" "Mozilla/5.0 (compatible; MJ12bot/v1.4.8; http://mj12bot.com/)"
216.73.216.111 - - [16/Aug/2026:20:21:14 +0330] "GET /wp-trackback.php?path=%2F%2Fusr%2Fshare%2Fl.v.e-manager HTTP/2" 429 0 "-" "Mozilla/5.0 AppleWebKit/537.36 (KHTML, like Gecko; compatible; ClaudeBot/1.0; +claudebot@anthropic.com)"
54.38.38.130 - - [16/Aug/2026:20:21:15 +0330] "GET /wp-blog-header.php?fileloc=//lib/.build-id/b2/3d18e9c39abe52116a8e357043dc4f456fef4e&path=//lib/.build-id/b2 HTTP/1.1" 200 8561 "-" "Mozilla/5.0 (compatible; MJ12bot/v1.4.8; http://mj12bot.com/)"
54.38.38.130 - - [16/Aug/2026:20:21:15 +0330] "GET /wp-blog-header.php?fileloc=//lib/.build-id/b8/7c0a4f580e249017d77f60e7cfded447bc889b&path=//lib/.build-id/b8 HTTP/1.1" 200 9627 "-" "Mozilla/5.0 (compatible; MJ12bot/v1.4.8; http://mj12bot.com/)"
54.38.38.130 - - [16/Aug/2026:20:21:17 +0330] "GET /wp-blog-header.php?fileloc=//lib/.build-id/b8/d3132ec3b926d86d846319c7c61758bb608c90&path=//lib/.build-id/b8 HTTP/1.1" 200 11823 "-" "Mozilla/5.0 (compatible; MJ12bot/v1.4.8; http://mj12bot.com/)"
54.38.38.130 - - [16/Aug/2026:20:21:17 +0330] "GET /wp-blog-header.php?fileloc=//lib/.build-id/b2/479996697c6d3b0ce9cd47529d1e0875301493&path=//lib/.build-id/b2 HTTP/1.1" 200 7607 "-" "Mozilla/5.0 (compatible; MJ12bot/v1.4.8; http://mj12bot.com/)"
216.73.216.111 - - [16/Aug/2026:20:21:19 +0330] "GET /wp-trackback.php?path=%2F%2Fusr%2Flib64%2Ftracker-3.0 HTTP/2" 429 0 "-" "Mozilla/5.0 AppleWebKit/537.36 (KHTML, like Gecko; compatible; ClaudeBot/1.0; +claudebot@anthropic.com)"
54.38.38.130 - - [16/Aug/2026:20:21:19 +0330] "GET /wp-blog-header.php?fileloc=//lib/.build-id/b2/94c8e6d97c5b8c15e22f99d427aa926d49521f&path=//lib/.build-id/b2 HTTP/1.1" 200 19614 "-" "Mozilla/5.0 (compatible; MJ12bot/v1.4.8; http://mj12bot.com/)"
54.38.38.130 - - [16/Aug/2026:20:21:19 +0330] "GET /wp-blog-header.php?fileloc=//lib/.build-id/b9/15a54746477f837e21588fe5475b5cecb5e828&path=//lib/.build-id/b9 HTTP/1.1" 200 14571 "-" "Mozilla/5.0 (compatible; MJ12bot/v1.4.8; http://mj12bot.com/)"
54.38.38.130 - - [16/Aug/2026:20:21:21 +0330] "GET /wp-blog-header.php?fileloc=//lib/.build-id/b2/ada8f5ed5090be91c04407e1efc2f069d2fe80&path=//lib/.build-id/b2 HTTP/1.1" 200 279813 "-" "Mozilla/5.0 (compatible; MJ12bot/v1.4.8; http://mj12bot.com/)"
54.38.38.130 - - [16/Aug/2026:20:21:21 +0330] "GET /wp-blog-header.php?fileloc=//lib/.build-id/b9/1e0caa92dc4ed39290e1b2f497b0350237cf17&path=//lib/.build-id/b9 HTTP/1.1" 200 54278 "-" "Mozilla/5.0 (compatible; MJ12bot/v1.4.8; http://mj12bot.com/)"
54.38.38.130 - - [16/Aug/2026:20:21:23 +0330] "GET /wp-blog-header.php?fileloc=//lib/.build-id/b2/bac89faa34186b4c4660c12471c3b5&path=//lib/.build-id/b2 HTTP/1.1" 200 15577 "-" "Mozilla/5.0 (compatible; MJ12bot/v1.4.8; http://mj12bot.com/)"
216.73.216.111 - - [16/Aug/2026:20:21:24 +0330] "GET /wp-trackback.php?path=%2F%2Fusr%2Fshare%2Fgnupg HTTP/2" 429 0 "-" "Mozilla/5.0 AppleWebKit/537.36 (KHTML, like Gecko; compatible; ClaudeBot/1.0; +claudebot@anthropic.com)"
54.38.38.130 - - [16/Aug/2026:20:21:24 +0330] "GET /wp-blog-header.php?fileloc=//lib/.build-id/b9/4064af3fb970e08aafdd7d00f1392dbe91f894&path=//lib/.build-id/b9 HTTP/1.1" 200 18821 "-" "Mozilla/5.0 (compatible; MJ12bot/v1.4.8; http://mj12bot.com/)"
54.38.38.130 - - [16/Aug/2026:20:21:25 +0330] "GET /wp-blog-header.php?fileloc=//lib/.build-id/b2/bdae9e923e39f7693fc0f7f7d9c103cc3a58f4&path=//lib/.build-id/b2 HTTP/1.1" 200 8676 "-" "Mozilla/5.0 (compatible; MJ12bot/v1.4.8; http://mj12bot.com/)"
54.38.38.130 - - [16/Aug/2026:20:21:26 +0330] "GET /wp-blog-header.php?fileloc=//lib/.build-id/b9/4a10c372bb0d677cab9cf8e73ad5211d3c5e9c&path=//lib/.build-id/b9 HTTP/1.1" 200 5458 "-" "Mozilla/5.0 (compatible; MJ12bot/v1.4.8; http://mj12bot.com/)"
54.38.38.130 - - [16/Aug/2026:20:21:27 +0330] "GET /wp-blog-header.php?fileloc=//lib/.build-id/b2/c9551f26cc6c60c4df782b6f72445d466dee0e&path=//lib/.build-id/b2 HTTP/1.1" 200 5774 "-" "Mozilla/5.0 (compatible; MJ12bot/v1.4.8; http://mj12bot.com/)"
54.38.38.130 - - [16/Aug/2026:20:21:28 +0330] "GET /wp-blog-header.php?fileloc=//lib/.build-id/b9/56baeaf8bedbe13e31f37439db867cd032a1d3&path=//lib/.build-id/b9 HTTP/1.1" 200 10111 "-" "Mozilla/5.0 (compatible; MJ12bot/v1.4.8; http://mj12bot.com/)"
216.73.216.111 - - [16/Aug/2026:20:21:28 +0330] "GET /wp-trackback.php?path=%2F%2Fusr%2Flib64%2Fkrb5%2Fplugins HTTP/2" 429 0 "-" "Mozilla/5.0 AppleWebKit/537.36 (KHTML, like Gecko; compatible; ClaudeBot/1.0; +claudebot@anthropic.com)"
54.38.38.130 - - [16/Aug/2026:20:21:29 +0330] "GET /wp-blog-header.php?fileloc=//lib/.build-id/b2/eed3aff9465193541660ba310774e92269d011&path=//lib/.build-id/b2 HTTP/1.1" 200 61612 "-" "Mozilla/5.0 (compatible; MJ12bot/v1.4.8; http://mj12bot.com/)"
54.38.38.130 - - [16/Aug/2026:20:21:30 +0330] "GET /wp-blog-header.php?fileloc=//lib/.build-id/b9/8f39de9bbbbce64a4395154ac3eb38f111d33e&path=//lib/.build-id/b9 HTTP/1.1" 200 5588 "-" "Mozilla/5.0 (compatible; MJ12bot/v1.4.8; http://mj12bot.com/)"
54.38.38.130 - - [16/Aug/2026:20:21:31 +0330] "GET /wp-blog-header.php?fileloc=//lib/.build-id/b3/017b58740d2fca204d5a50e2d1cb4d5f219dd1&path=//lib/.build-id/b3 HTTP/1.1" 200 28691 "-" "Mozilla/5.0 (compatible; MJ12bot/v1.4.8; http://mj12bot.com/)"
216.73.216.111 - - [16/Aug/2026:20:21:32 +0330] "GET /wp-signup.php?path=%2F%2Fhome%2Farmgroup%2Fmail%2F.Sent HTTP/2" 429 0 "-" "Mozilla/5.0 AppleWebKit/537.36 (KHTML, like Gecko; compatible; ClaudeBot/1.0; +claudebot@anthropic.com)"
54.38.38.130 - - [16/Aug/2026:20:21:32 +0330] "GET /wp-blog-header.php?fileloc=//lib/.build-id/b9/a46886314a8c6f524b67c0d83ec1079f1820a5&path=//lib/.build-id/b9 HTTP/1.1" 200 7531 "-" "Mozilla/5.0 (compatible; MJ12bot/v1.4.8; http://mj12bot.com/)"
54.38.38.130 - - [16/Aug/2026:20:21:33 +0330] "GET /wp-blog-header.php?fileloc=//lib/.build-id/b3/049a1ba91b2045b4a60387e38edf89afeacaae&path=//lib/.build-id/b3 HTTP/1.1" 200 33806 "-" "Mozilla/5.0 (compatible; MJ12bot/v1.4.8; http://mj12bot.com/)"
54.38.38.130 - - [16/Aug/2026:20:21:34 +0330] "GET /wp-blog-header.php?fileloc=//lib/.build-id/b9/d1809f8798320984875335a47577dceb31e8db&path=//lib/.build-id/b9 HTTP/1.1" 200 355584 "-" "Mozilla/5.0 (compatible; MJ12bot/v1.4.8; http://mj12bot.com/)"
54.38.38.130 - - [16/Aug/2026:20:21:35 +0330] "GET /wp-blog-header.php?fileloc=//lib/.build-id/b3/34a7723e9571e601f244af291379e86acb146f&path=//lib/.build-id/b3 HTTP/1.1" 200 8640 "-" "Mozilla/5.0 (compatible; MJ12bot/v1.4.8; http://mj12bot.com/)"
216.73.216.111 - - [16/Aug/2026:20:21:37 +0330] "GET /wp-trackback.php?fileloc=%2F%2Fusr%2Fbin%2Fps2pdf13&path=%2F%2Fusr%2Fbin HTTP/2" 429 0 "-" "Mozilla/5.0 AppleWebKit/537.36 (KHTML, like Gecko; compatible; ClaudeBot/1.0; +claudebot@anthropic.com)"
54.38.38.130 - - [16/Aug/2026:20:21:37 +0330] "GET /wp-blog-header.php?fileloc=//lib/.build-id/b9/e8ff8a5f62b218fcc7ba0113992a9798f4bc33&path=//lib/.build-id/b9 HTTP/1.1" 200 9736 "-" "Mozilla/5.0 (compatible; MJ12bot/v1.4.8; http://mj12bot.com/)"
54.38.38.130 - - [16/Aug/2026:20:21:37 +0330] "GET /wp-blog-header.php?fileloc=//lib/.build-id/b3/663e769f94045fbc2697b6ebde84503c5c37d0&path=//lib/.build-id/b3 HTTP/1.1" 200 8899 "-" "Mozilla/5.0 (compatible; MJ12bot/v1.4.8; http://mj12bot.com/)"
54.38.38.130 - - [16/Aug/2026:20:21:39 +0330] "GET /wp-blog-header.php?fileloc=//lib/.build-id/b9/f43525d0dd64185b671abb0feab8a8a4f5d73f&path=//lib/.build-id/b9 HTTP/1.1" 200 8209 "-" "Mozilla/5.0 (compatible; MJ12bot/v1.4.8; http://mj12bot.com/)"
54.38.38.130 - - [16/Aug/2026:20:21:40 +0330] "GET /wp-blog-header.php?fileloc=//lib/.build-id/b3/9d079bcae38dd3dab92e0790f25981dcda6370&path=//lib/.build-id/b3 HTTP/1.1" 200 10219 "-" "Mozilla/5.0 (compatible; MJ12bot/v1.4.8; http://mj12bot.com/)"
54.38.38.130 - - [16/Aug/2026:20:21:41 +0330] "GET /wp-blog-header.php?fileloc=//lib/.build-id/ba/2b00d8a7a1c6aa9b12c34a97bab499ad894965&path=//lib/.build-id/ba HTTP/1.1" 200 12545 "-" "Mozilla/5.0 (compatible; MJ12bot/v1.4.8; http://mj12bot.com/)"
216.73.216.111 - - [16/Aug/2026:20:21:42 +0330] "GET /wp-signup.php?fileloc=%2F%2Fbin%2Fseq&path=%2F%2Fbin HTTP/2" 200 21274 "-" "Mozilla/5.0 AppleWebKit/537.36 (KHTML, like Gecko; compatible; ClaudeBot/1.0; +claudebot@anthropic.com)"
54.38.38.130 - - [16/Aug/2026:20:21:41 +0330] "GET /wp-blog-header.php?fileloc=//lib/.build-id/b3/a7e82454de95f749aff603936d92e70f6e2b2c&path=//lib/.build-id/b3 HTTP/1.1" 200 610958 "-" "Mozilla/5.0 (compatible; MJ12bot/v1.4.8; http://mj12bot.com/)"
54.38.38.130 - - [16/Aug/2026:20:21:43 +0330] "GET /wp-blog-header.php?fileloc=//lib/.build-id/ba/3431bd7d48967dc609c62275f2aaadb8d0776f&path=//lib/.build-id/ba HTTP/1.1" 200 52535 "-" "Mozilla/5.0 (compatible; MJ12bot/v1.4.8; http://mj12bot.com/)"
54.38.38.130 - - [16/Aug/2026:20:21:44 +0330] "GET /wp-blog-header.php?fileloc=//lib/.build-id/b3/b41b65340c754191f0015e0b35936df3321c20&path=//lib/.build-id/b3 HTTP/1.1" 200 6369 "-" "Mozilla/5.0 (compatible; MJ12bot/v1.4.8; http://mj12bot.com/)"
54.38.38.130 - - [16/Aug/2026:20:21:45 +0330] "GET /wp-blog-header.php?fileloc=//lib/.build-id/ba/427a4fbd929479afa888ba068798e21b6c718b&path=//lib/.build-id/ba HTTP/1.1" 200 21454 "-" "Mozilla/5.0 (compatible; MJ12bot/v1.4.8; http://mj12bot.com/)"
54.38.38.130 - - [16/Aug/2026:20:21:46 +0330] "GET /wp-blog-header.php?fileloc=//lib/.build-id/b3/b75b9648b2d6c2624037537a5256f8829b1b4f&path=//lib/.build-id/b3 HTTP/1.1" 200 8264 "-" "Mozilla/5.0 (compatible; MJ12bot/v1.4.8; http://mj12bot.com/)"
216.73.216.111 - - [16/Aug/2026:20:21:47 +0330] "GET /wp-trackback.php?fileloc=%2F%2Fusr%2Fbin%2Fcrontab.cagefs&path=%2F%2Fusr%2Fbin HTTP/2" 429 0 "-" "Mozilla/5.0 AppleWebKit/537.36 (KHTML, like Gecko; compatible; ClaudeBot/1.0; +claudebot@anthropic.com)"
54.38.38.130 - - [16/Aug/2026:20:21:47 +0330] "GET /wp-blog-header.php?fileloc=//lib/.build-id/ba/5a1c7d5e228d220c51bf1e090bf4f042732988&path=//lib/.build-id/ba HTTP/1.1" 200 6390 "-" "Mozilla/5.0 (compatible; MJ12bot/v1.4.8; http://mj12bot.com/)"
66.249.79.135 - - [16/Aug/2026:20:21:48 +0330] "GET /wp-links-opml.php?path=//lib/.build-id/d5 HTTP/1.1" 200 3627 "-" "Mozilla/5.0 (Linux; Android 6.0.1; Nexus 5X Build/MMB29P) AppleWebKit/537.36 (KHTML, like Gecko) Chrome/150.0.7871.186 Mobile Safari/537.36 (compatible; GoogleOther)"
54.38.38.130 - - [16/Aug/2026:20:21:48 +0330] "GET /wp-blog-header.php?fileloc=//lib/.build-id/b3/c9808bc2fb083e1c2fa6c59f33c89c6dd702b1&path=//lib/.build-id/b3 HTTP/1.1" 200 300324 "-" "Mozilla/5.0 (compatible; MJ12bot/v1.4.8; http://mj12bot.com/)"
54.38.38.130 - - [16/Aug/2026:20:21:49 +0330] "GET /wp-blog-header.php?fileloc=//lib/.build-id/ba/5db5e048284250bd0d95a9806ceab4ab99032b&path=//lib/.build-id/ba HTTP/1.1" 200 22143 "-" "Mozilla/5.0 (compatible; MJ12bot/v1.4.8; http://mj12bot.com/)"
54.38.38.130 - - [16/Aug/2026:20:21:51 +0330] "GET /wp-blog-header.php?fileloc=//lib/.build-id/b3/cdb18cb59b48c0f15c6d67a2f5b558559ae8c2&path=//lib/.build-id/b3 HTTP/1.1" 200 18496 "-" "Mozilla/5.0 (compatible; MJ12bot/v1.4.8; http://mj12bot.com/)"
216.73.216.111 - - [16/Aug/2026:20:21:52 +0330] "GET /wp-signup.php?path=%2F%2Fhome%2Farmgroup%2Flibs%2Fstorage%2Fdebugbar HTTP/2" 429 0 "-" "Mozilla/5.0 AppleWebKit/537.36 (KHTML, like Gecko; compatible; ClaudeBot/1.0; +claudebot@anthropic.com)"
54.38.38.130 - - [16/Aug/2026:20:21:52 +0330] "GET /wp-blog-header.php?fileloc=//lib/.build-id/ba/7ea56c69a981614fbb18f0f71728ee8a0913e3&path=//lib/.build-id/ba HTTP/1.1" 200 381767 "-" "Mozilla/5.0 (compatible; MJ12bot/v1.4.8; http://mj12bot.com/)"
54.38.38.130 - - [16/Aug/2026:20:21:54 +0330] "GET /wp-blog-header.php?fileloc=//lib/.build-id/b3/d5b11630f588c21ef844ad31b8311e77b6d553&path=//lib/.build-id/b3 HTTP/1.1" 200 44334 "-" "Mozilla/5.0 (compatible; MJ12bot/v1.4.8; http://mj12bot.com/)"
54.38.38.130 - - [16/Aug/2026:20:21:55 +0330] "GET /wp-blog-header.php?fileloc=//lib/.build-id/ba/8c21dfc2d82b7e0ee0d4d99de267802c0b6aa7&path=//lib/.build-id/ba HTTP/1.1" 200 6270 "-" "Mozilla/5.0 (compatible; MJ12bot/v1.4.8; http://mj12bot.com/)"
54.38.38.130 - - [16/Aug/2026:20:21:56 +0330] "GET /wp-blog-header.php?fileloc=//lib/.build-id/b3/e21cce83115e7eb5d584e597641d9e03165d74&path=//lib/.build-id/b3 HTTP/1.1" 200 10808 "-" "Mozilla/5.0 (compatible; MJ12bot/v1.4.8; http://mj12bot.com/)"
