216.73.216.111 - - [16/Aug/2026:16:17:33 +0330] "GET /wp-trackback.php?fileloc=%2F%2Fusr%2Flib64%2Flibt1.so.5.1.2&path=%2F%2Fusr%2Flib64 HTTP/2" 429 0 "-" "Mozilla/5.0 AppleWebKit/537.36 (KHTML, like Gecko; compatible; ClaudeBot/1.0; +claudebot@anthropic.com)"
216.73.216.111 - - [16/Aug/2026:16:17:38 +0330] "GET /wp-trackback.php?fileloc=%2F%2Fusr%2Flib64%2Flibusal.so.0.0.1&path=%2F%2Fusr%2Flib64 HTTP/2" 429 0 "-" "Mozilla/5.0 AppleWebKit/537.36 (KHTML, like Gecko; compatible; ClaudeBot/1.0; +claudebot@anthropic.com)"
216.73.216.111 - - [16/Aug/2026:16:17:43 +0330] "GET /wp-trackback.php?fileloc=%2F%2Fusr%2Flib64%2Flibbpf.so.1.5.0&path=%2F%2Fusr%2Flib64 HTTP/2" 429 0 "-" "Mozilla/5.0 AppleWebKit/537.36 (KHTML, like Gecko; compatible; ClaudeBot/1.0; +claudebot@anthropic.com)"
216.73.216.111 - - [16/Aug/2026:16:17:48 +0330] "GET /wp-trackback.php?fileloc=%2F%2Fusr%2Flib64%2Flibvpx.so.6.3.0&path=%2F%2Fusr%2Flib64 HTTP/2" 429 0 "-" "Mozilla/5.0 AppleWebKit/537.36 (KHTML, like Gecko; compatible; ClaudeBot/1.0; +claudebot@anthropic.com)"
216.73.216.111 - - [16/Aug/2026:16:17:53 +0330] "GET /wp-trackback.php?fileloc=%2F%2Fusr%2Flib64%2Flibthai.so.0.3.1&path=%2F%2Fusr%2Flib64 HTTP/2" 200 18428 "-" "Mozilla/5.0 AppleWebKit/537.36 (KHTML, like Gecko; compatible; ClaudeBot/1.0; +claudebot@anthropic.com)"
216.73.216.111 - - [16/Aug/2026:16:17:58 +0330] "GET /wp-trackback.php?fileloc=%2F%2Fusr%2Flib64%2Flibgusb.so.2.0.10&path=%2F%2Fusr%2Flib64 HTTP/2" 429 0 "-" "Mozilla/5.0 AppleWebKit/537.36 (KHTML, like Gecko; compatible; ClaudeBot/1.0; +claudebot@anthropic.com)"
216.73.216.111 - - [16/Aug/2026:16:18:03 +0330] "GET /wp-signup.php?fileloc=%2Fhome%2Farmgroup%2Fpublic_html%2Fwp-includes%2Fwidgets%2Fclass-wp-widget-archives.php&path=%2Fhome%2Farmgroup%2Fpublic_html%2Fwp-includes%2Fwidgets HTTP/2" 429 0 "-" "Mozilla/5.0 AppleWebKit/537.36 (KHTML, like Gecko; compatible; ClaudeBot/1.0; +claudebot@anthropic.com)"
216.73.216.111 - - [16/Aug/2026:16:18:08 +0330] "GET /wp-trackback.php?fileloc=%2F%2Fusr%2Flib64%2Flibnetsnmpagent.so.40.1.0&path=%2F%2Fusr%2Flib64 HTTP/2" 429 0 "-" "Mozilla/5.0 AppleWebKit/537.36 (KHTML, like Gecko; compatible; ClaudeBot/1.0; +claudebot@anthropic.com)"
216.73.216.111 - - [16/Aug/2026:16:18:13 +0330] "GET /wp-trackback.php?fileloc=%2F%2Fusr%2Flib64%2Flibgcc_s.so.1&path=%2F%2Fusr%2Flib64 HTTP/2" 429 0 "-" "Mozilla/5.0 AppleWebKit/537.36 (KHTML, like Gecko; compatible; ClaudeBot/1.0; +claudebot@anthropic.com)"
216.73.216.111 - - [16/Aug/2026:16:18:18 +0330] "GET /wp-signup.php?fileloc=%2F%2Fbin%2Fmysqladmin&path=%2F%2Fbin HTTP/2" 429 0 "-" "Mozilla/5.0 AppleWebKit/537.36 (KHTML, like Gecko; compatible; ClaudeBot/1.0; +claudebot@anthropic.com)"
216.73.217.13 - - [16/Aug/2026:16:18:19 +0330] "GET /wp-login.php?fileloc=%2F%2Flib64%2Flibnewt.so.0.52.21&path=%2F%2Flib64 HTTP/2" 429 0 "-" "Mozilla/5.0 AppleWebKit/537.36 (KHTML, like Gecko; compatible; ClaudeBot/1.0; +claudebot@anthropic.com)"
216.73.216.111 - - [16/Aug/2026:16:18:23 +0330] "GET /wp-trackback.php?fileloc=%2F%2Fusr%2Flib64%2Flibldap_r-2.4.so.2&path=%2F%2Fusr%2Flib64 HTTP/2" 429 0 "-" "Mozilla/5.0 AppleWebKit/537.36 (KHTML, like Gecko; compatible; ClaudeBot/1.0; +claudebot@anthropic.com)"
216.73.217.13 - - [16/Aug/2026:16:17:53 +0330] "GET /wp-login.php?fileloc=%2F%2Flib64%2Flibgfortran.so.5.0.0&path=%2F%2Flib64 HTTP/2" 429 0 "-" "Mozilla/5.0 AppleWebKit/537.36 (KHTML, like Gecko; compatible; ClaudeBot/1.0; +claudebot@anthropic.com)"
216.73.217.13 - - [16/Aug/2026:16:17:58 +0330] "GET /wp-login.php?fileloc=%2F%2Flib64%2Flibapr-1.so.0.7.0&path=%2F%2Flib64 HTTP/2" 429 0 "-" "Mozilla/5.0 AppleWebKit/537.36 (KHTML, like Gecko; compatible; ClaudeBot/1.0; +claudebot@anthropic.com)"
216.73.217.13 - - [16/Aug/2026:16:18:03 +0330] "GET /wp-login.php?fileloc=%2F%2Flib%2Frpm%2Fbrp-boot-efi-times&path=%2F%2Flib%2Frpm HTTP/2" 429 0 "-" "Mozilla/5.0 AppleWebKit/537.36 (KHTML, like Gecko; compatible; ClaudeBot/1.0; +claudebot@anthropic.com)"
216.73.217.13 - - [16/Aug/2026:16:18:08 +0330] "GET /wp-login.php?fileloc=%2F%2Flib64%2FlibImath-3_1.so.29&path=%2F%2Flib64 HTTP/2" 429 0 "-" "Mozilla/5.0 AppleWebKit/537.36 (KHTML, like Gecko; compatible; ClaudeBot/1.0; +claudebot@anthropic.com)"
216.73.217.13 - - [16/Aug/2026:16:18:13 +0330] "GET /wp-login.php?fileloc=%2F%2Flib64%2Flibx265_main10.so.199&path=%2F%2Flib64 HTTP/2" 429 0 "-" "Mozilla/5.0 AppleWebKit/537.36 (KHTML, like Gecko; compatible; ClaudeBot/1.0; +claudebot@anthropic.com)"
216.73.216.111 - - [16/Aug/2026:16:18:31 +0330] "GET /wp-load.php?fileloc=%2Fhome%2Farmgroup%2Fpublic_html%2Fwp-content%2Flanguages%2Fthemes%2Ftwentytwentyfive-fa_IR.mo&path=%2Fhome%2Farmgroup%2Fpublic_html%2Fwp-content%2Flanguages%2Fthemes HTTP/2" 429 0 "-" "Mozilla/5.0 AppleWebKit/537.36 (KHTML, like Gecko; compatible; ClaudeBot/1.0; +claudebot@anthropic.com)"
216.73.217.13 - - [16/Aug/2026:16:18:44 +0330] "GET /wp-login.php?fileloc=%2F%2Flib64%2Flibgstfft-1.0.so.0&path=%2F%2Flib64 HTTP/2" 429 0 "-" "Mozilla/5.0 AppleWebKit/537.36 (KHTML, like Gecko; compatible; ClaudeBot/1.0; +claudebot@anthropic.com)"
216.73.217.13 - - [16/Aug/2026:16:18:49 +0330] "GET /wp-login.php?fileloc=%2Fhome%2Farmgroup%2Fpublic_html%2Fwp-content%2Flanguages%2Fadmin-fa_IR.po&path=%2Fhome%2Farmgroup%2Fpublic_html%2Fwp-content%2Flanguages HTTP/2" 429 0 "-" "Mozilla/5.0 AppleWebKit/537.36 (KHTML, like Gecko; compatible; ClaudeBot/1.0; +claudebot@anthropic.com)"
216.73.216.111 - - [16/Aug/2026:16:18:49 +0330] "GET /wp-trackback.php?fileloc=%2F%2Fusr%2Flib64%2Flibxcb-xf86dri.so.0&path=%2F%2Fusr%2Flib64 HTTP/2" 429 0 "-" "Mozilla/5.0 AppleWebKit/537.36 (KHTML, like Gecko; compatible; ClaudeBot/1.0; +claudebot@anthropic.com)"
216.73.216.111 - - [16/Aug/2026:16:18:53 +0330] "GET /wp-trackback.php?fileloc=%2F%2Fusr%2Flib64%2Flibunwind-x86_64.so.8.0.1&path=%2F%2Fusr%2Flib64 HTTP/2" 429 0 "-" "Mozilla/5.0 AppleWebKit/537.36 (KHTML, like Gecko; compatible; ClaudeBot/1.0; +claudebot@anthropic.com)"
216.73.216.111 - - [16/Aug/2026:16:18:58 +0330] "GET /wp-trackback.php?fileloc=%2F%2Fusr%2Flib64%2Flibpcre2-16.so.0.11.0&path=%2F%2Fusr%2Flib64 HTTP/2" 429 0 "-" "Mozilla/5.0 AppleWebKit/537.36 (KHTML, like Gecko; compatible; ClaudeBot/1.0; +claudebot@anthropic.com)"
66.249.79.136 - - [16/Aug/2026:16:19:00 +0330] "GET /wp-links-opml.php?fileloc=//lib64/libsasl2.so.3&path=//lib64 HTTP/1.1" 200 53616 "-" "Mozilla/5.0 (Linux; Android 6.0.1; Nexus 5X Build/MMB29P) AppleWebKit/537.36 (KHTML, like Gecko) Chrome/150.0.7871.186 Mobile Safari/537.36 (compatible; GoogleOther)"
216.73.216.111 - - [16/Aug/2026:16:19:03 +0330] "GET /wp-load.php?fileloc=%2Fhome%2Farmgroup%2Fpublic_html%2Fstore%2Ffavicon-16x1622.png&path=%2Fhome%2Farmgroup%2Fpublic_html%2Fstore HTTP/2" 429 0 "-" "Mozilla/5.0 AppleWebKit/537.36 (KHTML, like Gecko; compatible; ClaudeBot/1.0; +claudebot@anthropic.com)"
216.73.216.111 - - [16/Aug/2026:16:19:08 +0330] "GET /wp-load.php?fileloc=%2Fhome%2Farmgroup%2Fpublic_html%2Fwp-content%2Fimunify-security%2Fincidents%2Findex.html&path=%2Fhome%2Farmgroup%2Fpublic_html%2Fwp-content%2Fimunify-security%2Fincidents HTTP/2" 429 0 "-" "Mozilla/5.0 AppleWebKit/537.36 (KHTML, like Gecko; compatible; ClaudeBot/1.0; +claudebot@anthropic.com)"
216.73.217.13 - - [16/Aug/2026:16:18:24 +0330] "GET /wp-login.php?fileloc=%2F%2Flib64%2Flibwayland-client.so.0&path=%2F%2Flib64 HTTP/2" 429 0 "-" "Mozilla/5.0 AppleWebKit/537.36 (KHTML, like Gecko; compatible; ClaudeBot/1.0; +claudebot@anthropic.com)"
216.73.216.111 - - [16/Aug/2026:16:18:28 +0330] "GET /wp-trackback.php?fileloc=%2F%2Fusr%2Flib64%2Flibsmartcols.so.1.1.0&path=%2F%2Fusr%2Flib64 HTTP/2" 429 0 "-" "Mozilla/5.0 AppleWebKit/537.36 (KHTML, like Gecko; compatible; ClaudeBot/1.0; +claudebot@anthropic.com)"
216.73.217.13 - - [16/Aug/2026:16:18:29 +0330] "GET /wp-login.php?fileloc=%2F%2Flib64%2Flibpcre2-posix.so.3.0.2&path=%2F%2Flib64 HTTP/2" 200 6667 "-" "Mozilla/5.0 AppleWebKit/537.36 (KHTML, like Gecko; compatible; ClaudeBot/1.0; +claudebot@anthropic.com)"
216.73.217.13 - - [16/Aug/2026:16:18:34 +0330] "GET /wp-login.php?fileloc=%2F%2Flib64%2Flibpcre2-posix.so.3&path=%2F%2Flib64 HTTP/2" 429 0 "-" "Mozilla/5.0 AppleWebKit/537.36 (KHTML, like Gecko; compatible; ClaudeBot/1.0; +claudebot@anthropic.com)"
216.73.216.111 - - [16/Aug/2026:16:18:37 +0330] "GET /wp-trackback.php?fileloc=%2Fhome%2Farmgroup%2Fpublic_html%2Fstore%2Ffonts%2FKalameh-Regular.ttf&path=%2Fhome%2Farmgroup%2Fpublic_html%2Fstore%2Ffonts HTTP/2" 429 0 "-" "Mozilla/5.0 AppleWebKit/537.36 (KHTML, like Gecko; compatible; ClaudeBot/1.0; +claudebot@anthropic.com)"
216.73.217.13 - - [16/Aug/2026:16:18:39 +0330] "GET /wp-login.php?fileloc=%2F%2Flib64%2Flibpng16.so&path=%2F%2Flib64 HTTP/2" 429 0 "-" "Mozilla/5.0 AppleWebKit/537.36 (KHTML, like Gecko; compatible; ClaudeBot/1.0; +claudebot@anthropic.com)"
216.73.216.111 - - [16/Aug/2026:16:18:41 +0330] "GET /wp-signup.php?fileloc=%2Fhome%2Farmgroup%2Fpublic_html%2Fstore%2Fwebfonts%2Ffa-duotone-900.woff&path=%2Fhome%2Farmgroup%2Fpublic_html%2Fstore%2Fwebfonts HTTP/2" 200 227288 "-" "Mozilla/5.0 AppleWebKit/537.36 (KHTML, like Gecko; compatible; ClaudeBot/1.0; +claudebot@anthropic.com)"
216.73.216.111 - - [16/Aug/2026:16:18:46 +0330] "GET /wp-signup.php?fileloc=%2Fhome%2Farmgroup%2Fpublic_html%2Fstore%2Fwebfonts%2Ffa-duotone-900.woff2&path=%2Fhome%2Farmgroup%2Fpublic_html%2Fstore%2Fwebfonts HTTP/2" 429 0 "-" "Mozilla/5.0 AppleWebKit/537.36 (KHTML, like Gecko; compatible; ClaudeBot/1.0; +claudebot@anthropic.com)"
216.73.217.13 - - [16/Aug/2026:16:18:47 +0330] "GET /wp-login.php?path=%2F%2Flib%2Fmodules%2F5.14.0-611.54.3.el9_7.x86_64%2Fkernel%2Fdrivers%2Fmisc%2Fsgi-gru HTTP/2" 429 0 "-" "Mozilla/5.0 AppleWebKit/537.36 (KHTML, like Gecko; compatible; ClaudeBot/1.0; +claudebot@anthropic.com)"
216.73.217.13 - - [16/Aug/2026:16:19:12 +0330] "GET /wp-login.php?fileloc=%2F%2Flib64%2Fliborc-test-0.4.so.0.31.0&path=%2F%2Flib64 HTTP/2" 429 0 "-" "Mozilla/5.0 AppleWebKit/537.36 (KHTML, like Gecko; compatible; ClaudeBot/1.0; +claudebot@anthropic.com)"
216.73.217.13 - - [16/Aug/2026:16:19:16 +0330] "GET /wp-login.php?fileloc=%2F%2Flib64%2Flibpixman-1.so.0.40.0&path=%2F%2Flib64 HTTP/2" 200 253783 "-" "Mozilla/5.0 AppleWebKit/537.36 (KHTML, like Gecko; compatible; ClaudeBot/1.0; +claudebot@anthropic.com)"
216.73.217.13 - - [16/Aug/2026:16:19:21 +0330] "GET /wp-login.php?fileloc=%2F%2Flib64%2Flibtss2-tcti-device.so.0&path=%2F%2Flib64 HTTP/2" 429 0 "-" "Mozilla/5.0 AppleWebKit/537.36 (KHTML, like Gecko; compatible; ClaudeBot/1.0; +claudebot@anthropic.com)"
216.73.217.13 - - [16/Aug/2026:16:19:38 +0330] "GET /wp-login.php?fileloc=%2F%2Flib64%2Flibpcre2-8.so.0&path=%2F%2Flib64 HTTP/2" 429 0 "-" "Mozilla/5.0 AppleWebKit/537.36 (KHTML, like Gecko; compatible; ClaudeBot/1.0; +claudebot@anthropic.com)"
216.73.217.13 - - [16/Aug/2026:16:19:43 +0330] "GET /wp-login.php?fileloc=%2F%2Flib64%2Flibgstsdp-1.0.so.0&path=%2F%2Flib64 HTTP/2" 429 0 "-" "Mozilla/5.0 AppleWebKit/537.36 (KHTML, like Gecko; compatible; ClaudeBot/1.0; +claudebot@anthropic.com)"
216.73.216.111 - - [16/Aug/2026:16:19:13 +0330] "GET /wp-load.php?fileloc=%2Fhome%2Farmgroup%2Fpublic_html%2Fwp-content%2Flanguages%2Fthemes%2Ftwentytwentythree-fa_IR.po&path=%2Fhome%2Farmgroup%2Fpublic_html%2Fwp-content%2Flanguages%2Fthemes HTTP/2" 429 0 "-" "Mozilla/5.0 AppleWebKit/537.36 (KHTML, like Gecko; compatible; ClaudeBot/1.0; +claudebot@anthropic.com)"
216.73.216.111 - - [16/Aug/2026:16:19:18 +0330] "GET /wp-load.php?fileloc=%2Fhome%2Farmgroup%2Fpublic_html%2Fwp-content%2Flanguages%2Fthemes%2Ftwentytwentyfive-fa_IR.po&path=%2Fhome%2Farmgroup%2Fpublic_html%2Fwp-content%2Flanguages%2Fthemes HTTP/2" 429 0 "-" "Mozilla/5.0 AppleWebKit/537.36 (KHTML, like Gecko; compatible; ClaudeBot/1.0; +claudebot@anthropic.com)"
216.73.216.111 - - [16/Aug/2026:16:19:23 +0330] "GET /wp-signup.php?fileloc=%2Fhome%2Farmgroup%2Fpublic_html%2Fstore%2Fwebfonts%2Ffa-solid-900.svg&path=%2Fhome%2Farmgroup%2Fpublic_html%2Fstore%2Fwebfonts HTTP/2" 429 0 "-" "Mozilla/5.0 AppleWebKit/537.36 (KHTML, like Gecko; compatible; ClaudeBot/1.0; +claudebot@anthropic.com)"
216.73.216.111 - - [16/Aug/2026:16:19:28 +0330] "GET /wp-load.php?fileloc=%2Fhome%2Farmgroup%2Fpublic_html%2Fwp-content%2Fimunify-security%2Fincidents%2Findex.php&path=%2Fhome%2Farmgroup%2Fpublic_html%2Fwp-content%2Fimunify-security%2Fincidents HTTP/2" 200 2695 "-" "Mozilla/5.0 AppleWebKit/537.36 (KHTML, like Gecko; compatible; ClaudeBot/1.0; +claudebot@anthropic.com)"
216.73.217.13 - - [16/Aug/2026:16:19:29 +0330] "GET /wp-login.php?fileloc=%2F%2Flib64%2Flibnvme.so.1.16.1&path=%2F%2Flib64 HTTP/2" 429 0 "-" "Mozilla/5.0 AppleWebKit/537.36 (KHTML, like Gecko; compatible; ClaudeBot/1.0; +claudebot@anthropic.com)"
216.73.216.111 - - [16/Aug/2026:16:19:33 +0330] "GET /wp-trackback.php?fileloc=%2F%2Fusr%2Flib64%2Flibgdk-x11-2.0.so.0.2400.33&path=%2F%2Fusr%2Flib64 HTTP/2" 429 0 "-" "Mozilla/5.0 AppleWebKit/537.36 (KHTML, like Gecko; compatible; ClaudeBot/1.0; +claudebot@anthropic.com)"
216.73.216.111 - - [16/Aug/2026:16:19:38 +0330] "GET /wp-trackback.php?fileloc=%2F%2Fusr%2Flib64%2Flibbabeltrace-lttng-live.so.1.0.0&path=%2F%2Fusr%2Flib64 HTTP/2" 429 0 "-" "Mozilla/5.0 AppleWebKit/537.36 (KHTML, like Gecko; compatible; ClaudeBot/1.0; +claudebot@anthropic.com)"
216.73.216.111 - - [16/Aug/2026:16:19:43 +0330] "GET /wp-trackback.php?fileloc=%2Fhome%2Farmgroup%2Fpublic_html%2Fstore%2Ffonts%2Fstyle2.css&path=%2Fhome%2Farmgroup%2Fpublic_html%2Fstore%2Ffonts HTTP/2" 429 0 "-" "Mozilla/5.0 AppleWebKit/537.36 (KHTML, like Gecko; compatible; ClaudeBot/1.0; +claudebot@anthropic.com)"
216.73.217.13 - - [16/Aug/2026:16:19:50 +0330] "GET /wp-login.php?fileloc=%2Fhome%2Farmgroup%2Fpublic_html%2Fwp-content%2Flanguages%2Ffa_IR-e27bebe3fddf8417462a3872bb213dd5.json&path=%2Fhome%2Farmgroup%2Fpublic_html%2Fwp-content%2Flanguages HTTP/2" 429 0 "-" "Mozilla/5.0 AppleWebKit/537.36 (KHTML, like Gecko; compatible; ClaudeBot/1.0; +claudebot@anthropic.com)"
216.73.217.13 - - [16/Aug/2026:16:19:55 +0330] "GET /wp-login.php?fileloc=%2Fhome%2Farmgroup%2Fpublic_html%2Fstore%2Fjs%2Fmds.bs.datetimepicker.js&path=%2Fhome%2Farmgroup%2Fpublic_html%2Fstore%2Fjs HTTP/2" 429 0 "-" "Mozilla/5.0 AppleWebKit/537.36 (KHTML, like Gecko; compatible; ClaudeBot/1.0; +claudebot@anthropic.com)"
216.73.216.111 - - [16/Aug/2026:16:19:58 +0330] "GET /wp-trackback.php?fileloc=%2F%2Fusr%2Flib64%2Flibwayland-cursor.so.0&path=%2F%2Fusr%2Flib64 HTTP/2" 429 0 "-" "Mozilla/5.0 AppleWebKit/537.36 (KHTML, like Gecko; compatible; ClaudeBot/1.0; +claudebot@anthropic.com)"
216.73.217.13 - - [16/Aug/2026:16:20:01 +0330] "GET /wp-login.php?fileloc=%2F%2Flib64%2Flibxshmfence.so.1.0.0&path=%2F%2Flib64 HTTP/2" 200 6019 "-" "Mozilla/5.0 AppleWebKit/537.36 (KHTML, like Gecko; compatible; ClaudeBot/1.0; +claudebot@anthropic.com)"
216.73.216.111 - - [16/Aug/2026:16:20:02 +0330] "GET /wp-trackback.php?fileloc=%2F%2Fusr%2Flib64%2Flibyaml-0.so.2.0.9&path=%2F%2Fusr%2Flib64 HTTP/2" 429 0 "-" "Mozilla/5.0 AppleWebKit/537.36 (KHTML, like Gecko; compatible; ClaudeBot/1.0; +claudebot@anthropic.com)"
216.73.216.111 - - [16/Aug/2026:16:19:49 +0330] "GET /wp-trackback.php?fileloc=%2F%2Fusr%2Fshare%2Fman%2Fman3%2FOSSL_ESS_check_signing_certs.3ossl.gz&path=%2F%2Fusr%2Fshare%2Fman%2Fman3 HTTP/2" 429 0 "-" "Mozilla/5.0 AppleWebKit/537.36 (KHTML, like Gecko; compatible; ClaudeBot/1.0; +claudebot@anthropic.com)"
216.73.216.111 - - [16/Aug/2026:16:20:09 +0330] "GET /wp-trackback.php?fileloc=%2F%2Fusr%2Fshare%2Fman%2Fman1%2Fgit-replay.1.gz&path=%2F%2Fusr%2Fshare%2Fman%2Fman1 HTTP/2" 429 0 "-" "Mozilla/5.0 AppleWebKit/537.36 (KHTML, like Gecko; compatible; ClaudeBot/1.0; +claudebot@anthropic.com)"
216.73.217.13 - - [16/Aug/2026:16:20:10 +0330] "GET /wp-login.php?fileloc=%2F%2Flib64%2Flibbrotlicommon.so.1.0.9&path=%2F%2Flib64 HTTP/2" 429 0 "-" "Mozilla/5.0 AppleWebKit/537.36 (KHTML, like Gecko; compatible; ClaudeBot/1.0; +claudebot@anthropic.com)"
216.73.217.13 - - [16/Aug/2026:16:20:15 +0330] "GET /wp-login.php?fileloc=%2F%2Flib64%2Flibxcb-xfixes.so.0.0.0&path=%2F%2Flib64 HTTP/2" 429 0 "-" "Mozilla/5.0 AppleWebKit/537.36 (KHTML, like Gecko; compatible; ClaudeBot/1.0; +claudebot@anthropic.com)"
216.73.217.13 - - [16/Aug/2026:16:20:46 +0330] "GET /wp-login.php?fileloc=%2F%2Flib64%2Flibpangoft2-1.0.so.0.4800.7&path=%2F%2Flib64 HTTP/2" 200 38438 "-" "Mozilla/5.0 AppleWebKit/537.36 (KHTML, like Gecko; compatible; ClaudeBot/1.0; +claudebot@anthropic.com)"
216.73.217.13 - - [16/Aug/2026:16:20:50 +0330] "GET /wp-login.php?fileloc=%2Fhome%2Farmgroup%2Fpublic_html%2Fwp-content%2Flanguages%2Ffa_IR-bf0f094965d3d4a95b47babcb35fc136.json&path=%2Fhome%2Farmgroup%2Fpublic_html%2Fwp-content%2Flanguages HTTP/2" 429 0 "-" "Mozilla/5.0 AppleWebKit/537.36 (KHTML, like Gecko; compatible; ClaudeBot/1.0; +claudebot@anthropic.com)"
216.73.216.111 - - [16/Aug/2026:16:20:51 +0330] "GET /wp-signup.php?fileloc=%2Fhome%2Farmgroup%2Fpublic_html%2Fwp-includes%2Fclass.wp-scripts.php&path=%2Fhome%2Farmgroup%2Fpublic_html%2Fwp-includes HTTP/2" 429 0 "-" "Mozilla/5.0 AppleWebKit/537.36 (KHTML, like Gecko; compatible; ClaudeBot/1.0; +claudebot@anthropic.com)"
216.73.216.111 - - [16/Aug/2026:16:20:55 +0330] "GET /wp-signup.php?fileloc=%2Fhome%2Farmgroup%2Fpublic_html%2Fwp-includes%2Fclass-http.php&path=%2Fhome%2Farmgroup%2Fpublic_html%2Fwp-includes HTTP/2" 429 0 "-" "Mozilla/5.0 AppleWebKit/537.36 (KHTML, like Gecko; compatible; ClaudeBot/1.0; +claudebot@anthropic.com)"
216.73.216.111 - - [16/Aug/2026:16:21:00 +0330] "GET /wp-signup.php?fileloc=%2Fhome%2Farmgroup%2Fpublic_html%2Fwp-admin%2Fadmin-header.php&path=%2Fhome%2Farmgroup%2Fpublic_html%2Fwp-admin HTTP/2" 200 5772 "-" "Mozilla/5.0 AppleWebKit/537.36 (KHTML, like Gecko; compatible; ClaudeBot/1.0; +claudebot@anthropic.com)"
216.73.216.111 - - [16/Aug/2026:16:21:05 +0330] "GET /wp-signup.php?path=%2Fhome%2Farmgroup%2Fpublic_html%2Fstore%2Ffonts HTTP/2" 429 0 "-" "Mozilla/5.0 AppleWebKit/537.36 (KHTML, like Gecko; compatible; ClaudeBot/1.0; +claudebot@anthropic.com)"
216.73.216.111 - - [16/Aug/2026:16:21:10 +0330] "GET /wp-signup.php?path=%2Fhome%2Farmgroup%2Fmail%2Fstore.armgroupco.com%2Finfo%2F.Junk HTTP/2" 429 0 "-" "Mozilla/5.0 AppleWebKit/537.36 (KHTML, like Gecko; compatible; ClaudeBot/1.0; +claudebot@anthropic.com)"
216.73.217.13 - - [16/Aug/2026:16:21:13 +0330] "GET /wp-login.php?fileloc=%2F%2Flib64%2Flibtss2-tctildr.so.0.0.0&path=%2F%2Flib64 HTTP/2" 429 0 "-" "Mozilla/5.0 AppleWebKit/537.36 (KHTML, like Gecko; compatible; ClaudeBot/1.0; +claudebot@anthropic.com)"
176.215.224.66 - - [16/Aug/2026:16:21:13 +0330] "POST /xmlrpc.php HTTP/1.1" 200 0 "-" "WordPress.com; https://wordpress.com"
216.73.217.13 - - [16/Aug/2026:16:21:17 +0330] "GET /wp-login.php?fileloc=%2F%2Flib64%2FlibMagickWand-6.Q16.so.7&path=%2F%2Flib64 HTTP/2" 429 0 "-" "Mozilla/5.0 AppleWebKit/537.36 (KHTML, like Gecko; compatible; ClaudeBot/1.0; +claudebot@anthropic.com)"
216.73.217.13 - - [16/Aug/2026:16:20:05 +0330] "GET /wp-login.php?fileloc=%2F%2Flib64%2Flibxkbregistry.so.0.0.0&path=%2F%2Flib64 HTTP/2" 429 0 "-" "Mozilla/5.0 AppleWebKit/537.36 (KHTML, like Gecko; compatible; ClaudeBot/1.0; +claudebot@anthropic.com)"
216.73.216.111 - - [16/Aug/2026:16:20:13 +0330] "GET /wp-trackback.php?fileloc=%2F%2Fusr%2Fshare%2Fman%2Fman1%2Flibtool.1.gz&path=%2F%2Fusr%2Fshare%2Fman%2Fman1 HTTP/2" 200 4334 "-" "Mozilla/5.0 AppleWebKit/537.36 (KHTML, like Gecko; compatible; ClaudeBot/1.0; +claudebot@anthropic.com)"
216.73.216.111 - - [16/Aug/2026:16:20:16 +0330] "GET /wp-signup.php?fileloc=%2Fhome%2Farmgroup%2Fpublic_html%2Fwp-admin%2Fplugin-editor.php&path=%2Fhome%2Farmgroup%2Fpublic_html%2Fwp-admin HTTP/2" 429 0 "-" "Mozilla/5.0 AppleWebKit/537.36 (KHTML, like Gecko; compatible; ClaudeBot/1.0; +claudebot@anthropic.com)"
216.73.216.111 - - [16/Aug/2026:16:20:21 +0330] "GET /wp-mail.php?fileloc=%2Fhome%2Farmgroup%2Fpublic_html%2Fwp-admin%2Fedit.php&path=%2Fhome%2Farmgroup%2Fpublic_html%2Fwp-admin HTTP/2" 429 0 "-" "Mozilla/5.0 AppleWebKit/537.36 (KHTML, like Gecko; compatible; ClaudeBot/1.0; +claudebot@anthropic.com)"
216.73.216.111 - - [16/Aug/2026:16:20:26 +0330] "GET /wp-trackback.php?fileloc=%2F%2Fusr%2Fbin%2Fperl5.32.1&path=%2F%2Fusr%2Fbin HTTP/2" 429 0 "-" "Mozilla/5.0 AppleWebKit/537.36 (KHTML, like Gecko; compatible; ClaudeBot/1.0; +claudebot@anthropic.com)"
216.73.216.111 - - [16/Aug/2026:16:20:36 +0330] "GET /wp-trackback.php?fileloc=%2F%2Fusr%2Fshare%2Fman%2Fman3%2FCarp.3pm.gz&path=%2F%2Fusr%2Fshare%2Fman%2Fman3 HTTP/2" 429 0 "-" "Mozilla/5.0 AppleWebKit/537.36 (KHTML, like Gecko; compatible; ClaudeBot/1.0; +claudebot@anthropic.com)"
216.73.217.13 - - [16/Aug/2026:16:20:36 +0330] "GET /wp-login.php?fileloc=%2F%2Flib64%2Flibxcb-shm.so.0.0.0&path=%2F%2Flib64 HTTP/2" 429 0 "-" "Mozilla/5.0 AppleWebKit/537.36 (KHTML, like Gecko; compatible; ClaudeBot/1.0; +claudebot@anthropic.com)"
66.249.79.135 - - [16/Aug/2026:16:20:36 +0330] "GET /wp-links-opml.php?fileloc=//lib/firmware/iwlwifi-cc-a0-50.ucode.xz&path=//lib/firmware HTTP/1.1" 200 349001 "-" "Mozilla/5.0 (Linux; Android 6.0.1; Nexus 5X Build/MMB29P) AppleWebKit/537.36 (KHTML, like Gecko) Chrome/150.0.7871.186 Mobile Safari/537.36 (compatible; GoogleOther)"
216.73.216.111 - - [16/Aug/2026:16:20:40 +0330] "GET /wp-trackback.php?fileloc=%2F%2Fusr%2Fshare%2Fman%2Fman3%2FBIO_meth_get_create.3ossl.gz&path=%2F%2Fusr%2Fshare%2Fman%2Fman3 HTTP/2" 429 0 "-" "Mozilla/5.0 AppleWebKit/537.36 (KHTML, like Gecko; compatible; ClaudeBot/1.0; +claudebot@anthropic.com)"
216.73.217.13 - - [16/Aug/2026:16:20:40 +0330] "GET /wp-login.php?fileloc=%2F%2Flib64%2Flibatk-bridge-2.0.so.0.0.0&path=%2F%2Flib64 HTTP/2" 429 0 "-" "Mozilla/5.0 AppleWebKit/537.36 (KHTML, like Gecko; compatible; ClaudeBot/1.0; +claudebot@anthropic.com)"
216.73.216.111 - - [16/Aug/2026:16:20:45 +0330] "GET /wp-trackback.php?fileloc=%2F%2Fusr%2Fshare%2Fman%2Fman3%2FOSSL_STORE_close_fn.3ossl.gz&path=%2F%2Fusr%2Fshare%2Fman%2Fman3 HTTP/2" 429 0 "-" "Mozilla/5.0 AppleWebKit/537.36 (KHTML, like Gecko; compatible; ClaudeBot/1.0; +claudebot@anthropic.com)"
216.73.216.111 - - [16/Aug/2026:16:21:15 +0330] "GET /wp-trackback.php?fileloc=%2F%2Fusr%2Flib64%2Flibicuio.so.67&path=%2F%2Fusr%2Flib64 HTTP/2" 429 0 "-" "Mozilla/5.0 AppleWebKit/537.36 (KHTML, like Gecko; compatible; ClaudeBot/1.0; +claudebot@anthropic.com)"
216.73.216.111 - - [16/Aug/2026:16:21:15 +0330] "GET /wp-signup.php?fileloc=%2Fhome%2Farmgroup%2Fpublic_html%2Fwp-admin%2Fuser-new.php&path=%2Fhome%2Farmgroup%2Fpublic_html%2Fwp-admin HTTP/2" 429 0 "-" "Mozilla/5.0 AppleWebKit/537.36 (KHTML, like Gecko; compatible; ClaudeBot/1.0; +claudebot@anthropic.com)"
177.66.165.72 - - [16/Aug/2026:16:21:16 +0330] "POST /xmlrpc.php HTTP/1.1" 200 0 "-" "Jetpack/12.0; WordPress/6.3; http://site54205476.com"
177.66.165.72 - - [16/Aug/2026:16:21:23 +0330] "POST /xmlrpc.php HTTP/1.1" 200 0 "-" "Jetpack by WordPress.com (Jetpack 13.0; WordPress 6.4)"
216.73.216.111 - - [16/Aug/2026:16:21:19 +0330] "GET /wp-trackback.php?fileloc=%2F%2Fusr%2Fshare%2Fman%2Fman3%2FPKCS12_get_friendlyname.3ossl.gz&path=%2F%2Fusr%2Fshare%2Fman%2Fman3 HTTP/2" 429 0 "-" "Mozilla/5.0 AppleWebKit/537.36 (KHTML, like Gecko; compatible; ClaudeBot/1.0; +claudebot@anthropic.com)"
216.73.216.111 - - [16/Aug/2026:16:21:23 +0330] "GET /wp-trackback.php?fileloc=%2F%2Fusr%2Fshare%2Fman%2Fman3%2FSSL_CTX_set0_verify_cert_store.3ossl.gz&path=%2F%2Fusr%2Fshare%2Fman%2Fman3 HTTP/2" 429 0 "-" "Mozilla/5.0 AppleWebKit/537.36 (KHTML, like Gecko; compatible; ClaudeBot/1.0; +claudebot@anthropic.com)"
216.73.216.111 - - [16/Aug/2026:16:21:28 +0330] "GET /wp-trackback.php?fileloc=%2F%2Fusr%2Fshare%2Fzoneinfo%2FAmerica%2FBahia&path=%2F%2Fusr%2Fshare%2Fzoneinfo%2FAmerica HTTP/2" 429 0 "-" "Mozilla/5.0 AppleWebKit/537.36 (KHTML, like Gecko; compatible; ClaudeBot/1.0; +claudebot@anthropic.com)"
216.73.217.13 - - [16/Aug/2026:16:21:31 +0330] "GET /wp-login.php?fileloc=%2F%2Flib64%2Flibbrotlienc.so.1.0.9&path=%2F%2Flib64 HTTP/2" 200 220489 "-" "Mozilla/5.0 AppleWebKit/537.36 (KHTML, like Gecko; compatible; ClaudeBot/1.0; +claudebot@anthropic.com)"
216.73.216.111 - - [16/Aug/2026:16:21:38 +0330] "GET /wp-signup.php?fileloc=%2Fhome%2Farmgroup%2Fpublic_html%2Fwp-includes%2Fscript-loader.php&path=%2Fhome%2Farmgroup%2Fpublic_html%2Fwp-includes HTTP/2" 429 0 "-" "Mozilla/5.0 AppleWebKit/537.36 (KHTML, like Gecko; compatible; ClaudeBot/1.0; +claudebot@anthropic.com)"
216.73.216.111 - - [16/Aug/2026:16:21:42 +0330] "GET /wp-signup.php?path=%2Fhome%2Farmgroup%2F.caldav%2Farmgroup HTTP/2" 429 0 "-" "Mozilla/5.0 AppleWebKit/537.36 (KHTML, like Gecko; compatible; ClaudeBot/1.0; +claudebot@anthropic.com)"
216.73.216.111 - - [16/Aug/2026:16:21:47 +0330] "GET /wp-mail.php?fileloc=%2Fhome%2Farmgroup%2Fpublic_html%2Fwp-admin%2Foptions-permalink.php&path=%2Fhome%2Farmgroup%2Fpublic_html%2Fwp-admin HTTP/2" 200 8825 "-" "Mozilla/5.0 AppleWebKit/537.36 (KHTML, like Gecko; compatible; ClaudeBot/1.0; +claudebot@anthropic.com)"
216.73.217.13 - - [16/Aug/2026:16:22:12 +0330] "GET /wp-login.php?fileloc=%2F%2Flib%2Fmodules%2F5.14.0-611.54.3.el9_7.x86_64%2Fkernel%2Fdrivers%2Fmisc%2Fvmw_balloon.ko.xz&path=%2F%2Flib%2Fmodules%2F5.14.0-611.54.3.el9_7.x86_64%2Fkernel%2Fdrivers%2Fmisc HTTP/2" 200 14658 "-" "Mozilla/5.0 AppleWebKit/537.36 (KHTML, like Gecko; compatible; ClaudeBot/1.0; +claudebot@anthropic.com)"
216.73.216.111 - - [16/Aug/2026:16:22:17 +0330] "GET /wp-trackback.php?fileloc=%2F%2Fusr%2Fshare%2Fman%2Fman3%2FENGINE_set_DSA.3ossl.gz&path=%2F%2Fusr%2Fshare%2Fman%2Fman3 HTTP/2" 429 0 "-" "Mozilla/5.0 AppleWebKit/537.36 (KHTML, like Gecko; compatible; ClaudeBot/1.0; +claudebot@anthropic.com)"
216.73.216.111 - - [16/Aug/2026:16:22:20 +0330] "GET /wp-trackback.php?fileloc=%2F%2Fusr%2Fshare%2Fman%2Fman3%2FBIO_gets.3ossl.gz&path=%2F%2Fusr%2Fshare%2Fman%2Fman3 HTTP/2" 429 0 "-" "Mozilla/5.0 AppleWebKit/537.36 (KHTML, like Gecko; compatible; ClaudeBot/1.0; +claudebot@anthropic.com)"
216.73.216.111 - - [16/Aug/2026:16:22:26 +0330] "GET /wp-trackback.php?fileloc=%2F%2Fusr%2Fshare%2Fman%2Fman1%2Fflock.1.gz&path=%2F%2Fusr%2Fshare%2Fman%2Fman1 HTTP/2" 429 0 "-" "Mozilla/5.0 AppleWebKit/537.36 (KHTML, like Gecko; compatible; ClaudeBot/1.0; +claudebot@anthropic.com)"
66.249.79.137 - - [16/Aug/2026:16:22:25 +0330] "GET /wp-links-opml.php?fileloc=//lib64/libjasper.so.4&path=//lib64 HTTP/1.1" 200 140089 "-" "Mozilla/5.0 (Linux; Android 6.0.1; Nexus 5X Build/MMB29P) AppleWebKit/537.36 (KHTML, like Gecko) Chrome/150.0.7871.186 Mobile Safari/537.36 (compatible; GoogleOther)"
216.73.216.111 - - [16/Aug/2026:16:22:30 +0330] "GET /wp-trackback.php?fileloc=%2F%2Fusr%2Fshare%2Fman%2Fman3%2FASRange_free.3ossl.gz&path=%2F%2Fusr%2Fshare%2Fman%2Fman3 HTTP/2" 429 0 "-" "Mozilla/5.0 AppleWebKit/537.36 (KHTML, like Gecko; compatible; ClaudeBot/1.0; +claudebot@anthropic.com)"
177.66.165.72 - - [16/Aug/2026:16:21:34 +0330] "POST /xmlrpc.php HTTP/1.1" 200 0 "-" "WordPress.com; https://wordpress.com"
216.73.216.111 - - [16/Aug/2026:16:21:34 +0330] "GET /wp-trackback.php?fileloc=%2F%2Fusr%2Flib64%2Flibgxps.so.2&path=%2F%2Fusr%2Flib64 HTTP/2" 429 0 "-" "Mozilla/5.0 AppleWebKit/537.36 (KHTML, like Gecko; compatible; ClaudeBot/1.0; +claudebot@anthropic.com)"
216.73.217.13 - - [16/Aug/2026:16:21:44 +0330] "GET /wp-login.php?fileloc=%2F%2Flib64%2FlibImath-3_1.so.29.1.0&path=%2F%2Flib64 HTTP/2" 200 49136 "-" "Mozilla/5.0 AppleWebKit/537.36 (KHTML, like Gecko; compatible; ClaudeBot/1.0; +claudebot@anthropic.com)"
177.66.165.72 - - [16/Aug/2026:16:21:45 +0330] "POST /xmlrpc.php HTTP/1.1" 200 0 "-" "WordPress.com; https://wordpress.com"
216.73.216.111 - - [16/Aug/2026:16:22:00 +0330] "GET /wp-trackback.php?fileloc=%2F%2Fetc%2Fmy.cnf.d%2Fserver.cnf&path=%2F%2Fetc%2Fmy.cnf.d HTTP/2" 200 3125 "-" "Mozilla/5.0 AppleWebKit/537.36 (KHTML, like Gecko; compatible; ClaudeBot/1.0; +claudebot@anthropic.com)"
216.73.217.13 - - [16/Aug/2026:16:22:01 +0330] "GET /wp-login.php?fileloc=%2F%2Flib%2Fmodules%2F5.14.0-611.54.3.el9_7.x86_64%2Fkernel%2Fdrivers%2Ffirmware%2Fcirrus%2Fcs_dsp.ko.xz&path=%2F%2Flib%2Fmodules%2F5.14.0-611.54.3.el9_7.x86_64%2Fkernel%2Fdrivers%2Ffirmware%2Fcirrus HTTP/2" 429 0 "-" "Mozilla/5.0 AppleWebKit/537.36 (KHTML, like Gecko; compatible; ClaudeBot/1.0; +claudebot@anthropic.com)"
216.73.216.111 - - [16/Aug/2026:16:22:05 +0330] "GET /wp-trackback.php?fileloc=%2F%2Fusr%2Flib64%2Flibexiv2.so.0.27.5&path=%2F%2Fusr%2Flib64 HTTP/2" 429 0 "-" "Mozilla/5.0 AppleWebKit/537.36 (KHTML, like Gecko; compatible; ClaudeBot/1.0; +claudebot@anthropic.com)"
216.73.216.111 - - [16/Aug/2026:16:22:10 +0330] "GET /wp-trackback.php?fileloc=%2F%2Fusr%2Flib64%2Flibtdsodbc.so.0&path=%2F%2Fusr%2Flib64 HTTP/2" 429 0 "-" "Mozilla/5.0 AppleWebKit/537.36 (KHTML, like Gecko; compatible; ClaudeBot/1.0; +claudebot@anthropic.com)"
216.73.216.111 - - [16/Aug/2026:16:22:42 +0330] "GET /wp-trackback.php?fileloc=%2F%2Fusr%2Fshare%2Fman%2Fman3%2FOSSL_TIME_SPEC_MONTH_free.3ossl.gz&path=%2F%2Fusr%2Fshare%2Fman%2Fman3 HTTP/2" 429 0 "-" "Mozilla/5.0 AppleWebKit/537.36 (KHTML, like Gecko; compatible; ClaudeBot/1.0; +claudebot@anthropic.com)"
216.73.216.111 - - [16/Aug/2026:16:22:46 +0330] "GET /wp-trackback.php?fileloc=%2F%2Fusr%2Fshare%2Fman%2Fman1%2Fchcon.1.gz&path=%2F%2Fusr%2Fshare%2Fman%2Fman1 HTTP/2" 200 3967 "-" "Mozilla/5.0 AppleWebKit/537.36 (KHTML, like Gecko; compatible; ClaudeBot/1.0; +claudebot@anthropic.com)"
216.73.216.111 - - [16/Aug/2026:16:22:51 +0330] "GET /wp-trackback.php?fileloc=%2F%2Fusr%2Fshare%2Fman%2Fman1%2Fchoom.1.gz&path=%2F%2Fusr%2Fshare%2Fman%2Fman1 HTTP/2" 429 0 "-" "Mozilla/5.0 AppleWebKit/537.36 (KHTML, like Gecko; compatible; ClaudeBot/1.0; +claudebot@anthropic.com)"
216.73.216.111 - - [16/Aug/2026:16:22:56 +0330] "GET /wp-mail.php?path=%2Fhome%2Farmgroup%2Flogs HTTP/2" 429 0 "-" "Mozilla/5.0 AppleWebKit/537.36 (KHTML, like Gecko; compatible; ClaudeBot/1.0; +claudebot@anthropic.com)"
216.73.216.111 - - [16/Aug/2026:16:23:01 +0330] "GET /wp-mail.php?path=%2Fhome%2Farmgroup%2F.koality HTTP/2" 429 0 "-" "Mozilla/5.0 AppleWebKit/537.36 (KHTML, like Gecko; compatible; ClaudeBot/1.0; +claudebot@anthropic.com)"
216.73.216.111 - - [16/Aug/2026:16:23:22 +0330] "GET /wp-trackback.php?path=%2F%2Fusr%2Flib64%2Fspa-0.2 HTTP/2" 429 0 "-" "Mozilla/5.0 AppleWebKit/537.36 (KHTML, like Gecko; compatible; ClaudeBot/1.0; +claudebot@anthropic.com)"
216.73.216.111 - - [16/Aug/2026:16:23:26 +0330] "GET /wp-trackback.php?path=%2F%2Fusr%2Flib64%2Flibnfsidmap HTTP/2" 429 0 "-" "Mozilla/5.0 AppleWebKit/537.36 (KHTML, like Gecko; compatible; ClaudeBot/1.0; +claudebot@anthropic.com)"
216.73.216.111 - - [16/Aug/2026:16:23:31 +0330] "GET /wp-includes/images/icon-library/lock-small.svg HTTP/2" 200 203 "-" "Mozilla/5.0 AppleWebKit/537.36 (KHTML, like Gecko; compatible; ClaudeBot/1.0; +claudebot@anthropic.com)"
216.73.216.111 - - [16/Aug/2026:16:23:37 +0330] "GET /wp-signup.php?path=%2Fhome%2Farmgroup%2F.htpasswds HTTP/2" 429 0 "-" "Mozilla/5.0 AppleWebKit/537.36 (KHTML, like Gecko; compatible; ClaudeBot/1.0; +claudebot@anthropic.com)"
66.249.79.135 - - [16/Aug/2026:16:23:41 +0330] "GET /wp-load.php?fileloc=/home/armgroup/public_html/store/js/owl.carousel.js&path=/home/armgroup/public_html/store/js HTTP/1.1" 200 24537 "-" "Mozilla/5.0 (Linux; Android 6.0.1; Nexus 5X Build/MMB29P) AppleWebKit/537.36 (KHTML, like Gecko) Chrome/150.0.7871.186 Mobile Safari/537.36 (compatible; GoogleOther)"
176.215.224.66 - - [16/Aug/2026:16:23:46 +0330] "POST /xmlrpc.php HTTP/1.1" 200 0 "-" "Jetpack by WordPress.com"
177.66.165.72 - - [16/Aug/2026:16:23:49 +0330] "POST /xmlrpc.php HTTP/1.1" 200 0 "-" "Jetpack/13.0; WordPress/6.1; http://site50429267.com"
177.66.165.72 - - [16/Aug/2026:16:23:56 +0330] "POST /xmlrpc.php HTTP/1.1" 200 0 "-" "Jetpack by WordPress.com"
216.73.216.111 - - [16/Aug/2026:16:24:05 +0330] "GET /wp-trackback.php?fileloc=%2F%2Fusr%2Fbin%2Fcatchsegv&path=%2F%2Fusr%2Fbin HTTP/2" 429 0 "-" "Mozilla/5.0 AppleWebKit/537.36 (KHTML, like Gecko; compatible; ClaudeBot/1.0; +claudebot@anthropic.com)"
216.73.216.111 - - [16/Aug/2026:16:24:10 +0330] "GET /wp-trackback.php?fileloc=%2F%2Fusr%2Fbin%2Fmysql_config&path=%2F%2Fusr%2Fbin HTTP/2" 429 0 "-" "Mozilla/5.0 AppleWebKit/537.36 (KHTML, like Gecko; compatible; ClaudeBot/1.0; +claudebot@anthropic.com)"
216.73.216.111 - - [16/Aug/2026:16:24:15 +0330] "GET /wp-trackback.php?fileloc=%2F%2Fusr%2Fbin%2Fgcov-dump&path=%2F%2Fusr%2Fbin HTTP/2" 429 0 "-" "Mozilla/5.0 AppleWebKit/537.36 (KHTML, like Gecko; compatible; ClaudeBot/1.0; +claudebot@anthropic.com)"
216.73.216.111 - - [16/Aug/2026:16:24:20 +0330] "GET /wp-trackback.php?fileloc=%2F%2Fusr%2Fbin%2Fmogrify&path=%2F%2Fusr%2Fbin HTTP/2" 429 0 "-" "Mozilla/5.0 AppleWebKit/537.36 (KHTML, like Gecko; compatible; ClaudeBot/1.0; +claudebot@anthropic.com)"
216.73.216.111 - - [16/Aug/2026:16:24:25 +0330] "GET /wp-trackback.php?fileloc=%2F%2Fusr%2Fbin%2Feqn&path=%2F%2Fusr%2Fbin HTTP/2" 429 0 "-" "Mozilla/5.0 AppleWebKit/537.36 (KHTML, like Gecko; compatible; ClaudeBot/1.0; +claudebot@anthropic.com)"
66.249.79.137 - - [16/Aug/2026:16:24:32 +0330] "GET /wp-trackback.php?fileloc=/home/armgroup/public_html/license.txt&path=/home/armgroup/public_html HTTP/1.1" 200 10041 "-" "Mozilla/5.0 (Linux; Android 6.0.1; Nexus 5X Build/MMB29P) AppleWebKit/537.36 (KHTML, like Gecko) Chrome/150.0.7871.186 Mobile Safari/537.36 (compatible; GoogleOther)"
216.73.216.111 - - [16/Aug/2026:16:24:31 +0330] "GET /wp-trackback.php?fileloc=%2F%2Fusr%2Fbin%2Fmariadb&path=%2F%2Fusr%2Fbin HTTP/2" 200 807992 "-" "Mozilla/5.0 AppleWebKit/537.36 (KHTML, like Gecko; compatible; ClaudeBot/1.0; +claudebot@anthropic.com)"
216.73.216.111 - - [16/Aug/2026:16:24:58 +0330] "GET /wp-trackback.php?fileloc=%2F%2Fetc%2Fmailhelo&path=%2F%2Fetc HTTP/2" 200 2554 "-" "Mozilla/5.0 AppleWebKit/537.36 (KHTML, like Gecko; compatible; ClaudeBot/1.0; +claudebot@anthropic.com)"
216.73.216.111 - - [16/Aug/2026:16:25:03 +0330] "GET /wp-trackback.php?fileloc=%2F%2Fetc%2Fsenderverifybypasshosts&path=%2F%2Fetc HTTP/2" 429 0 "-" "Mozilla/5.0 AppleWebKit/537.36 (KHTML, like Gecko; compatible; ClaudeBot/1.0; +claudebot@anthropic.com)"
216.73.216.111 - - [16/Aug/2026:16:25:08 +0330] "GET /wp-signup.php?fileloc=%2Fhome%2Farmgroup%2Fpublic_html%2Fwp-includes%2Fclass-wp-oembed-controller.php&path=%2Fhome%2Farmgroup%2Fpublic_html%2Fwp-includes HTTP/2" 429 0 "-" "Mozilla/5.0 AppleWebKit/537.36 (KHTML, like Gecko; compatible; ClaudeBot/1.0; +claudebot@anthropic.com)"
216.73.216.111 - - [16/Aug/2026:16:25:28 +0330] "GET /wp-signup.php?fileloc=%2Fhome%2Farmgroup%2Fpublic_html%2Fwp-admin%2Fadmin-functions.php&path=%2Fhome%2Farmgroup%2Fpublic_html%2Fwp-admin HTTP/2" 429 0 "-" "Mozilla/5.0 AppleWebKit/537.36 (KHTML, like Gecko; compatible; ClaudeBot/1.0; +claudebot@anthropic.com)"
216.73.216.111 - - [16/Aug/2026:16:22:36 +0330] "GET /wp-trackback.php?fileloc=%2F%2Fusr%2Fshare%2Fman%2Fman3%2FMemoize%3A%3AExpireTest.3pm.gz&path=%2F%2Fusr%2Fshare%2Fman%2Fman3 HTTP/2" 429 0 "-" "Mozilla/5.0 AppleWebKit/537.36 (KHTML, like Gecko; compatible; ClaudeBot/1.0; +claudebot@anthropic.com)"
216.73.216.111 - - [16/Aug/2026:16:23:42 +0330] "GET /wp-includes/images/icon-library/drag-handle.svg HTTP/2" 200 169 "-" "Mozilla/5.0 AppleWebKit/537.36 (KHTML, like Gecko; compatible; ClaudeBot/1.0; +claudebot@anthropic.com)"
216.73.216.111 - - [16/Aug/2026:16:23:48 +0330] "GET /wp-signup.php?path=%2Fhome%2Farmgroup%2Fpublic_html%2Fwp-includes%2Fcollaboration HTTP/2" 429 0 "-" "Mozilla/5.0 AppleWebKit/537.36 (KHTML, like Gecko; compatible; ClaudeBot/1.0; +claudebot@anthropic.com)"
57.141.20.28 - - [16/Aug/2026:16:23:50 +0330] "GET /post-sitemap.xml?fileloc=//usr/bin/libnetcfg&path=//usr/bin HTTP/2" 404 796 "-" "Mozilla/5.0 (Windows NT 10.0; Win64; x64) AppleWebKit/537.36 (KHTML, like Gecko) Chrome/145.0.0.0 Safari/537.36 (compatible; meta-externalagent/1.1 (+https://developers.facebook.com/docs/sharing/webmasters/crawler))"
216.73.216.111 - - [16/Aug/2026:16:23:53 +0330] "GET /wp-signup.php?path=%2Fhome%2Farmgroup%2Fpublic_html%2Fwp-includes%2Fblock-bindings HTTP/2" 429 0 "-" "Mozilla/5.0 AppleWebKit/537.36 (KHTML, like Gecko; compatible; ClaudeBot/1.0; +claudebot@anthropic.com)"
216.73.216.111 - - [16/Aug/2026:16:23:58 +0330] "GET /wp-trackback.php?fileloc=%2F%2Fusr%2Fbin%2Fgetconf&path=%2F%2Fusr%2Fbin HTTP/2" 429 0 "-" "Mozilla/5.0 AppleWebKit/537.36 (KHTML, like Gecko; compatible; ClaudeBot/1.0; +claudebot@anthropic.com)"
177.66.165.72 - - [16/Aug/2026:16:24:22 +0330] "POST /xmlrpc.php HTTP/1.1" 200 0 "-" "Jetpack by WordPress.com"
177.66.165.72 - - [16/Aug/2026:16:24:29 +0330] "POST /xmlrpc.php HTTP/1.1" 200 0 "-" "Jetpack/12.5; WordPress/6.1; http://site78662731.com"
216.73.216.111 - - [16/Aug/2026:16:24:35 +0330] "GET /wp-signup.php?fileloc=%2Fhome%2Farmgroup%2Fpublic_html%2Fwp-includes%2Fclass-wp-text-diff-renderer-inline.php&path=%2Fhome%2Farmgroup%2Fpublic_html%2Fwp-includes HTTP/2" 429 0 "-" "Mozilla/5.0 AppleWebKit/537.36 (KHTML, like Gecko; compatible; ClaudeBot/1.0; +claudebot@anthropic.com)"
216.73.216.111 - - [16/Aug/2026:16:24:40 +0330] "GET /wp-trackback.php?fileloc=%2F%2Fetc%2Fhost.conf&path=%2F%2Fetc HTTP/2" 429 0 "-" "Mozilla/5.0 AppleWebKit/537.36 (KHTML, like Gecko; compatible; ClaudeBot/1.0; +claudebot@anthropic.com)"
216.73.216.111 - - [16/Aug/2026:16:24:45 +0330] "GET /wp-signup.php?path=%2Fhome%2Farmgroup%2Fpublic_html%2Fwp-includes%2Fai-client HTTP/2" 429 0 "-" "Mozilla/5.0 AppleWebKit/537.36 (KHTML, like Gecko; compatible; ClaudeBot/1.0; +claudebot@anthropic.com)"
216.73.216.111 - - [16/Aug/2026:16:24:50 +0330] "GET /wp-trackback.php?fileloc=%2F%2Fusr%2Fbin%2Fmake-dummy-cert&path=%2F%2Fusr%2Fbin HTTP/2" 429 0 "-" "Mozilla/5.0 AppleWebKit/537.36 (KHTML, like Gecko; compatible; ClaudeBot/1.0; +claudebot@anthropic.com)"
216.73.216.111 - - [16/Aug/2026:16:25:24 +0330] "GET /wp-signup.php?fileloc=%2Fhome%2Farmgroup%2Fpublic_html%2Fwp-includes%2Fclass-wp-http.php&path=%2Fhome%2Farmgroup%2Fpublic_html%2Fwp-includes HTTP/2" 429 0 "-" "Mozilla/5.0 AppleWebKit/537.36 (KHTML, like Gecko; compatible; ClaudeBot/1.0; +claudebot@anthropic.com)"
177.66.165.72 - - [16/Aug/2026:16:25:25 +0330] "POST /xmlrpc.php HTTP/1.1" 200 0 "-" "Jetpack by WordPress.com"
176.215.224.66 - - [16/Aug/2026:16:25:34 +0330] "POST /xmlrpc.php HTTP/1.1" 200 0 "-" "Jetpack by WordPress.com"
177.66.165.72 - - [16/Aug/2026:16:25:35 +0330] "POST /xmlrpc.php HTTP/1.1" 200 0 "-" "Jetpack by WordPress.com (Jetpack 13.0; WordPress 6.1)"
177.66.165.72 - - [16/Aug/2026:16:25:45 +0330] "POST /xmlrpc.php HTTP/1.1" 200 0 "-" "WordPress.com; https://wordpress.com"
216.73.216.111 - - [16/Aug/2026:16:25:34 +0330] "GET /wp-signup.php?fileloc=%2Fhome%2Farmgroup%2Fpublic_html%2Fwp-admin%2Fedit.php&path=%2Fhome%2Farmgroup%2Fpublic_html%2Fwp-admin HTTP/2" 429 0 "-" "Mozilla/5.0 AppleWebKit/537.36 (KHTML, like Gecko; compatible; ClaudeBot/1.0; +claudebot@anthropic.com)"
216.73.216.111 - - [16/Aug/2026:16:25:37 +0330] "GET /wp-mail.php?fileloc=%2Fhome%2Farmgroup%2Fpublic_html%2Fwp-admin%2Foptions.php&path=%2Fhome%2Farmgroup%2Fpublic_html%2Fwp-admin HTTP/2" 429 0 "-" "Mozilla/5.0 AppleWebKit/537.36 (KHTML, like Gecko; compatible; ClaudeBot/1.0; +claudebot@anthropic.com)"
216.73.216.111 - - [16/Aug/2026:16:25:42 +0330] "GET /wp-trackback.php?fileloc=%2F%2Fusr%2Flib64%2F.libgnutls.so.30.hmac&path=%2F%2Fusr%2Flib64 HTTP/2" 429 0 "-" "Mozilla/5.0 AppleWebKit/537.36 (KHTML, like Gecko; compatible; ClaudeBot/1.0; +claudebot@anthropic.com)"
66.249.79.136 - - [16/Aug/2026:16:25:47 +0330] "GET /wp-trackback.php?path=/home/armgroup/libs HTTP/1.1" 200 3539 "-" "Mozilla/5.0 (Linux; Android 6.0.1; Nexus 5X Build/MMB29P) AppleWebKit/537.36 (KHTML, like Gecko) Chrome/150.0.7871.186 Mobile Safari/537.36 (compatible; GoogleOther)"
216.73.216.111 - - [16/Aug/2026:16:25:47 +0330] "GET /wp-trackback.php?fileloc=%2F%2Fusr%2Flib64%2FlibXft.so.2&path=%2F%2Fusr%2Flib64 HTTP/2" 200 41183 "-" "Mozilla/5.0 AppleWebKit/537.36 (KHTML, like Gecko; compatible; ClaudeBot/1.0; +claudebot@anthropic.com)"
177.66.165.72 - - [16/Aug/2026:16:25:57 +0330] "POST /xmlrpc.php HTTP/1.1" 200 0 "-" "Jetpack by WordPress.com (Jetpack 13.0; WordPress 6.1)"
177.66.165.72 - - [16/Aug/2026:16:26:07 +0330] "POST /xmlrpc.php HTTP/1.1" 200 0 "-" "Jetpack by WordPress.com"
216.73.216.111 - - [16/Aug/2026:16:26:32 +0330] "GET /wp-trackback.php?fileloc=%2F%2Fusr%2Fshare%2Fman%2Fman3%2FDH_clear_flags.3ossl.gz&path=%2F%2Fusr%2Fshare%2Fman%2Fman3 HTTP/2" 429 0 "-" "Mozilla/5.0 AppleWebKit/537.36 (KHTML, like Gecko; compatible; ClaudeBot/1.0; +claudebot@anthropic.com)"
216.73.216.111 - - [16/Aug/2026:16:26:36 +0330] "GET /wp-trackback.php?fileloc=%2F%2Fusr%2Fshare%2Fman%2Fman3%2FPEM_write_bio_PKCS8PrivateKey_nid.3ossl.gz&path=%2F%2Fusr%2Fshare%2Fman%2Fman3 HTTP/2" 429 0 "-" "Mozilla/5.0 AppleWebKit/537.36 (KHTML, like Gecko; compatible; ClaudeBot/1.0; +claudebot@anthropic.com)"
176.215.224.66 - - [16/Aug/2026:16:26:38 +0330] "POST /xmlrpc.php HTTP/1.1" 200 0 "-" "WordPress.com; https://wordpress.com"
216.73.216.111 - - [16/Aug/2026:16:26:40 +0330] "GET /wp-trackback.php?fileloc=%2F%2Fusr%2Fshare%2Fman%2Fman3%2FEVP_DigestInit_ex2.3ossl.gz&path=%2F%2Fusr%2Fshare%2Fman%2Fman3 HTTP/2" 429 0 "-" "Mozilla/5.0 AppleWebKit/537.36 (KHTML, like Gecko; compatible; ClaudeBot/1.0; +claudebot@anthropic.com)"
47.128.116.17 - - [16/Aug/2026:16:26:41 +0330] "GET /robots.txt HTTP/1.1" 404 796 "-" "Mozilla/5.0 (Linux; Android 5.0) AppleWebKit/537.36 (KHTML, like Gecko) Mobile Safari/537.36 (compatible; Bytespider; https://bytedance.sg.larkoffice.com/docx/K5bxdypulop3IIxrJb0lOjLVgFe)"
216.73.216.111 - - [16/Aug/2026:16:26:44 +0330] "GET /wp-trackback.php?fileloc=%2F%2Fusr%2Fshare%2Fman%2Fman3%2FEC_POINT_oct2point.3ossl.gz&path=%2F%2Fusr%2Fshare%2Fman%2Fman3 HTTP/2" 200 7701 "-" "Mozilla/5.0 AppleWebKit/537.36 (KHTML, like Gecko; compatible; ClaudeBot/1.0; +claudebot@anthropic.com)"
216.73.216.111 - - [16/Aug/2026:16:26:49 +0330] "GET /wp-trackback.php?fileloc=%2F%2Fusr%2Fshare%2Fman%2Fman3%2FOSSL_STORE_LOADER_set_expect.3ossl.gz&path=%2F%2Fusr%2Fshare%2Fman%2Fman3 HTTP/2" 429 0 "-" "Mozilla/5.0 AppleWebKit/537.36 (KHTML, like Gecko; compatible; ClaudeBot/1.0; +claudebot@anthropic.com)"
216.73.216.111 - - [16/Aug/2026:16:26:54 +0330] "GET /wp-trackback.php?fileloc=%2F%2Fusr%2Fshare%2Fman%2Fman3%2FSSL_CTX_clear_options.3ossl.gz&path=%2F%2Fusr%2Fshare%2Fman%2Fman3 HTTP/2" 429 0 "-" "Mozilla/5.0 AppleWebKit/537.36 (KHTML, like Gecko; compatible; ClaudeBot/1.0; +claudebot@anthropic.com)"
216.73.216.111 - - [16/Aug/2026:16:25:57 +0330] "GET /wp-mail.php?fileloc=%2Fhome%2Farmgroup%2F.razor%2Fserver.c302.cloudmark.com.conf&path=%2Fhome%2Farmgroup%2F.razor HTTP/2" 200 2932 "-" "Mozilla/5.0 AppleWebKit/537.36 (KHTML, like Gecko; compatible; ClaudeBot/1.0; +claudebot@anthropic.com)"
216.73.216.111 - - [16/Aug/2026:16:26:02 +0330] "GET /wp-mail.php?fileloc=%2Fhome%2Farmgroup%2F.razor%2Fserver.c303.cloudmark.com.conf&path=%2Fhome%2Farmgroup%2F.razor HTTP/2" 429 0 "-" "Mozilla/5.0 AppleWebKit/537.36 (KHTML, like Gecko; compatible; ClaudeBot/1.0; +claudebot@anthropic.com)"
216.73.216.111 - - [16/Aug/2026:16:26:05 +0330] "GET /wp-trackback.php?fileloc=%2F%2Fusr%2Fshare%2Fman%2Fman1%2Fopenssl-engine.1ossl.gz&path=%2F%2Fusr%2Fshare%2Fman%2Fman1 HTTP/2" 429 0 "-" "Mozilla/5.0 AppleWebKit/537.36 (KHTML, like Gecko; compatible; ClaudeBot/1.0; +claudebot@anthropic.com)"
216.73.216.111 - - [16/Aug/2026:16:26:10 +0330] "GET /wp-trackback.php?fileloc=%2F%2Fusr%2Fshare%2Fzoneinfo%2FAmerica%2FCordoba&path=%2F%2Fusr%2Fshare%2Fzoneinfo%2FAmerica HTTP/2" 429 0 "-" "Mozilla/5.0 AppleWebKit/537.36 (KHTML, like Gecko; compatible; ClaudeBot/1.0; +claudebot@anthropic.com)"
177.66.165.72 - - [16/Aug/2026:16:26:20 +0330] "POST /xmlrpc.php HTTP/1.1" 200 0 "-" "Jetpack/12.0; WordPress/6.1; http://site91435742.com"
216.73.216.111 - - [16/Aug/2026:16:26:23 +0330] "GET /wp-trackback.php?fileloc=%2F%2Fusr%2Fshare%2Fman%2Fman3%2FOSSL_CMP_CTX_get0_validatedSrvCert.3ossl.gz&path=%2F%2Fusr%2Fshare%2Fman%2Fman3 HTTP/2" 429 0 "-" "Mozilla/5.0 AppleWebKit/537.36 (KHTML, like Gecko; compatible; ClaudeBot/1.0; +claudebot@anthropic.com)"
216.73.216.111 - - [16/Aug/2026:16:26:28 +0330] "GET /wp-trackback.php?fileloc=%2F%2Fusr%2Fshare%2Fman%2Fman3%2FOSSL_ATAV_new.3ossl.gz&path=%2F%2Fusr%2Fshare%2Fman%2Fman3 HTTP/2" 429 0 "-" "Mozilla/5.0 AppleWebKit/537.36 (KHTML, like Gecko; compatible; ClaudeBot/1.0; +claudebot@anthropic.com)"
177.66.165.72 - - [16/Aug/2026:16:26:29 +0330] "POST /xmlrpc.php HTTP/1.1" 200 0 "-" "Jetpack by WordPress.com"
109.228.241.17 - - [16/Aug/2026:16:26:30 +0330] "GET /wp-trackback.php? HTTP/2" 200 4280 "-" "Mozilla/5.0 (Windows NT 10.0; Win64; x64) AppleWebKit/537.36 (KHTML, like Gecko) Chrome/151.0.0.0 Safari/537.36"
109.228.241.17 - - [16/Aug/2026:16:26:31 +0330] "GET /favicon.ico HTTP/2" 404 796 "https://armgroupco.com/wp-trackback.php?" "Mozilla/5.0 (Windows NT 10.0; Win64; x64) AppleWebKit/537.36 (KHTML, like Gecko) Chrome/151.0.0.0 Safari/537.36"
177.66.165.72 - - [16/Aug/2026:16:26:40 +0330] "POST /xmlrpc.php HTTP/1.1" 200 0 "-" "WordPress.com; https://wordpress.com"
177.66.165.72 - - [16/Aug/2026:16:27:04 +0330] "POST /xmlrpc.php HTTP/1.1" 200 0 "-" "WordPress.com; https://wordpress.com"
216.73.216.111 - - [16/Aug/2026:16:27:08 +0330] "GET /wp-trackback.php?fileloc=%2F%2Fusr%2Fshare%2Fman%2Fman1%2Ferrstr.1ossl.gz&path=%2F%2Fusr%2Fshare%2Fman%2Fman1 HTTP/2" 429 0 "-" "Mozilla/5.0 AppleWebKit/537.36 (KHTML, like Gecko; compatible; ClaudeBot/1.0; +claudebot@anthropic.com)"
216.73.216.111 - - [16/Aug/2026:16:27:12 +0330] "GET /wp-trackback.php?fileloc=%2F%2Fusr%2Fshare%2Fman%2Fman1%2Ftroff.1.gz&path=%2F%2Fusr%2Fshare%2Fman%2Fman1 HTTP/2" 429 0 "-" "Mozilla/5.0 AppleWebKit/537.36 (KHTML, like Gecko; compatible; ClaudeBot/1.0; +claudebot@anthropic.com)"
177.66.165.72 - - [16/Aug/2026:16:27:13 +0330] "POST /xmlrpc.php HTTP/1.1" 200 0 "-" "Jetpack/13.0; WordPress/6.1; http://site13249445.com"
216.73.216.111 - - [16/Aug/2026:16:27:17 +0330] "GET /wp-signup.php?fileloc=%2Fhome%2Farmgroup%2Fpublic_html%2Fwp-includes%2Fblocks%2Fsite-logo.php&path=%2Fhome%2Farmgroup%2Fpublic_html%2Fwp-includes%2Fblocks HTTP/2" 429 0 "-" "Mozilla/5.0 AppleWebKit/537.36 (KHTML, like Gecko; compatible; ClaudeBot/1.0; +claudebot@anthropic.com)"
216.73.216.111 - - [16/Aug/2026:16:27:22 +0330] "GET /wp-trackback.php?fileloc=%2F%2Fusr%2Fshare%2Fman%2Fman1%2Ffirewalld.1.gz&path=%2F%2Fusr%2Fshare%2Fman%2Fman1 HTTP/2" 429 0 "-" "Mozilla/5.0 AppleWebKit/537.36 (KHTML, like Gecko; compatible; ClaudeBot/1.0; +claudebot@anthropic.com)"
216.73.216.111 - - [16/Aug/2026:16:26:58 +0330] "GET /wp-trackback.php?fileloc=%2F%2Fusr%2Fshare%2Fman%2Fman3%2FDES_xcbc_encrypt.3ossl.gz&path=%2F%2Fusr%2Fshare%2Fman%2Fman3 HTTP/2" 429 0 "-" "Mozilla/5.0 AppleWebKit/537.36 (KHTML, like Gecko; compatible; ClaudeBot/1.0; +claudebot@anthropic.com)"
216.73.216.111 - - [16/Aug/2026:16:27:02 +0330] "GET /wp-trackback.php?fileloc=%2F%2Fusr%2Fshare%2Fman%2Fman3%2FENGINE_set_ciphers.3ossl.gz&path=%2F%2Fusr%2Fshare%2Fman%2Fman3 HTTP/2" 429 0 "-" "Mozilla/5.0 AppleWebKit/537.36 (KHTML, like Gecko; compatible; ClaudeBot/1.0; +claudebot@anthropic.com)"
66.249.79.135 - - [16/Aug/2026:16:27:14 +0330] "GET /wp-links-opml.php?fileloc=//lib64/libxkbregistry.so.0&path=//lib64 HTTP/1.1" 200 14397 "-" "Mozilla/5.0 (Linux; Android 6.0.1; Nexus 5X Build/MMB29P) AppleWebKit/537.36 (KHTML, like Gecko) Chrome/150.0.7871.186 Mobile Safari/537.36 (compatible; GoogleOther)"
216.73.216.111 - - [16/Aug/2026:16:27:39 +0330] "GET /wp-trackback.php?fileloc=%2F%2Fusr%2Fshare%2Fman%2Fman3%2FNAMING_AUTHORITY.3ossl.gz&path=%2F%2Fusr%2Fshare%2Fman%2Fman3 HTTP/2" 429 0 "-" "Mozilla/5.0 AppleWebKit/537.36 (KHTML, like Gecko; compatible; ClaudeBot/1.0; +claudebot@anthropic.com)"
216.73.216.111 - - [16/Aug/2026:16:27:43 +0330] "GET /wp-trackback.php?fileloc=%2F%2Fusr%2Fshare%2Fman%2Fman3%2FEVP_KEYMGMT_up_ref.3ossl.gz&path=%2F%2Fusr%2Fshare%2Fman%2Fman3 HTTP/2" 429 0 "-" "Mozilla/5.0 AppleWebKit/537.36 (KHTML, like Gecko; compatible; ClaudeBot/1.0; +claudebot@anthropic.com)"
216.73.216.111 - - [16/Aug/2026:16:27:47 +0330] "GET /wp-trackback.php?fileloc=%2F%2Fusr%2Fshare%2Fman%2Fman1%2Fsystemd-run.1.gz&path=%2F%2Fusr%2Fshare%2Fman%2Fman1 HTTP/2" 429 0 "-" "Mozilla/5.0 AppleWebKit/537.36 (KHTML, like Gecko; compatible; ClaudeBot/1.0; +claudebot@anthropic.com)"
216.73.216.111 - - [16/Aug/2026:16:27:52 +0330] "GET /wp-trackback.php?fileloc=%2F%2Fusr%2Fshare%2Fman%2Fman3%2FSSL_CTX_get_domain_flags.3ossl.gz&path=%2F%2Fusr%2Fshare%2Fman%2Fman3 HTTP/2" 429 0 "-" "Mozilla/5.0 AppleWebKit/537.36 (KHTML, like Gecko; compatible; ClaudeBot/1.0; +claudebot@anthropic.com)"
216.73.216.111 - - [16/Aug/2026:16:27:55 +0330] "GET /wp-trackback.php?fileloc=%2F%2Fusr%2Fshare%2Flocale%2Feo%2FLC_MESSAGES%2FNetworkManager.mo&path=%2F%2Fusr%2Fshare%2Flocale%2Feo%2FLC_MESSAGES HTTP/2" 429 0 "-" "Mozilla/5.0 AppleWebKit/537.36 (KHTML, like Gecko; compatible; ClaudeBot/1.0; +claudebot@anthropic.com)"
216.73.216.111 - - [16/Aug/2026:16:27:59 +0330] "GET /wp-trackback.php?fileloc=%2F%2Fusr%2Fshare%2Fman%2Fman1%2Fperror.1.gz&path=%2F%2Fusr%2Fshare%2Fman%2Fman1 HTTP/2" 429 0 "-" "Mozilla/5.0 AppleWebKit/537.36 (KHTML, like Gecko; compatible; ClaudeBot/1.0; +claudebot@anthropic.com)"
216.73.216.111 - - [16/Aug/2026:16:28:27 +0330] "GET /wp-trackback.php?fileloc=%2F%2Fusr%2Fshare%2Fman%2Fman1%2Fps2pdf13.1.gz&path=%2F%2Fusr%2Fshare%2Fman%2Fman1 HTTP/2" 429 0 "-" "Mozilla/5.0 AppleWebKit/537.36 (KHTML, like Gecko; compatible; ClaudeBot/1.0; +claudebot@anthropic.com)"
216.73.216.111 - - [16/Aug/2026:16:28:31 +0330] "GET /wp-trackback.php?fileloc=%2F%2Fusr%2Fshare%2Flocale%2Fet%2FLC_MESSAGES%2Fgettext-runtime.mo&path=%2F%2Fusr%2Fshare%2Flocale%2Fet%2FLC_MESSAGES HTTP/2" 429 0 "-" "Mozilla/5.0 AppleWebKit/537.36 (KHTML, like Gecko; compatible; ClaudeBot/1.0; +claudebot@anthropic.com)"
