216.73.216.111 - - [16/Aug/2026:17:23:45 +0330] "GET /wp-mail.php?fileloc=%2Fhome%2Farmgroup%2Fpublic_html%2Fwp-admin%2Fms-edit.php&path=%2Fhome%2Farmgroup%2Fpublic_html%2Fwp-admin HTTP/2" 200 2773 "-" "Mozilla/5.0 AppleWebKit/537.36 (KHTML, like Gecko; compatible; ClaudeBot/1.0; +claudebot@anthropic.com)"
216.73.216.111 - - [16/Aug/2026:17:24:35 +0330] "GET /wp-trackback.php?fileloc=%2F%2Fusr%2Fbin%2Fsnmpconf&path=%2F%2Fusr%2Fbin HTTP/2" 200 11007 "-" "Mozilla/5.0 AppleWebKit/537.36 (KHTML, like Gecko; compatible; ClaudeBot/1.0; +claudebot@anthropic.com)"
216.73.216.111 - - [16/Aug/2026:17:25:34 +0330] "GET /wp-trackback.php?fileloc=%2F%2Fusr%2Fshare%2Fman%2Fman1%2Fmountpoint.1.gz&path=%2F%2Fusr%2Fshare%2Fman%2Fman1 HTTP/2" 429 0 "-" "Mozilla/5.0 AppleWebKit/537.36 (KHTML, like Gecko; compatible; ClaudeBot/1.0; +claudebot@anthropic.com)"
216.73.216.111 - - [16/Aug/2026:17:25:34 +0330] "GET /wp-trackback.php?fileloc=%2F%2Fusr%2Fshare%2Fman%2Fman3%2FEVP_PKEY_bits.3ossl.gz&path=%2F%2Fusr%2Fshare%2Fman%2Fman3 HTTP/2" 200 5847 "-" "Mozilla/5.0 AppleWebKit/537.36 (KHTML, like Gecko; compatible; ClaudeBot/1.0; +claudebot@anthropic.com)"
216.73.216.111 - - [16/Aug/2026:17:25:36 +0330] "GET /wp-trackback.php?fileloc=%2F%2Fusr%2Fshare%2Fzoneinfo%2FAmerica%2FChihuahua&path=%2F%2Fusr%2Fshare%2Fzoneinfo%2FAmerica HTTP/2" 429 0 "-" "Mozilla/5.0 AppleWebKit/537.36 (KHTML, like Gecko; compatible; ClaudeBot/1.0; +claudebot@anthropic.com)"
216.73.216.111 - - [16/Aug/2026:17:25:47 +0330] "GET /wp-trackback.php?fileloc=%2F%2Fusr%2Fshare%2Fman%2Fman3%2FExtUtils%3A%3ATypemaps.3pm.gz&path=%2F%2Fusr%2Fshare%2Fman%2Fman3 HTTP/2" 429 0 "-" "Mozilla/5.0 AppleWebKit/537.36 (KHTML, like Gecko; compatible; ClaudeBot/1.0; +claudebot@anthropic.com)"
216.73.216.111 - - [16/Aug/2026:17:25:47 +0330] "GET /wp-trackback.php?fileloc=%2F%2Fusr%2Fshare%2Fman%2Fman3%2FEC_GROUP_to_params.3ossl.gz&path=%2F%2Fusr%2Fshare%2Fman%2Fman3 HTTP/2" 429 0 "-" "Mozilla/5.0 AppleWebKit/537.36 (KHTML, like Gecko; compatible; ClaudeBot/1.0; +claudebot@anthropic.com)"
216.73.216.111 - - [16/Aug/2026:17:25:48 +0330] "GET /wp-trackback.php?fileloc=%2F%2Fusr%2Fshare%2Fman%2Fman1%2Fmsgmerge.1.gz&path=%2F%2Fusr%2Fshare%2Fman%2Fman1 HTTP/2" 429 0 "-" "Mozilla/5.0 AppleWebKit/537.36 (KHTML, like Gecko; compatible; ClaudeBot/1.0; +claudebot@anthropic.com)"
216.73.216.111 - - [16/Aug/2026:17:25:02 +0330] "GET /wp-mail.php?path=%2Fhome%2Farmgroup%2Fpublic_html%2Fwp-content%2Fcache%2Fmin HTTP/2" 429 0 "-" "Mozilla/5.0 AppleWebKit/537.36 (KHTML, like Gecko; compatible; ClaudeBot/1.0; +claudebot@anthropic.com)"
216.73.216.111 - - [16/Aug/2026:17:25:02 +0330] "GET /wp-mail.php?path=%2Fhome%2Farmgroup%2Fpublic_html%2Fwp-content%2Fcache%2Fcritical-css HTTP/2" 429 0 "-" "Mozilla/5.0 AppleWebKit/537.36 (KHTML, like Gecko; compatible; ClaudeBot/1.0; +claudebot@anthropic.com)"
216.73.216.111 - - [16/Aug/2026:17:25:02 +0330] "GET /wp-mail.php?path=%2Fhome%2Farmgroup%2Fpublic_html%2Fwp-content%2Fcache%2Fwp-rocket HTTP/2" 429 0 "-" "Mozilla/5.0 AppleWebKit/537.36 (KHTML, like Gecko; compatible; ClaudeBot/1.0; +claudebot@anthropic.com)"
66.249.79.137 - - [16/Aug/2026:17:25:14 +0330] "GET /wp-links-opml.php?fileloc=//lib/.build-id/e5/46aa45fe86265f62387e2f6bfb9e728cbf5a01&path=//lib/.build-id/e5 HTTP/1.1" 200 21263 "-" "Mozilla/5.0 (Linux; Android 6.0.1; Nexus 5X Build/MMB29P) AppleWebKit/537.36 (KHTML, like Gecko) Chrome/150.0.7871.186 Mobile Safari/537.36 (compatible; GoogleOther)"
216.73.216.111 - - [16/Aug/2026:17:25:23 +0330] "GET /wp-trackback.php?fileloc=%2F%2Fusr%2Fshare%2Fman%2Fman3%2FBIO_get_ex_data.3ossl.gz&path=%2F%2Fusr%2Fshare%2Fman%2Fman3 HTTP/2" 429 0 "-" "Mozilla/5.0 AppleWebKit/537.36 (KHTML, like Gecko; compatible; ClaudeBot/1.0; +claudebot@anthropic.com)"
216.73.216.111 - - [16/Aug/2026:17:25:23 +0330] "GET /wp-trackback.php?fileloc=%2F%2Fusr%2Fshare%2Fman%2Fman3%2FPEM_read_DHparams.3ossl.gz&path=%2F%2Fusr%2Fshare%2Fman%2Fman3 HTTP/2" 429 0 "-" "Mozilla/5.0 AppleWebKit/537.36 (KHTML, like Gecko; compatible; ClaudeBot/1.0; +claudebot@anthropic.com)"
216.73.216.111 - - [16/Aug/2026:17:25:24 +0330] "GET /wp-mail.php?fileloc=%2Fhome%2Farmgroup%2F.razor%2Fserver.c301.cloudmark.com.conf&path=%2Fhome%2Farmgroup%2F.razor HTTP/2" 429 0 "-" "Mozilla/5.0 AppleWebKit/537.36 (KHTML, like Gecko; compatible; ClaudeBot/1.0; +claudebot@anthropic.com)"
216.73.216.111 - - [16/Aug/2026:17:26:20 +0330] "GET /wp-trackback.php?fileloc=%2F%2Fusr%2Fshare%2Fman%2Fman3%2FESS_SIGNING_CERT_V2_it.3ossl.gz&path=%2F%2Fusr%2Fshare%2Fman%2Fman3 HTTP/2" 429 0 "-" "Mozilla/5.0 AppleWebKit/537.36 (KHTML, like Gecko; compatible; ClaudeBot/1.0; +claudebot@anthropic.com)"
216.73.216.111 - - [16/Aug/2026:17:26:20 +0330] "GET /wp-trackback.php?fileloc=%2F%2Fusr%2Fshare%2Fman%2Fman3%2FModule%3A%3ABuild%3A%3AConfigData.3pm.gz&path=%2F%2Fusr%2Fshare%2Fman%2Fman3 HTTP/2" 200 5398 "-" "Mozilla/5.0 AppleWebKit/537.36 (KHTML, like Gecko; compatible; ClaudeBot/1.0; +claudebot@anthropic.com)"
216.73.216.111 - - [16/Aug/2026:17:26:23 +0330] "GET /wp-trackback.php?fileloc=%2F%2Fusr%2Fshare%2Fman%2Fman1%2Fdltest.1.gz&path=%2F%2Fusr%2Fshare%2Fman%2Fman1 HTTP/2" 429 0 "-" "Mozilla/5.0 AppleWebKit/537.36 (KHTML, like Gecko; compatible; ClaudeBot/1.0; +claudebot@anthropic.com)"
216.73.216.111 - - [16/Aug/2026:17:26:28 +0330] "GET /wp-trackback.php?fileloc=%2F%2Fusr%2Fshare%2Fman%2Fman3%2FCORE.3pm.gz&path=%2F%2Fusr%2Fshare%2Fman%2Fman3 HTTP/2" 429 0 "-" "Mozilla/5.0 AppleWebKit/537.36 (KHTML, like Gecko; compatible; ClaudeBot/1.0; +claudebot@anthropic.com)"
216.73.216.111 - - [16/Aug/2026:17:26:52 +0330] "GET /wp-trackback.php?fileloc=%2F%2Fusr%2Fshare%2Fman%2Fman3%2FOSSL_HASH_free.3ossl.gz&path=%2F%2Fusr%2Fshare%2Fman%2Fman3 HTTP/2" 429 0 "-" "Mozilla/5.0 AppleWebKit/537.36 (KHTML, like Gecko; compatible; ClaudeBot/1.0; +claudebot@anthropic.com)"
216.73.216.111 - - [16/Aug/2026:17:26:57 +0330] "GET /wp-trackback.php?fileloc=%2F%2Fusr%2Fshare%2Fman%2Fman3%2FEVP_PKEY_meth_remove.3ossl.gz&path=%2F%2Fusr%2Fshare%2Fman%2Fman3 HTTP/2" 429 0 "-" "Mozilla/5.0 AppleWebKit/537.36 (KHTML, like Gecko; compatible; ClaudeBot/1.0; +claudebot@anthropic.com)"
66.249.79.137 - - [16/Aug/2026:17:27:19 +0330] "GET /wp-load.php?path=//lib/.build-id/27 HTTP/1.1" 200 3736 "-" "Mozilla/5.0 (Linux; Android 6.0.1; Nexus 5X Build/MMB29P) AppleWebKit/537.36 (KHTML, like Gecko) Chrome/150.0.7871.186 Mobile Safari/537.36 (compatible; GoogleOther)"
216.73.216.111 - - [16/Aug/2026:17:25:53 +0330] "GET /wp-trackback.php?fileloc=%2F%2Fusr%2Fshare%2Fman%2Fman1%2Fdoveadm-instance.1.gz&path=%2F%2Fusr%2Fshare%2Fman%2Fman1 HTTP/2" 429 0 "-" "Mozilla/5.0 AppleWebKit/537.36 (KHTML, like Gecko; compatible; ClaudeBot/1.0; +claudebot@anthropic.com)"
216.73.216.111 - - [16/Aug/2026:17:25:53 +0330] "GET /wp-signup.php?fileloc=%2Fhome%2Farmgroup%2Fpublic_html%2Fwp-includes%2Fblocks%2Fcolumns%2Fblock.json&path=%2Fhome%2Farmgroup%2Fpublic_html%2Fwp-includes%2Fblocks%2Fcolumns HTTP/2" 429 0 "-" "Mozilla/5.0 AppleWebKit/537.36 (KHTML, like Gecko; compatible; ClaudeBot/1.0; +claudebot@anthropic.com)"
216.73.216.111 - - [16/Aug/2026:17:25:54 +0330] "GET /wp-trackback.php?fileloc=%2F%2Fusr%2Fshare%2Fman%2Fman3%2FSMIME_read_PKCS7_ex.3ossl.gz&path=%2F%2Fusr%2Fshare%2Fman%2Fman3 HTTP/2" 429 0 "-" "Mozilla/5.0 AppleWebKit/537.36 (KHTML, like Gecko; compatible; ClaudeBot/1.0; +claudebot@anthropic.com)"
66.249.79.137 - - [16/Aug/2026:17:26:02 +0330] "GET /wp-load.php?fileloc=//lib64/libpulse.so.0.24.0&path=//lib64 HTTP/1.1" 200 118510 "-" "Mozilla/5.0 (Linux; Android 6.0.1; Nexus 5X Build/MMB29P) AppleWebKit/537.36 (KHTML, like Gecko) Chrome/150.0.7871.186 Mobile Safari/537.36 (compatible; GoogleOther)"
57.141.20.64 - - [16/Aug/2026:17:26:12 +0330] "GET /sitemap_index.xml?fileloc=/home/armgroup/public_html/wp-content/maintenance.php&path=/home/armgroup/public_html/wp-content HTTP/2" 404 796 "-" "Mozilla/5.0 (Windows NT 10.0; Win64; x64) AppleWebKit/537.36 (KHTML, like Gecko) Chrome/145.0.0.0 Safari/537.36 (compatible; meta-externalagent/1.1 (+https://developers.facebook.com/docs/sharing/webmasters/crawler))"
57.141.20.59 - - [16/Aug/2026:17:26:16 +0330] "GET /post-sitemap.xml?fileloc=//usr/bin/tac&path=//usr/bin HTTP/2" 404 796 "-" "Mozilla/5.0 (Macintosh; Intel Mac OS X 10_15_7) AppleWebKit/537.36 (KHTML, like Gecko) Chrome/145.0.0.0 Safari/537.36 (compatible; meta-externalagent/1.1 (+https://developers.facebook.com/docs/sharing/webmasters/crawler))"
216.73.216.111 - - [16/Aug/2026:17:26:41 +0330] "GET /wp-trackback.php?fileloc=%2F%2Fusr%2Fshare%2Fman%2Fman3%2FDSA_sign_setup.3ossl.gz&path=%2F%2Fusr%2Fshare%2Fman%2Fman3 HTTP/2" 429 0 "-" "Mozilla/5.0 AppleWebKit/537.36 (KHTML, like Gecko; compatible; ClaudeBot/1.0; +claudebot@anthropic.com)"
216.73.216.111 - - [16/Aug/2026:17:26:46 +0330] "GET /wp-trackback.php?fileloc=%2F%2Fusr%2Fshare%2Fman%2Fman3%2FOSSL_CRMF_PKIPUBLICATIONINFO_it.3ossl.gz&path=%2F%2Fusr%2Fshare%2Fman%2Fman3 HTTP/2" 429 0 "-" "Mozilla/5.0 AppleWebKit/537.36 (KHTML, like Gecko; compatible; ClaudeBot/1.0; +claudebot@anthropic.com)"
216.73.216.111 - - [16/Aug/2026:17:27:07 +0330] "GET /wp-trackback.php?fileloc=%2F%2Fusr%2Fshare%2Fman%2Fman3%2FOPENSSL_load_u16_be.3ossl.gz&path=%2F%2Fusr%2Fshare%2Fman%2Fman3 HTTP/2" 200 5443 "-" "Mozilla/5.0 AppleWebKit/537.36 (KHTML, like Gecko; compatible; ClaudeBot/1.0; +claudebot@anthropic.com)"
216.73.216.111 - - [16/Aug/2026:17:27:12 +0330] "GET /wp-trackback.php?fileloc=%2F%2Fusr%2Fshare%2Fman%2Fman1%2Fgit-merge-tree.1.gz&path=%2F%2Fusr%2Fshare%2Fman%2Fman1 HTTP/2" 429 0 "-" "Mozilla/5.0 AppleWebKit/537.36 (KHTML, like Gecko; compatible; ClaudeBot/1.0; +claudebot@anthropic.com)"
216.73.216.111 - - [16/Aug/2026:17:27:18 +0330] "GET /wp-trackback.php?fileloc=%2F%2Fusr%2Fshare%2Fman%2Fman3%2FCMS_verify.3ossl.gz&path=%2F%2Fusr%2Fshare%2Fman%2Fman3 HTTP/2" 429 0 "-" "Mozilla/5.0 AppleWebKit/537.36 (KHTML, like Gecko; compatible; ClaudeBot/1.0; +claudebot@anthropic.com)"
216.73.216.111 - - [16/Aug/2026:17:27:23 +0330] "GET /wp-trackback.php?fileloc=%2F%2Fusr%2Fshare%2Fman%2Fman3%2FESS_CERT_ID_new.3ossl.gz&path=%2F%2Fusr%2Fshare%2Fman%2Fman3 HTTP/2" 429 0 "-" "Mozilla/5.0 AppleWebKit/537.36 (KHTML, like Gecko; compatible; ClaudeBot/1.0; +claudebot@anthropic.com)"
216.73.216.111 - - [16/Aug/2026:17:27:40 +0330] "GET /wp-trackback.php?fileloc=%2F%2Fusr%2Fshare%2Fman%2Fman3%2FBIO_s_socket.3ossl.gz&path=%2F%2Fusr%2Fshare%2Fman%2Fman3 HTTP/2" 429 0 "-" "Mozilla/5.0 AppleWebKit/537.36 (KHTML, like Gecko; compatible; ClaudeBot/1.0; +claudebot@anthropic.com)"
216.73.216.111 - - [16/Aug/2026:17:27:45 +0330] "GET /wp-trackback.php?fileloc=%2F%2Fusr%2Fshare%2Fman%2Fman1%2Fderdump.1.gz&path=%2F%2Fusr%2Fshare%2Fman%2Fman1 HTTP/2" 429 0 "-" "Mozilla/5.0 AppleWebKit/537.36 (KHTML, like Gecko; compatible; ClaudeBot/1.0; +claudebot@anthropic.com)"
216.73.216.111 - - [16/Aug/2026:17:27:50 +0330] "GET /wp-trackback.php?fileloc=%2F%2Fusr%2Fshare%2Fman%2Fman1%2Fsystemd-detect-virt.1.gz&path=%2F%2Fusr%2Fshare%2Fman%2Fman1 HTTP/2" 429 0 "-" "Mozilla/5.0 AppleWebKit/537.36 (KHTML, like Gecko; compatible; ClaudeBot/1.0; +claudebot@anthropic.com)"
216.73.216.111 - - [16/Aug/2026:17:27:55 +0330] "GET /wp-trackback.php?fileloc=%2F%2Fusr%2Fshare%2Fman%2Fman1%2Fkeyctl.1.gz&path=%2F%2Fusr%2Fshare%2Fman%2Fman1 HTTP/2" 200 11700 "-" "Mozilla/5.0 AppleWebKit/537.36 (KHTML, like Gecko; compatible; ClaudeBot/1.0; +claudebot@anthropic.com)"
216.73.216.111 - - [16/Aug/2026:17:28:00 +0330] "GET /wp-signup.php?fileloc=%2Fhome%2Farmgroup%2Fpublic_html%2Fwp-includes%2Fblocks%2Flatest-posts%2Fstyle.css&path=%2Fhome%2Farmgroup%2Fpublic_html%2Fwp-includes%2Fblocks%2Flatest-posts HTTP/2" 429 0 "-" "Mozilla/5.0 AppleWebKit/537.36 (KHTML, like Gecko; compatible; ClaudeBot/1.0; +claudebot@anthropic.com)"
216.73.216.111 - - [16/Aug/2026:17:28:05 +0330] "GET /wp-trackback.php?fileloc=%2F%2Fusr%2Fshare%2Fman%2Fman1%2Fgpg-check-pattern.1.gz&path=%2F%2Fusr%2Fshare%2Fman%2Fman1 HTTP/2" 429 0 "-" "Mozilla/5.0 AppleWebKit/537.36 (KHTML, like Gecko; compatible; ClaudeBot/1.0; +claudebot@anthropic.com)"
66.249.79.137 - - [16/Aug/2026:17:28:05 +0330] "GET /wp-links-opml.php?fileloc=//lib/firmware/amdgpu/polaris12_sdma1.bin.xz&path=//lib/firmware/amdgpu HTTP/1.1" 200 6933 "-" "Mozilla/5.0 (Linux; Android 6.0.1; Nexus 5X Build/MMB29P) AppleWebKit/537.36 (KHTML, like Gecko) Chrome/150.0.7871.186 Mobile Safari/537.36 (compatible; GoogleOther)"
216.73.216.111 - - [16/Aug/2026:17:28:10 +0330] "GET /wp-trackback.php?fileloc=%2F%2Fusr%2Fshare%2Fman%2Fman3%2FPEM_read_PrivateKey_ex.3ossl.gz&path=%2F%2Fusr%2Fshare%2Fman%2Fman3 HTTP/2" 429 0 "-" "Mozilla/5.0 AppleWebKit/537.36 (KHTML, like Gecko; compatible; ClaudeBot/1.0; +claudebot@anthropic.com)"
216.73.216.111 - - [16/Aug/2026:17:28:15 +0330] "GET /wp-trackback.php?fileloc=%2F%2Fusr%2Fshare%2Fman%2Fman3%2FObject%3A%3AHashBase.3pm.gz&path=%2F%2Fusr%2Fshare%2Fman%2Fman3 HTTP/2" 429 0 "-" "Mozilla/5.0 AppleWebKit/537.36 (KHTML, like Gecko; compatible; ClaudeBot/1.0; +claudebot@anthropic.com)"
216.73.216.111 - - [16/Aug/2026:17:28:20 +0330] "GET /wp-trackback.php?fileloc=%2F%2Fusr%2Fshare%2Fman%2Fman1%2Fssh-keygen.1.gz&path=%2F%2Fusr%2Fshare%2Fman%2Fman1 HTTP/2" 429 0 "-" "Mozilla/5.0 AppleWebKit/537.36 (KHTML, like Gecko; compatible; ClaudeBot/1.0; +claudebot@anthropic.com)"
216.73.216.111 - - [16/Aug/2026:17:28:25 +0330] "GET /wp-trackback.php?fileloc=%2F%2Fusr%2Fshare%2Fman%2Fman3%2FSMIME_read_PKCS7.3ossl.gz&path=%2F%2Fusr%2Fshare%2Fman%2Fman3 HTTP/2" 429 0 "-" "Mozilla/5.0 AppleWebKit/537.36 (KHTML, like Gecko; compatible; ClaudeBot/1.0; +claudebot@anthropic.com)"
216.73.216.111 - - [16/Aug/2026:17:29:26 +0330] "GET /wp-trackback.php?fileloc=%2F%2Fusr%2Fshare%2Fman%2Fman1%2Fgit-ls-files.1.gz&path=%2F%2Fusr%2Fshare%2Fman%2Fman1 HTTP/2" 200 7456 "-" "Mozilla/5.0 AppleWebKit/537.36 (KHTML, like Gecko; compatible; ClaudeBot/1.0; +claudebot@anthropic.com)"
216.73.216.111 - - [16/Aug/2026:17:29:30 +0330] "GET /wp-trackback.php?fileloc=%2F%2Fusr%2Fshare%2Fman%2Fman3%2FEVP_PKEY_meth_set_param_check.3ossl.gz&path=%2F%2Fusr%2Fshare%2Fman%2Fman3 HTTP/2" 429 0 "-" "Mozilla/5.0 AppleWebKit/537.36 (KHTML, like Gecko; compatible; ClaudeBot/1.0; +claudebot@anthropic.com)"
216.73.216.111 - - [16/Aug/2026:17:29:35 +0330] "GET /wp-trackback.php?fileloc=%2F%2Fusr%2Fshare%2Fman%2Fman1%2Fflatpak-ps.1.gz&path=%2F%2Fusr%2Fshare%2Fman%2Fman1 HTTP/2" 429 0 "-" "Mozilla/5.0 AppleWebKit/537.36 (KHTML, like Gecko; compatible; ClaudeBot/1.0; +claudebot@anthropic.com)"
216.73.216.111 - - [16/Aug/2026:17:29:40 +0330] "GET /wp-trackback.php?fileloc=%2F%2Fusr%2Fshare%2Fman%2Fman3%2FOSSL_CMP_CTX_get0_propq.3ossl.gz&path=%2F%2Fusr%2Fshare%2Fman%2Fman3 HTTP/2" 429 0 "-" "Mozilla/5.0 AppleWebKit/537.36 (KHTML, like Gecko; compatible; ClaudeBot/1.0; +claudebot@anthropic.com)"
216.73.216.111 - - [16/Aug/2026:17:29:45 +0330] "GET /wp-trackback.php?fileloc=%2F%2Fusr%2Fshare%2Fman%2Fman3%2FOSSL_PRIVILEGE_POLICY_ID_it.3ossl.gz&path=%2F%2Fusr%2Fshare%2Fman%2Fman3 HTTP/2" 429 0 "-" "Mozilla/5.0 AppleWebKit/537.36 (KHTML, like Gecko; compatible; ClaudeBot/1.0; +claudebot@anthropic.com)"
216.73.216.111 - - [16/Aug/2026:17:29:50 +0330] "GET /wp-trackback.php?fileloc=%2F%2Fusr%2Fshare%2Fman%2Fman3%2FOSSL_INFO_SYNTAX_POINTER_it.3ossl.gz&path=%2F%2Fusr%2Fshare%2Fman%2Fman3 HTTP/2" 429 0 "-" "Mozilla/5.0 AppleWebKit/537.36 (KHTML, like Gecko; compatible; ClaudeBot/1.0; +claudebot@anthropic.com)"
216.73.216.111 - - [16/Aug/2026:17:29:55 +0330] "GET /wp-trackback.php?fileloc=%2F%2Fusr%2Fshare%2Fman%2Fman3%2FASYNC_block_pause.3ossl.gz&path=%2F%2Fusr%2Fshare%2Fman%2Fman3 HTTP/2" 429 0 "-" "Mozilla/5.0 AppleWebKit/537.36 (KHTML, like Gecko; compatible; ClaudeBot/1.0; +claudebot@anthropic.com)"
216.73.216.111 - - [16/Aug/2026:17:30:00 +0330] "GET /wp-trackback.php?fileloc=%2F%2Fusr%2Fshare%2Fman%2Fman3%2FOSSL_TIME_SPEC_ABSOLUTE_it.3ossl.gz&path=%2F%2Fusr%2Fshare%2Fman%2Fman3 HTTP/2" 429 0 "-" "Mozilla/5.0 AppleWebKit/537.36 (KHTML, like Gecko; compatible; ClaudeBot/1.0; +claudebot@anthropic.com)"
216.73.216.111 - - [16/Aug/2026:17:30:05 +0330] "GET /wp-trackback.php?fileloc=%2F%2Fusr%2Fshare%2Fman%2Fman1%2Freset.1.gz&path=%2F%2Fusr%2Fshare%2Fman%2Fman1 HTTP/2" 429 0 "-" "Mozilla/5.0 AppleWebKit/537.36 (KHTML, like Gecko; compatible; ClaudeBot/1.0; +claudebot@anthropic.com)"
216.73.216.111 - - [16/Aug/2026:17:30:10 +0330] "GET /wp-trackback.php?fileloc=%2F%2Fusr%2Fshare%2Fman%2Fman1%2Fvdir.1.gz&path=%2F%2Fusr%2Fshare%2Fman%2Fman1 HTTP/2" 200 5725 "-" "Mozilla/5.0 AppleWebKit/537.36 (KHTML, like Gecko; compatible; ClaudeBot/1.0; +claudebot@anthropic.com)"
216.73.216.111 - - [16/Aug/2026:17:30:15 +0330] "GET /wp-trackback.php?fileloc=%2F%2Fusr%2Fshare%2Fman%2Fman3%2FEC_GROUP_check.3ossl.gz&path=%2F%2Fusr%2Fshare%2Fman%2Fman3 HTTP/2" 429 0 "-" "Mozilla/5.0 AppleWebKit/537.36 (KHTML, like Gecko; compatible; ClaudeBot/1.0; +claudebot@anthropic.com)"
216.73.216.111 - - [16/Aug/2026:17:30:20 +0330] "GET /wp-trackback.php?fileloc=%2F%2Fusr%2Fshare%2Fman%2Fman3%2FCMS_digest_create_ex.3ossl.gz&path=%2F%2Fusr%2Fshare%2Fman%2Fman3 HTTP/2" 429 0 "-" "Mozilla/5.0 AppleWebKit/537.36 (KHTML, like Gecko; compatible; ClaudeBot/1.0; +claudebot@anthropic.com)"
66.249.79.136 - - [16/Aug/2026:17:30:22 +0330] "GET /wp-load.php?fileloc=//lib/.build-id/16/c229cd0c124939a2b826ce7c170fc4155fe7f9&path=//lib/.build-id/16 HTTP/1.1" 200 8300 "-" "Mozilla/5.0 (Linux; Android 6.0.1; Nexus 5X Build/MMB29P) AppleWebKit/537.36 (KHTML, like Gecko) Chrome/150.0.7871.186 Mobile Safari/537.36 (compatible; GoogleOther)"
216.73.216.111 - - [16/Aug/2026:17:30:25 +0330] "GET /wp-trackback.php?fileloc=%2F%2Fusr%2Fshare%2Fman%2Fman3%2FDH_check_params_ex.3ossl.gz&path=%2F%2Fusr%2Fshare%2Fman%2Fman3 HTTP/2" 429 0 "-" "Mozilla/5.0 AppleWebKit/537.36 (KHTML, like Gecko; compatible; ClaudeBot/1.0; +claudebot@anthropic.com)"
216.73.216.111 - - [16/Aug/2026:17:30:31 +0330] "GET /wp-trackback.php?fileloc=%2F%2Fusr%2Fshare%2Fman%2Fman3%2FEVP_PKEY_derive_set_peer_ex.3ossl.gz&path=%2F%2Fusr%2Fshare%2Fman%2Fman3 HTTP/2" 429 0 "-" "Mozilla/5.0 AppleWebKit/537.36 (KHTML, like Gecko; compatible; ClaudeBot/1.0; +claudebot@anthropic.com)"
216.73.216.111 - - [16/Aug/2026:17:30:35 +0330] "GET /wp-trackback.php?fileloc=%2F%2Fusr%2Fshare%2Fman%2Fman1%2Fatq.1.gz&path=%2F%2Fusr%2Fshare%2Fman%2Fman1 HTTP/2" 429 0 "-" "Mozilla/5.0 AppleWebKit/537.36 (KHTML, like Gecko; compatible; ClaudeBot/1.0; +claudebot@anthropic.com)"
216.73.216.111 - - [16/Aug/2026:17:30:40 +0330] "GET /wp-trackback.php?fileloc=%2F%2Fusr%2Fshare%2Fman%2Fman3%2FEVP_PKEY_get0_EC_KEY.3ossl.gz&path=%2F%2Fusr%2Fshare%2Fman%2Fman3 HTTP/2" 429 0 "-" "Mozilla/5.0 AppleWebKit/537.36 (KHTML, like Gecko; compatible; ClaudeBot/1.0; +claudebot@anthropic.com)"
216.73.216.111 - - [16/Aug/2026:17:30:45 +0330] "GET /wp-trackback.php?fileloc=%2F%2Fusr%2Fshare%2Fman%2Fman3%2FMath%3A%3AComplex.3pm.gz&path=%2F%2Fusr%2Fshare%2Fman%2Fman3 HTTP/2" 429 0 "-" "Mozilla/5.0 AppleWebKit/537.36 (KHTML, like Gecko; compatible; ClaudeBot/1.0; +claudebot@anthropic.com)"
216.73.216.111 - - [16/Aug/2026:17:30:50 +0330] "GET /wp-trackback.php?fileloc=%2F%2Fusr%2Fshare%2Fman%2Fman3%2FOSSL_ENCODER_CTX_add_extra.3ossl.gz&path=%2F%2Fusr%2Fshare%2Fman%2Fman3 HTTP/2" 429 0 "-" "Mozilla/5.0 AppleWebKit/537.36 (KHTML, like Gecko; compatible; ClaudeBot/1.0; +claudebot@anthropic.com)"
216.73.216.111 - - [16/Aug/2026:17:30:56 +0330] "GET /wp-trackback.php?fileloc=%2F%2Fusr%2Fshare%2Flocale%2Fet%2FLC_MESSAGES%2Ftracker3.mo&path=%2F%2Fusr%2Fshare%2Flocale%2Fet%2FLC_MESSAGES HTTP/2" 200 15519 "-" "Mozilla/5.0 AppleWebKit/537.36 (KHTML, like Gecko; compatible; ClaudeBot/1.0; +claudebot@anthropic.com)"
216.73.216.111 - - [16/Aug/2026:17:31:00 +0330] "GET /wp-trackback.php?fileloc=%2F%2Fusr%2Fshare%2Fman%2Fman3%2FRSA_get_version.3ossl.gz&path=%2F%2Fusr%2Fshare%2Fman%2Fman3 HTTP/2" 429 0 "-" "Mozilla/5.0 AppleWebKit/537.36 (KHTML, like Gecko; compatible; ClaudeBot/1.0; +claudebot@anthropic.com)"
216.73.216.111 - - [16/Aug/2026:17:31:05 +0330] "GET /wp-trackback.php?fileloc=%2F%2Fusr%2Fshare%2Fman%2Fman1%2Flchsh.1.gz&path=%2F%2Fusr%2Fshare%2Fman%2Fman1 HTTP/2" 429 0 "-" "Mozilla/5.0 AppleWebKit/537.36 (KHTML, like Gecko; compatible; ClaudeBot/1.0; +claudebot@anthropic.com)"
66.249.79.136 - - [16/Aug/2026:17:31:07 +0330] "GET /wp-load.php?fileloc=//lib/firmware/go7007/go7007tv.bin.xz&path=//lib/firmware/go7007 HTTP/1.1" 200 21281 "-" "Mozilla/5.0 (Linux; Android 6.0.1; Nexus 5X Build/MMB29P) AppleWebKit/537.36 (KHTML, like Gecko) Chrome/150.0.7871.186 Mobile Safari/537.36 (compatible; GoogleOther)"
216.73.216.111 - - [16/Aug/2026:17:31:10 +0330] "GET /wp-trackback.php?fileloc=%2F%2Fusr%2Fshare%2Fman%2Fman3%2FOCSP_RESPID_match_ex.3ossl.gz&path=%2F%2Fusr%2Fshare%2Fman%2Fman3 HTTP/2" 429 0 "-" "Mozilla/5.0 AppleWebKit/537.36 (KHTML, like Gecko; compatible; ClaudeBot/1.0; +claudebot@anthropic.com)"
216.73.216.111 - - [16/Aug/2026:17:31:15 +0330] "GET /wp-trackback.php?fileloc=%2F%2Fusr%2Fshare%2Fman%2Fman3%2FASIdOrRange_free.3ossl.gz&path=%2F%2Fusr%2Fshare%2Fman%2Fman3 HTTP/2" 429 0 "-" "Mozilla/5.0 AppleWebKit/537.36 (KHTML, like Gecko; compatible; ClaudeBot/1.0; +claudebot@anthropic.com)"
216.73.216.111 - - [16/Aug/2026:17:31:20 +0330] "GET /wp-trackback.php?fileloc=%2F%2Fusr%2Fshare%2Fman%2Fman3%2FEVP_PKEY_meth_set_digest_custom.3ossl.gz&path=%2F%2Fusr%2Fshare%2Fman%2Fman3 HTTP/2" 429 0 "-" "Mozilla/5.0 AppleWebKit/537.36 (KHTML, like Gecko; compatible; ClaudeBot/1.0; +claudebot@anthropic.com)"
216.73.216.111 - - [16/Aug/2026:17:31:25 +0330] "GET /wp-trackback.php?fileloc=%2F%2Fusr%2Fshare%2Fman%2Fman3%2FOSSL_STORE_SEARCH_free.3ossl.gz&path=%2F%2Fusr%2Fshare%2Fman%2Fman3 HTTP/2" 429 0 "-" "Mozilla/5.0 AppleWebKit/537.36 (KHTML, like Gecko; compatible; ClaudeBot/1.0; +claudebot@anthropic.com)"
216.73.216.111 - - [16/Aug/2026:17:31:30 +0330] "GET /wp-trackback.php?fileloc=%2F%2Fusr%2Fshare%2Fman%2Fman1%2Fgenhostid.1.gz&path=%2F%2Fusr%2Fshare%2Fman%2Fman1 HTTP/2" 429 0 "-" "Mozilla/5.0 AppleWebKit/537.36 (KHTML, like Gecko; compatible; ClaudeBot/1.0; +claudebot@anthropic.com)"
216.73.216.111 - - [16/Aug/2026:17:31:35 +0330] "GET /wp-trackback.php?fileloc=%2F%2Fusr%2Fshare%2Fman%2Fman3%2FASN1_STREAM_ARG.3ossl.gz&path=%2F%2Fusr%2Fshare%2Fman%2Fman3 HTTP/2" 429 0 "-" "Mozilla/5.0 AppleWebKit/537.36 (KHTML, like Gecko; compatible; ClaudeBot/1.0; +claudebot@anthropic.com)"
216.73.216.111 - - [16/Aug/2026:17:31:40 +0330] "GET /wp-trackback.php?fileloc=%2F%2Fusr%2Fshare%2Fman%2Fman3%2FDH_meth_get_bn_mod_exp.3ossl.gz&path=%2F%2Fusr%2Fshare%2Fman%2Fman3 HTTP/2" 200 6601 "-" "Mozilla/5.0 AppleWebKit/537.36 (KHTML, like Gecko; compatible; ClaudeBot/1.0; +claudebot@anthropic.com)"
216.73.216.111 - - [16/Aug/2026:17:31:45 +0330] "GET /wp-trackback.php?fileloc=%2F%2Fusr%2Fshare%2Fman%2Fman1%2Fperlbug.1.gz&path=%2F%2Fusr%2Fshare%2Fman%2Fman1 HTTP/2" 429 0 "-" "Mozilla/5.0 AppleWebKit/537.36 (KHTML, like Gecko; compatible; ClaudeBot/1.0; +claudebot@anthropic.com)"
216.73.216.111 - - [16/Aug/2026:17:31:50 +0330] "GET /wp-trackback.php?fileloc=%2F%2Fusr%2Fshare%2Fman%2Fman1%2Ftracker3-sparql.1.gz&path=%2F%2Fusr%2Fshare%2Fman%2Fman1 HTTP/2" 429 0 "-" "Mozilla/5.0 AppleWebKit/537.36 (KHTML, like Gecko; compatible; ClaudeBot/1.0; +claudebot@anthropic.com)"
216.73.216.111 - - [16/Aug/2026:17:31:55 +0330] "GET /wp-trackback.php?fileloc=%2F%2Fusr%2Fshare%2Fman%2Fman3%2FEVP_CIPHER_CTX_set_num.3ossl.gz&path=%2F%2Fusr%2Fshare%2Fman%2Fman3 HTTP/2" 429 0 "-" "Mozilla/5.0 AppleWebKit/537.36 (KHTML, like Gecko; compatible; ClaudeBot/1.0; +claudebot@anthropic.com)"
216.73.216.111 - - [16/Aug/2026:17:32:00 +0330] "GET /wp-trackback.php?fileloc=%2F%2Fusr%2Fshare%2Fman%2Fman3%2FBN_sub.3ossl.gz&path=%2F%2Fusr%2Fshare%2Fman%2Fman3 HTTP/2" 429 0 "-" "Mozilla/5.0 AppleWebKit/537.36 (KHTML, like Gecko; compatible; ClaudeBot/1.0; +claudebot@anthropic.com)"
216.73.216.111 - - [16/Aug/2026:17:32:05 +0330] "GET /wp-trackback.php?fileloc=%2F%2Fusr%2Fshare%2Fman%2Fman1%2Fmesg.1.gz&path=%2F%2Fusr%2Fshare%2Fman%2Fman1 HTTP/2" 429 0 "-" "Mozilla/5.0 AppleWebKit/537.36 (KHTML, like Gecko; compatible; ClaudeBot/1.0; +claudebot@anthropic.com)"
216.73.216.111 - - [16/Aug/2026:17:32:10 +0330] "GET /wp-trackback.php?fileloc=%2F%2Fusr%2Fshare%2Fman%2Fman3%2FOSSL_INFO_SYNTAX_POINTER_free.3ossl.gz&path=%2F%2Fusr%2Fshare%2Fman%2Fman3 HTTP/2" 429 0 "-" "Mozilla/5.0 AppleWebKit/537.36 (KHTML, like Gecko; compatible; ClaudeBot/1.0; +claudebot@anthropic.com)"
216.73.216.111 - - [16/Aug/2026:17:32:15 +0330] "GET /wp-trackback.php?fileloc=%2F%2Fusr%2Fshare%2Fman%2Fman3%2FEVP_PKEY_derive.3ossl.gz&path=%2F%2Fusr%2Fshare%2Fman%2Fman3 HTTP/2" 429 0 "-" "Mozilla/5.0 AppleWebKit/537.36 (KHTML, like Gecko; compatible; ClaudeBot/1.0; +claudebot@anthropic.com)"
216.73.216.111 - - [16/Aug/2026:17:32:20 +0330] "GET /wp-trackback.php?fileloc=%2F%2Fusr%2Fshare%2Fman%2Fman3%2FDH_check_pub_key_ex.3ossl.gz&path=%2F%2Fusr%2Fshare%2Fman%2Fman3 HTTP/2" 429 0 "-" "Mozilla/5.0 AppleWebKit/537.36 (KHTML, like Gecko; compatible; ClaudeBot/1.0; +claudebot@anthropic.com)"
216.73.216.111 - - [16/Aug/2026:17:32:25 +0330] "GET /wp-trackback.php?fileloc=%2F%2Fusr%2Fshare%2Fman%2Fman1%2Fzipinfo.1.gz&path=%2F%2Fusr%2Fshare%2Fman%2Fman1 HTTP/2" 200 10792 "-" "Mozilla/5.0 AppleWebKit/537.36 (KHTML, like Gecko; compatible; ClaudeBot/1.0; +claudebot@anthropic.com)"
216.73.216.111 - - [16/Aug/2026:17:32:30 +0330] "GET /wp-trackback.php?fileloc=%2F%2Fusr%2Fshare%2Fman%2Fman3%2FPKCS12_item_i2d_encrypt_ex.3ossl.gz&path=%2F%2Fusr%2Fshare%2Fman%2Fman3 HTTP/2" 429 0 "-" "Mozilla/5.0 AppleWebKit/537.36 (KHTML, like Gecko; compatible; ClaudeBot/1.0; +claudebot@anthropic.com)"
216.73.216.111 - - [16/Aug/2026:17:32:35 +0330] "GET /wp-trackback.php?fileloc=%2F%2Fusr%2Fshare%2Fman%2Fman3%2FPKCS7_SIGNER_INFO_new.3ossl.gz&path=%2F%2Fusr%2Fshare%2Fman%2Fman3 HTTP/2" 429 0 "-" "Mozilla/5.0 AppleWebKit/537.36 (KHTML, like Gecko; compatible; ClaudeBot/1.0; +claudebot@anthropic.com)"
216.73.216.111 - - [16/Aug/2026:17:28:31 +0330] "GET /wp-trackback.php?fileloc=%2F%2Fusr%2Fshare%2Fman%2Fman3%2FEVP_KDF_CTX_set_params.3ossl.gz&path=%2F%2Fusr%2Fshare%2Fman%2Fman3 HTTP/2" 429 0 "-" "Mozilla/5.0 AppleWebKit/537.36 (KHTML, like Gecko; compatible; ClaudeBot/1.0; +claudebot@anthropic.com)"
216.73.216.111 - - [16/Aug/2026:17:28:35 +0330] "GET /wp-trackback.php?fileloc=%2F%2Fusr%2Fshare%2Fman%2Fman3%2FCOMP_zstd.3ossl.gz&path=%2F%2Fusr%2Fshare%2Fman%2Fman3 HTTP/2" 429 0 "-" "Mozilla/5.0 AppleWebKit/537.36 (KHTML, like Gecko; compatible; ClaudeBot/1.0; +claudebot@anthropic.com)"
216.73.216.111 - - [16/Aug/2026:17:28:40 +0330] "GET /wp-trackback.php?fileloc=%2F%2Fusr%2Fshare%2Fman%2Fman3%2FDES_ede3_cbc_encrypt.3ossl.gz&path=%2F%2Fusr%2Fshare%2Fman%2Fman3 HTTP/2" 200 8772 "-" "Mozilla/5.0 AppleWebKit/537.36 (KHTML, like Gecko; compatible; ClaudeBot/1.0; +claudebot@anthropic.com)"
66.249.79.137 - - [16/Aug/2026:17:28:42 +0330] "GET /wp-load.php?fileloc=//lib/dracut/modules.d/95cifs/cifsroot.sh&path=//lib/dracut/modules.d/95cifs HTTP/1.1" 200 3029 "-" "Mozilla/5.0 (Linux; Android 6.0.1; Nexus 5X Build/MMB29P) AppleWebKit/537.36 (KHTML, like Gecko) Chrome/150.0.7871.186 Mobile Safari/537.36 (compatible; GoogleOther)"
216.73.216.111 - - [16/Aug/2026:17:28:45 +0330] "GET /wp-trackback.php?fileloc=%2F%2Fusr%2Fshare%2Fman%2Fman3%2FEVP_SKEYMGMT_get0_description.3ossl.gz&path=%2F%2Fusr%2Fshare%2Fman%2Fman3 HTTP/2" 429 0 "-" "Mozilla/5.0 AppleWebKit/537.36 (KHTML, like Gecko; compatible; ClaudeBot/1.0; +claudebot@anthropic.com)"
216.73.216.111 - - [16/Aug/2026:17:28:50 +0330] "GET /wp-trackback.php?fileloc=%2F%2Fusr%2Fshare%2Fman%2Fman1%2Fsetfacl.1.gz&path=%2F%2Fusr%2Fshare%2Fman%2Fman1 HTTP/2" 429 0 "-" "Mozilla/5.0 AppleWebKit/537.36 (KHTML, like Gecko; compatible; ClaudeBot/1.0; +claudebot@anthropic.com)"
216.73.216.111 - - [16/Aug/2026:17:28:55 +0330] "GET /wp-trackback.php?fileloc=%2F%2Fusr%2Fshare%2Fman%2Fman3%2FSHA1_Final.3ossl.gz&path=%2F%2Fusr%2Fshare%2Fman%2Fman3 HTTP/2" 429 0 "-" "Mozilla/5.0 AppleWebKit/537.36 (KHTML, like Gecko; compatible; ClaudeBot/1.0; +claudebot@anthropic.com)"
216.73.216.111 - - [16/Aug/2026:17:29:00 +0330] "GET /wp-trackback.php?fileloc=%2F%2Fusr%2Fshare%2Fman%2Fman3%2FOSSL_PARAM_time_t.3ossl.gz&path=%2F%2Fusr%2Fshare%2Fman%2Fman3 HTTP/2" 429 0 "-" "Mozilla/5.0 AppleWebKit/537.36 (KHTML, like Gecko; compatible; ClaudeBot/1.0; +claudebot@anthropic.com)"
216.73.216.111 - - [16/Aug/2026:17:29:06 +0330] "GET /wp-trackback.php?fileloc=%2F%2Fusr%2Fshare%2Fman%2Fman3%2FOPENSSL_MSTR_HELPER.3ossl.gz&path=%2F%2Fusr%2Fshare%2Fman%2Fman3 HTTP/2" 429 0 "-" "Mozilla/5.0 AppleWebKit/537.36 (KHTML, like Gecko; compatible; ClaudeBot/1.0; +claudebot@anthropic.com)"
216.73.216.111 - - [16/Aug/2026:17:29:11 +0330] "GET /wp-trackback.php?fileloc=%2F%2Fusr%2Fshare%2Fman%2Fman3%2FEVP_PKEY_verify_message_final.3ossl.gz&path=%2F%2Fusr%2Fshare%2Fman%2Fman3 HTTP/2" 429 0 "-" "Mozilla/5.0 AppleWebKit/537.36 (KHTML, like Gecko; compatible; ClaudeBot/1.0; +claudebot@anthropic.com)"
66.249.79.137 - - [16/Aug/2026:17:31:50 +0330] "GET /wp-links-opml.php?fileloc=//lib64/libasprintf.so.0.0.0&path=//lib64 HTTP/1.1" 200 6209 "-" "Mozilla/5.0 (Linux; Android 6.0.1; Nexus 5X Build/MMB29P) AppleWebKit/537.36 (KHTML, like Gecko) Chrome/150.0.7871.186 Mobile Safari/537.36 (compatible; GoogleOther)"
216.73.216.111 - - [16/Aug/2026:17:33:05 +0330] "GET /wp-signup.php?fileloc=%2Fhome%2Farmgroup%2Fpublic_html%2Fwp-admin%2Foptions-privacy.php&path=%2Fhome%2Farmgroup%2Fpublic_html%2Fwp-admin HTTP/2" 429 0 "-" "Mozilla/5.0 AppleWebKit/537.36 (KHTML, like Gecko; compatible; ClaudeBot/1.0; +claudebot@anthropic.com)"
216.73.216.111 - - [16/Aug/2026:17:33:10 +0330] "GET /wp-signup.php?fileloc=%2Fhome%2Farmgroup%2Fpublic_html%2Fwp-includes%2Fcategory.php&path=%2Fhome%2Farmgroup%2Fpublic_html%2Fwp-includes HTTP/2" 200 6413 "-" "Mozilla/5.0 AppleWebKit/537.36 (KHTML, like Gecko; compatible; ClaudeBot/1.0; +claudebot@anthropic.com)"
216.73.216.111 - - [16/Aug/2026:17:33:15 +0330] "GET /wp-trackback.php?fileloc=%2F%2Fusr%2Flib64%2Fdovecot%2Flibdovecot-gssapi.so.0&path=%2F%2Fusr%2Flib64%2Fdovecot HTTP/2" 429 0 "-" "Mozilla/5.0 AppleWebKit/537.36 (KHTML, like Gecko; compatible; ClaudeBot/1.0; +claudebot@anthropic.com)"
216.73.216.111 - - [16/Aug/2026:17:33:20 +0330] "GET /wp-signup.php?fileloc=%2Fhome%2Farmgroup%2Fpublic_html%2Fwp-content%2Fimunify-security%2Fscan_data.php&path=%2Fhome%2Farmgroup%2Fpublic_html%2Fwp-content%2Fimunify-security HTTP/2" 429 0 "-" "Mozilla/5.0 AppleWebKit/537.36 (KHTML, like Gecko; compatible; ClaudeBot/1.0; +claudebot@anthropic.com)"
57.141.20.32 - - [16/Aug/2026:17:33:22 +0330] "GET /sitemap_index.xml?fileloc=/home/armgroup/public_html/wp-includes/query.php&path=/home/armgroup/public_html/wp-includes HTTP/2" 404 796 "-" "Mozilla/5.0 (Windows NT 10.0; Win64; x64) AppleWebKit/537.36 (KHTML, like Gecko) Chrome/145.0.0.0 Safari/537.36 (compatible; meta-externalagent/1.1 (+https://developers.facebook.com/docs/sharing/webmasters/crawler))"
216.73.216.111 - - [16/Aug/2026:17:33:25 +0330] "GET /wp-trackback.php?fileloc=%2F%2Fusr%2Flib64%2Fdovecot%2Flib95_imap_sieve_plugin.so&path=%2F%2Fusr%2Flib64%2Fdovecot HTTP/2" 429 0 "-" "Mozilla/5.0 AppleWebKit/537.36 (KHTML, like Gecko; compatible; ClaudeBot/1.0; +claudebot@anthropic.com)"
216.73.216.111 - - [16/Aug/2026:17:33:30 +0330] "GET /wp-trackback.php?fileloc=%2F%2Fusr%2Flib64%2FlibXtst.so.6&path=%2F%2Fusr%2Flib64 HTTP/2" 429 0 "-" "Mozilla/5.0 AppleWebKit/537.36 (KHTML, like Gecko; compatible; ClaudeBot/1.0; +claudebot@anthropic.com)"
216.73.216.111 - - [16/Aug/2026:17:33:35 +0330] "GET /wp-trackback.php?fileloc=%2F%2Fusr%2Flib64%2Flibpcre2-32.so&path=%2F%2Fusr%2Flib64 HTTP/2" 429 0 "-" "Mozilla/5.0 AppleWebKit/537.36 (KHTML, like Gecko; compatible; ClaudeBot/1.0; +claudebot@anthropic.com)"
216.73.216.111 - - [16/Aug/2026:17:33:40 +0330] "GET /wp-trackback.php?fileloc=%2F%2Fusr%2Flib64%2FlibOpenEXRCore-3_1.so.30.1.0&path=%2F%2Fusr%2Flib64 HTTP/2" 429 0 "-" "Mozilla/5.0 AppleWebKit/537.36 (KHTML, like Gecko; compatible; ClaudeBot/1.0; +claudebot@anthropic.com)"
216.73.216.111 - - [16/Aug/2026:17:33:45 +0330] "GET /wp-signup.php?fileloc=%2Fhome%2Farmgroup%2Fpublic_html%2Fwp-includes%2Fclass-wp-phpmailer.php&path=%2Fhome%2Farmgroup%2Fpublic_html%2Fwp-includes HTTP/2" 429 0 "-" "Mozilla/5.0 AppleWebKit/537.36 (KHTML, like Gecko; compatible; ClaudeBot/1.0; +claudebot@anthropic.com)"
216.73.216.111 - - [16/Aug/2026:17:33:50 +0330] "GET /wp-signup.php?fileloc=%2Fhome%2Farmgroup%2Fpublic_html%2Fwp-admin%2Fpost-new.php&path=%2Fhome%2Farmgroup%2Fpublic_html%2Fwp-admin HTTP/2" 429 0 "-" "Mozilla/5.0 AppleWebKit/537.36 (KHTML, like Gecko; compatible; ClaudeBot/1.0; +claudebot@anthropic.com)"
216.73.216.111 - - [16/Aug/2026:17:33:55 +0330] "GET /wp-signup.php?fileloc=%2Fhome%2Farmgroup%2Fpublic_html%2Fwp-includes%2Fclass-wp-roles.php&path=%2Fhome%2Farmgroup%2Fpublic_html%2Fwp-includes HTTP/2" 200 5285 "-" "Mozilla/5.0 AppleWebKit/537.36 (KHTML, like Gecko; compatible; ClaudeBot/1.0; +claudebot@anthropic.com)"
216.73.216.111 - - [16/Aug/2026:17:34:00 +0330] "GET /wp-signup.php?fileloc=%2Fhome%2Farmgroup%2Fpublic_html%2Fwp-includes%2Fpost-thumbnail-template.php&path=%2Fhome%2Farmgroup%2Fpublic_html%2Fwp-includes HTTP/2" 429 0 "-" "Mozilla/5.0 AppleWebKit/537.36 (KHTML, like Gecko; compatible; ClaudeBot/1.0; +claudebot@anthropic.com)"
216.73.216.111 - - [16/Aug/2026:17:34:05 +0330] "GET /wp-signup.php?fileloc=%2Fhome%2Farmgroup%2Fpublic_html%2Fwp-includes%2Ftheme.json&path=%2Fhome%2Farmgroup%2Fpublic_html%2Fwp-includes HTTP/2" 429 0 "-" "Mozilla/5.0 AppleWebKit/537.36 (KHTML, like Gecko; compatible; ClaudeBot/1.0; +claudebot@anthropic.com)"
216.73.216.111 - - [16/Aug/2026:17:34:11 +0330] "GET /wp-trackback.php?fileloc=%2Fhome%2Farmgroup%2Fpublic_html%2Fstore%2Ffonts%2Fnataliq.ttf&path=%2Fhome%2Farmgroup%2Fpublic_html%2Fstore%2Ffonts HTTP/2" 429 0 "-" "Mozilla/5.0 AppleWebKit/537.36 (KHTML, like Gecko; compatible; ClaudeBot/1.0; +claudebot@anthropic.com)"
216.73.216.111 - - [16/Aug/2026:17:32:40 +0330] "GET /wp-trackback.php?fileloc=%2F%2Fusr%2Fshare%2Fman%2Fman1%2Fconjure.1.gz&path=%2F%2Fusr%2Fshare%2Fman%2Fman1 HTTP/2" 429 0 "-" "Mozilla/5.0 AppleWebKit/537.36 (KHTML, like Gecko; compatible; ClaudeBot/1.0; +claudebot@anthropic.com)"
216.73.216.111 - - [16/Aug/2026:17:32:45 +0330] "GET /wp-signup.php?fileloc=%2Fhome%2Farmgroup%2Fpublic_html%2Fwp-includes%2Fblocks%2Fquery-pagination%2Feditor-rtl.min.css&path=%2Fhome%2Farmgroup%2Fpublic_html%2Fwp-includes%2Fblocks%2Fquery-pagination HTTP/2" 429 0 "-" "Mozilla/5.0 AppleWebKit/537.36 (KHTML, like Gecko; compatible; ClaudeBot/1.0; +claudebot@anthropic.com)"
216.73.216.111 - - [16/Aug/2026:17:32:50 +0330] "GET /wp-trackback.php?fileloc=%2F%2Fusr%2Fshare%2Fman%2Fman1%2Fusleep.1.gz&path=%2F%2Fusr%2Fshare%2Fman%2Fman1 HTTP/2" 429 0 "-" "Mozilla/5.0 AppleWebKit/537.36 (KHTML, like Gecko; compatible; ClaudeBot/1.0; +claudebot@anthropic.com)"
216.73.216.111 - - [16/Aug/2026:17:32:55 +0330] "GET /wp-trackback.php?fileloc=%2F%2Fusr%2Fshare%2Fman%2Fman1%2Fmdir.1.gz&path=%2F%2Fusr%2Fshare%2Fman%2Fman1 HTTP/2" 429 0 "-" "Mozilla/5.0 AppleWebKit/537.36 (KHTML, like Gecko; compatible; ClaudeBot/1.0; +claudebot@anthropic.com)"
216.73.216.111 - - [16/Aug/2026:17:33:02 +0330] "GET /wp-mail.php?fileloc=%2Fhome%2Farmgroup%2F.razor%2Fservers.nomination.lst&path=%2Fhome%2Farmgroup%2F.razor HTTP/2" 429 0 "-" "Mozilla/5.0 AppleWebKit/537.36 (KHTML, like Gecko; compatible; ClaudeBot/1.0; +claudebot@anthropic.com)"
66.249.79.137 - - [16/Aug/2026:17:33:06 +0330] "GET /wp-load.php?fileloc=//proc/net/arp&path=//proc/net HTTP/1.1" 200 2609 "-" "Mozilla/5.0 (Linux; Android 6.0.1; Nexus 5X Build/MMB29P) AppleWebKit/537.36 (KHTML, like Gecko) Chrome/150.0.7871.186 Mobile Safari/537.36 (compatible; GoogleOther)"
66.249.79.136 - - [16/Aug/2026:17:33:20 +0330] "GET /wp-links-opml.php?fileloc=//lib/systemd/system/httpd.service.ls_bak_bak_restore_done&path=//lib/systemd/system HTTP/1.1" 200 2896 "-" "Mozilla/5.0 (Linux; Android 6.0.1; Nexus 5X Build/MMB29P) AppleWebKit/537.36 (KHTML, like Gecko) Chrome/150.0.7871.186 Mobile Safari/537.36 (compatible; Googlebot/2.1; +http://www.google.com/bot.html)"
216.73.216.111 - - [16/Aug/2026:17:34:13 +0330] "GET /wp-load.php?fileloc=%2Fhome%2Farmgroup%2Fpublic_html%2Fstore%2Fjs%2Fadmin-custom.js&path=%2Fhome%2Farmgroup%2Fpublic_html%2Fstore%2Fjs HTTP/2" 429 0 "-" "Mozilla/5.0 AppleWebKit/537.36 (KHTML, like Gecko; compatible; ClaudeBot/1.0; +claudebot@anthropic.com)"
216.73.216.111 - - [16/Aug/2026:17:34:17 +0330] "GET /wp-load.php?fileloc=%2Fhome%2Farmgroup%2Fpublic_html%2Fstore%2Fjs%2Fmds.bs.datetimepicker.js.map&path=%2Fhome%2Farmgroup%2Fpublic_html%2Fstore%2Fjs HTTP/2" 429 0 "-" "Mozilla/5.0 AppleWebKit/537.36 (KHTML, like Gecko; compatible; ClaudeBot/1.0; +claudebot@anthropic.com)"
216.73.216.111 - - [16/Aug/2026:17:34:23 +0330] "GET /store/storage/photos/shares/%D8%AF%D9%88%D9%82%D9%84%D9%88/6266_417_11zon.webp HTTP/2" 429 0 "-" "Mozilla/5.0 AppleWebKit/537.36 (KHTML, like Gecko; compatible; ClaudeBot/1.0; +claudebot@anthropic.com)"
216.73.216.111 - - [16/Aug/2026:17:34:42 +0330] "GET /store/products/%DA%A9%D8%A7%D8%B3%D9%87-%D9%86%D9%85%D8%AF-6230 HTTP/2" 200 17001 "-" "Mozilla/5.0 AppleWebKit/537.36 (KHTML, like Gecko; compatible; ClaudeBot/1.0; +claudebot@anthropic.com)"
216.73.216.111 - - [16/Aug/2026:17:34:47 +0330] "GET /store/storage/photos/shares/%D8%A7%D8%AA%D9%88%D9%85%D8%A7%D8%AA/%D9%84%D8%A7%D8%B3%D8%AA%DB%8C%DA%A9/%D8%A7%D8%B3%D9%86%D9%88%D8%A7-%D8%AF%D9%88-%D9%84%D9%88%D9%84---2680-(2)_30.webp HTTP/2" 429 0 "-" "Mozilla/5.0 AppleWebKit/537.36 (KHTML, like Gecko; compatible; ClaudeBot/1.0; +claudebot@anthropic.com)"
216.73.216.111 - - [16/Aug/2026:17:35:04 +0330] "GET /store/storage/photos/shares/%D8%A7%D8%AA%D9%88%D9%85%D8%A7%D8%AA/%D8%B4%D9%81%D8%AA/1458/1458_40_11zon.webp HTTP/2" 429 0 "-" "Mozilla/5.0 AppleWebKit/537.36 (KHTML, like Gecko; compatible; ClaudeBot/1.0; +claudebot@anthropic.com)"
216.73.216.111 - - [16/Aug/2026:17:34:17 +0330] "GET /wp-trackback.php?fileloc=%2F%2Fusr%2Flib64%2Fdovecot%2Flibdovecot-language.so.0.0.0&path=%2F%2Fusr%2Flib64%2Fdovecot HTTP/2" 429 0 "-" "Mozilla/5.0 AppleWebKit/537.36 (KHTML, like Gecko; compatible; ClaudeBot/1.0; +claudebot@anthropic.com)"
216.73.216.111 - - [16/Aug/2026:17:34:26 +0330] "GET /wp-trackback.php?fileloc=%2F%2Fusr%2Flib64%2Fdovecot%2Flibdovecot-gssapi.so.0.0.0&path=%2F%2Fusr%2Flib64%2Fdovecot HTTP/2" 429 0 "-" "Mozilla/5.0 AppleWebKit/537.36 (KHTML, like Gecko; compatible; ClaudeBot/1.0; +claudebot@anthropic.com)"
216.73.216.111 - - [16/Aug/2026:17:34:32 +0330] "GET /store/storage/photos/shares/%D8%A7%D8%AA%D9%88%D9%85%D8%A7%D8%AA/%D9%84%D9%88%D9%84%D8%A7/4150_11zon.webp HTTP/2" 429 0 "-" "Mozilla/5.0 AppleWebKit/537.36 (KHTML, like Gecko; compatible; ClaudeBot/1.0; +claudebot@anthropic.com)"
216.73.216.111 - - [16/Aug/2026:17:34:37 +0330] "GET /wp-signup.php?fileloc=%2F%2Fhome%2Farmgroup%2Fwww%2Flicense.txt&path=%2F%2Fhome%2Farmgroup%2Fwww HTTP/2" 429 0 "-" "Mozilla/5.0 AppleWebKit/537.36 (KHTML, like Gecko; compatible; ClaudeBot/1.0; +claudebot@anthropic.com)"
216.73.216.111 - - [16/Aug/2026:17:34:45 +0330] "GET /store/storage/photos/shares/%D8%A7%D8%AA%D9%88%D9%85%D8%A7%D8%AA/%D8%B4%DB%8C%D8%B1%D8%A8%D8%B1%D9%82%DB%8C/-3196.png HTTP/2" 200 516867 "-" "Mozilla/5.0 AppleWebKit/537.36 (KHTML, like Gecko; compatible; ClaudeBot/1.0; +claudebot@anthropic.com)"
66.249.79.136 - - [16/Aug/2026:17:35:20 +0330] "GET /wp-load.php?fileloc=//lib64/libpcre.so.1&path=//lib64 HTTP/1.1" 200 179516 "-" "Mozilla/5.0 (Linux; Android 6.0.1; Nexus 5X Build/MMB29P) AppleWebKit/537.36 (KHTML, like Gecko) Chrome/150.0.7871.186 Mobile Safari/537.36 (compatible; GoogleOther)"
216.73.216.111 - - [16/Aug/2026:17:35:31 +0330] "GET /store/products/%D9%84%D8%A7%D8%B3%D8%AA%DB%8C%DA%A9-%D8%B3%D9%BE%D9%87%D8%B1 HTTP/2" 200 18491 "-" "Mozilla/5.0 AppleWebKit/537.36 (KHTML, like Gecko; compatible; ClaudeBot/1.0; +claudebot@anthropic.com)"
57.141.20.32 - - [16/Aug/2026:17:35:39 +0330] "GET /post-sitemap.xml?path=//usr/lib/firmware/bnx2 HTTP/2" 404 796 "-" "Mozilla/5.0 (Windows NT 10.0; Win64; x64) AppleWebKit/537.36 (KHTML, like Gecko) Chrome/145.0.0.0 Safari/537.36 (compatible; meta-externalagent/1.1 (+https://developers.facebook.com/docs/sharing/webmasters/crawler))"
216.73.216.111 - - [16/Aug/2026:17:35:45 +0330] "GET /store/products/%D8%B1%D8%A7%D8%A8%D8%B7-%D8%B4%DB%8C%D9%84%D9%86%DA%AF-%D9%88%D8%B1%D9%88%D8%AF%DB%8C HTTP/2" 429 0 "-" "Mozilla/5.0 AppleWebKit/537.36 (KHTML, like Gecko; compatible; ClaudeBot/1.0; +claudebot@anthropic.com)"
216.73.216.111 - - [16/Aug/2026:17:36:29 +0330] "GET /store/products/%D9%85%DB%8C%DA%A9%D8%B1%D9%88%D8%B3%D9%88%DB%8C%DB%8C%DA%86-%D9%87%D8%A7%DB%8C%D8%B3%D9%86%D8%B3 HTTP/2" 200 17732 "-" "Mozilla/5.0 AppleWebKit/537.36 (KHTML, like Gecko; compatible; ClaudeBot/1.0; +claudebot@anthropic.com)"
216.73.216.111 - - [16/Aug/2026:17:36:51 +0330] "GET /wp-trackback.php?fileloc=%2F%2Fusr%2Flib64%2Fdovecot%2Flib20_mail_log_plugin.so&path=%2F%2Fusr%2Flib64%2Fdovecot HTTP/2" 200 10127 "-" "Mozilla/5.0 AppleWebKit/537.36 (KHTML, like Gecko; compatible; ClaudeBot/1.0; +claudebot@anthropic.com)"
57.141.20.57 - - [16/Aug/2026:17:38:02 +0330] "GET /post-sitemap.xml?fileloc=/home/armgroup/public_html/wp-admin/install-helper.php&path=/home/armgroup/public_html/wp-admin HTTP/2" 404 796 "-" "Mozilla/5.0 (X11; Linux x86_64) AppleWebKit/537.36 (KHTML, like Gecko) Chrome/145.0.0.0 Safari/537.36 (compatible; meta-externalagent/1.1 (+https://developers.facebook.com/docs/sharing/webmasters/crawler))"
66.249.79.136 - - [16/Aug/2026:17:38:22 +0330] "GET /wp-links-opml.php?fileloc=//lib64/libpcp_gui.so.2&path=//lib64 HTTP/1.1" 200 12961 "-" "Mozilla/5.0 (Linux; Android 6.0.1; Nexus 5X Build/MMB29P) AppleWebKit/537.36 (KHTML, like Gecko) Chrome/150.0.7871.186 Mobile Safari/537.36 (compatible; GoogleOther)"
66.249.79.136 - - [16/Aug/2026:17:36:50 +0330] "GET /wp-load.php?fileloc=//lib64/libnss_compat.so.2&path=//lib64 HTTP/1.1" 200 17327 "-" "Mozilla/5.0 (Linux; Android 6.0.1; Nexus 5X Build/MMB29P) AppleWebKit/537.36 (KHTML, like Gecko) Chrome/150.0.7871.186 Mobile Safari/537.36 (compatible; GoogleOther)"
216.73.216.111 - - [16/Aug/2026:17:37:07 +0330] "GET /wp-signup.php?fileloc=%2F%2Fhome%2Farmgroup%2Fwww%2Fwp-links-opml.php&path=%2F%2Fhome%2Farmgroup%2Fwww HTTP/2" 429 0 "-" "Mozilla/5.0 AppleWebKit/537.36 (KHTML, like Gecko; compatible; ClaudeBot/1.0; +claudebot@anthropic.com)"
66.249.79.136 - - [16/Aug/2026:17:37:32 +0330] "GET /wp-load.php?fileloc=//lib/.build-id/0b/a03df97165147f8f4e860b3a9c1f17851147ee&path=//lib/.build-id/0b HTTP/1.1" 200 5618 "-" "Mozilla/5.0 (Linux; Android 6.0.1; Nexus 5X Build/MMB29P) AppleWebKit/537.36 (KHTML, like Gecko) Chrome/150.0.7871.186 Mobile Safari/537.36 (compatible; GoogleOther)"
216.73.216.111 - - [16/Aug/2026:17:37:34 +0330] "GET /wp-signup.php?fileloc=%2F%2Fhome%2Farmgroup%2Fwww%2Freadme.html&path=%2F%2Fhome%2Farmgroup%2Fwww HTTP/2" 429 0 "-" "Mozilla/5.0 AppleWebKit/537.36 (KHTML, like Gecko; compatible; ClaudeBot/1.0; +claudebot@anthropic.com)"
216.73.216.111 - - [16/Aug/2026:17:37:38 +0330] "GET /wp-signup.php?fileloc=%2F%2Fhome%2Farmgroup%2Fwww%2Fhiroshi.php&path=%2F%2Fhome%2Farmgroup%2Fwww HTTP/2" 429 0 "-" "Mozilla/5.0 AppleWebKit/537.36 (KHTML, like Gecko; compatible; ClaudeBot/1.0; +claudebot@anthropic.com)"
216.73.216.111 - - [16/Aug/2026:17:38:39 +0330] "GET /wp-signup.php?fileloc=%2F%2Fhome%2Farmgroup%2Fwww%2F.htaccess&path=%2F%2Fhome%2Farmgroup%2Fwww HTTP/2" 200 2614 "-" "Mozilla/5.0 AppleWebKit/537.36 (KHTML, like Gecko; compatible; ClaudeBot/1.0; +claudebot@anthropic.com)"
216.73.216.111 - - [16/Aug/2026:17:39:36 +0330] "GET /wp-signup.php?fileloc=%2Fhome%2Farmgroup%2Fpublic_html%2Fstore%2Fwebfonts%2Ffa-light-300.woff2&path=%2Fhome%2Farmgroup%2Fpublic_html%2Fstore%2Fwebfonts HTTP/2" 200 164841 "-" "Mozilla/5.0 AppleWebKit/537.36 (KHTML, like Gecko; compatible; ClaudeBot/1.0; +claudebot@anthropic.com)"
216.73.216.111 - - [16/Aug/2026:17:39:41 +0330] "GET /wp-signup.php?fileloc=%2F%2Fhome%2Farmgroup%2Fwww%2Fobf.PhTmL&path=%2F%2Fhome%2Farmgroup%2Fwww HTTP/2" 429 0 "-" "Mozilla/5.0 AppleWebKit/537.36 (KHTML, like Gecko; compatible; ClaudeBot/1.0; +claudebot@anthropic.com)"
66.249.79.136 - - [16/Aug/2026:17:39:47 +0330] "GET /wp-load.php?fileloc=//lib64/libgbm.so.1&path=//lib64 HTTP/1.1" 200 9052 "-" "Mozilla/5.0 (Linux; Android 6.0.1; Nexus 5X Build/MMB29P) AppleWebKit/537.36 (KHTML, like Gecko) Chrome/150.0.7871.186 Mobile Safari/537.36 (compatible; GoogleOther)"
216.73.216.111 - - [16/Aug/2026:17:39:50 +0330] "GET /wp-signup.php?fileloc=%2Fhome%2Farmgroup%2Fpublic_html%2Fstore%2Fwebfonts%2Ffa-regular-400.svg&path=%2Fhome%2Farmgroup%2Fpublic_html%2Fstore%2Fwebfonts HTTP/2" 429 0 "-" "Mozilla/5.0 AppleWebKit/537.36 (KHTML, like Gecko; compatible; ClaudeBot/1.0; +claudebot@anthropic.com)"
216.73.216.111 - - [16/Aug/2026:17:40:17 +0330] "GET /wp-trackback.php?fileloc=%2F%2Fusr%2Flib64%2Fdovecot%2Fdoveadm%2Flib10_doveadm_sieve_plugin.so&path=%2F%2Fusr%2Flib64%2Fdovecot%2Fdoveadm HTTP/2" 429 0 "-" "Mozilla/5.0 AppleWebKit/537.36 (KHTML, like Gecko; compatible; ClaudeBot/1.0; +claudebot@anthropic.com)"
216.73.216.111 - - [16/Aug/2026:17:40:43 +0330] "GET /wp-trackback.php?fileloc=%2Fhome%2Farmgroup%2Fpublic_html%2Fstore%2Fjs%2Fadmin.js.LICENSE.txt&path=%2Fhome%2Farmgroup%2Fpublic_html%2Fstore%2Fjs HTTP/2" 200 4203 "-" "Mozilla/5.0 AppleWebKit/537.36 (KHTML, like Gecko; compatible; ClaudeBot/1.0; +claudebot@anthropic.com)"
66.249.79.137 - - [16/Aug/2026:17:42:52 +0330] "GET /wp-links-opml.php?fileloc=//lib64/libpcp.so.3&path=//lib64 HTTP/1.1" 200 338400 "-" "Mozilla/5.0 (Linux; Android 6.0.1; Nexus 5X Build/MMB29P) AppleWebKit/537.36 (KHTML, like Gecko) Chrome/150.0.7871.186 Mobile Safari/537.36 (compatible; GoogleOther)"
216.73.216.111 - - [16/Aug/2026:17:38:28 +0330] "GET /wp-signup.php?fileloc=%2F%2Fhome%2Farmgroup%2Fwww%2Fgoogle499cc5ebb3a3aa35.html&path=%2F%2Fhome%2Farmgroup%2Fwww HTTP/2" 200 2580 "-" "Mozilla/5.0 AppleWebKit/537.36 (KHTML, like Gecko; compatible; ClaudeBot/1.0; +claudebot@anthropic.com)"
216.73.216.111 - - [16/Aug/2026:17:39:06 +0330] "GET /wp-signup.php?fileloc=%2Fhome%2Farmgroup%2Fpublic_html%2Fstore%2Fwebfonts%2Ffa-thin-100.woff2&path=%2Fhome%2Farmgroup%2Fpublic_html%2Fstore%2Fwebfonts HTTP/2" 200 347084 "-" "Mozilla/5.0 AppleWebKit/537.36 (KHTML, like Gecko; compatible; ClaudeBot/1.0; +claudebot@anthropic.com)"
66.249.79.136 - - [16/Aug/2026:17:40:19 +0330] "GET /wp-links-opml.php?fileloc=//lib/firmware/amdgpu/smu_14_0_3.bin.xz&path=//lib/firmware/amdgpu HTTP/1.1" 200 118845 "-" "Mozilla/5.0 (Linux; Android 6.0.1; Nexus 5X Build/MMB29P) AppleWebKit/537.36 (KHTML, like Gecko) Chrome/150.0.7871.186 Mobile Safari/537.36 (compatible; GoogleOther)"
66.249.79.135 - - [16/Aug/2026:17:41:28 +0330] "GET /wp-load.php?path=//lib/.build-id/25 HTTP/1.1" 200 3585 "-" "Mozilla/5.0 (Linux; Android 6.0.1; Nexus 5X Build/MMB29P) AppleWebKit/537.36 (KHTML, like Gecko) Chrome/150.0.7871.186 Mobile Safari/537.36 (compatible; GoogleOther)"
66.249.79.137 - - [16/Aug/2026:17:44:11 +0330] "GET /wp-links-opml.php?fileloc=//lib64/libcomposefs.so.1.4.0&path=//lib64 HTTP/1.1" 200 30553 "-" "Mozilla/5.0 (Linux; Android 6.0.1; Nexus 5X Build/MMB29P) AppleWebKit/537.36 (KHTML, like Gecko) Chrome/150.0.7871.186 Mobile Safari/537.36 (compatible; GoogleOther)"
216.73.217.13 - - [16/Aug/2026:17:44:55 +0330] "GET /robots.txt HTTP/2" 404 796 "-" "Mozilla/5.0 AppleWebKit/537.36 (KHTML, like Gecko; compatible; ClaudeBot/1.0; +claudebot@anthropic.com)"
216.73.217.13 - - [16/Aug/2026:17:44:55 +0330] "GET /wp-login.php?fileloc=%2F%2Flib64%2Flibkmod.so.2&path=%2F%2Flib64 HTTP/2" 200 46894 "-" "Mozilla/5.0 AppleWebKit/537.36 (KHTML, like Gecko; compatible; ClaudeBot/1.0; +claudebot@anthropic.com)"
216.73.217.13 - - [16/Aug/2026:17:44:56 +0330] "GET /wp-login.php?fileloc=%2F%2Flib64%2Flibodbc.so.2&path=%2F%2Flib64 HTTP/2" 429 0 "-" "Mozilla/5.0 AppleWebKit/537.36 (KHTML, like Gecko; compatible; ClaudeBot/1.0; +claudebot@anthropic.com)"
216.73.217.13 - - [16/Aug/2026:17:44:58 +0330] "GET /wp-login.php?fileloc=%2F%2Flib64%2Flibgstallocators-1.0.so.0&path=%2F%2Flib64 HTTP/2" 429 0 "-" "Mozilla/5.0 AppleWebKit/537.36 (KHTML, like Gecko; compatible; ClaudeBot/1.0; +claudebot@anthropic.com)"
216.73.217.13 - - [16/Aug/2026:17:44:58 +0330] "GET /wp-login.php?fileloc=%2F%2Flib64%2Flibvmtools.so.0&path=%2F%2Flib64 HTTP/2" 429 0 "-" "Mozilla/5.0 AppleWebKit/537.36 (KHTML, like Gecko; compatible; ClaudeBot/1.0; +claudebot@anthropic.com)"
216.73.217.13 - - [16/Aug/2026:17:44:58 +0330] "GET /wp-login.php?fileloc=%2F%2Flib64%2Flibxmlsec1.so.1&path=%2F%2Flib64 HTTP/2" 429 0 "-" "Mozilla/5.0 AppleWebKit/537.36 (KHTML, like Gecko; compatible; ClaudeBot/1.0; +claudebot@anthropic.com)"
216.73.217.13 - - [16/Aug/2026:17:44:58 +0330] "GET /wp-login.php?fileloc=%2F%2Flib64%2Flibncurses.so&path=%2F%2Flib64 HTTP/2" 429 0 "-" "Mozilla/5.0 AppleWebKit/537.36 (KHTML, like Gecko; compatible; ClaudeBot/1.0; +claudebot@anthropic.com)"
216.73.217.13 - - [16/Aug/2026:17:46:01 +0330] "GET /wp-login.php?fileloc=%2F%2Flib64%2Flibfftw3.so.3&path=%2F%2Flib64 HTTP/2" 429 0 "-" "Mozilla/5.0 AppleWebKit/537.36 (KHTML, like Gecko; compatible; ClaudeBot/1.0; +claudebot@anthropic.com)"
216.73.217.13 - - [16/Aug/2026:17:46:01 +0330] "GET /wp-login.php?fileloc=%2F%2Flib64%2Flibefa.so.1&path=%2F%2Flib64 HTTP/2" 429 0 "-" "Mozilla/5.0 AppleWebKit/537.36 (KHTML, like Gecko; compatible; ClaudeBot/1.0; +claudebot@anthropic.com)"
216.73.217.13 - - [16/Aug/2026:17:46:10 +0330] "GET /wp-login.php?fileloc=%2F%2Flib64%2Flibtic.so.6&path=%2F%2Flib64 HTTP/2" 429 0 "-" "Mozilla/5.0 AppleWebKit/537.36 (KHTML, like Gecko; compatible; ClaudeBot/1.0; +claudebot@anthropic.com)"
