216.73.216.111 - - [16/Aug/2026:21:04:34 +0330] "GET /wp-mail.php?fileloc=%2Fhome%2Farmgroup%2Ftmp%2Fwebalizer%2Fstore.armgroupco.com%2Fhourly_usage_202510.png&path=%2Fhome%2Farmgroup%2Ftmp%2Fwebalizer%2Fstore.armgroupco.com HTTP/2" 429 0 "-" "Mozilla/5.0 AppleWebKit/537.36 (KHTML, like Gecko; compatible; ClaudeBot/1.0; +claudebot@anthropic.com)"
216.73.216.111 - - [16/Aug/2026:21:04:39 +0330] "GET /wp-mail.php?fileloc=%2Fhome%2Farmgroup%2Ftmp%2Fwebalizer%2Fstore.armgroupco.com%2Fdaily_usage_202604.png&path=%2Fhome%2Farmgroup%2Ftmp%2Fwebalizer%2Fstore.armgroupco.com HTTP/2" 429 0 "-" "Mozilla/5.0 AppleWebKit/537.36 (KHTML, like Gecko; compatible; ClaudeBot/1.0; +claudebot@anthropic.com)"
216.73.216.111 - - [16/Aug/2026:21:04:44 +0330] "GET /wp-mail.php?fileloc=%2Fhome%2Farmgroup%2Ftmp%2Fwebalizer%2Fstore.armgroupco.com%2Fctry_usage_202508.png&path=%2Fhome%2Farmgroup%2Ftmp%2Fwebalizer%2Fstore.armgroupco.com HTTP/2" 429 0 "-" "Mozilla/5.0 AppleWebKit/537.36 (KHTML, like Gecko; compatible; ClaudeBot/1.0; +claudebot@anthropic.com)"
216.73.216.111 - - [16/Aug/2026:21:05:04 +0330] "GET /wp-mail.php?fileloc=%2Fhome%2Farmgroup%2Ftmp%2Fwebalizer%2Fstore.armgroupco.com%2Fhourly_usage_202508.png&path=%2Fhome%2Farmgroup%2Ftmp%2Fwebalizer%2Fstore.armgroupco.com HTTP/2" 429 0 "-" "Mozilla/5.0 AppleWebKit/537.36 (KHTML, like Gecko; compatible; ClaudeBot/1.0; +claudebot@anthropic.com)"
216.73.216.111 - - [16/Aug/2026:21:03:24 +0330] "GET /wp-mail.php?fileloc=%2Fhome%2Farmgroup%2Ftmp%2Fwebalizer%2Fstore.armgroupco.com%2Fctry_usage_202510.png&path=%2Fhome%2Farmgroup%2Ftmp%2Fwebalizer%2Fstore.armgroupco.com HTTP/2" 429 0 "-" "Mozilla/5.0 AppleWebKit/537.36 (KHTML, like Gecko; compatible; ClaudeBot/1.0; +claudebot@anthropic.com)"
216.73.216.111 - - [16/Aug/2026:21:03:31 +0330] "GET /wp-mail.php?fileloc=%2Fhome%2Farmgroup%2Ftmp%2Fwebalizer%2Fstore.armgroupco.com%2Fctry_usage_202509.png&path=%2Fhome%2Farmgroup%2Ftmp%2Fwebalizer%2Fstore.armgroupco.com HTTP/2" 429 0 "-" "Mozilla/5.0 AppleWebKit/537.36 (KHTML, like Gecko; compatible; ClaudeBot/1.0; +claudebot@anthropic.com)"
216.73.216.111 - - [16/Aug/2026:21:03:36 +0330] "GET /wp-mail.php?fileloc=%2Fhome%2Farmgroup%2Ftmp%2Fwebalizer%2Fstore.armgroupco.com%2Fhourly_usage_202606.png&path=%2Fhome%2Farmgroup%2Ftmp%2Fwebalizer%2Fstore.armgroupco.com HTTP/2" 200 4476 "-" "Mozilla/5.0 AppleWebKit/537.36 (KHTML, like Gecko; compatible; ClaudeBot/1.0; +claudebot@anthropic.com)"
216.73.216.111 - - [16/Aug/2026:21:04:29 +0330] "GET /wp-mail.php?fileloc=%2Fhome%2Farmgroup%2Ftmp%2Fwebalizer%2Fstore.armgroupco.com%2Fhourly_usage_202507.png&path=%2Fhome%2Farmgroup%2Ftmp%2Fwebalizer%2Fstore.armgroupco.com HTTP/2" 200 4381 "-" "Mozilla/5.0 AppleWebKit/537.36 (KHTML, like Gecko; compatible; ClaudeBot/1.0; +claudebot@anthropic.com)"
84.115.238.232 - - [16/Aug/2026:21:04:53 +0330] "POST /xmlrpc.php HTTP/1.1" 200 0 "-" "Mozilla/5.0 (Windows NT 6.3; x86) AppleWebKit/537.36 (KHTML, like Gecko) Edge/92.0.0.0 Safari/537.36"
84.115.238.232 - - [16/Aug/2026:21:04:55 +0330] "POST /xmlrpc.php HTTP/1.1" 200 0 "-" "Mozilla/5.0 (Windows NT 10.0; arm64) AppleWebKit/537.36 (KHTML, like Gecko) Chrome/108.0.0.0 Safari/537.36"
66.249.79.137 - - [16/Aug/2026:21:05:33 +0330] "GET /wp-links-opml.php?fileloc=//lib64/libmspack.so.0&path=//lib64 HTTP/1.1" 200 38232 "-" "Mozilla/5.0 (Linux; Android 6.0.1; Nexus 5X Build/MMB29P) AppleWebKit/537.36 (KHTML, like Gecko) Chrome/150.0.7871.186 Mobile Safari/537.36 (compatible; GoogleOther)"
216.73.216.111 - - [16/Aug/2026:21:05:54 +0330] "GET /wp-mail.php?fileloc=%2Fhome%2Farmgroup%2Ftmp%2Fwebalizer%2Fstore.armgroupco.com%2Fdaily_usage_202508.png&path=%2Fhome%2Farmgroup%2Ftmp%2Fwebalizer%2Fstore.armgroupco.com HTTP/2" 200 6096 "-" "Mozilla/5.0 AppleWebKit/537.36 (KHTML, like Gecko; compatible; ClaudeBot/1.0; +claudebot@anthropic.com)"
216.73.216.111 - - [16/Aug/2026:21:05:59 +0330] "GET /wp-mail.php?fileloc=%2Fhome%2Farmgroup%2Ftmp%2Fwebalizer%2Fstore.armgroupco.com%2Fdaily_usage_202509.png&path=%2Fhome%2Farmgroup%2Ftmp%2Fwebalizer%2Fstore.armgroupco.com HTTP/2" 429 0 "-" "Mozilla/5.0 AppleWebKit/537.36 (KHTML, like Gecko; compatible; ClaudeBot/1.0; +claudebot@anthropic.com)"
216.73.216.111 - - [16/Aug/2026:21:06:04 +0330] "GET /wp-mail.php?fileloc=%2Fhome%2Farmgroup%2Ftmp%2Fwebalizer%2Fstore.armgroupco.com%2Fdaily_usage_202507.png&path=%2Fhome%2Farmgroup%2Ftmp%2Fwebalizer%2Fstore.armgroupco.com HTTP/2" 429 0 "-" "Mozilla/5.0 AppleWebKit/537.36 (KHTML, like Gecko; compatible; ClaudeBot/1.0; +claudebot@anthropic.com)"
216.73.216.111 - - [16/Aug/2026:21:06:30 +0330] "GET /wp-mail.php?fileloc=%2Fhome%2Farmgroup%2Ftmp%2Fwebalizer%2Fstore.armgroupco.ir%2Fusage_202607.html&path=%2Fhome%2Farmgroup%2Ftmp%2Fwebalizer%2Fstore.armgroupco.ir HTTP/2" 429 0 "-" "Mozilla/5.0 AppleWebKit/537.36 (KHTML, like Gecko; compatible; ClaudeBot/1.0; +claudebot@anthropic.com)"
216.73.216.111 - - [16/Aug/2026:21:06:35 +0330] "GET /wp-mail.php?fileloc=%2Fhome%2Farmgroup%2Ftmp%2Fwebalizer%2Fstore.armgroupco.ir%2Fdns_cache.db&path=%2Fhome%2Farmgroup%2Ftmp%2Fwebalizer%2Fstore.armgroupco.ir HTTP/2" 429 0 "-" "Mozilla/5.0 AppleWebKit/537.36 (KHTML, like Gecko; compatible; ClaudeBot/1.0; +claudebot@anthropic.com)"
216.73.216.111 - - [16/Aug/2026:21:05:08 +0330] "GET /wp-mail.php?fileloc=%2Fhome%2Farmgroup%2Ftmp%2Fwebalizer%2Fstore.armgroupco.com%2Fdaily_usage_202605.png&path=%2Fhome%2Farmgroup%2Ftmp%2Fwebalizer%2Fstore.armgroupco.com HTTP/2" 429 0 "-" "Mozilla/5.0 AppleWebKit/537.36 (KHTML, like Gecko; compatible; ClaudeBot/1.0; +claudebot@anthropic.com)"
216.73.216.111 - - [16/Aug/2026:21:05:13 +0330] "GET /wp-mail.php?fileloc=%2Fhome%2Farmgroup%2Ftmp%2Fwebalizer%2Fstore.armgroupco.com%2Fdaily_usage_202511.png&path=%2Fhome%2Farmgroup%2Ftmp%2Fwebalizer%2Fstore.armgroupco.com HTTP/2" 429 0 "-" "Mozilla/5.0 AppleWebKit/537.36 (KHTML, like Gecko; compatible; ClaudeBot/1.0; +claudebot@anthropic.com)"
216.73.216.111 - - [16/Aug/2026:21:05:18 +0330] "GET /wp-mail.php?fileloc=%2Fhome%2Farmgroup%2Ftmp%2Fwebalizer%2Fstore.armgroupco.com%2Fdaily_usage_202512.png&path=%2Fhome%2Farmgroup%2Ftmp%2Fwebalizer%2Fstore.armgroupco.com HTTP/2" 200 5995 "-" "Mozilla/5.0 AppleWebKit/537.36 (KHTML, like Gecko; compatible; ClaudeBot/1.0; +claudebot@anthropic.com)"
216.73.216.111 - - [16/Aug/2026:21:05:27 +0330] "GET /wp-mail.php?fileloc=%2Fhome%2Farmgroup%2Ftmp%2Fwebalizer%2Fstore.armgroupco.com%2Fdaily_usage_202510.png&path=%2Fhome%2Farmgroup%2Ftmp%2Fwebalizer%2Fstore.armgroupco.com HTTP/2" 429 0 "-" "Mozilla/5.0 AppleWebKit/537.36 (KHTML, like Gecko; compatible; ClaudeBot/1.0; +claudebot@anthropic.com)"
216.73.216.111 - - [16/Aug/2026:21:05:31 +0330] "GET /wp-mail.php?fileloc=%2Fhome%2Farmgroup%2Ftmp%2Fwebalizer%2Fstore.armgroupco.com%2Fhourly_usage_202509.png&path=%2Fhome%2Farmgroup%2Ftmp%2Fwebalizer%2Fstore.armgroupco.com HTTP/2" 429 0 "-" "Mozilla/5.0 AppleWebKit/537.36 (KHTML, like Gecko; compatible; ClaudeBot/1.0; +claudebot@anthropic.com)"
66.249.79.135 - - [16/Aug/2026:21:07:15 +0330] "GET /wp-links-opml.php?fileloc=//lib64/libXt.so.6&path=//lib64 HTTP/1.1" 200 175285 "-" "Mozilla/5.0 (Linux; Android 6.0.1; Nexus 5X Build/MMB29P) AppleWebKit/537.36 (KHTML, like Gecko) Chrome/150.0.7871.186 Mobile Safari/537.36 (compatible; GoogleOther)"
216.73.216.111 - - [16/Aug/2026:21:07:27 +0330] "GET /wp-mail.php?fileloc=%2Fhome%2Farmgroup%2Ftmp%2Fwebalizer%2Fstore.armgroupco.ir%2Fwebalizer.hist&path=%2Fhome%2Farmgroup%2Ftmp%2Fwebalizer%2Fstore.armgroupco.ir HTTP/2" 200 2956 "-" "Mozilla/5.0 AppleWebKit/537.36 (KHTML, like Gecko; compatible; ClaudeBot/1.0; +claudebot@anthropic.com)"
216.73.216.111 - - [16/Aug/2026:21:07:41 +0330] "GET /wp-mail.php?fileloc=%2Fhome%2Farmgroup%2Ftmp%2Fwebalizer%2Fstore.armgroupco.ir%2Fctry_usage_202608.png&path=%2Fhome%2Farmgroup%2Ftmp%2Fwebalizer%2Fstore.armgroupco.ir HTTP/2" 429 0 "-" "Mozilla/5.0 AppleWebKit/537.36 (KHTML, like Gecko; compatible; ClaudeBot/1.0; +claudebot@anthropic.com)"
216.73.216.111 - - [16/Aug/2026:21:07:45 +0330] "GET /wp-mail.php?fileloc=%2Fhome%2Farmgroup%2Ftmp%2Fwebalizer%2Fstore.armgroupco.ir%2Fctry_usage_202607.png&path=%2Fhome%2Farmgroup%2Ftmp%2Fwebalizer%2Fstore.armgroupco.ir HTTP/2" 429 0 "-" "Mozilla/5.0 AppleWebKit/537.36 (KHTML, like Gecko; compatible; ClaudeBot/1.0; +claudebot@anthropic.com)"
216.73.216.111 - - [16/Aug/2026:21:07:52 +0330] "GET /wp-mail.php?fileloc=%2Fhome%2Farmgroup%2Ftmp%2Fwebalizer%2Fstore.armgroupco.ir%2Fctry_usage_202606.png&path=%2Fhome%2Farmgroup%2Ftmp%2Fwebalizer%2Fstore.armgroupco.ir HTTP/2" 429 0 "-" "Mozilla/5.0 AppleWebKit/537.36 (KHTML, like Gecko; compatible; ClaudeBot/1.0; +claudebot@anthropic.com)"
216.73.216.111 - - [16/Aug/2026:21:08:20 +0330] "GET /wp-mail.php?fileloc=%2Fhome%2Farmgroup%2Ftmp%2Fwebalizer%2Fstore.armgroupco.ir%2Fhourly_usage_202608.png&path=%2Fhome%2Farmgroup%2Ftmp%2Fwebalizer%2Fstore.armgroupco.ir HTTP/2" 429 0 "-" "Mozilla/5.0 AppleWebKit/537.36 (KHTML, like Gecko; compatible; ClaudeBot/1.0; +claudebot@anthropic.com)"
216.73.216.111 - - [16/Aug/2026:21:06:41 +0330] "GET /wp-mail.php?fileloc=%2Fhome%2Farmgroup%2Ftmp%2Fwebalizer%2Fstore.armgroupco.ir%2Fusage_202606.html&path=%2Fhome%2Farmgroup%2Ftmp%2Fwebalizer%2Fstore.armgroupco.ir HTTP/2" 200 7351 "-" "Mozilla/5.0 AppleWebKit/537.36 (KHTML, like Gecko; compatible; ClaudeBot/1.0; +claudebot@anthropic.com)"
216.73.216.111 - - [16/Aug/2026:21:06:43 +0330] "GET /wp-mail.php?fileloc=%2Fhome%2Farmgroup%2Ftmp%2Fwebalizer%2Fstore.armgroupco.ir%2Findex.html&path=%2Fhome%2Farmgroup%2Ftmp%2Fwebalizer%2Fstore.armgroupco.ir HTTP/2" 429 0 "-" "Mozilla/5.0 AppleWebKit/537.36 (KHTML, like Gecko; compatible; ClaudeBot/1.0; +claudebot@anthropic.com)"
216.73.216.111 - - [16/Aug/2026:21:06:45 +0330] "GET /wp-mail.php?fileloc=%2Fhome%2Farmgroup%2Ftmp%2Fwebalizer%2Fstore.armgroupco.ir%2Fusage_202608.html&path=%2Fhome%2Farmgroup%2Ftmp%2Fwebalizer%2Fstore.armgroupco.ir HTTP/2" 429 0 "-" "Mozilla/5.0 AppleWebKit/537.36 (KHTML, like Gecko; compatible; ClaudeBot/1.0; +claudebot@anthropic.com)"
216.73.216.111 - - [16/Aug/2026:21:06:55 +0330] "GET /wp-mail.php?fileloc=%2Fhome%2Farmgroup%2Ftmp%2Fwebalizer%2Fstore.armgroupco.ir%2Fwebalizer.current&path=%2Fhome%2Farmgroup%2Ftmp%2Fwebalizer%2Fstore.armgroupco.ir HTTP/2" 429 0 "-" "Mozilla/5.0 AppleWebKit/537.36 (KHTML, like Gecko; compatible; ClaudeBot/1.0; +claudebot@anthropic.com)"
216.73.216.111 - - [16/Aug/2026:21:07:13 +0330] "GET /wp-mail.php?fileloc=%2Fhome%2Farmgroup%2Ftmp%2Fwebalizer%2Fstore.armgroupco.ir%2Fusage.png&path=%2Fhome%2Farmgroup%2Ftmp%2Fwebalizer%2Fstore.armgroupco.ir HTTP/2" 429 0 "-" "Mozilla/5.0 AppleWebKit/537.36 (KHTML, like Gecko; compatible; ClaudeBot/1.0; +claudebot@anthropic.com)"
66.249.79.137 - - [16/Aug/2026:21:08:29 +0330] "GET /wp-load.php?path=//proc/2389964 HTTP/1.1" 200 2712 "-" "Mozilla/5.0 (Linux; Android 6.0.1; Nexus 5X Build/MMB29P) AppleWebKit/537.36 (KHTML, like Gecko) Chrome/150.0.7871.186 Mobile Safari/537.36 (compatible; GoogleOther)"
216.73.216.111 - - [16/Aug/2026:21:09:05 +0330] "GET /robots.txt HTTP/2" 404 796 "-" "Mozilla/5.0 AppleWebKit/537.36 (KHTML, like Gecko; compatible; ClaudeBot/1.0; +claudebot@anthropic.com)"
216.73.216.111 - - [16/Aug/2026:21:09:05 +0330] "GET /wp-mail.php?fileloc=%2Fhome%2Farmgroup%2Ftmp%2Fwebalizer%2Fstore.armgroupco.ir%2Fdaily_usage_202608.png&path=%2Fhome%2Farmgroup%2Ftmp%2Fwebalizer%2Fstore.armgroupco.ir HTTP/2" 200 5647 "-" "Mozilla/5.0 AppleWebKit/537.36 (KHTML, like Gecko; compatible; ClaudeBot/1.0; +claudebot@anthropic.com)"
216.73.216.111 - - [16/Aug/2026:21:09:52 +0330] "GET /wp-mail.php?fileloc=%2Fhome%2Farmgroup%2Ftmp%2Fwebalizer%2Fstore.armgroupco.ir%2Fdaily_usage_202607.png&path=%2Fhome%2Farmgroup%2Ftmp%2Fwebalizer%2Fstore.armgroupco.ir HTTP/2" 200 5388 "-" "Mozilla/5.0 AppleWebKit/537.36 (KHTML, like Gecko; compatible; ClaudeBot/1.0; +claudebot@anthropic.com)"
216.73.216.111 - - [16/Aug/2026:21:09:57 +0330] "GET /wp-mail.php?fileloc=%2Fhome%2Farmgroup%2Ftmp%2Fwebalizer%2Fstore.armgroupco.ir%2Fdaily_usage_202606.png&path=%2Fhome%2Farmgroup%2Ftmp%2Fwebalizer%2Fstore.armgroupco.ir HTTP/2" 429 0 "-" "Mozilla/5.0 AppleWebKit/537.36 (KHTML, like Gecko; compatible; ClaudeBot/1.0; +claudebot@anthropic.com)"
52.167.144.232 - - [16/Aug/2026:21:10:40 +0330] "GET /product/%D9%BE%D8%A7%DB%8C%D9%87-%D8%AF%D9%86%D8%AF%D9%87-%D8%AF%D8%B1%D8%B4%D8%AA/ HTTP/2" 404 796 "-" "Mozilla/5.0 AppleWebKit/537.36 (KHTML, like Gecko; compatible; bingbot/2.0; +http://www.bing.com/bingbot.htm) Chrome/116.0.1938.76 Safari/537.36"
66.249.79.137 - - [16/Aug/2026:21:11:29 +0330] "GET /wp-load.php?path=//lib/.build-id/94 HTTP/1.1" 200 3469 "-" "Mozilla/5.0 (Linux; Android 6.0.1; Nexus 5X Build/MMB29P) AppleWebKit/537.36 (KHTML, like Gecko) Chrome/150.0.7871.186 Mobile Safari/537.36 (compatible; GoogleOther)"
216.73.216.111 - - [16/Aug/2026:21:08:37 +0330] "GET /wp-mail.php?fileloc=%2Fhome%2Farmgroup%2Ftmp%2Fwebalizer%2Fstore.armgroupco.ir%2Fhourly_usage_202607.png&path=%2Fhome%2Farmgroup%2Ftmp%2Fwebalizer%2Fstore.armgroupco.ir HTTP/2" 200 4368 "-" "Mozilla/5.0 AppleWebKit/537.36 (KHTML, like Gecko; compatible; ClaudeBot/1.0; +claudebot@anthropic.com)"
216.73.216.111 - - [16/Aug/2026:21:08:42 +0330] "GET /wp-mail.php?fileloc=%2Fhome%2Farmgroup%2Ftmp%2Fwebalizer%2Fstore.armgroupco.ir%2Fhourly_usage_202606.png&path=%2Fhome%2Farmgroup%2Ftmp%2Fwebalizer%2Fstore.armgroupco.ir HTTP/2" 429 0 "-" "Mozilla/5.0 AppleWebKit/537.36 (KHTML, like Gecko; compatible; ClaudeBot/1.0; +claudebot@anthropic.com)"
57.141.20.53 - - [16/Aug/2026:21:09:40 +0330] "GET /sitemap_index.xml?fileloc=/home/armgroup/public_html/wp-includes/cache.php&path=/home/armgroup/public_html/wp-includes HTTP/2" 404 796 "-" "Mozilla/5.0 (Windows NT 10.0; Win64; x64) AppleWebKit/537.36 (KHTML, like Gecko) Chrome/145.0.0.0 Safari/537.36 (compatible; meta-externalagent/1.1 (+https://developers.facebook.com/docs/sharing/webmasters/crawler))"
66.249.79.137 - - [16/Aug/2026:21:12:34 +0330] "GET /wp-load.php?fileloc=//lib64/pipewire-0.3/libpipewire-module-parametric-equalizer.so&path=//lib64/pipewire-0.3 HTTP/1.1" 200 9145 "-" "Mozilla/5.0 (Linux; Android 6.0.1; Nexus 5X Build/MMB29P) AppleWebKit/537.36 (KHTML, like Gecko) Chrome/150.0.7871.186 Mobile Safari/537.36 (compatible; GoogleOther)"
57.141.20.65 - - [16/Aug/2026:21:13:32 +0330] "GET /sitemap_index.xml?fileloc=/home/armgroup/public_html/wp-includes/abilities.php&path=/home/armgroup/public_html/wp-includes HTTP/2" 404 796 "-" "Mozilla/5.0 (Windows NT 10.0; Win64; x64) AppleWebKit/537.36 (KHTML, like Gecko) Chrome/145.0.0.0 Safari/537.36 (compatible; meta-externalagent/1.1 (+https://developers.facebook.com/docs/sharing/webmasters/crawler))"
66.249.79.136 - - [16/Aug/2026:21:14:31 +0330] "GET /wp-load.php?fileloc=//lib64/python3.9/_compression.py&path=//lib64/python3.9 HTTP/1.1" 200 4337 "-" "Mozilla/5.0 (Linux; Android 6.0.1; Nexus 5X Build/MMB29P) AppleWebKit/537.36 (KHTML, like Gecko) Chrome/150.0.7871.186 Mobile Safari/537.36 (compatible; GoogleOther)"
66.249.79.137 - - [16/Aug/2026:21:15:35 +0330] "GET /wp-links-opml.php?fileloc=//lib64/libmpc.so.3&path=//lib64 HTTP/1.1" 200 46150 "-" "Mozilla/5.0 (Linux; Android 6.0.1; Nexus 5X Build/MMB29P) AppleWebKit/537.36 (KHTML, like Gecko) Chrome/150.0.7871.186 Mobile Safari/537.36 (compatible; GoogleOther)"
57.141.20.49 - - [16/Aug/2026:21:17:21 +0330] "GET /author-sitemap.xml?fileloc=/home/armgroup/public_html/wp-admin/edit-tag-form.php&path=/home/armgroup/public_html/wp-admin HTTP/2" 404 796 "-" "Mozilla/5.0 (Windows NT 10.0; Win64; x64) AppleWebKit/537.36 (KHTML, like Gecko) Chrome/145.0.0.0 Safari/537.36 (compatible; meta-externalagent/1.1 (+https://developers.facebook.com/docs/sharing/webmasters/crawler))"
66.249.79.137 - - [16/Aug/2026:21:20:35 +0330] "GET /wp-links-opml.php?fileloc=//lib64/libperl.so.5.32&path=//lib64 HTTP/1.1" 200 1075974 "-" "Mozilla/5.0 (Linux; Android 6.0.1; Nexus 5X Build/MMB29P) AppleWebKit/537.36 (KHTML, like Gecko) Chrome/150.0.7871.186 Mobile Safari/537.36 (compatible; GoogleOther)"
216.73.216.111 - - [16/Aug/2026:21:22:36 +0330] "GET /wp-mail.php?fileloc=%2Fhome%2Farmgroup%2Ftmp%2Fwebalizer%2Fctry_usage_202510.png&path=%2Fhome%2Farmgroup%2Ftmp%2Fwebalizer HTTP/2" 200 6386 "-" "Mozilla/5.0 AppleWebKit/537.36 (KHTML, like Gecko; compatible; ClaudeBot/1.0; +claudebot@anthropic.com)"
66.249.79.136 - - [16/Aug/2026:21:23:16 +0330] "GET /wp-load.php?path=//lib/firmware/bnx2x HTTP/1.1" 200 3290 "-" "Mozilla/5.0 (Linux; Android 6.0.1; Nexus 5X Build/MMB29P) AppleWebKit/537.36 (KHTML, like Gecko) Chrome/150.0.7871.186 Mobile Safari/537.36 (compatible; GoogleOther)"
216.73.216.111 - - [16/Aug/2026:21:23:36 +0330] "GET /wp-trackback.php?fileloc=%2F%2Fusr%2Fshare%2Fman%2Fman1%2Flwp-dump.1.gz&path=%2F%2Fusr%2Fshare%2Fman%2Fman1 HTTP/2" 429 0 "-" "Mozilla/5.0 AppleWebKit/537.36 (KHTML, like Gecko; compatible; ClaudeBot/1.0; +claudebot@anthropic.com)"
216.73.216.111 - - [16/Aug/2026:21:23:36 +0330] "GET /wp-trackback.php?fileloc=%2F%2Fusr%2Fshare%2Fman%2Fman3%2FEVP_KEYEXCH_fetch.3ossl.gz&path=%2F%2Fusr%2Fshare%2Fman%2Fman3 HTTP/2" 200 5969 "-" "Mozilla/5.0 AppleWebKit/537.36 (KHTML, like Gecko; compatible; ClaudeBot/1.0; +claudebot@anthropic.com)"
216.73.216.111 - - [16/Aug/2026:21:23:37 +0330] "GET /wp-trackback.php?fileloc=%2F%2Fusr%2Fshare%2Fman%2Fman3%2FDisplayPlanes.3.gz&path=%2F%2Fusr%2Fshare%2Fman%2Fman3 HTTP/2" 429 0 "-" "Mozilla/5.0 AppleWebKit/537.36 (KHTML, like Gecko; compatible; ClaudeBot/1.0; +claudebot@anthropic.com)"
216.73.216.111 - - [16/Aug/2026:21:23:37 +0330] "GET /wp-trackback.php?fileloc=%2F%2Fusr%2Fshare%2Fman%2Fman3%2FSSL_CTX_load_verify_store.3ossl.gz&path=%2F%2Fusr%2Fshare%2Fman%2Fman3 HTTP/2" 429 0 "-" "Mozilla/5.0 AppleWebKit/537.36 (KHTML, like Gecko; compatible; ClaudeBot/1.0; +claudebot@anthropic.com)"
216.73.216.111 - - [16/Aug/2026:21:23:38 +0330] "GET /wp-trackback.php?fileloc=%2F%2Fusr%2Fshare%2Fman%2Fman3%2FOSSL_CMP_CTX_set1_secretValue.3ossl.gz&path=%2F%2Fusr%2Fshare%2Fman%2Fman3 HTTP/2" 429 0 "-" "Mozilla/5.0 AppleWebKit/537.36 (KHTML, like Gecko; compatible; ClaudeBot/1.0; +claudebot@anthropic.com)"
216.73.216.111 - - [16/Aug/2026:21:23:38 +0330] "GET /wp-trackback.php?fileloc=%2F%2Fusr%2Fshare%2Fman%2Fman3%2FSRP_create_verifier_ex.3ossl.gz&path=%2F%2Fusr%2Fshare%2Fman%2Fman3 HTTP/2" 429 0 "-" "Mozilla/5.0 AppleWebKit/537.36 (KHTML, like Gecko; compatible; ClaudeBot/1.0; +claudebot@anthropic.com)"
216.73.216.111 - - [16/Aug/2026:21:23:38 +0330] "GET /wp-trackback.php?fileloc=%2F%2Fusr%2Fshare%2Fman%2Fman1%2Fgit-diagnose.1.gz&path=%2F%2Fusr%2Fshare%2Fman%2Fman1 HTTP/2" 429 0 "-" "Mozilla/5.0 AppleWebKit/537.36 (KHTML, like Gecko; compatible; ClaudeBot/1.0; +claudebot@anthropic.com)"
216.73.216.111 - - [16/Aug/2026:21:23:39 +0330] "GET /wp-trackback.php?fileloc=%2F%2Fusr%2Fshare%2Fman%2Fman1%2Fchrt.1.gz&path=%2F%2Fusr%2Fshare%2Fman%2Fman1 HTTP/2" 429 0 "-" "Mozilla/5.0 AppleWebKit/537.36 (KHTML, like Gecko; compatible; ClaudeBot/1.0; +claudebot@anthropic.com)"
216.73.216.111 - - [16/Aug/2026:21:23:39 +0330] "GET /wp-trackback.php?fileloc=%2F%2Fusr%2Fshare%2Fman%2Fman3%2FOSSL_DECODER_gettable_params.3ossl.gz&path=%2F%2Fusr%2Fshare%2Fman%2Fman3 HTTP/2" 429 0 "-" "Mozilla/5.0 AppleWebKit/537.36 (KHTML, like Gecko; compatible; ClaudeBot/1.0; +claudebot@anthropic.com)"
216.73.216.111 - - [16/Aug/2026:21:23:40 +0330] "GET /wp-trackback.php?fileloc=%2F%2Fusr%2Fshare%2Fman%2Fman3%2FPKCS5_pbe_set.3ossl.gz&path=%2F%2Fusr%2Fshare%2Fman%2Fman3 HTTP/2" 429 0 "-" "Mozilla/5.0 AppleWebKit/537.36 (KHTML, like Gecko; compatible; ClaudeBot/1.0; +claudebot@anthropic.com)"
216.73.216.111 - - [16/Aug/2026:21:23:40 +0330] "GET /wp-trackback.php?fileloc=%2F%2Fusr%2Fshare%2Fman%2Fman3%2FSSL_CTX_get_options.3ossl.gz&path=%2F%2Fusr%2Fshare%2Fman%2Fman3 HTTP/2" 429 0 "-" "Mozilla/5.0 AppleWebKit/537.36 (KHTML, like Gecko; compatible; ClaudeBot/1.0; +claudebot@anthropic.com)"
216.73.216.111 - - [16/Aug/2026:21:23:41 +0330] "GET /wp-trackback.php?fileloc=%2F%2Fusr%2Fshare%2Fman%2Fman1%2Fgit-mailinfo.1.gz&path=%2F%2Fusr%2Fshare%2Fman%2Fman1 HTTP/2" 429 0 "-" "Mozilla/5.0 AppleWebKit/537.36 (KHTML, like Gecko; compatible; ClaudeBot/1.0; +claudebot@anthropic.com)"
216.73.216.111 - - [16/Aug/2026:21:23:46 +0330] "GET /wp-trackback.php?fileloc=%2F%2Fusr%2Fshare%2Fman%2Fman1%2Frrdtool.1.gz&path=%2F%2Fusr%2Fshare%2Fman%2Fman1 HTTP/2" 429 0 "-" "Mozilla/5.0 AppleWebKit/537.36 (KHTML, like Gecko; compatible; ClaudeBot/1.0; +claudebot@anthropic.com)"
216.73.216.111 - - [16/Aug/2026:21:23:51 +0330] "GET /wp-trackback.php?fileloc=%2F%2Fusr%2Fshare%2Fman%2Fman3%2FEVP_default_properties_enable_fips.3ossl.gz&path=%2F%2Fusr%2Fshare%2Fman%2Fman3 HTTP/2" 429 0 "-" "Mozilla/5.0 AppleWebKit/537.36 (KHTML, like Gecko; compatible; ClaudeBot/1.0; +claudebot@anthropic.com)"
216.73.216.111 - - [16/Aug/2026:21:23:56 +0330] "GET /wp-trackback.php?fileloc=%2Fhome%2Farmgroup%2Fpublic_html%2Fstore%2FLeaflet.EasyButton%2Fsrc%2Feasy-button.d.ts&path=%2Fhome%2Farmgroup%2Fpublic_html%2Fstore%2FLeaflet.EasyButton%2Fsrc HTTP/2" 429 0 "-" "Mozilla/5.0 AppleWebKit/537.36 (KHTML, like Gecko; compatible; ClaudeBot/1.0; +claudebot@anthropic.com)"
216.73.216.111 - - [16/Aug/2026:21:24:01 +0330] "GET /wp-trackback.php?fileloc=%2F%2Fusr%2Flib64%2Fdovecot%2Fauth%2Flib_imunify360.so&path=%2F%2Fusr%2Flib64%2Fdovecot%2Fauth HTTP/2" 429 0 "-" "Mozilla/5.0 AppleWebKit/537.36 (KHTML, like Gecko; compatible; ClaudeBot/1.0; +claudebot@anthropic.com)"
216.73.216.111 - - [16/Aug/2026:21:24:06 +0330] "GET /wp-trackback.php?fileloc=%2Fhome%2Farmgroup%2Fpublic_html%2Fstore%2FLeaflet.EasyButton%2Fsrc%2Feasy-button.js&path=%2Fhome%2Farmgroup%2Fpublic_html%2Fstore%2FLeaflet.EasyButton%2Fsrc HTTP/2" 429 0 "-" "Mozilla/5.0 AppleWebKit/537.36 (KHTML, like Gecko; compatible; ClaudeBot/1.0; +claudebot@anthropic.com)"
216.73.216.111 - - [16/Aug/2026:21:24:11 +0330] "GET /wp-trackback.php?fileloc=%2F%2Fusr%2Flib64%2Fdovecot%2Fauth%2Flibauthdb_imap.so&path=%2F%2Fusr%2Flib64%2Fdovecot%2Fauth HTTP/2" 429 0 "-" "Mozilla/5.0 AppleWebKit/537.36 (KHTML, like Gecko; compatible; ClaudeBot/1.0; +claudebot@anthropic.com)"
66.249.79.136 - - [16/Aug/2026:21:24:13 +0330] "GET /wp-load.php?path=//lib/.build-id/d1 HTTP/1.1" 200 3380 "-" "Mozilla/5.0 (Linux; Android 6.0.1; Nexus 5X Build/MMB29P) AppleWebKit/537.36 (KHTML, like Gecko) Chrome/150.0.7871.186 Mobile Safari/537.36 (compatible; GoogleOther)"
216.73.216.111 - - [16/Aug/2026:21:24:16 +0330] "GET /wp-trackback.php?fileloc=%2Fhome%2Farmgroup%2Fpublic_html%2Fstore%2FLeaflet.EasyButton%2Fsrc%2Feasy-button.css&path=%2Fhome%2Farmgroup%2Fpublic_html%2Fstore%2FLeaflet.EasyButton%2Fsrc HTTP/2" 200 2926 "-" "Mozilla/5.0 AppleWebKit/537.36 (KHTML, like Gecko; compatible; ClaudeBot/1.0; +claudebot@anthropic.com)"
216.73.216.111 - - [16/Aug/2026:21:24:21 +0330] "GET /wp-trackback.php?fileloc=%2F%2Fusr%2Flib64%2Fdovecot%2Fauth%2Flibdriver_sqlite.so&path=%2F%2Fusr%2Flib64%2Fdovecot%2Fauth HTTP/2" 429 0 "-" "Mozilla/5.0 AppleWebKit/537.36 (KHTML, like Gecko; compatible; ClaudeBot/1.0; +claudebot@anthropic.com)"
66.249.79.137 - - [16/Aug/2026:21:16:55 +0330] "GET /wp-load.php?fileloc=//lib/locale/en_ZA/LC_IDENTIFICATION&path=//lib/locale/en_ZA HTTP/1.1" 200 2808 "-" "Mozilla/5.0 (Linux; Android 6.0.1; Nexus 5X Build/MMB29P) AppleWebKit/537.36 (KHTML, like Gecko) Chrome/150.0.7871.186 Mobile Safari/537.36 (compatible; Googlebot/2.1; +http://www.google.com/bot.html)"
66.249.79.135 - - [16/Aug/2026:21:18:07 +0330] "GET /wp-links-opml.php?fileloc=//lib64/libevent-2.1.so.7.0.1&path=//lib64 HTTP/1.1" 200 147022 "-" "Mozilla/5.0 (Linux; Android 6.0.1; Nexus 5X Build/MMB29P) AppleWebKit/537.36 (KHTML, like Gecko) Chrome/150.0.7871.186 Mobile Safari/537.36 (compatible; GoogleOther)"
57.141.20.47 - - [16/Aug/2026:21:18:18 +0330] "GET /sitemap_index.xml?fileloc=/home/armgroup/public_html/wp-admin/widgets.php&path=/home/armgroup/public_html/wp-admin HTTP/2" 404 796 "-" "Mozilla/5.0 (Macintosh; Intel Mac OS X 10_15_7) AppleWebKit/537.36 (KHTML, like Gecko) Chrome/145.0.0.0 Safari/537.36 (compatible; meta-externalagent/1.1 (+https://developers.facebook.com/docs/sharing/webmasters/crawler))"
66.249.79.135 - - [16/Aug/2026:21:22:18 +0330] "GET /wp-load.php?fileloc=//lib/.build-id/14/3a6411d256a9771bb2c787a25da0bc6bca294b&path=//lib/.build-id/14 HTTP/1.1" 200 7354 "-" "Mozilla/5.0 (Linux; Android 6.0.1; Nexus 5X Build/MMB29P) AppleWebKit/537.36 (KHTML, like Gecko) Chrome/150.0.7871.186 Mobile Safari/537.36 (compatible; GoogleOther)"
165.85.88.52 - - [16/Aug/2026:21:24:58 +0330] "GET / HTTP/1.1" 200 0 "-" "Mozilla/5.0 (Windows NT 10.0; Win64; x64) AppleWebKit/537.36 (KHTML, like Gecko) Chrome/119.0.0.0 Safari/537.36"
57.141.20.65 - - [16/Aug/2026:21:25:03 +0330] "GET /sitemap_index.xml?fileloc=/home/armgroup/public_html/wp-includes/class-wp-term-query.php&path=/home/armgroup/public_html/wp-includes HTTP/2" 404 796 "-" "Mozilla/5.0 (Windows NT 10.0; Win64; x64) AppleWebKit/537.36 (KHTML, like Gecko) Chrome/145.0.0.0 Safari/537.36 Edg/145.0.0.0 (compatible; meta-externalagent/1.1 (+https://developers.facebook.com/docs/sharing/webmasters/crawler))"
216.73.216.111 - - [16/Aug/2026:21:25:34 +0330] "GET /wp-trackback.php?fileloc=%2F%2Fusr%2Fshare%2Fman%2Fman1%2Fperltoot.1.gz&path=%2F%2Fusr%2Fshare%2Fman%2Fman1 HTTP/2" 200 4535 "-" "Mozilla/5.0 AppleWebKit/537.36 (KHTML, like Gecko; compatible; ClaudeBot/1.0; +claudebot@anthropic.com)"
216.73.216.111 - - [16/Aug/2026:21:25:39 +0330] "GET /wp-trackback.php?fileloc=%2F%2Fusr%2Fshare%2Fman%2Fman1%2Fmariadb-embedded.1.gz&path=%2F%2Fusr%2Fshare%2Fman%2Fman1 HTTP/2" 429 0 "-" "Mozilla/5.0 AppleWebKit/537.36 (KHTML, like Gecko; compatible; ClaudeBot/1.0; +claudebot@anthropic.com)"
216.73.216.111 - - [16/Aug/2026:21:25:44 +0330] "GET /wp-trackback.php?fileloc=%2F%2Fusr%2Fshare%2Fman%2Fman1%2Fhardlink.1.gz&path=%2F%2Fusr%2Fshare%2Fman%2Fman1 HTTP/2" 429 0 "-" "Mozilla/5.0 AppleWebKit/537.36 (KHTML, like Gecko; compatible; ClaudeBot/1.0; +claudebot@anthropic.com)"
216.73.216.111 - - [16/Aug/2026:21:25:49 +0330] "GET /wp-trackback.php?fileloc=%2F%2Fusr%2Fshare%2Fman%2Fman1%2Fgzip.1.gz&path=%2F%2Fusr%2Fshare%2Fman%2Fman1 HTTP/2" 429 0 "-" "Mozilla/5.0 AppleWebKit/537.36 (KHTML, like Gecko; compatible; ClaudeBot/1.0; +claudebot@anthropic.com)"
66.249.79.137 - - [16/Aug/2026:21:25:51 +0330] "GET /wp-load.php?fileloc=//lib64/libxcb-glx.so.0.0.0&path=//lib64 HTTP/1.1" 200 25537 "-" "Mozilla/5.0 (Linux; Android 6.0.1; Nexus 5X Build/MMB29P) AppleWebKit/537.36 (KHTML, like Gecko) Chrome/150.0.7871.186 Mobile Safari/537.36 (compatible; GoogleOther)"
216.73.216.111 - - [16/Aug/2026:21:25:54 +0330] "GET /wp-trackback.php?fileloc=%2F%2Fusr%2Fshare%2Fman%2Fman1%2Fgsettings.1.gz&path=%2F%2Fusr%2Fshare%2Fman%2Fman1 HTTP/2" 429 0 "-" "Mozilla/5.0 AppleWebKit/537.36 (KHTML, like Gecko; compatible; ClaudeBot/1.0; +claudebot@anthropic.com)"
216.73.216.111 - - [16/Aug/2026:21:25:59 +0330] "GET /wp-trackback.php?fileloc=%2F%2Fusr%2Fshare%2Fman%2Fman1%2Fccomps.1.gz&path=%2F%2Fusr%2Fshare%2Fman%2Fman1 HTTP/2" 429 0 "-" "Mozilla/5.0 AppleWebKit/537.36 (KHTML, like Gecko; compatible; ClaudeBot/1.0; +claudebot@anthropic.com)"
216.73.216.111 - - [16/Aug/2026:21:26:04 +0330] "GET /wp-trackback.php?fileloc=%2F%2Fusr%2Fshare%2Fman%2Fman1%2Ffisql.1.gz&path=%2F%2Fusr%2Fshare%2Fman%2Fman1 HTTP/2" 429 0 "-" "Mozilla/5.0 AppleWebKit/537.36 (KHTML, like Gecko; compatible; ClaudeBot/1.0; +claudebot@anthropic.com)"
216.73.216.111 - - [16/Aug/2026:21:26:09 +0330] "GET /wp-trackback.php?fileloc=%2F%2Fusr%2Fshare%2Fman%2Fman1%2Fprocan.1.gz&path=%2F%2Fusr%2Fshare%2Fman%2Fman1 HTTP/2" 429 0 "-" "Mozilla/5.0 AppleWebKit/537.36 (KHTML, like Gecko; compatible; ClaudeBot/1.0; +claudebot@anthropic.com)"
216.73.216.111 - - [16/Aug/2026:21:26:14 +0330] "GET /wp-trackback.php?fileloc=%2F%2Fusr%2Fshare%2Fman%2Fman1%2Ffirewall-offline-cmd.1.gz&path=%2F%2Fusr%2Fshare%2Fman%2Fman1 HTTP/2" 429 0 "-" "Mozilla/5.0 AppleWebKit/537.36 (KHTML, like Gecko; compatible; ClaudeBot/1.0; +claudebot@anthropic.com)"
216.73.216.111 - - [16/Aug/2026:21:26:19 +0330] "GET /wp-trackback.php?fileloc=%2F%2Fusr%2Fshare%2Flocale%2Feo%2FLC_MESSAGES%2Ftracker3.mo&path=%2F%2Fusr%2Fshare%2Flocale%2Feo%2FLC_MESSAGES HTTP/2" 200 5878 "-" "Mozilla/5.0 AppleWebKit/537.36 (KHTML, like Gecko; compatible; ClaudeBot/1.0; +claudebot@anthropic.com)"
216.73.216.111 - - [16/Aug/2026:21:26:24 +0330] "GET /wp-trackback.php?fileloc=%2F%2Fusr%2Fshare%2Fman%2Fman1%2Fftgamma.1.gz&path=%2F%2Fusr%2Fshare%2Fman%2Fman1 HTTP/2" 429 0 "-" "Mozilla/5.0 AppleWebKit/537.36 (KHTML, like Gecko; compatible; ClaudeBot/1.0; +claudebot@anthropic.com)"
216.73.216.111 - - [16/Aug/2026:21:26:29 +0330] "GET /wp-trackback.php?fileloc=%2F%2Fusr%2Fshare%2Fman%2Fman1%2Fsar.1.gz&path=%2F%2Fusr%2Fshare%2Fman%2Fman1 HTTP/2" 429 0 "-" "Mozilla/5.0 AppleWebKit/537.36 (KHTML, like Gecko; compatible; ClaudeBot/1.0; +claudebot@anthropic.com)"
216.73.216.111 - - [16/Aug/2026:21:26:34 +0330] "GET /wp-trackback.php?fileloc=%2F%2Fusr%2Fshare%2Fman%2Fman1%2Frrd-beginners.1.gz&path=%2F%2Fusr%2Fshare%2Fman%2Fman1 HTTP/2" 429 0 "-" "Mozilla/5.0 AppleWebKit/537.36 (KHTML, like Gecko; compatible; ClaudeBot/1.0; +claudebot@anthropic.com)"
66.249.79.136 - - [16/Aug/2026:21:26:37 +0330] "GET /wp-links-opml.php?path=//usr/share/fonts HTTP/1.1" 200 3015 "-" "Mozilla/5.0 (Linux; Android 6.0.1; Nexus 5X Build/MMB29P) AppleWebKit/537.36 (KHTML, like Gecko) Chrome/150.0.7871.186 Mobile Safari/537.36 (compatible; GoogleOther)"
216.73.216.111 - - [16/Aug/2026:21:26:39 +0330] "GET /wp-trackback.php?fileloc=%2F%2Fusr%2Fshare%2Fman%2Fman1%2Fsnmpps.1.gz&path=%2F%2Fusr%2Fshare%2Fman%2Fman1 HTTP/2" 429 0 "-" "Mozilla/5.0 AppleWebKit/537.36 (KHTML, like Gecko; compatible; ClaudeBot/1.0; +claudebot@anthropic.com)"
216.73.216.111 - - [16/Aug/2026:21:26:44 +0330] "GET /wp-trackback.php?fileloc=%2F%2Fusr%2Fshare%2Fman%2Fman3%2FDBM_Filter%3A%3Autf8.3pm.gz&path=%2F%2Fusr%2Fshare%2Fman%2Fman3 HTTP/2" 429 0 "-" "Mozilla/5.0 AppleWebKit/537.36 (KHTML, like Gecko; compatible; ClaudeBot/1.0; +claudebot@anthropic.com)"
216.73.216.111 - - [16/Aug/2026:21:26:49 +0330] "GET /wp-trackback.php?fileloc=%2F%2Fusr%2Fshare%2Fman%2Fman3%2FPKCS12_add_safe.3ossl.gz&path=%2F%2Fusr%2Fshare%2Fman%2Fman3 HTTP/2" 429 0 "-" "Mozilla/5.0 AppleWebKit/537.36 (KHTML, like Gecko; compatible; ClaudeBot/1.0; +claudebot@anthropic.com)"
216.73.216.111 - - [16/Aug/2026:21:26:54 +0330] "GET /wp-trackback.php?fileloc=%2F%2Fusr%2Fshare%2Fman%2Fman3%2FCRYPTO_THREAD_lock_new.3ossl.gz&path=%2F%2Fusr%2Fshare%2Fman%2Fman3 HTTP/2" 429 0 "-" "Mozilla/5.0 AppleWebKit/537.36 (KHTML, like Gecko; compatible; ClaudeBot/1.0; +claudebot@anthropic.com)"
216.73.216.111 - - [16/Aug/2026:21:26:59 +0330] "GET /wp-trackback.php?fileloc=%2F%2Fusr%2Fshare%2Flocale%2Fet%2FLC_MESSAGES%2Fgettext-tools.mo&path=%2F%2Fusr%2Fshare%2Flocale%2Fet%2FLC_MESSAGES HTTP/2" 429 0 "-" "Mozilla/5.0 AppleWebKit/537.36 (KHTML, like Gecko; compatible; ClaudeBot/1.0; +claudebot@anthropic.com)"
216.73.216.111 - - [16/Aug/2026:21:27:04 +0330] "GET /wp-trackback.php?fileloc=%2F%2Fusr%2Fshare%2Flocale%2Fet%2FLC_MESSAGES%2Ffindutils.mo&path=%2F%2Fusr%2Fshare%2Flocale%2Fet%2FLC_MESSAGES HTTP/2" 200 14952 "-" "Mozilla/5.0 AppleWebKit/537.36 (KHTML, like Gecko; compatible; ClaudeBot/1.0; +claudebot@anthropic.com)"
216.73.216.111 - - [16/Aug/2026:21:27:09 +0330] "GET /wp-trackback.php?fileloc=%2F%2Fusr%2Fshare%2Flocale%2Fet%2FLC_MESSAGES%2Fbison.mo&path=%2F%2Fusr%2Fshare%2Flocale%2Fet%2FLC_MESSAGES HTTP/2" 429 0 "-" "Mozilla/5.0 AppleWebKit/537.36 (KHTML, like Gecko; compatible; ClaudeBot/1.0; +claudebot@anthropic.com)"
216.73.216.111 - - [16/Aug/2026:21:27:14 +0330] "GET /wp-trackback.php?fileloc=%2F%2Fusr%2Fshare%2Fman%2Fman1%2Fchronyc.1.gz&path=%2F%2Fusr%2Fshare%2Fman%2Fman1 HTTP/2" 429 0 "-" "Mozilla/5.0 AppleWebKit/537.36 (KHTML, like Gecko; compatible; ClaudeBot/1.0; +claudebot@anthropic.com)"
216.73.216.111 - - [16/Aug/2026:21:27:19 +0330] "GET /wp-trackback.php?fileloc=%2F%2Fusr%2Fshare%2Fman%2Fman3%2FOSSL_STORE_LOADER_get0_provider.3ossl.gz&path=%2F%2Fusr%2Fshare%2Fman%2Fman3 HTTP/2" 429 0 "-" "Mozilla/5.0 AppleWebKit/537.36 (KHTML, like Gecko; compatible; ClaudeBot/1.0; +claudebot@anthropic.com)"
216.73.216.111 - - [16/Aug/2026:21:27:24 +0330] "GET /wp-trackback.php?fileloc=%2F%2Fusr%2Fshare%2Fman%2Fman1%2Fnm.1.gz&path=%2F%2Fusr%2Fshare%2Fman%2Fman1 HTTP/2" 429 0 "-" "Mozilla/5.0 AppleWebKit/537.36 (KHTML, like Gecko; compatible; ClaudeBot/1.0; +claudebot@anthropic.com)"
66.249.79.135 - - [16/Aug/2026:21:27:23 +0330] "GET /wp-links-opml.php?fileloc=//lib64/libXext.so.6&path=//lib64 HTTP/1.1" 200 30601 "-" "Mozilla/5.0 (Linux; Android 6.0.1; Nexus 5X Build/MMB29P) AppleWebKit/537.36 (KHTML, like Gecko) Chrome/150.0.7871.186 Mobile Safari/537.36 (compatible; GoogleOther)"
216.73.216.111 - - [16/Aug/2026:21:27:29 +0330] "GET /wp-trackback.php?fileloc=%2F%2Fusr%2Fshare%2Fman%2Fman3%2FOSSL_FUNC_SSL_QUIC_TLS_got_transport_params_fn.3ossl.gz&path=%2F%2Fusr%2Fshare%2Fman%2Fman3 HTTP/2" 429 0 "-" "Mozilla/5.0 AppleWebKit/537.36 (KHTML, like Gecko; compatible; ClaudeBot/1.0; +claudebot@anthropic.com)"
216.73.216.111 - - [16/Aug/2026:21:27:34 +0330] "GET /wp-trackback.php?fileloc=%2F%2Fusr%2Fshare%2Fman%2Fman3%2FPKCS7_ENC_CONTENT_free.3ossl.gz&path=%2F%2Fusr%2Fshare%2Fman%2Fman3 HTTP/2" 429 0 "-" "Mozilla/5.0 AppleWebKit/537.36 (KHTML, like Gecko; compatible; ClaudeBot/1.0; +claudebot@anthropic.com)"
216.73.216.111 - - [16/Aug/2026:21:27:39 +0330] "GET /wp-trackback.php?fileloc=%2F%2Fusr%2Fshare%2Fman%2Fman3%2FEVP_KEYMGMT_do_all_provided.3ossl.gz&path=%2F%2Fusr%2Fshare%2Fman%2Fman3 HTTP/2" 429 0 "-" "Mozilla/5.0 AppleWebKit/537.36 (KHTML, like Gecko; compatible; ClaudeBot/1.0; +claudebot@anthropic.com)"
216.73.216.111 - - [16/Aug/2026:21:27:44 +0330] "GET /wp-trackback.php?fileloc=%2F%2Fusr%2Fshare%2Fman%2Fman1%2Fperlvos.1.gz&path=%2F%2Fusr%2Fshare%2Fman%2Fman1 HTTP/2" 429 0 "-" "Mozilla/5.0 AppleWebKit/537.36 (KHTML, like Gecko; compatible; ClaudeBot/1.0; +claudebot@anthropic.com)"
216.73.216.111 - - [16/Aug/2026:21:27:49 +0330] "GET /wp-trackback.php?fileloc=%2F%2Fusr%2Fshare%2Fman%2Fman3%2FRSA_get_multi_prime_extra_count.3ossl.gz&path=%2F%2Fusr%2Fshare%2Fman%2Fman3 HTTP/2" 200 7086 "-" "Mozilla/5.0 AppleWebKit/537.36 (KHTML, like Gecko; compatible; ClaudeBot/1.0; +claudebot@anthropic.com)"
216.73.216.111 - - [16/Aug/2026:21:27:54 +0330] "GET /wp-trackback.php?fileloc=%2F%2Fusr%2Fshare%2Fman%2Fman1%2Fdsa.1ossl.gz&path=%2F%2Fusr%2Fshare%2Fman%2Fman1 HTTP/2" 429 0 "-" "Mozilla/5.0 AppleWebKit/537.36 (KHTML, like Gecko; compatible; ClaudeBot/1.0; +claudebot@anthropic.com)"
216.73.216.111 - - [16/Aug/2026:21:27:59 +0330] "GET /wp-trackback.php?fileloc=%2F%2Fusr%2Fshare%2Fman%2Fman1%2Fbluetoothctl-advertise.1.gz&path=%2F%2Fusr%2Fshare%2Fman%2Fman1 HTTP/2" 429 0 "-" "Mozilla/5.0 AppleWebKit/537.36 (KHTML, like Gecko; compatible; ClaudeBot/1.0; +claudebot@anthropic.com)"
216.73.216.111 - - [16/Aug/2026:21:24:26 +0330] "GET /wp-trackback.php?path=%2F%2Fusr%2Fshare%2Flocale%2Fsr%40ije%2FLC_MESSAGES HTTP/2" 429 0 "-" "Mozilla/5.0 AppleWebKit/537.36 (KHTML, like Gecko; compatible; ClaudeBot/1.0; +claudebot@anthropic.com)"
216.73.216.111 - - [16/Aug/2026:21:24:31 +0330] "GET /wp-trackback.php?path=%2F%2Fusr%2Fshare%2Flocale%2Fcs.cp1250%2FLC_MESSAGES HTTP/2" 429 0 "-" "Mozilla/5.0 AppleWebKit/537.36 (KHTML, like Gecko; compatible; ClaudeBot/1.0; +claudebot@anthropic.com)"
216.73.216.111 - - [16/Aug/2026:21:24:36 +0330] "GET /wp-trackback.php?path=%2F%2Fusr%2Fshare%2Flocale%2Ffrm%2FLC_MESSAGES HTTP/2" 429 0 "-" "Mozilla/5.0 AppleWebKit/537.36 (KHTML, like Gecko; compatible; ClaudeBot/1.0; +claudebot@anthropic.com)"
216.73.216.111 - - [16/Aug/2026:21:24:41 +0330] "GET /wp-trackback.php?path=%2F%2Fusr%2Fshare%2Flocale%2Fcpf%2FLC_MESSAGES HTTP/2" 429 0 "-" "Mozilla/5.0 AppleWebKit/537.36 (KHTML, like Gecko; compatible; ClaudeBot/1.0; +claudebot@anthropic.com)"
216.73.216.111 - - [16/Aug/2026:21:24:46 +0330] "GET /wp-trackback.php?path=%2F%2Fusr%2Fshare%2Flocale%2Fckb%2FLC_MESSAGES HTTP/2" 429 0 "-" "Mozilla/5.0 AppleWebKit/537.36 (KHTML, like Gecko; compatible; ClaudeBot/1.0; +claudebot@anthropic.com)"
216.73.216.111 - - [16/Aug/2026:21:24:58 +0330] "GET /wp-trackback.php?fileloc=%2F%2Fusr%2Fshare%2Fman%2Fman3%2FEVP_PKEY_meth_set_verify.3ossl.gz&path=%2F%2Fusr%2Fshare%2Fman%2Fman3 HTTP/2" 429 0 "-" "Mozilla/5.0 AppleWebKit/537.36 (KHTML, like Gecko; compatible; ClaudeBot/1.0; +claudebot@anthropic.com)"
216.73.216.111 - - [16/Aug/2026:21:25:03 +0330] "GET /wp-trackback.php?fileloc=%2F%2Fusr%2Fshare%2Fman%2Fman3%2FBIO_get_mem_ptr.3ossl.gz&path=%2F%2Fusr%2Fshare%2Fman%2Fman3 HTTP/2" 200 7571 "-" "Mozilla/5.0 AppleWebKit/537.36 (KHTML, like Gecko; compatible; ClaudeBot/1.0; +claudebot@anthropic.com)"
216.73.216.111 - - [16/Aug/2026:21:25:08 +0330] "GET /wp-trackback.php?fileloc=%2F%2Fusr%2Fshare%2Fman%2Fman3%2FEVP_bf_cfb.3ossl.gz&path=%2F%2Fusr%2Fshare%2Fman%2Fman3 HTTP/2" 429 0 "-" "Mozilla/5.0 AppleWebKit/537.36 (KHTML, like Gecko; compatible; ClaudeBot/1.0; +claudebot@anthropic.com)"
216.73.216.111 - - [16/Aug/2026:21:25:13 +0330] "GET /wp-trackback.php?fileloc=%2F%2Fusr%2Fshare%2Fman%2Fman3%2FSSL_CTX_set_alpn_protos.3ossl.gz&path=%2F%2Fusr%2Fshare%2Fman%2Fman3 HTTP/2" 429 0 "-" "Mozilla/5.0 AppleWebKit/537.36 (KHTML, like Gecko; compatible; ClaudeBot/1.0; +claudebot@anthropic.com)"
216.73.216.111 - - [16/Aug/2026:21:25:18 +0330] "GET /wp-trackback.php?fileloc=%2F%2Fusr%2Fshare%2Fman%2Fman3%2FEVP_idea_ecb.3ossl.gz&path=%2F%2Fusr%2Fshare%2Fman%2Fman3 HTTP/2" 429 0 "-" "Mozilla/5.0 AppleWebKit/537.36 (KHTML, like Gecko; compatible; ClaudeBot/1.0; +claudebot@anthropic.com)"
216.73.216.111 - - [16/Aug/2026:21:25:23 +0330] "GET /wp-trackback.php?fileloc=%2F%2Fusr%2Fshare%2Fman%2Fman3%2FEVP_CIPHER_CTX_set_params.3ossl.gz&path=%2F%2Fusr%2Fshare%2Fman%2Fman3 HTTP/2" 429 0 "-" "Mozilla/5.0 AppleWebKit/537.36 (KHTML, like Gecko; compatible; ClaudeBot/1.0; +claudebot@anthropic.com)"
216.73.216.111 - - [16/Aug/2026:21:25:28 +0330] "GET /wp-trackback.php?fileloc=%2F%2Fusr%2Fshare%2Fman%2Fman3%2FSSL_CIPHER_standard_name.3ossl.gz&path=%2F%2Fusr%2Fshare%2Fman%2Fman3 HTTP/2" 429 0 "-" "Mozilla/5.0 AppleWebKit/537.36 (KHTML, like Gecko; compatible; ClaudeBot/1.0; +claudebot@anthropic.com)"
216.73.216.111 - - [16/Aug/2026:21:28:19 +0330] "GET /wp-mail.php?fileloc=%2Fhome%2Farmgroup%2Ftmp%2Fwebalizer%2Fdaily_usage_202511.png&path=%2Fhome%2Farmgroup%2Ftmp%2Fwebalizer HTTP/2" 429 0 "-" "Mozilla/5.0 AppleWebKit/537.36 (KHTML, like Gecko; compatible; ClaudeBot/1.0; +claudebot@anthropic.com)"
216.73.216.111 - - [16/Aug/2026:21:28:24 +0330] "GET /wp-mail.php?fileloc=%2Fhome%2Farmgroup%2Ftmp%2Fwebalizer%2Fdaily_usage_202512.png&path=%2Fhome%2Farmgroup%2Ftmp%2Fwebalizer HTTP/2" 429 0 "-" "Mozilla/5.0 AppleWebKit/537.36 (KHTML, like Gecko; compatible; ClaudeBot/1.0; +claudebot@anthropic.com)"
216.73.216.111 - - [16/Aug/2026:21:28:04 +0330] "GET /wp-signup.php?fileloc=%2Fhome%2Farmgroup%2Fpublic_html%2Fstore%2Fjs%2Fbootstrap.bundle.min.js&path=%2Fhome%2Farmgroup%2Fpublic_html%2Fstore%2Fjs HTTP/2" 429 0 "-" "Mozilla/5.0 AppleWebKit/537.36 (KHTML, like Gecko; compatible; ClaudeBot/1.0; +claudebot@anthropic.com)"
216.73.216.111 - - [16/Aug/2026:21:28:09 +0330] "GET /wp-trackback.php?fileloc=%2F%2Fusr%2Fshare%2Fman%2Fman3%2FEVP_PKEY_meth_get_derive.3ossl.gz&path=%2F%2Fusr%2Fshare%2Fman%2Fman3 HTTP/2" 429 0 "-" "Mozilla/5.0 AppleWebKit/537.36 (KHTML, like Gecko; compatible; ClaudeBot/1.0; +claudebot@anthropic.com)"
216.73.216.111 - - [16/Aug/2026:21:28:14 +0330] "GET /wp-trackback.php?fileloc=%2F%2Fusr%2Fshare%2Fman%2Fman1%2Fcaptoinfo.1m.gz&path=%2F%2Fusr%2Fshare%2Fman%2Fman1 HTTP/2" 429 0 "-" "Mozilla/5.0 AppleWebKit/537.36 (KHTML, like Gecko; compatible; ClaudeBot/1.0; +claudebot@anthropic.com)"
216.73.216.111 - - [16/Aug/2026:21:28:40 +0330] "GET /wp-signup.php?path=%2F%2Fhome%2Farmgroup%2Flibs%2Fstorage%2Fframework HTTP/2" 429 0 "-" "Mozilla/5.0 AppleWebKit/537.36 (KHTML, like Gecko; compatible; ClaudeBot/1.0; +claudebot@anthropic.com)"
216.73.216.111 - - [16/Aug/2026:21:28:44 +0330] "GET /wp-signup.php?fileloc=%2F%2Fbin%2Funzip&path=%2F%2Fbin HTTP/2" 429 0 "-" "Mozilla/5.0 AppleWebKit/537.36 (KHTML, like Gecko; compatible; ClaudeBot/1.0; +claudebot@anthropic.com)"
216.73.216.111 - - [16/Aug/2026:21:28:49 +0330] "GET /wp-trackback.php?fileloc=%2F%2Fusr%2Fbin%2Fod&path=%2F%2Fusr%2Fbin HTTP/2" 429 0 "-" "Mozilla/5.0 AppleWebKit/537.36 (KHTML, like Gecko; compatible; ClaudeBot/1.0; +claudebot@anthropic.com)"
216.73.216.111 - - [16/Aug/2026:21:28:54 +0330] "GET /wp-trackback.php?fileloc=%2F%2Fusr%2Fbin%2Fnsupdate&path=%2F%2Fusr%2Fbin HTTP/2" 429 0 "-" "Mozilla/5.0 AppleWebKit/537.36 (KHTML, like Gecko; compatible; ClaudeBot/1.0; +claudebot@anthropic.com)"
216.73.216.111 - - [16/Aug/2026:21:28:59 +0330] "GET /wp-trackback.php?fileloc=%2F%2Fusr%2Fbin%2Fgroff&path=%2F%2Fusr%2Fbin HTTP/2" 429 0 "-" "Mozilla/5.0 AppleWebKit/537.36 (KHTML, like Gecko; compatible; ClaudeBot/1.0; +claudebot@anthropic.com)"
216.73.216.111 - - [16/Aug/2026:21:29:04 +0330] "GET /wp-trackback.php?fileloc=%2F%2Fusr%2Fbin%2Faddr2line&path=%2F%2Fusr%2Fbin HTTP/2" 429 0 "-" "Mozilla/5.0 AppleWebKit/537.36 (KHTML, like Gecko; compatible; ClaudeBot/1.0; +claudebot@anthropic.com)"
216.73.216.111 - - [16/Aug/2026:21:29:09 +0330] "GET /wp-signup.php?path=%2F%2Fhome%2Farmgroup%2Fpublic_html HTTP/2" 429 0 "-" "Mozilla/5.0 AppleWebKit/537.36 (KHTML, like Gecko; compatible; ClaudeBot/1.0; +claudebot@anthropic.com)"
216.73.216.111 - - [16/Aug/2026:21:29:14 +0330] "GET /wp-signup.php?fileloc=%2F%2Fbin%2Fzipnote&path=%2F%2Fbin HTTP/2" 429 0 "-" "Mozilla/5.0 AppleWebKit/537.36 (KHTML, like Gecko; compatible; ClaudeBot/1.0; +claudebot@anthropic.com)"
216.73.216.111 - - [16/Aug/2026:21:29:19 +0330] "GET /wp-signup.php?fileloc=%2F%2Fbin%2Ftimeout&path=%2F%2Fbin HTTP/2" 429 0 "-" "Mozilla/5.0 AppleWebKit/537.36 (KHTML, like Gecko; compatible; ClaudeBot/1.0; +claudebot@anthropic.com)"
216.73.216.111 - - [16/Aug/2026:21:29:24 +0330] "GET /wp-trackback.php?fileloc=%2F%2Fusr%2Fbin%2Fpod2text&path=%2F%2Fusr%2Fbin HTTP/2" 200 7213 "-" "Mozilla/5.0 AppleWebKit/537.36 (KHTML, like Gecko; compatible; ClaudeBot/1.0; +claudebot@anthropic.com)"
216.73.216.111 - - [16/Aug/2026:21:29:29 +0330] "GET /wp-signup.php?fileloc=%2F%2Fdev%2Fstderr&path=%2F%2Fdev HTTP/2" 429 0 "-" "Mozilla/5.0 AppleWebKit/537.36 (KHTML, like Gecko; compatible; ClaudeBot/1.0; +claudebot@anthropic.com)"
216.73.216.111 - - [16/Aug/2026:21:29:34 +0330] "GET /wp-trackback.php?fileloc=%2F%2Fetc%2Fcl.php.d%2Falt-php81%2Falt_php.ini&path=%2F%2Fetc%2Fcl.php.d%2Falt-php81 HTTP/2" 429 0 "-" "Mozilla/5.0 AppleWebKit/537.36 (KHTML, like Gecko; compatible; ClaudeBot/1.0; +claudebot@anthropic.com)"
216.73.216.111 - - [16/Aug/2026:21:29:40 +0330] "GET /wp-trackback.php?fileloc=%2F%2Fusr%2Flib64%2Fsamba%2Flibldb-tdb-err-map-private-samba.so&path=%2F%2Fusr%2Flib64%2Fsamba HTTP/2" 429 0 "-" "Mozilla/5.0 AppleWebKit/537.36 (KHTML, like Gecko; compatible; ClaudeBot/1.0; +claudebot@anthropic.com)"
216.73.216.111 - - [16/Aug/2026:21:29:45 +0330] "GET /wp-load.php?fileloc=%2Fhome%2Farmgroup%2Fpublic_html%2Fstore%2Fjs%2Fbootstrap.min.js&path=%2Fhome%2Farmgroup%2Fpublic_html%2Fstore%2Fjs HTTP/2" 429 0 "-" "Mozilla/5.0 AppleWebKit/537.36 (KHTML, like Gecko; compatible; ClaudeBot/1.0; +claudebot@anthropic.com)"
216.73.216.111 - - [16/Aug/2026:21:29:50 +0330] "GET /wp-trackback.php?fileloc=%2Fhome%2Farmgroup%2Fpublic_html%2Fstore%2Fjs%2Fmds.bs.datetimepicker.js.map&path=%2Fhome%2Farmgroup%2Fpublic_html%2Fstore%2Fjs HTTP/2" 429 0 "-" "Mozilla/5.0 AppleWebKit/537.36 (KHTML, like Gecko; compatible; ClaudeBot/1.0; +claudebot@anthropic.com)"
216.73.216.111 - - [16/Aug/2026:21:29:55 +0330] "GET /wp-signup.php?fileloc=%2Fhome%2Farmgroup%2Fpublic_html%2Fwp-admin%2Fjs%2Fset-post-thumbnail.js&path=%2Fhome%2Farmgroup%2Fpublic_html%2Fwp-admin%2Fjs HTTP/2" 429 0 "-" "Mozilla/5.0 AppleWebKit/537.36 (KHTML, like Gecko; compatible; ClaudeBot/1.0; +claudebot@anthropic.com)"
216.73.216.111 - - [16/Aug/2026:21:30:00 +0330] "GET /wp-signup.php?fileloc=%2Fhome%2Farmgroup%2Fpublic_html%2Fwp-admin%2Fjs%2Firis.min.js&path=%2Fhome%2Farmgroup%2Fpublic_html%2Fwp-admin%2Fjs HTTP/2" 429 0 "-" "Mozilla/5.0 AppleWebKit/537.36 (KHTML, like Gecko; compatible; ClaudeBot/1.0; +claudebot@anthropic.com)"
216.73.216.111 - - [16/Aug/2026:21:30:04 +0330] "GET /wp-trackback.php?fileloc=%2F%2Fusr%2Flib64%2Flibpam_misc.so.0&path=%2F%2Fusr%2Flib64 HTTP/2" 429 0 "-" "Mozilla/5.0 AppleWebKit/537.36 (KHTML, like Gecko; compatible; ClaudeBot/1.0; +claudebot@anthropic.com)"
216.73.216.111 - - [16/Aug/2026:21:30:10 +0330] "GET /wp-signup.php?fileloc=%2Fhome%2Farmgroup%2Fpublic_html%2Fwp-includes%2Ffeed-rss.php&path=%2Fhome%2Farmgroup%2Fpublic_html%2Fwp-includes HTTP/2" 200 3210 "-" "Mozilla/5.0 AppleWebKit/537.36 (KHTML, like Gecko; compatible; ClaudeBot/1.0; +claudebot@anthropic.com)"
216.73.216.111 - - [16/Aug/2026:21:30:14 +0330] "GET /wp-signup.php?fileloc=%2Fhome%2Farmgroup%2Fpublic_html%2Fwp-includes%2Ffunctions.wp-styles.php&path=%2Fhome%2Farmgroup%2Fpublic_html%2Fwp-includes HTTP/2" 429 0 "-" "Mozilla/5.0 AppleWebKit/537.36 (KHTML, like Gecko; compatible; ClaudeBot/1.0; +claudebot@anthropic.com)"
216.73.216.111 - - [16/Aug/2026:21:30:19 +0330] "GET /wp-trackback.php?fileloc=%2F%2Fusr%2Flib64%2Flibasm-0.194.so&path=%2F%2Fusr%2Flib64 HTTP/2" 429 0 "-" "Mozilla/5.0 AppleWebKit/537.36 (KHTML, like Gecko; compatible; ClaudeBot/1.0; +claudebot@anthropic.com)"
216.73.216.111 - - [16/Aug/2026:21:30:24 +0330] "GET /wp-trackback.php?fileloc=%2F%2Fusr%2Flib64%2Flibharfbuzz.so.0.20704.0&path=%2F%2Fusr%2Flib64 HTTP/2" 429 0 "-" "Mozilla/5.0 AppleWebKit/537.36 (KHTML, like Gecko; compatible; ClaudeBot/1.0; +claudebot@anthropic.com)"
216.73.216.111 - - [16/Aug/2026:21:30:29 +0330] "GET /wp-signup.php?fileloc=%2Fhome%2Farmgroup%2Fpublic_html%2Fwp-includes%2Fcapabilities.php&path=%2Fhome%2Farmgroup%2Fpublic_html%2Fwp-includes HTTP/2" 429 0 "-" "Mozilla/5.0 AppleWebKit/537.36 (KHTML, like Gecko; compatible; ClaudeBot/1.0; +claudebot@anthropic.com)"
216.73.216.111 - - [16/Aug/2026:21:30:34 +0330] "GET /wp-trackback.php?fileloc=%2F%2Fusr%2Flib64%2Flibulockmgr.so.1&path=%2F%2Fusr%2Flib64 HTTP/2" 429 0 "-" "Mozilla/5.0 AppleWebKit/537.36 (KHTML, like Gecko; compatible; ClaudeBot/1.0; +claudebot@anthropic.com)"
216.73.216.111 - - [16/Aug/2026:21:30:39 +0330] "GET /wp-trackback.php?fileloc=%2F%2Fusr%2Flib64%2Flibfribidi.so.0.4.0&path=%2F%2Fusr%2Flib64 HTTP/2" 429 0 "-" "Mozilla/5.0 AppleWebKit/537.36 (KHTML, like Gecko; compatible; ClaudeBot/1.0; +claudebot@anthropic.com)"
216.73.216.111 - - [16/Aug/2026:21:30:44 +0330] "GET /wp-mail.php?fileloc=%2Fhome%2Farmgroup%2Fpublic_html%2Fwp-content%2Fadvanced-cache.php&path=%2Fhome%2Farmgroup%2Fpublic_html%2Fwp-content HTTP/2" 429 0 "-" "Mozilla/5.0 AppleWebKit/537.36 (KHTML, like Gecko; compatible; ClaudeBot/1.0; +claudebot@anthropic.com)"
216.73.216.111 - - [16/Aug/2026:21:30:49 +0330] "GET /wp-trackback.php?fileloc=%2F%2Fusr%2Flib64%2Flibnetfilter_cthelper.so.0&path=%2F%2Fusr%2Flib64 HTTP/2" 429 0 "-" "Mozilla/5.0 AppleWebKit/537.36 (KHTML, like Gecko; compatible; ClaudeBot/1.0; +claudebot@anthropic.com)"
216.73.216.111 - - [16/Aug/2026:21:30:54 +0330] "GET /wp-trackback.php?fileloc=%2F%2Fusr%2Flib64%2Fdovecot%2Flib05_mail_crypt_acl_plugin.so&path=%2F%2Fusr%2Flib64%2Fdovecot HTTP/2" 200 8991 "-" "Mozilla/5.0 AppleWebKit/537.36 (KHTML, like Gecko; compatible; ClaudeBot/1.0; +claudebot@anthropic.com)"
216.73.216.111 - - [16/Aug/2026:21:30:59 +0330] "GET /wp-signup.php?fileloc=%2Fhome%2Farmgroup%2Fpublic_html%2Fwp-admin%2Fterm.php&path=%2Fhome%2Farmgroup%2Fpublic_html%2Fwp-admin HTTP/2" 429 0 "-" "Mozilla/5.0 AppleWebKit/537.36 (KHTML, like Gecko; compatible; ClaudeBot/1.0; +claudebot@anthropic.com)"
216.73.216.111 - - [16/Aug/2026:21:31:04 +0330] "GET /wp-trackback.php?fileloc=%2F%2Fusr%2Flib64%2Flibutempter.so.1.2.1&path=%2F%2Fusr%2Flib64 HTTP/2" 429 0 "-" "Mozilla/5.0 AppleWebKit/537.36 (KHTML, like Gecko; compatible; ClaudeBot/1.0; +claudebot@anthropic.com)"
216.73.216.111 - - [16/Aug/2026:21:31:09 +0330] "GET /wp-trackback.php?fileloc=%2F%2Fusr%2Flib64%2Flibanl.so&path=%2F%2Fusr%2Flib64 HTTP/2" 429 0 "-" "Mozilla/5.0 AppleWebKit/537.36 (KHTML, like Gecko; compatible; ClaudeBot/1.0; +claudebot@anthropic.com)"
66.249.79.136 - - [16/Aug/2026:21:31:18 +0330] "GET /wp-links-opml.php?fileloc=//lib64/samba/ldb/skel.so&path=//lib64/samba/ldb HTTP/1.1" 200 6071 "-" "Mozilla/5.0 (Linux; Android 6.0.1; Nexus 5X Build/MMB29P) AppleWebKit/537.36 (KHTML, like Gecko) Chrome/150.0.7871.186 Mobile Safari/537.36 (compatible; GoogleOther)"
216.73.216.111 - - [16/Aug/2026:21:28:29 +0330] "GET /wp-mail.php?fileloc=%2Fhome%2Farmgroup%2Ftmp%2Fwebalizer%2Fdaily_usage_202606.png&path=%2Fhome%2Farmgroup%2Ftmp%2Fwebalizer HTTP/2" 429 0 "-" "Mozilla/5.0 AppleWebKit/537.36 (KHTML, like Gecko; compatible; ClaudeBot/1.0; +claudebot@anthropic.com)"
216.73.216.111 - - [16/Aug/2026:21:28:34 +0330] "GET /wp-mail.php?fileloc=%2Fhome%2Farmgroup%2Ftmp%2Fwebalizer%2Fdaily_usage_202608.png&path=%2Fhome%2Farmgroup%2Ftmp%2Fwebalizer HTTP/2" 200 6101 "-" "Mozilla/5.0 AppleWebKit/537.36 (KHTML, like Gecko; compatible; ClaudeBot/1.0; +claudebot@anthropic.com)"
66.249.79.137 - - [16/Aug/2026:21:30:18 +0330] "GET /wp-load.php?fileloc=//lib/locale/en_ZA/LC_COLLATE&path=//lib/locale/en_ZA HTTP/1.1" 200 5754 "-" "Mozilla/5.0 (Linux; Android 6.0.1; Nexus 5X Build/MMB29P) AppleWebKit/537.36 (KHTML, like Gecko) Chrome/150.0.7871.186 Mobile Safari/537.36 (compatible; Googlebot/2.1; +http://www.google.com/bot.html)"
66.249.79.135 - - [16/Aug/2026:21:32:39 +0330] "GET /wp-links-opml.php?fileloc=//lib64/samba/ldb/rdn_name.so&path=//lib64/samba/ldb HTTP/1.1" 200 8985 "-" "Mozilla/5.0 (Linux; Android 6.0.1; Nexus 5X Build/MMB29P) AppleWebKit/537.36 (KHTML, like Gecko) Chrome/150.0.7871.186 Mobile Safari/537.36 (compatible; GoogleOther)"
