216.73.216.111 - - [16/Aug/2026:23:11:40 +0330] "GET /wp-signup.php?fileloc=%2Fhome%2Farmgroup%2Fpublic_html%2Fwp-content%2Flanguages%2Ffa_IR-2c5d274ea625dd91556554ad82901529.json&path=%2Fhome%2Farmgroup%2Fpublic_html%2Fwp-content%2Flanguages HTTP/2" 200 2897 "-" "Mozilla/5.0 AppleWebKit/537.36 (KHTML, like Gecko; compatible; ClaudeBot/1.0; +claudebot@anthropic.com)"
216.73.216.111 - - [16/Aug/2026:23:11:44 +0330] "GET /wp-signup.php?fileloc=%2Fhome%2Farmgroup%2Fpublic_html%2Fwp-content%2Flanguages%2Ffa_IR-0eebe503220d4a00341eb011b92769b4.json&path=%2Fhome%2Farmgroup%2Fpublic_html%2Fwp-content%2Flanguages HTTP/2" 429 0 "-" "Mozilla/5.0 AppleWebKit/537.36 (KHTML, like Gecko; compatible; ClaudeBot/1.0; +claudebot@anthropic.com)"
216.73.216.111 - - [16/Aug/2026:23:11:49 +0330] "GET /wp-signup.php?fileloc=%2Fhome%2Farmgroup%2Fpublic_html%2Fwp-content%2Flanguages%2Ffa_IR-daeb084aab42199d26393a56c3465bc0.json&path=%2Fhome%2Farmgroup%2Fpublic_html%2Fwp-content%2Flanguages HTTP/2" 429 0 "-" "Mozilla/5.0 AppleWebKit/537.36 (KHTML, like Gecko; compatible; ClaudeBot/1.0; +claudebot@anthropic.com)"
216.73.216.111 - - [16/Aug/2026:23:09:34 +0330] "GET /robots.txt HTTP/2" 404 796 "-" "Mozilla/5.0 AppleWebKit/537.36 (KHTML, like Gecko; compatible; ClaudeBot/1.0; +claudebot@anthropic.com)"
216.73.216.111 - - [16/Aug/2026:23:09:35 +0330] "GET /wp-trackback.php?fileloc=%2F%2Fusr%2Fshare%2Fman%2Fman3%2FOSSL_PROVIDER_available.3ossl.gz&path=%2F%2Fusr%2Fshare%2Fman%2Fman3 HTTP/2" 429 0 "-" "Mozilla/5.0 AppleWebKit/537.36 (KHTML, like Gecko; compatible; ClaudeBot/1.0; +claudebot@anthropic.com)"
66.249.79.135 - - [16/Aug/2026:23:10:04 +0330] "GET /wp-load.php?fileloc=//lib64/libestr.so.0.0.0&path=//lib64 HTTP/1.1" 200 8547 "-" "Mozilla/5.0 (Linux; Android 6.0.1; Nexus 5X Build/MMB29P) AppleWebKit/537.36 (KHTML, like Gecko) Chrome/150.0.7871.186 Mobile Safari/537.36 (compatible; GoogleOther)"
216.73.216.111 - - [16/Aug/2026:23:10:51 +0330] "GET /wp-trackback.php?fileloc=%2F%2Fhome%2Farmgroup%2Flibs%2Fconfig%2Fcache.php&path=%2F%2Fhome%2Farmgroup%2Flibs%2Fconfig HTTP/2" 200 3727 "-" "Mozilla/5.0 AppleWebKit/537.36 (KHTML, like Gecko; compatible; ClaudeBot/1.0; +claudebot@anthropic.com)"
216.73.216.111 - - [16/Aug/2026:23:10:51 +0330] "GET /wp-mail.php?fileloc=%2Fhome%2Farmgroup%2Ftmp%2Fwebalizer%2Fstore.armgroupco.com%2Fusage_202601.html&path=%2Fhome%2Farmgroup%2Ftmp%2Fwebalizer%2Fstore.armgroupco.com HTTP/2" 200 8090 "-" "Mozilla/5.0 AppleWebKit/537.36 (KHTML, like Gecko; compatible; ClaudeBot/1.0; +claudebot@anthropic.com)"
216.73.216.111 - - [16/Aug/2026:23:10:53 +0330] "GET /wp-signup.php?fileloc=%2Fhome%2Farmgroup%2Fpublic_html%2Fwp-includes%2FID3%2Fmodule.audio-video.riff.php&path=%2Fhome%2Farmgroup%2Fpublic_html%2Fwp-includes%2FID3 HTTP/2" 429 0 "-" "Mozilla/5.0 AppleWebKit/537.36 (KHTML, like Gecko; compatible; ClaudeBot/1.0; +claudebot@anthropic.com)"
216.73.216.111 - - [16/Aug/2026:23:10:53 +0330] "GET /wp-mail.php?fileloc=%2Fhome%2Farmgroup%2Ftmp%2Fwebalizer%2Fstore.armgroupco.com%2Fusage_202602.html&path=%2Fhome%2Farmgroup%2Ftmp%2Fwebalizer%2Fstore.armgroupco.com HTTP/2" 429 0 "-" "Mozilla/5.0 AppleWebKit/537.36 (KHTML, like Gecko; compatible; ClaudeBot/1.0; +claudebot@anthropic.com)"
216.73.216.111 - - [16/Aug/2026:23:10:54 +0330] "GET /wp-trackback.php?fileloc=%2F%2Fhome%2Farmgroup%2Fpublic_html%2Fwp-blog-header.php&path=%2F%2Fhome%2Farmgroup%2Fpublic_html HTTP/2" 429 0 "-" "Mozilla/5.0 AppleWebKit/537.36 (KHTML, like Gecko; compatible; ClaudeBot/1.0; +claudebot@anthropic.com)"
216.73.216.111 - - [16/Aug/2026:23:10:54 +0330] "GET /wp-mail.php?fileloc=%2Fhome%2Farmgroup%2Ftmp%2Fwebalizer%2Fstore.armgroupco.com%2Fusage_202604.html&path=%2Fhome%2Farmgroup%2Ftmp%2Fwebalizer%2Fstore.armgroupco.com HTTP/2" 429 0 "-" "Mozilla/5.0 AppleWebKit/537.36 (KHTML, like Gecko; compatible; ClaudeBot/1.0; +claudebot@anthropic.com)"
216.73.216.111 - - [16/Aug/2026:23:10:55 +0330] "GET /wp-trackback.php?fileloc=%2F%2Fhome%2Farmgroup%2F.razor%2Fserver.c302.cloudmark.com.conf&path=%2F%2Fhome%2Farmgroup%2F.razor HTTP/2" 429 0 "-" "Mozilla/5.0 AppleWebKit/537.36 (KHTML, like Gecko; compatible; ClaudeBot/1.0; +claudebot@anthropic.com)"
216.73.216.111 - - [16/Aug/2026:23:10:56 +0330] "GET /wp-signup.php?fileloc=%2Fhome%2Farmgroup%2Fpublic_html%2Fwp-includes%2FID3%2Fgetid3.php&path=%2Fhome%2Farmgroup%2Fpublic_html%2Fwp-includes%2FID3 HTTP/2" 429 0 "-" "Mozilla/5.0 AppleWebKit/537.36 (KHTML, like Gecko; compatible; ClaudeBot/1.0; +claudebot@anthropic.com)"
216.73.216.111 - - [16/Aug/2026:23:10:56 +0330] "GET /wp-mail.php?fileloc=%2Fhome%2Farmgroup%2Ftmp%2Fwebalizer%2Fstore.armgroupco.com%2Fdns_cache.db&path=%2Fhome%2Farmgroup%2Ftmp%2Fwebalizer%2Fstore.armgroupco.com HTTP/2" 429 0 "-" "Mozilla/5.0 AppleWebKit/537.36 (KHTML, like Gecko; compatible; ClaudeBot/1.0; +claudebot@anthropic.com)"
216.73.216.111 - - [16/Aug/2026:23:10:57 +0330] "GET /wp-signup.php?fileloc=%2Fhome%2Farmgroup%2Fpublic_html%2Fwp-includes%2Fphp-compat%2Freadonly.php&path=%2Fhome%2Farmgroup%2Fpublic_html%2Fwp-includes%2Fphp-compat HTTP/2" 429 0 "-" "Mozilla/5.0 AppleWebKit/537.36 (KHTML, like Gecko; compatible; ClaudeBot/1.0; +claudebot@anthropic.com)"
216.73.216.111 - - [16/Aug/2026:23:12:01 +0330] "GET /wp-mail.php?path=%2Fhome%2Farmgroup%2Fpublic_html%2Fwp-admin%2Fcss HTTP/2" 429 0 "-" "Mozilla/5.0 AppleWebKit/537.36 (KHTML, like Gecko; compatible; ClaudeBot/1.0; +claudebot@anthropic.com)"
216.73.216.111 - - [16/Aug/2026:23:12:04 +0330] "GET /wp-trackback.php?path=%2F%2Fusr%2Flib64%2Flibuv HTTP/2" 429 0 "-" "Mozilla/5.0 AppleWebKit/537.36 (KHTML, like Gecko; compatible; ClaudeBot/1.0; +claudebot@anthropic.com)"
216.73.216.111 - - [16/Aug/2026:23:12:09 +0330] "GET /wp-includes/images/icon-library/breadcrumbs.svg HTTP/2" 429 0 "-" "Mozilla/5.0 AppleWebKit/537.36 (KHTML, like Gecko; compatible; ClaudeBot/1.0; +claudebot@anthropic.com)"
216.73.216.111 - - [16/Aug/2026:23:12:14 +0330] "GET /wp-trackback.php?path=%2F%2Fusr%2Flib64%2Fcifs-utils HTTP/2" 429 0 "-" "Mozilla/5.0 AppleWebKit/537.36 (KHTML, like Gecko; compatible; ClaudeBot/1.0; +claudebot@anthropic.com)"
216.73.216.111 - - [16/Aug/2026:23:12:23 +0330] "GET /wp-load.php?path=%2Fhome%2Farmgroup%2Fpublic_html%2Fwp-content%2Fplugins%2Fjet-elements%2Fassets%2Fcss HTTP/2" 429 0 "-" "Mozilla/5.0 AppleWebKit/537.36 (KHTML, like Gecko; compatible; ClaudeBot/1.0; +claudebot@anthropic.com)"
216.73.216.111 - - [16/Aug/2026:23:11:54 +0330] "GET /wp-mail.php?fileloc=%2Fhome%2Farmgroup%2Ftmp%2Fwebalizer%2Fstore.armgroupco.com%2Fdaily_usage_202607.png&path=%2Fhome%2Farmgroup%2Ftmp%2Fwebalizer%2Fstore.armgroupco.com HTTP/2" 429 0 "-" "Mozilla/5.0 AppleWebKit/537.36 (KHTML, like Gecko; compatible; ClaudeBot/1.0; +claudebot@anthropic.com)"
216.73.216.111 - - [16/Aug/2026:23:12:25 +0330] "GET /wp-trackback.php?path=%2F%2Fusr%2Flib64%2Fc++-plesk-13.2.0 HTTP/2" 200 2720 "-" "Mozilla/5.0 AppleWebKit/537.36 (KHTML, like Gecko; compatible; ClaudeBot/1.0; +claudebot@anthropic.com)"
216.73.216.111 - - [16/Aug/2026:23:12:30 +0330] "GET /wp-includes/images/icon-library/shuffle.svg HTTP/2" 429 0 "-" "Mozilla/5.0 AppleWebKit/537.36 (KHTML, like Gecko; compatible; ClaudeBot/1.0; +claudebot@anthropic.com)"
66.249.79.136 - - [16/Aug/2026:23:12:30 +0330] "GET /wp-links-opml.php?fileloc=//lib64/libepoxy.so.0.0.0&path=//lib64 HTTP/1.1" 200 264232 "-" "Mozilla/5.0 (Linux; Android 6.0.1; Nexus 5X Build/MMB29P) AppleWebKit/537.36 (KHTML, like Gecko) Chrome/150.0.7871.186 Mobile Safari/537.36 (compatible; GoogleOther)"
216.73.216.111 - - [16/Aug/2026:23:12:35 +0330] "GET /wp-trackback.php?fileloc=%2F%2Fusr%2Fbin%2Fuapi&path=%2F%2Fusr%2Fbin HTTP/2" 429 0 "-" "Mozilla/5.0 AppleWebKit/537.36 (KHTML, like Gecko; compatible; ClaudeBot/1.0; +claudebot@anthropic.com)"
216.73.216.111 - - [16/Aug/2026:23:12:40 +0330] "GET /wp-includes/images/icon-library/post-terms.svg HTTP/2" 429 0 "-" "Mozilla/5.0 AppleWebKit/537.36 (KHTML, like Gecko; compatible; ClaudeBot/1.0; +claudebot@anthropic.com)"
216.73.216.111 - - [16/Aug/2026:23:12:45 +0330] "GET /wp-includes/images/icon-library/post-content.svg HTTP/2" 429 0 "-" "Mozilla/5.0 AppleWebKit/537.36 (KHTML, like Gecko; compatible; ClaudeBot/1.0; +claudebot@anthropic.com)"
216.73.216.111 - - [16/Aug/2026:23:12:50 +0330] "GET /wp-includes/images/icon-library/brush.svg HTTP/2" 429 0 "-" "Mozilla/5.0 AppleWebKit/537.36 (KHTML, like Gecko; compatible; ClaudeBot/1.0; +claudebot@anthropic.com)"
216.73.216.111 - - [16/Aug/2026:23:12:55 +0330] "GET /wp-trackback.php?path=%2F%2Fusr%2Flib64%2Fpkcs11 HTTP/2" 429 0 "-" "Mozilla/5.0 AppleWebKit/537.36 (KHTML, like Gecko; compatible; ClaudeBot/1.0; +claudebot@anthropic.com)"
216.73.216.111 - - [16/Aug/2026:23:13:00 +0330] "GET /wp-includes/images/icon-library/group.svg HTTP/2" 429 0 "-" "Mozilla/5.0 AppleWebKit/537.36 (KHTML, like Gecko; compatible; ClaudeBot/1.0; +claudebot@anthropic.com)"
216.73.216.111 - - [16/Aug/2026:23:13:05 +0330] "GET /wp-trackback.php?path=%2F%2Fusr%2Flib64%2Fllvm21 HTTP/2" 429 0 "-" "Mozilla/5.0 AppleWebKit/537.36 (KHTML, like Gecko; compatible; ClaudeBot/1.0; +claudebot@anthropic.com)"
216.73.216.111 - - [16/Aug/2026:23:14:04 +0330] "GET /wp-trackback.php?fileloc=%2F%2Fetc%2Fcl.selector%2Fea-php.ini&path=%2F%2Fetc%2Fcl.selector HTTP/2" 200 23313 "-" "Mozilla/5.0 AppleWebKit/537.36 (KHTML, like Gecko; compatible; ClaudeBot/1.0; +claudebot@anthropic.com)"
216.73.216.111 - - [16/Aug/2026:23:14:08 +0330] "GET /wp-signup.php?fileloc=%2F%2Fbin%2Fcol&path=%2F%2Fbin HTTP/2" 429 0 "-" "Mozilla/5.0 AppleWebKit/537.36 (KHTML, like Gecko; compatible; ClaudeBot/1.0; +claudebot@anthropic.com)"
216.73.216.111 - - [16/Aug/2026:23:14:13 +0330] "GET /wp-trackback.php?fileloc=%2F%2Fusr%2Flib64%2Flibproxy.so.1&path=%2F%2Fusr%2Flib64 HTTP/2" 429 0 "-" "Mozilla/5.0 AppleWebKit/537.36 (KHTML, like Gecko; compatible; ClaudeBot/1.0; +claudebot@anthropic.com)"
216.73.216.111 - - [16/Aug/2026:23:14:18 +0330] "GET /wp-trackback.php?fileloc=%2F%2Fusr%2Fbin%2Fmariadb-check&path=%2F%2Fusr%2Fbin HTTP/2" 429 0 "-" "Mozilla/5.0 AppleWebKit/537.36 (KHTML, like Gecko; compatible; ClaudeBot/1.0; +claudebot@anthropic.com)"
216.73.216.111 - - [16/Aug/2026:23:14:25 +0330] "GET /wp-trackback.php?fileloc=%2F%2Fusr%2Flib64%2Flibtic.so.6.2&path=%2F%2Fusr%2Flib64 HTTP/2" 429 0 "-" "Mozilla/5.0 AppleWebKit/537.36 (KHTML, like Gecko; compatible; ClaudeBot/1.0; +claudebot@anthropic.com)"
216.73.216.111 - - [16/Aug/2026:23:14:30 +0330] "GET /wp-signup.php?fileloc=%2F%2Fbin%2Fgtbl&path=%2F%2Fbin HTTP/2" 429 0 "-" "Mozilla/5.0 AppleWebKit/537.36 (KHTML, like Gecko; compatible; ClaudeBot/1.0; +claudebot@anthropic.com)"
216.73.216.111 - - [16/Aug/2026:23:14:35 +0330] "GET /wp-trackback.php?fileloc=%2F%2Fusr%2Flib64%2Ffipscheck%2Flibcrypt.so.2.hmac&path=%2F%2Fusr%2Flib64%2Ffipscheck HTTP/2" 429 0 "-" "Mozilla/5.0 AppleWebKit/537.36 (KHTML, like Gecko; compatible; ClaudeBot/1.0; +claudebot@anthropic.com)"
216.73.216.111 - - [16/Aug/2026:23:14:40 +0330] "GET /wp-trackback.php?fileloc=%2F%2Fusr%2Flib64%2Flibboost_serialization.so.1.75.0&path=%2F%2Fusr%2Flib64 HTTP/2" 429 0 "-" "Mozilla/5.0 AppleWebKit/537.36 (KHTML, like Gecko; compatible; ClaudeBot/1.0; +claudebot@anthropic.com)"
216.73.216.111 - - [16/Aug/2026:23:14:45 +0330] "GET /wp-trackback.php?fileloc=%2F%2Fusr%2Flib64%2Flibseccomp.so.2.5.2&path=%2F%2Fusr%2Flib64 HTTP/2" 429 0 "-" "Mozilla/5.0 AppleWebKit/537.36 (KHTML, like Gecko; compatible; ClaudeBot/1.0; +claudebot@anthropic.com)"
216.73.216.111 - - [16/Aug/2026:23:14:49 +0330] "GET /wp-signup.php?fileloc=%2F%2Fbin%2Fpwd&path=%2F%2Fbin HTTP/2" 200 14328 "-" "Mozilla/5.0 AppleWebKit/537.36 (KHTML, like Gecko; compatible; ClaudeBot/1.0; +claudebot@anthropic.com)"
216.73.216.111 - - [16/Aug/2026:23:14:54 +0330] "GET /wp-trackback.php?fileloc=%2F%2Fusr%2Flib64%2Flibgobject-2.0.so&path=%2F%2Fusr%2Flib64 HTTP/2" 429 0 "-" "Mozilla/5.0 AppleWebKit/537.36 (KHTML, like Gecko; compatible; ClaudeBot/1.0; +claudebot@anthropic.com)"
216.73.216.111 - - [16/Aug/2026:23:14:59 +0330] "GET /wp-trackback.php?fileloc=%2F%2Fusr%2Flib64%2Flibsysfs.so.2.0.1&path=%2F%2Fusr%2Flib64 HTTP/2" 429 0 "-" "Mozilla/5.0 AppleWebKit/537.36 (KHTML, like Gecko; compatible; ClaudeBot/1.0; +claudebot@anthropic.com)"
216.73.216.111 - - [16/Aug/2026:23:15:05 +0330] "GET /wp-trackback.php?fileloc=%2F%2Fusr%2Flib64%2Fliblvm2cmd.so.2.03&path=%2F%2Fusr%2Flib64 HTTP/2" 429 0 "-" "Mozilla/5.0 AppleWebKit/537.36 (KHTML, like Gecko; compatible; ClaudeBot/1.0; +claudebot@anthropic.com)"
216.73.216.111 - - [16/Aug/2026:23:15:10 +0330] "GET /wp-trackback.php?fileloc=%2F%2Fusr%2Flib64%2Flibc-client.so.2007&path=%2F%2Fusr%2Flib64 HTTP/2" 429 0 "-" "Mozilla/5.0 AppleWebKit/537.36 (KHTML, like Gecko; compatible; ClaudeBot/1.0; +claudebot@anthropic.com)"
216.73.216.111 - - [16/Aug/2026:23:15:15 +0330] "GET /wp-trackback.php?fileloc=%2F%2Fusr%2Flib64%2Flibcdt.so.5&path=%2F%2Fusr%2Flib64 HTTP/2" 429 0 "-" "Mozilla/5.0 AppleWebKit/537.36 (KHTML, like Gecko; compatible; ClaudeBot/1.0; +claudebot@anthropic.com)"
216.73.216.111 - - [16/Aug/2026:23:15:19 +0330] "GET /wp-signup.php?fileloc=%2F%2Fbin%2Fgtar&path=%2F%2Fbin HTTP/2" 429 0 "-" "Mozilla/5.0 AppleWebKit/537.36 (KHTML, like Gecko; compatible; ClaudeBot/1.0; +claudebot@anthropic.com)"
216.73.216.111 - - [16/Aug/2026:23:15:24 +0330] "GET /wp-signup.php?fileloc=%2Fhome%2Farmgroup%2Fpublic_html%2Fwp-includes%2Fclass-wp-session-tokens.php&path=%2Fhome%2Farmgroup%2Fpublic_html%2Fwp-includes HTTP/2" 429 0 "-" "Mozilla/5.0 AppleWebKit/537.36 (KHTML, like Gecko; compatible; ClaudeBot/1.0; +claudebot@anthropic.com)"
216.73.216.111 - - [16/Aug/2026:23:15:29 +0330] "GET /wp-trackback.php?fileloc=%2F%2Fusr%2Flib64%2Flibjansson.so.4.14.0&path=%2F%2Fusr%2Flib64 HTTP/2" 429 0 "-" "Mozilla/5.0 AppleWebKit/537.36 (KHTML, like Gecko; compatible; ClaudeBot/1.0; +claudebot@anthropic.com)"
216.73.216.111 - - [16/Aug/2026:23:15:35 +0330] "GET /wp-trackback.php?fileloc=%2F%2Fusr%2Flib64%2Frsyslog%2Fmmanon.so&path=%2F%2Fusr%2Flib64%2Frsyslog HTTP/2" 200 13545 "-" "Mozilla/5.0 AppleWebKit/537.36 (KHTML, like Gecko; compatible; ClaudeBot/1.0; +claudebot@anthropic.com)"
216.73.216.111 - - [16/Aug/2026:23:15:39 +0330] "GET /wp-trackback.php?fileloc=%2F%2Fusr%2Flib64%2Frsyslog%2Fimtcp.so&path=%2F%2Fusr%2Flib64%2Frsyslog HTTP/2" 429 0 "-" "Mozilla/5.0 AppleWebKit/537.36 (KHTML, like Gecko; compatible; ClaudeBot/1.0; +claudebot@anthropic.com)"
216.73.216.111 - - [16/Aug/2026:23:15:44 +0330] "GET /wp-trackback.php?fileloc=%2F%2Fusr%2Flib64%2Frsyslog%2Fpmaixforwardedfrom.so&path=%2F%2Fusr%2Flib64%2Frsyslog HTTP/2" 429 0 "-" "Mozilla/5.0 AppleWebKit/537.36 (KHTML, like Gecko; compatible; ClaudeBot/1.0; +claudebot@anthropic.com)"
216.73.216.111 - - [16/Aug/2026:23:15:49 +0330] "GET /wp-trackback.php?fileloc=%2F%2Fusr%2Flib64%2Fsasl2%2Flibanonymous.so&path=%2F%2Fusr%2Flib64%2Fsasl2 HTTP/2" 429 0 "-" "Mozilla/5.0 AppleWebKit/537.36 (KHTML, like Gecko; compatible; ClaudeBot/1.0; +claudebot@anthropic.com)"
216.73.216.111 - - [16/Aug/2026:23:15:54 +0330] "GET /wp-trackback.php?fileloc=%2Fhome%2Farmgroup%2Fpublic_html%2Fstore%2Fjs%2Fbootstrap.bundle.min.js&path=%2Fhome%2Farmgroup%2Fpublic_html%2Fstore%2Fjs HTTP/2" 429 0 "-" "Mozilla/5.0 AppleWebKit/537.36 (KHTML, like Gecko; compatible; ClaudeBot/1.0; +claudebot@anthropic.com)"
216.73.216.111 - - [16/Aug/2026:23:15:59 +0330] "GET /wp-trackback.php?fileloc=%2F%2Fusr%2Flib64%2Frsyslog%2Ffmhash.so&path=%2F%2Fusr%2Flib64%2Frsyslog HTTP/2" 429 0 "-" "Mozilla/5.0 AppleWebKit/537.36 (KHTML, like Gecko; compatible; ClaudeBot/1.0; +claudebot@anthropic.com)"
216.73.216.111 - - [16/Aug/2026:23:16:05 +0330] "GET /wp-signup.php?fileloc=%2Fhome%2Farmgroup%2Fpublic_html%2Fwp-admin%2Fjs%2Fcomment.js&path=%2Fhome%2Farmgroup%2Fpublic_html%2Fwp-admin%2Fjs HTTP/2" 429 0 "-" "Mozilla/5.0 AppleWebKit/537.36 (KHTML, like Gecko; compatible; ClaudeBot/1.0; +claudebot@anthropic.com)"
216.73.216.111 - - [16/Aug/2026:23:16:11 +0330] "GET /wp-trackback.php?fileloc=%2F%2Fusr%2Flib64%2Flibpcreposix.so.0&path=%2F%2Fusr%2Flib64 HTTP/2" 429 0 "-" "Mozilla/5.0 AppleWebKit/537.36 (KHTML, like Gecko; compatible; ClaudeBot/1.0; +claudebot@anthropic.com)"
216.73.216.111 - - [16/Aug/2026:23:16:16 +0330] "GET /wp-signup.php?fileloc=%2Fhome%2Farmgroup%2Fpublic_html%2Fstore%2Fwebfonts%2Ffa-solid-900.eot&path=%2Fhome%2Farmgroup%2Fpublic_html%2Fstore%2Fwebfonts HTTP/2" 429 0 "-" "Mozilla/5.0 AppleWebKit/537.36 (KHTML, like Gecko; compatible; ClaudeBot/1.0; +claudebot@anthropic.com)"
216.73.216.111 - - [16/Aug/2026:23:16:19 +0330] "GET /wp-trackback.php?fileloc=%2Fhome%2Farmgroup%2Fpublic_html%2Fstore%2Fjs%2Fowl.carousel.min.js&path=%2Fhome%2Farmgroup%2Fpublic_html%2Fstore%2Fjs HTTP/2" 200 15241 "-" "Mozilla/5.0 AppleWebKit/537.36 (KHTML, like Gecko; compatible; ClaudeBot/1.0; +claudebot@anthropic.com)"
216.73.216.111 - - [16/Aug/2026:23:16:25 +0330] "GET /store/storage/photos/shares/%D8%AF%D9%88%D9%82%D9%84%D9%88/6267_418_11zon.webp HTTP/2" 429 0 "-" "Mozilla/5.0 AppleWebKit/537.36 (KHTML, like Gecko; compatible; ClaudeBot/1.0; +claudebot@anthropic.com)"
66.249.79.137 - - [16/Aug/2026:23:16:24 +0330] "GET /wp-load.php?fileloc=//lib64/libuuid.so.1.3.0&path=//lib64 HTTP/1.1" 200 15608 "-" "Mozilla/5.0 (Linux; Android 6.0.1; Nexus 5X Build/MMB29P) AppleWebKit/537.36 (KHTML, like Gecko) Chrome/150.0.7871.186 Mobile Safari/537.36 (compatible; GoogleOther)"
216.73.216.111 - - [16/Aug/2026:23:16:30 +0330] "GET /store/storage/photos/shares/%D8%AF%D9%88%D9%82%D9%84%D9%88/6631_441_11zon.webp HTTP/2" 429 0 "-" "Mozilla/5.0 AppleWebKit/537.36 (KHTML, like Gecko; compatible; ClaudeBot/1.0; +claudebot@anthropic.com)"
216.73.216.111 - - [16/Aug/2026:23:16:33 +0330] "GET /store/storage/photos/shares/%D8%AF%D9%88%D9%82%D9%84%D9%88/6609_436_11zon.webp HTTP/2" 429 0 "-" "Mozilla/5.0 AppleWebKit/537.36 (KHTML, like Gecko; compatible; ClaudeBot/1.0; +claudebot@anthropic.com)"
216.73.216.111 - - [16/Aug/2026:23:16:38 +0330] "GET /store/storage/photos/shares/%D8%AF%D9%88%D9%82%D9%84%D9%88/6452_421_11zon.webp HTTP/2" 429 0 "-" "Mozilla/5.0 AppleWebKit/537.36 (KHTML, like Gecko; compatible; ClaudeBot/1.0; +claudebot@anthropic.com)"
216.73.216.111 - - [16/Aug/2026:23:17:04 +0330] "GET /store/products/%D8%B4%DB%8C%D8%B1%D8%A8%D8%B1%D9%82%DB%8C-%D8%AA%DA%A9-90-%D8%AF%D8%B1%D8%AC%D9%87-%DA%86%DB%8C%D9%86 HTTP/2" 429 0 "-" "Mozilla/5.0 AppleWebKit/537.36 (KHTML, like Gecko; compatible; ClaudeBot/1.0; +claudebot@anthropic.com)"
216.73.216.111 - - [16/Aug/2026:23:17:09 +0330] "GET /store/products/%D8%B1%D8%A7%D8%A8%D8%B7-%D8%B4%DB%8C%D9%84%D9%86%DA%AF-%D8%AE%D8%B1%D9%88%D8%AC%DB%8C HTTP/2" 200 17474 "-" "Mozilla/5.0 AppleWebKit/537.36 (KHTML, like Gecko; compatible; ClaudeBot/1.0; +claudebot@anthropic.com)"
216.73.216.111 - - [16/Aug/2026:23:13:14 +0330] "GET /wp-signup.php?fileloc=%2F%2Fbin%2Fdisplay&path=%2F%2Fbin HTTP/2" 200 5636 "-" "Mozilla/5.0 AppleWebKit/537.36 (KHTML, like Gecko; compatible; ClaudeBot/1.0; +claudebot@anthropic.com)"
216.73.216.111 - - [16/Aug/2026:23:13:19 +0330] "GET /wp-trackback.php?fileloc=%2F%2Fetc%2Fcl.selector%2Fea-lsphp&path=%2F%2Fetc%2Fcl.selector HTTP/2" 429 0 "-" "Mozilla/5.0 AppleWebKit/537.36 (KHTML, like Gecko; compatible; ClaudeBot/1.0; +claudebot@anthropic.com)"
216.73.216.111 - - [16/Aug/2026:23:13:24 +0330] "GET /wp-signup.php?fileloc=%2F%2Fbin%2Fbasename&path=%2F%2Fbin HTTP/2" 429 0 "-" "Mozilla/5.0 AppleWebKit/537.36 (KHTML, like Gecko; compatible; ClaudeBot/1.0; +claudebot@anthropic.com)"
216.73.216.111 - - [16/Aug/2026:23:13:29 +0330] "GET /wp-signup.php?fileloc=%2F%2Fbin%2Fimport&path=%2F%2Fbin HTTP/2" 429 0 "-" "Mozilla/5.0 AppleWebKit/537.36 (KHTML, like Gecko; compatible; ClaudeBot/1.0; +claudebot@anthropic.com)"
216.73.216.111 - - [16/Aug/2026:23:13:33 +0330] "GET /wp-signup.php?fileloc=%2F%2Fbin%2Fmysql_waitpid&path=%2F%2Fbin HTTP/2" 429 0 "-" "Mozilla/5.0 AppleWebKit/537.36 (KHTML, like Gecko; compatible; ClaudeBot/1.0; +claudebot@anthropic.com)"
216.73.216.111 - - [16/Aug/2026:23:13:39 +0330] "GET /wp-signup.php?fileloc=%2F%2Fbin%2Fzipgrep&path=%2F%2Fbin HTTP/2" 429 0 "-" "Mozilla/5.0 AppleWebKit/537.36 (KHTML, like Gecko; compatible; ClaudeBot/1.0; +claudebot@anthropic.com)"
216.73.216.111 - - [16/Aug/2026:23:13:43 +0330] "GET /wp-signup.php?fileloc=%2F%2Fbin%2Ftail&path=%2F%2Fbin HTTP/2" 429 0 "-" "Mozilla/5.0 AppleWebKit/537.36 (KHTML, like Gecko; compatible; ClaudeBot/1.0; +claudebot@anthropic.com)"
216.73.216.111 - - [16/Aug/2026:23:13:48 +0330] "GET /wp-signup.php?fileloc=%2F%2Fbin%2Fspell&path=%2F%2Fbin HTTP/2" 429 0 "-" "Mozilla/5.0 AppleWebKit/537.36 (KHTML, like Gecko; compatible; ClaudeBot/1.0; +claudebot@anthropic.com)"
216.73.216.111 - - [16/Aug/2026:23:13:53 +0330] "GET /wp-signup.php?fileloc=%2F%2Fbin%2Fautoconf&path=%2F%2Fbin HTTP/2" 429 0 "-" "Mozilla/5.0 AppleWebKit/537.36 (KHTML, like Gecko; compatible; ClaudeBot/1.0; +claudebot@anthropic.com)"
216.73.216.111 - - [16/Aug/2026:23:13:58 +0330] "GET /wp-signup.php?fileloc=%2F%2Fbin%2Fruncon&path=%2F%2Fbin HTTP/2" 429 0 "-" "Mozilla/5.0 AppleWebKit/537.36 (KHTML, like Gecko; compatible; ClaudeBot/1.0; +claudebot@anthropic.com)"
66.249.79.136 - - [16/Aug/2026:23:14:29 +0330] "GET /wp-load.php?fileloc=//lib/.build-id/bd/5a20a45b48ce0807864181d0a718848cbde7a0&path=//lib/.build-id/bd HTTP/1.1" 200 9191 "-" "Mozilla/5.0 (Linux; Android 6.0.1; Nexus 5X Build/MMB29P) AppleWebKit/537.36 (KHTML, like Gecko) Chrome/150.0.7871.186 Mobile Safari/537.36 (compatible; GoogleOther)"
66.249.79.137 - - [16/Aug/2026:23:15:19 +0330] "GET /wp-load.php?path=//lib/.build-id/a1 HTTP/1.1" 200 3423 "-" "Mozilla/5.0 (Linux; Android 6.0.1; Nexus 5X Build/MMB29P) AppleWebKit/537.36 (KHTML, like Gecko) Chrome/150.0.7871.186 Mobile Safari/537.36 (compatible; GoogleOther)"
216.73.216.111 - - [16/Aug/2026:23:16:45 +0330] "GET /wp-trackback.php?fileloc=%2F%2Fusr%2Flib64%2Flibpolkit-agent-1.so.0&path=%2F%2Fusr%2Flib64 HTTP/2" 200 17663 "-" "Mozilla/5.0 AppleWebKit/537.36 (KHTML, like Gecko; compatible; ClaudeBot/1.0; +claudebot@anthropic.com)"
216.73.216.111 - - [16/Aug/2026:23:17:25 +0330] "GET /store/storage/photos/shares/%D8%A7%D8%AA%D9%88%D9%85%D8%A7%D8%AA/%D8%B4%DB%8C%D8%B1%D8%A8%D8%B1%D9%82%DB%8C/-3157.png HTTP/2" 200 196572 "-" "Mozilla/5.0 AppleWebKit/537.36 (KHTML, like Gecko; compatible; ClaudeBot/1.0; +claudebot@anthropic.com)"
216.73.216.111 - - [16/Aug/2026:23:17:43 +0330] "GET /store/storage/photos/shares/%D8%A7%D8%AA%D9%88%D9%85%D8%A7%D8%AA/%D8%B4%DB%8C%D8%B1%D8%A8%D8%B1%D9%82%DB%8C/-3169.png HTTP/2" 200 663774 "-" "Mozilla/5.0 AppleWebKit/537.36 (KHTML, like Gecko; compatible; ClaudeBot/1.0; +claudebot@anthropic.com)"
216.73.216.111 - - [16/Aug/2026:23:17:20 +0330] "GET /store/storage/photos/shares/%D8%A7%D8%AA%D9%88%D9%85%D8%A7%D8%AA/%D8%B4%D9%81%D8%AA/1489/1489.jpg HTTP/2" 429 0 "-" "Mozilla/5.0 AppleWebKit/537.36 (KHTML, like Gecko; compatible; ClaudeBot/1.0; +claudebot@anthropic.com)"
66.249.79.136 - - [16/Aug/2026:23:17:53 +0330] "GET /wp-load.php?fileloc=//lib64/libtalloc.so.2&path=//lib64 HTTP/1.1" 200 22547 "-" "Mozilla/5.0 (Linux; Android 6.0.1; Nexus 5X Build/MMB29P) AppleWebKit/537.36 (KHTML, like Gecko) Chrome/150.0.7871.186 Mobile Safari/537.36 (compatible; GoogleOther)"
66.249.79.136 - - [16/Aug/2026:23:19:40 +0330] "GET /wp-links-opml.php?fileloc=//lib64/libsensors.so.4&path=//lib64 HTTP/1.1" 200 24578 "-" "Mozilla/5.0 (Linux; Android 6.0.1; Nexus 5X Build/MMB29P) AppleWebKit/537.36 (KHTML, like Gecko) Chrome/150.0.7871.186 Mobile Safari/537.36 (compatible; GoogleOther)"
103.59.160.186 - - [16/Aug/2026:23:19:26 +0330] "POST /index.php?option=com_sppagebuilder&task=asset.uploadCustomIcon HTTP/1.1" 403 787 "-" "Mozilla/5.0 (X11; Linux x86_64) sppb-rce-poc"
66.249.79.137 - - [16/Aug/2026:23:20:42 +0330] "GET /wp-load.php?fileloc=//lib64/libxkbcommon.so.0&path=//lib64 HTTP/1.1" 200 111834 "-" "Mozilla/5.0 (Linux; Android 6.0.1; Nexus 5X Build/MMB29P) AppleWebKit/537.36 (KHTML, like Gecko) Chrome/150.0.7871.186 Mobile Safari/537.36 (compatible; GoogleOther)"
66.249.79.136 - - [16/Aug/2026:23:24:16 +0330] "GET /wp-load.php?fileloc=//lib64/python3.9/codecs.py&path=//lib64/python3.9 HTTP/1.1" 200 11683 "-" "Mozilla/5.0 (Linux; Android 6.0.1; Nexus 5X Build/MMB29P) AppleWebKit/537.36 (KHTML, like Gecko) Chrome/150.0.7871.186 Mobile Safari/537.36 (compatible; GoogleOther)"
66.249.79.135 - - [16/Aug/2026:23:25:50 +0330] "GET /wp-links-opml.php?fileloc=//lib64/libibverbs.so.1&path=//lib64 HTTP/1.1" 200 56177 "-" "Mozilla/5.0 (Linux; Android 6.0.1; Nexus 5X Build/MMB29P) AppleWebKit/537.36 (KHTML, like Gecko) Chrome/150.0.7871.186 Mobile Safari/537.36 (compatible; GoogleOther)"
66.249.79.135 - - [16/Aug/2026:23:26:51 +0330] "GET /wp-load.php?fileloc=//lib64/python3.9/pipes.py&path=//lib64/python3.9 HTTP/1.1" 200 5472 "-" "Mozilla/5.0 (Linux; Android 6.0.1; Nexus 5X Build/MMB29P) AppleWebKit/537.36 (KHTML, like Gecko) Chrome/150.0.7871.186 Mobile Safari/537.36 (compatible; GoogleOther)"
66.249.79.137 - - [16/Aug/2026:23:28:09 +0330] "GET /wp-links-opml.php?fileloc=//usr/share/mysql/errmsg-utf8.txt&path=//usr/share/mysql HTTP/1.1" 200 268796 "-" "Mozilla/5.0 (Linux; Android 6.0.1; Nexus 5X Build/MMB29P) AppleWebKit/537.36 (KHTML, like Gecko) Chrome/150.0.7871.186 Mobile Safari/537.36 (compatible; GoogleOther)"
216.73.216.111 - - [16/Aug/2026:23:17:49 +0330] "GET /store/storage/photos/shares/%D8%A7%D8%AA%D9%88%D9%85%D8%A7%D8%AA/%DB%8C%D9%82%D9%87%20%D8%B4%D9%88%D8%B1/%D8%A8%DA%A9%D9%88.---2495.png HTTP/2" 429 0 "-" "Mozilla/5.0 AppleWebKit/537.36 (KHTML, like Gecko; compatible; ClaudeBot/1.0; +claudebot@anthropic.com)"
216.73.216.111 - - [16/Aug/2026:23:18:07 +0330] "GET /store/storage/photos/shares/%D8%A7%D8%AA%D9%88%D9%85%D8%A7%D8%AA/%D8%B4%DB%8C%D8%B1%D8%A8%D8%B1%D9%82%DB%8C/-3152.png HTTP/2" 429 0 "-" "Mozilla/5.0 AppleWebKit/537.36 (KHTML, like Gecko; compatible; ClaudeBot/1.0; +claudebot@anthropic.com)"
66.249.79.137 - - [16/Aug/2026:23:22:12 +0330] "GET /wp-load.php?fileloc=//lib64/liblber.so.2&path=//lib64 HTTP/1.1" 200 27745 "-" "Mozilla/5.0 (Linux; Android 6.0.1; Nexus 5X Build/MMB29P) AppleWebKit/537.36 (KHTML, like Gecko) Chrome/150.0.7871.186 Mobile Safari/537.36 (compatible; GoogleOther)"
66.249.79.136 - - [16/Aug/2026:23:23:09 +0330] "GET /wp-links-opml.php?path=//lib/firmware/HP HTTP/1.1" 200 2961 "-" "Mozilla/5.0 (Linux; Android 6.0.1; Nexus 5X Build/MMB29P) AppleWebKit/537.36 (KHTML, like Gecko) Chrome/150.0.7871.186 Mobile Safari/537.36 (compatible; GoogleOther)"
66.249.79.136 - - [16/Aug/2026:23:29:14 +0330] "GET /wp-load.php?fileloc=//proc/thread-self/stat&path=//proc/thread-self HTTP/1.1" 200 2781 "-" "Mozilla/5.0 (Linux; Android 6.0.1; Nexus 5X Build/MMB29P) AppleWebKit/537.36 (KHTML, like Gecko) Chrome/150.0.7871.186 Mobile Safari/537.36 (compatible; Googlebot/2.1; +http://www.google.com/bot.html)"
51.75.129.178 - - [16/Aug/2026:23:30:02 +0330] "GET /robots.txt HTTP/1.1" 404 796 "-" "Mozilla/5.0 (compatible; MJ12bot/v1.4.8; http://mj12bot.com/)"
51.75.129.178 - - [16/Aug/2026:23:30:03 +0330] "GET /wp-blog-header.php?fileloc=//bin/locale&path=//bin HTTP/1.1" 200 19586 "-" "Mozilla/5.0 (compatible; MJ12bot/v1.4.8; http://mj12bot.com/)"
51.75.129.178 - - [16/Aug/2026:23:30:07 +0330] "GET /wp-blog-header.php?fileloc=//lib/.build-id/a8/0bb2354fd4c761786673e0d42e514947db6882&path=//lib/.build-id/a8 HTTP/1.1" 200 35998 "-" "Mozilla/5.0 (compatible; MJ12bot/v1.4.8; http://mj12bot.com/)"
51.75.129.178 - - [16/Aug/2026:23:30:09 +0330] "GET /wp-blog-header.php?fileloc=//lib/.build-id/a8/0cc378974185a3b492ed74323708031005902e&path=//lib/.build-id/a8 HTTP/1.1" 200 17159 "-" "Mozilla/5.0 (compatible; MJ12bot/v1.4.8; http://mj12bot.com/)"
51.75.129.178 - - [16/Aug/2026:23:30:12 +0330] "GET /wp-blog-header.php?fileloc=//lib/.build-id/c6/ff47a0f320cd5656dbc2284338b662e8278f29&path=//lib/.build-id/c6 HTTP/1.1" 200 123770 "-" "Mozilla/5.0 (compatible; MJ12bot/v1.4.8; http://mj12bot.com/)"
51.75.129.178 - - [16/Aug/2026:23:30:14 +0330] "GET /wp-blog-header.php?fileloc=//lib/.build-id/d9/dfab3b838fc01db898a785862d5dd0ec6cfe5c&path=//lib/.build-id/d9 HTTP/1.1" 200 5493 "-" "Mozilla/5.0 (compatible; MJ12bot/v1.4.8; http://mj12bot.com/)"
51.75.129.178 - - [16/Aug/2026:23:30:17 +0330] "GET /wp-blog-header.php?fileloc=//lib/.build-id/d9/e1043ddbbc65f74b0aa2a9fede63a7c4652981&path=//lib/.build-id/d9 HTTP/1.1" 200 78231 "-" "Mozilla/5.0 (compatible; MJ12bot/v1.4.8; http://mj12bot.com/)"
51.75.129.178 - - [16/Aug/2026:23:30:20 +0330] "GET /wp-blog-header.php?fileloc=//lib/.build-id/d9/ffa382f73a7df2bc23093709b08831aed9575a&path=//lib/.build-id/d9 HTTP/1.1" 200 46147 "-" "Mozilla/5.0 (compatible; MJ12bot/v1.4.8; http://mj12bot.com/)"
51.75.129.178 - - [16/Aug/2026:23:30:24 +0330] "GET /wp-blog-header.php?fileloc=//lib/.build-id/da/2ad52ad95e036a5aa629e9822747dab8ac8fb2&path=//lib/.build-id/da HTTP/1.1" 200 21888 "-" "Mozilla/5.0 (compatible; MJ12bot/v1.4.8; http://mj12bot.com/)"
51.75.129.178 - - [16/Aug/2026:23:30:26 +0330] "GET /wp-blog-header.php?fileloc=//lib/.build-id/da/387577838e2c9de017a42ada23fa114550dc86&path=//lib/.build-id/da HTTP/1.1" 200 18937 "-" "Mozilla/5.0 (compatible; MJ12bot/v1.4.8; http://mj12bot.com/)"
51.75.129.178 - - [16/Aug/2026:23:30:28 +0330] "GET /wp-blog-header.php?fileloc=//lib/.build-id/da/4d6b4a3aa250da6380b87ad719c9a5fa368959&path=//lib/.build-id/da HTTP/1.1" 200 19473 "-" "Mozilla/5.0 (compatible; MJ12bot/v1.4.8; http://mj12bot.com/)"
51.75.129.178 - - [16/Aug/2026:23:30:31 +0330] "GET /wp-blog-header.php?fileloc=//lib/.build-id/da/52d69889e3b22868758b834b06992b40aa8df3&path=//lib/.build-id/da HTTP/1.1" 200 7193 "-" "Mozilla/5.0 (compatible; MJ12bot/v1.4.8; http://mj12bot.com/)"
51.75.129.178 - - [16/Aug/2026:23:30:34 +0330] "GET /wp-blog-header.php?fileloc=//lib/.build-id/da/776bb5d4f93801903f627ce74a1499cf741d6e&path=//lib/.build-id/da HTTP/1.1" 200 53177 "-" "Mozilla/5.0 (compatible; MJ12bot/v1.4.8; http://mj12bot.com/)"
51.75.129.178 - - [16/Aug/2026:23:30:36 +0330] "GET /wp-blog-header.php?fileloc=//lib/.build-id/da/7b04fa765ba354ad98c2f59d92aff737210dc5&path=//lib/.build-id/da HTTP/1.1" 200 42906 "-" "Mozilla/5.0 (compatible; MJ12bot/v1.4.8; http://mj12bot.com/)"
51.75.129.178 - - [16/Aug/2026:23:30:39 +0330] "GET /wp-blog-header.php?fileloc=//lib/.build-id/da/ae21af78c423c590334666fa6f9bb7e7aadb28&path=//lib/.build-id/da HTTP/1.1" 200 7759 "-" "Mozilla/5.0 (compatible; MJ12bot/v1.4.8; http://mj12bot.com/)"
51.75.129.178 - - [16/Aug/2026:23:30:42 +0330] "GET /wp-blog-header.php?fileloc=//lib/.build-id/da/cea733ad34b72f05d0de483c4aff958b85a123&path=//lib/.build-id/da HTTP/1.1" 200 21063 "-" "Mozilla/5.0 (compatible; MJ12bot/v1.4.8; http://mj12bot.com/)"
51.75.129.178 - - [16/Aug/2026:23:30:44 +0330] "GET /wp-blog-header.php?fileloc=//lib/.build-id/da/e844bcb827e2ee1f10f65979b92889cc771081&path=//lib/.build-id/da HTTP/1.1" 200 7347 "-" "Mozilla/5.0 (compatible; MJ12bot/v1.4.8; http://mj12bot.com/)"
51.75.129.178 - - [16/Aug/2026:23:30:47 +0330] "GET /wp-blog-header.php?fileloc=//lib/.build-id/da/e98533274730b8004d39db15c3ac26a0c933d4&path=//lib/.build-id/da HTTP/1.1" 200 7692 "-" "Mozilla/5.0 (compatible; MJ12bot/v1.4.8; http://mj12bot.com/)"
51.75.129.178 - - [16/Aug/2026:23:30:49 +0330] "GET /wp-blog-header.php?fileloc=//lib/.build-id/db/183f0d29c480b6666caa17028b8c5245be957c&path=//lib/.build-id/db HTTP/1.1" 200 98870 "-" "Mozilla/5.0 (compatible; MJ12bot/v1.4.8; http://mj12bot.com/)"
51.75.129.178 - - [16/Aug/2026:23:30:54 +0330] "GET /wp-blog-header.php?fileloc=//lib/.build-id/db/57d623d4da7bbfbde07bae7b98d423afd4ce59&path=//lib/.build-id/db HTTP/1.1" 200 21465 "-" "Mozilla/5.0 (compatible; MJ12bot/v1.4.8; http://mj12bot.com/)"
51.75.129.178 - - [16/Aug/2026:23:30:56 +0330] "GET /wp-blog-header.php?fileloc=//lib/.build-id/db/5a61ad503f2c2051eded879fb26902f95205a0&path=//lib/.build-id/db HTTP/1.1" 200 9759 "-" "Mozilla/5.0 (compatible; MJ12bot/v1.4.8; http://mj12bot.com/)"
51.75.129.178 - - [16/Aug/2026:23:30:59 +0330] "GET /wp-blog-header.php?fileloc=//lib/.build-id/db/665a688798e963b58a330c8b8041c35fdd2866&path=//lib/.build-id/db HTTP/1.1" 200 649715 "-" "Mozilla/5.0 (compatible; MJ12bot/v1.4.8; http://mj12bot.com/)"
51.75.129.178 - - [16/Aug/2026:23:31:03 +0330] "GET /wp-blog-header.php?fileloc=//lib/.build-id/db/9e238864082d2498be75261dc6cf75e28972a2&path=//lib/.build-id/db HTTP/1.1" 200 8382 "-" "Mozilla/5.0 (compatible; MJ12bot/v1.4.8; http://mj12bot.com/)"
51.75.129.178 - - [16/Aug/2026:23:31:05 +0330] "GET /wp-blog-header.php?fileloc=//lib/.build-id/db/ac6ac3b299c5195ca18902bc3361c00e340b3a&path=//lib/.build-id/db HTTP/1.1" 200 20948 "-" "Mozilla/5.0 (compatible; MJ12bot/v1.4.8; http://mj12bot.com/)"
51.75.129.178 - - [16/Aug/2026:23:31:10 +0330] "GET /wp-blog-header.php?fileloc=//lib/.build-id/db/c76f16e223f6108fc8f6edb36cde6c91a3e93a&path=//lib/.build-id/db HTTP/1.1" 200 8389 "-" "Mozilla/5.0 (compatible; MJ12bot/v1.4.8; http://mj12bot.com/)"
51.75.129.178 - - [16/Aug/2026:23:31:13 +0330] "GET /wp-blog-header.php?fileloc=//lib/.build-id/db/cd8d1b02ea3813930981ec0491de35c7f36cee&path=//lib/.build-id/db HTTP/1.1" 200 14759 "-" "Mozilla/5.0 (compatible; MJ12bot/v1.4.8; http://mj12bot.com/)"
51.75.129.178 - - [16/Aug/2026:23:33:21 +0330] "GET /wp-blog-header.php?fileloc=//lib/.build-id/db/cf9f7900e7fd350a28705534de0fe95245dfee&path=//lib/.build-id/db HTTP/1.1" 200 109474 "-" "Mozilla/5.0 (compatible; MJ12bot/v1.4.8; http://mj12bot.com/)"
51.75.129.178 - - [16/Aug/2026:23:33:26 +0330] "GET /wp-blog-header.php?fileloc=//lib/.build-id/db/d60554f0ce08d40e4657c749c0f11bb66e5d1f&path=//lib/.build-id/db HTTP/1.1" 200 8391 "-" "Mozilla/5.0 (compatible; MJ12bot/v1.4.8; http://mj12bot.com/)"
51.75.129.178 - - [16/Aug/2026:23:33:31 +0330] "GET /wp-blog-header.php?fileloc=//lib/.build-id/dc/04acf2ca82444e03f7dcc7d750d1a2c7ba1157&path=//lib/.build-id/dc HTTP/1.1" 200 8412 "-" "Mozilla/5.0 (compatible; MJ12bot/v1.4.8; http://mj12bot.com/)"
51.75.129.178 - - [16/Aug/2026:23:33:34 +0330] "GET /wp-blog-header.php?fileloc=//lib/.build-id/dc/411628e260cf198c5fb87a1409a398c383c0a0&path=//lib/.build-id/dc HTTP/1.1" 200 1533903 "-" "Mozilla/5.0 (compatible; MJ12bot/v1.4.8; http://mj12bot.com/)"
51.75.129.178 - - [16/Aug/2026:23:33:44 +0330] "GET /wp-blog-header.php?fileloc=//lib/.build-id/dc/4e903f69bed0d5a9168b2ca58a13ba9675e0fa&path=//lib/.build-id/dc HTTP/1.1" 200 6949 "-" "Mozilla/5.0 (compatible; MJ12bot/v1.4.8; http://mj12bot.com/)"
51.75.129.178 - - [16/Aug/2026:23:33:46 +0330] "GET /wp-blog-header.php?fileloc=//lib/.build-id/dc/7f45fc361d2d2c3060fa52081eaf9ad2b812b3&path=//lib/.build-id/dc HTTP/1.1" 200 54427 "-" "Mozilla/5.0 (compatible; MJ12bot/v1.4.8; http://mj12bot.com/)"
51.75.129.178 - - [16/Aug/2026:23:33:49 +0330] "GET /wp-blog-header.php?fileloc=//lib/.build-id/dc/80404fa67612107f1f45ded5f931060786f686&path=//lib/.build-id/dc HTTP/1.1" 200 120921 "-" "Mozilla/5.0 (compatible; MJ12bot/v1.4.8; http://mj12bot.com/)"
51.75.129.178 - - [16/Aug/2026:23:33:54 +0330] "GET /wp-blog-header.php?fileloc=//lib/.build-id/dc/8252f93c9612369a2299991a6c2fcc0c08cf7e&path=//lib/.build-id/dc HTTP/1.1" 200 208240 "-" "Mozilla/5.0 (compatible; MJ12bot/v1.4.8; http://mj12bot.com/)"
51.75.129.178 - - [16/Aug/2026:23:33:58 +0330] "GET /wp-blog-header.php?fileloc=//lib/.build-id/dc/894826b366a77da5d131e43f410b3b5a68a663&path=//lib/.build-id/dc HTTP/1.1" 200 8497 "-" "Mozilla/5.0 (compatible; MJ12bot/v1.4.8; http://mj12bot.com/)"
51.75.129.178 - - [16/Aug/2026:23:34:02 +0330] "GET /wp-blog-header.php?fileloc=//lib/.build-id/dc/8fb4bc44b44001849568ea8fbb43644780747b&path=//lib/.build-id/dc HTTP/1.1" 200 7935 "-" "Mozilla/5.0 (compatible; MJ12bot/v1.4.8; http://mj12bot.com/)"
51.75.129.178 - - [16/Aug/2026:23:34:05 +0330] "GET /wp-blog-header.php?fileloc=//lib/.build-id/dc/9b790b2d3bcbe8d9d8555e5f575cd6abd1306f&path=//lib/.build-id/dc HTTP/1.1" 200 6032 "-" "Mozilla/5.0 (compatible; MJ12bot/v1.4.8; http://mj12bot.com/)"
51.75.129.178 - - [16/Aug/2026:23:34:09 +0330] "GET /wp-blog-header.php?fileloc=//lib/.build-id/dc/a7ac55aa27077794653f95802e7718770e3648&path=//lib/.build-id/dc HTTP/1.1" 200 91181 "-" "Mozilla/5.0 (compatible; MJ12bot/v1.4.8; http://mj12bot.com/)"
51.75.129.178 - - [16/Aug/2026:23:34:13 +0330] "GET /wp-blog-header.php?fileloc=//lib/.build-id/dc/e5764be8ebb136224cc6d291221dce63204b44&path=//lib/.build-id/dc HTTP/1.1" 200 11208 "-" "Mozilla/5.0 (compatible; MJ12bot/v1.4.8; http://mj12bot.com/)"
51.75.129.178 - - [16/Aug/2026:23:34:15 +0330] "GET /wp-blog-header.php?fileloc=//lib/.build-id/dd/18d3b21049840f888857c7947979754998a462&path=//lib/.build-id/dd HTTP/1.1" 200 4532 "-" "Mozilla/5.0 (compatible; MJ12bot/v1.4.8; http://mj12bot.com/)"
51.75.129.178 - - [16/Aug/2026:23:34:17 +0330] "GET /wp-blog-header.php?fileloc=//lib/.build-id/dd/33251146ab993f33e418c81e2cb4aea67fdc0f&path=//lib/.build-id/dd HTTP/1.1" 200 5297 "-" "Mozilla/5.0 (compatible; MJ12bot/v1.4.8; http://mj12bot.com/)"
216.73.216.111 - - [16/Aug/2026:23:34:20 +0330] "GET /wp-signup.php?fileloc=%2F%2Fusr%2Flib%2Fsysusers.d%2Fmariadb.conf&path=%2F%2Fusr%2Flib%2Fsysusers.d HTTP/2" 200 2652 "-" "Mozilla/5.0 AppleWebKit/537.36 (KHTML, like Gecko; compatible; ClaudeBot/1.0; +claudebot@anthropic.com)"
51.75.129.178 - - [16/Aug/2026:23:34:21 +0330] "GET /wp-blog-header.php?fileloc=//lib/.build-id/dd/60bb93ab45130a76a950bc351a60a1cb639f04&path=//lib/.build-id/dd HTTP/1.1" 200 7896 "-" "Mozilla/5.0 (compatible; MJ12bot/v1.4.8; http://mj12bot.com/)"
51.75.129.178 - - [16/Aug/2026:23:34:24 +0330] "GET /wp-blog-header.php?fileloc=//lib/.build-id/dd/83b1414237fa68ee0d94421bd00ef206e450a1&path=//lib/.build-id/dd HTTP/1.1" 200 9606 "-" "Mozilla/5.0 (compatible; MJ12bot/v1.4.8; http://mj12bot.com/)"
216.73.216.111 - - [16/Aug/2026:23:34:26 +0330] "GET /wp-signup.php?fileloc=%2F%2Fusr%2Flib%2Fsysusers.d%2Fchrony.conf&path=%2F%2Fusr%2Flib%2Fsysusers.d HTTP/2" 429 0 "-" "Mozilla/5.0 AppleWebKit/537.36 (KHTML, like Gecko; compatible; ClaudeBot/1.0; +claudebot@anthropic.com)"
51.75.129.178 - - [16/Aug/2026:23:34:27 +0330] "GET /wp-blog-header.php?fileloc=//lib/.build-id/dd/8b5a0a90272274ed651fc299259f167ee36b87&path=//lib/.build-id/dd HTTP/1.1" 200 5444 "-" "Mozilla/5.0 (compatible; MJ12bot/v1.4.8; http://mj12bot.com/)"
51.75.129.178 - - [16/Aug/2026:23:34:29 +0330] "GET /wp-blog-header.php?fileloc=//lib/.build-id/dd/9a61e249517dc42fb2b0190e6b0f5644a3a476&path=//lib/.build-id/dd HTTP/1.1" 200 6622 "-" "Mozilla/5.0 (compatible; MJ12bot/v1.4.8; http://mj12bot.com/)"
66.249.79.136 - - [16/Aug/2026:23:30:01 +0330] "GET /wp-load.php?path=//etc/pki/rsyslog HTTP/1.1" 200 2661 "-" "Mozilla/5.0 (Linux; Android 6.0.1; Nexus 5X Build/MMB29P) AppleWebKit/537.36 (KHTML, like Gecko) Chrome/150.0.7871.186 Mobile Safari/537.36 (compatible; GoogleOther)"
104.210.140.143 - - [16/Aug/2026:23:32:11 +0330] "GET /robots.txt HTTP/2" 404 796 "-" "Mozilla/5.0 (Macintosh; Intel Mac OS X 10_15_7) AppleWebKit/537.36 (KHTML, like Gecko) Chrome/131.0.0.0 Safari/537.36; compatible; OAI-SearchBot/1.0; +https://openai.com/searchbot"
57.141.20.27 - - [16/Aug/2026:23:33:28 +0330] "GET /sitemap_index.xml?fileloc=/home/armgroup/public_html/wp-includes/block-patterns.php&path=/home/armgroup/public_html/wp-includes HTTP/2" 404 796 "-" "Mozilla/5.0 (Windows NT 10.0; Win64; x64) AppleWebKit/537.36 (KHTML, like Gecko) Chrome/145.0.0.0 Safari/537.36 Edg/145.0.0.0 (compatible; meta-externalagent/1.1 (+https://developers.facebook.com/docs/sharing/webmasters/crawler))"
66.249.79.136 - - [16/Aug/2026:23:33:41 +0330] "GET /wp-links-opml.php?fileloc=//lib/.build-id/c7/3804ff20cc342f5a418ac6eaf50f1a675dde89&path=//lib/.build-id/c7 HTTP/1.1" 200 25298 "-" "Mozilla/5.0 (Linux; Android 6.0.1; Nexus 5X Build/MMB29P) AppleWebKit/537.36 (KHTML, like Gecko) Chrome/150.0.7871.186 Mobile Safari/537.36 (compatible; GoogleOther)"
66.249.79.136 - - [16/Aug/2026:23:34:52 +0330] "GET /wp-load.php?path=//etc/pki/tls HTTP/1.1" 200 3284 "-" "Mozilla/5.0 (Linux; Android 6.0.1; Nexus 5X Build/MMB29P) AppleWebKit/537.36 (KHTML, like Gecko) Chrome/150.0.7871.186 Mobile Safari/537.36 (compatible; GoogleOther)"
216.73.216.111 - - [16/Aug/2026:23:35:36 +0330] "GET /wp-signup.php?fileloc=%2F%2Fusr%2Flib%2Frpm%2Frpm2cpio.sh&path=%2F%2Fusr%2Flib%2Frpm HTTP/2" 200 3462 "-" "Mozilla/5.0 AppleWebKit/537.36 (KHTML, like Gecko; compatible; ClaudeBot/1.0; +claudebot@anthropic.com)"
216.73.216.111 - - [16/Aug/2026:23:35:41 +0330] "GET /wp-signup.php?fileloc=%2F%2Fusr%2Flib%2Frpm%2Frpm.daily&path=%2F%2Fusr%2Flib%2Frpm HTTP/2" 429 0 "-" "Mozilla/5.0 AppleWebKit/537.36 (KHTML, like Gecko; compatible; ClaudeBot/1.0; +claudebot@anthropic.com)"
216.73.216.111 - - [16/Aug/2026:23:35:45 +0330] "GET /wp-signup.php?fileloc=%2F%2Fusr%2Flib%2Frpm%2Fgstreamer1.prov&path=%2F%2Fusr%2Flib%2Frpm HTTP/2" 429 0 "-" "Mozilla/5.0 AppleWebKit/537.36 (KHTML, like Gecko; compatible; ClaudeBot/1.0; +claudebot@anthropic.com)"
66.249.79.137 - - [16/Aug/2026:23:36:01 +0330] "GET /wp-load.php?path=//etc/pki/nssdb HTTP/1.1" 200 3051 "-" "Mozilla/5.0 (Linux; Android 6.0.1; Nexus 5X Build/MMB29P) AppleWebKit/537.36 (KHTML, like Gecko) Chrome/150.0.7871.186 Mobile Safari/537.36 (compatible; GoogleOther)"
216.73.216.111 - - [16/Aug/2026:23:36:05 +0330] "GET /wp-trackback.php?fileloc=%2F%2Fusr%2Fshare%2Fman%2Fman1%2Fperldtrace.1.gz&path=%2F%2Fusr%2Fshare%2Fman%2Fman1 HTTP/2" 429 0 "-" "Mozilla/5.0 AppleWebKit/537.36 (KHTML, like Gecko; compatible; ClaudeBot/1.0; +claudebot@anthropic.com)"
216.73.216.111 - - [16/Aug/2026:23:36:22 +0330] "GET /wp-trackback.php?fileloc=%2F%2Fusr%2Fshare%2Fman%2Fman3%2FEVP_MD_fetch.3ossl.gz&path=%2F%2Fusr%2Fshare%2Fman%2Fman3 HTTP/2" 200 12598 "-" "Mozilla/5.0 AppleWebKit/537.36 (KHTML, like Gecko; compatible; ClaudeBot/1.0; +claudebot@anthropic.com)"
51.75.129.178 - - [16/Aug/2026:23:35:47 +0330] "GET /wp-blog-header.php?fileloc=//lib/.build-id/de/3a2918f87862d2d48453a6ac09e2dfd2d33da5&path=//lib/.build-id/de HTTP/1.1" 200 467562 "-" "Mozilla/5.0 (compatible; MJ12bot/v1.4.8; http://mj12bot.com/)"
216.73.216.111 - - [16/Aug/2026:23:36:28 +0330] "GET /wp-trackback.php?fileloc=%2F%2Fusr%2Fshare%2Fman%2Fman3%2FOPENSSL_clear_free.3ossl.gz&path=%2F%2Fusr%2Fshare%2Fman%2Fman3 HTTP/2" 429 0 "-" "Mozilla/5.0 AppleWebKit/537.36 (KHTML, like Gecko; compatible; ClaudeBot/1.0; +claudebot@anthropic.com)"
216.73.216.111 - - [16/Aug/2026:23:34:30 +0330] "GET /wp-signup.php?fileloc=%2F%2Fusr%2Flib%2Fsysusers.d%2Fsystemd-coredump.conf&path=%2F%2Fusr%2Flib%2Fsysusers.d HTTP/2" 429 0 "-" "Mozilla/5.0 AppleWebKit/537.36 (KHTML, like Gecko; compatible; ClaudeBot/1.0; +claudebot@anthropic.com)"
216.73.216.111 - - [16/Aug/2026:23:34:35 +0330] "GET /wp-signup.php?fileloc=%2F%2Fusr%2Flib%2Fsysusers.d%2Fnscd.conf&path=%2F%2Fusr%2Flib%2Fsysusers.d HTTP/2" 429 0 "-" "Mozilla/5.0 AppleWebKit/537.36 (KHTML, like Gecko; compatible; ClaudeBot/1.0; +claudebot@anthropic.com)"
216.73.216.111 - - [16/Aug/2026:23:34:40 +0330] "GET /wp-signup.php?fileloc=%2F%2Fusr%2Flib%2Fsysusers.d%2Fnamed.conf&path=%2F%2Fusr%2Flib%2Fsysusers.d HTTP/2" 429 0 "-" "Mozilla/5.0 AppleWebKit/537.36 (KHTML, like Gecko; compatible; ClaudeBot/1.0; +claudebot@anthropic.com)"
216.73.216.111 - - [16/Aug/2026:23:34:46 +0330] "GET /wp-signup.php?fileloc=%2F%2Fusr%2Flib%2Fsysusers.d%2Frtkit.conf&path=%2F%2Fusr%2Flib%2Fsysusers.d HTTP/2" 429 0 "-" "Mozilla/5.0 AppleWebKit/537.36 (KHTML, like Gecko; compatible; ClaudeBot/1.0; +claudebot@anthropic.com)"
51.75.129.178 - - [16/Aug/2026:23:35:09 +0330] "GET /wp-blog-header.php?fileloc=//lib/.build-id/dd/ce18ba94197a7e6ab077d530f0cfa328ca6726&path=//lib/.build-id/dd HTTP/1.1" 200 10086 "-" "Mozilla/5.0 (compatible; MJ12bot/v1.4.8; http://mj12bot.com/)"
51.75.129.178 - - [16/Aug/2026:23:35:12 +0330] "GET /wp-blog-header.php?fileloc=//lib/.build-id/dd/e9349cc75d54bcef42dbe5c53ce4e10e6bf37a&path=//lib/.build-id/dd HTTP/1.1" 200 51738 "-" "Mozilla/5.0 (compatible; MJ12bot/v1.4.8; http://mj12bot.com/)"
51.75.129.178 - - [16/Aug/2026:23:35:22 +0330] "GET /wp-blog-header.php?fileloc=//lib/.build-id/de/106896803426ce3cd757d876d8db3cd4b8968c&path=//lib/.build-id/de HTTP/1.1" 200 70736 "-" "Mozilla/5.0 (compatible; MJ12bot/v1.4.8; http://mj12bot.com/)"
216.73.216.111 - - [16/Aug/2026:23:35:37 +0330] "GET /wp-trackback.php?fileloc=%2F%2Fusr%2Fshare%2Fman%2Fman3%2FRAND_egd_bytes.3ossl.gz&path=%2F%2Fusr%2Fshare%2Fman%2Fman3 HTTP/2" 200 5315 "-" "Mozilla/5.0 AppleWebKit/537.36 (KHTML, like Gecko; compatible; ClaudeBot/1.0; +claudebot@anthropic.com)"
216.73.216.111 - - [16/Aug/2026:23:36:36 +0330] "GET /wp-trackback.php?fileloc=%2F%2Fusr%2Fshare%2Fman%2Fman1%2Fsha512sum.1.gz&path=%2F%2Fusr%2Fshare%2Fman%2Fman1 HTTP/2" 200 3931 "-" "Mozilla/5.0 AppleWebKit/537.36 (KHTML, like Gecko; compatible; ClaudeBot/1.0; +claudebot@anthropic.com)"
216.73.216.111 - - [16/Aug/2026:23:36:42 +0330] "GET /wp-trackback.php?fileloc=%2F%2Fusr%2Fshare%2Fman%2Fman3%2FEC_GROUP_new_from_ecpkparameters.3ossl.gz&path=%2F%2Fusr%2Fshare%2Fman%2Fman3 HTTP/2" 200 7461 "-" "Mozilla/5.0 AppleWebKit/537.36 (KHTML, like Gecko; compatible; ClaudeBot/1.0; +claudebot@anthropic.com)"
216.73.216.111 - - [16/Aug/2026:23:36:43 +0330] "GET /wp-trackback.php?fileloc=%2F%2Fusr%2Fshare%2Fman%2Fman3%2FBIO_set_ssl_mode.3ossl.gz&path=%2F%2Fusr%2Fshare%2Fman%2Fman3 HTTP/2" 429 0 "-" "Mozilla/5.0 AppleWebKit/537.36 (KHTML, like Gecko; compatible; ClaudeBot/1.0; +claudebot@anthropic.com)"
216.73.216.111 - - [16/Aug/2026:23:36:48 +0330] "GET /wp-trackback.php?fileloc=%2F%2Fusr%2Fshare%2Fsnmp%2Fmibs%2FSNMPv2-TC.txt&path=%2F%2Fusr%2Fshare%2Fsnmp%2Fmibs HTTP/2" 429 0 "-" "Mozilla/5.0 AppleWebKit/537.36 (KHTML, like Gecko; compatible; ClaudeBot/1.0; +claudebot@anthropic.com)"
216.73.216.111 - - [16/Aug/2026:23:36:52 +0330] "GET /wp-trackback.php?fileloc=%2F%2Fusr%2Fshare%2Fman%2Fman1%2Fopenssl-ciphers.1ossl.gz&path=%2F%2Fusr%2Fshare%2Fman%2Fman1 HTTP/2" 429 0 "-" "Mozilla/5.0 AppleWebKit/537.36 (KHTML, like Gecko; compatible; ClaudeBot/1.0; +claudebot@anthropic.com)"
216.73.216.111 - - [16/Aug/2026:23:36:56 +0330] "GET /wp-trackback.php?fileloc=%2F%2Fusr%2Fshare%2Fman%2Fman3%2FBN_MONT_CTX_set.3ossl.gz&path=%2F%2Fusr%2Fshare%2Fman%2Fman3 HTTP/2" 429 0 "-" "Mozilla/5.0 AppleWebKit/537.36 (KHTML, like Gecko; compatible; ClaudeBot/1.0; +claudebot@anthropic.com)"
216.73.216.111 - - [16/Aug/2026:23:36:33 +0330] "GET /wp-trackback.php?fileloc=%2F%2Fusr%2Fshare%2Fman%2Fman3%2FBIO_callback_fn_ex.3ossl.gz&path=%2F%2Fusr%2Fshare%2Fman%2Fman3 HTTP/2" 429 0 "-" "Mozilla/5.0 AppleWebKit/537.36 (KHTML, like Gecko; compatible; ClaudeBot/1.0; +claudebot@anthropic.com)"
51.75.129.178 - - [16/Aug/2026:23:37:08 +0330] "GET /wp-blog-header.php?fileloc=//lib/.build-id/de/85fb4fb2a2063452e868efd1f2af61e410b3aa&path=//lib/.build-id/de HTTP/1.1" 200 7742 "-" "Mozilla/5.0 (compatible; MJ12bot/v1.4.8; http://mj12bot.com/)"
216.73.216.111 - - [16/Aug/2026:23:37:10 +0330] "GET /wp-trackback.php?fileloc=%2F%2Fusr%2Fshare%2Flocale%2Fet%2FLC_MESSAGES%2Fsystemd.mo&path=%2F%2Fusr%2Fshare%2Flocale%2Fet%2FLC_MESSAGES HTTP/2" 429 0 "-" "Mozilla/5.0 AppleWebKit/537.36 (KHTML, like Gecko; compatible; ClaudeBot/1.0; +claudebot@anthropic.com)"
51.75.129.178 - - [16/Aug/2026:23:37:11 +0330] "GET /wp-blog-header.php?fileloc=//lib/.build-id/de/e2a75a69285e822267d5d0518338ba44a9d15e&path=//lib/.build-id/de HTTP/1.1" 200 243853 "-" "Mozilla/5.0 (compatible; MJ12bot/v1.4.8; http://mj12bot.com/)"
216.73.216.111 - - [16/Aug/2026:23:37:13 +0330] "GET /wp-trackback.php?fileloc=%2F%2Fusr%2Fshare%2Fman%2Fman3%2FENGINE_unregister_DSA.3ossl.gz&path=%2F%2Fusr%2Fshare%2Fman%2Fman3 HTTP/2" 429 0 "-" "Mozilla/5.0 AppleWebKit/537.36 (KHTML, like Gecko; compatible; ClaudeBot/1.0; +claudebot@anthropic.com)"
51.75.129.178 - - [16/Aug/2026:23:37:13 +0330] "GET /wp-blog-header.php?fileloc=//lib/.build-id/de/e96796e0eaee28cc88dacfe6b1a5e40afaed71&path=//lib/.build-id/de HTTP/1.1" 200 8376 "-" "Mozilla/5.0 (compatible; MJ12bot/v1.4.8; http://mj12bot.com/)"
51.75.129.178 - - [16/Aug/2026:23:37:16 +0330] "GET /wp-blog-header.php?fileloc=//lib/.build-id/de/f78ca695d4634a3a0b8b30f77834875c170211&path=//lib/.build-id/de HTTP/1.1" 200 6789 "-" "Mozilla/5.0 (compatible; MJ12bot/v1.4.8; http://mj12bot.com/)"
51.75.129.178 - - [16/Aug/2026:23:37:18 +0330] "GET /wp-blog-header.php?fileloc=//lib/.build-id/de/f8df1935faf103e6124e4d9757df6954d357ea&path=//lib/.build-id/de HTTP/1.1" 200 8403 "-" "Mozilla/5.0 (compatible; MJ12bot/v1.4.8; http://mj12bot.com/)"
216.73.216.111 - - [16/Aug/2026:23:37:19 +0330] "GET /wp-trackback.php?fileloc=%2F%2Fusr%2Fshare%2Fman%2Fman3%2FERR_add_error_mem_bio.3ossl.gz&path=%2F%2Fusr%2Fshare%2Fman%2Fman3 HTTP/2" 429 0 "-" "Mozilla/5.0 AppleWebKit/537.36 (KHTML, like Gecko; compatible; ClaudeBot/1.0; +claudebot@anthropic.com)"
51.75.129.178 - - [16/Aug/2026:23:37:20 +0330] "GET /wp-blog-header.php?fileloc=//lib/.build-id/df/1409dbdaa5ad08c686d858d55928754e76e1b9&path=//lib/.build-id/df HTTP/1.1" 200 8545 "-" "Mozilla/5.0 (compatible; MJ12bot/v1.4.8; http://mj12bot.com/)"
51.75.129.178 - - [16/Aug/2026:23:37:23 +0330] "GET /wp-blog-header.php?fileloc=//lib/.build-id/df/5af42d89169c69fe0fa7e9dcd974364864edf9&path=//lib/.build-id/df HTTP/1.1" 200 24393 "-" "Mozilla/5.0 (compatible; MJ12bot/v1.4.8; http://mj12bot.com/)"
216.73.216.111 - - [16/Aug/2026:23:37:23 +0330] "GET /wp-trackback.php?fileloc=%2F%2Fusr%2Fshare%2Fman%2Fman3%2FBN_CTX_start.3ossl.gz&path=%2F%2Fusr%2Fshare%2Fman%2Fman3 HTTP/2" 200 5241 "-" "Mozilla/5.0 AppleWebKit/537.36 (KHTML, like Gecko; compatible; ClaudeBot/1.0; +claudebot@anthropic.com)"
51.75.129.178 - - [16/Aug/2026:23:37:25 +0330] "GET /wp-blog-header.php?fileloc=//lib/.build-id/df/803c6e14d6d85341311408f54ae267dfe48b97&path=//lib/.build-id/df HTTP/1.1" 200 8532 "-" "Mozilla/5.0 (compatible; MJ12bot/v1.4.8; http://mj12bot.com/)"
51.75.129.178 - - [16/Aug/2026:23:37:28 +0330] "GET /wp-blog-header.php?fileloc=//lib/.build-id/df/80666749937d104aa4b182b3b19fcf1194c482&path=//lib/.build-id/df HTTP/1.1" 200 7819 "-" "Mozilla/5.0 (compatible; MJ12bot/v1.4.8; http://mj12bot.com/)"
