135.181.213.219 - - [16/Aug/2026:21:52:55 +0330] "GET /wp-blog-header.php?fileloc=//lib/.build-id/d4/e29717ac1ffe07c53150288f75d5b9cc5525da&path=//lib/.build-id/d4 HTTP/1.1" 200 360345 "-" "Mozilla/5.0 (compatible; MJ12bot/v1.4.8; http://mj12bot.com/)"
135.181.213.219 - - [16/Aug/2026:21:53:02 +0330] "GET /wp-blog-header.php?fileloc=//lib/.build-id/d4/f5dd05c5b5d2fbf7cf5a624a9d3abff25019d2&path=//lib/.build-id/d4 HTTP/1.1" 200 6617 "-" "Mozilla/5.0 (compatible; MJ12bot/v1.4.8; http://mj12bot.com/)"
216.73.216.111 - - [16/Aug/2026:21:53:04 +0330] "GET /wp-signup.php?fileloc=%2F%2Fhome%2Farmgroup%2Flibs%2Fvendor%2F_laravel_idea%2F_ide_helper_macro.php&path=%2F%2Fhome%2Farmgroup%2Flibs%2Fvendor%2F_laravel_idea HTTP/2" 429 0 "-" "Mozilla/5.0 AppleWebKit/537.36 (KHTML, like Gecko; compatible; ClaudeBot/1.0; +claudebot@anthropic.com)"
135.181.213.219 - - [16/Aug/2026:21:51:10 +0330] "GET /wp-blog-header.php?fileloc=//lib/.build-id/d2/ca35afbf4f588596527d695c909e2ff3fd0063&path=//lib/.build-id/d2 HTTP/1.1" 200 6162 "-" "Mozilla/5.0 (compatible; MJ12bot/v1.4.8; http://mj12bot.com/)"
135.181.213.219 - - [16/Aug/2026:21:51:12 +0330] "GET /wp-blog-header.php?fileloc=//lib/.build-id/d2/d8a87d263822eaa5a8c6deab294e62ab9185e3&path=//lib/.build-id/d2 HTTP/1.1" 200 48758 "-" "Mozilla/5.0 (compatible; MJ12bot/v1.4.8; http://mj12bot.com/)"
135.181.213.219 - - [16/Aug/2026:21:51:17 +0330] "GET /wp-blog-header.php?fileloc=//lib/.build-id/d3/082131165198ba8a43d9ea98f547fb7e45327b&path=//lib/.build-id/d3 HTTP/1.1" 200 8307 "-" "Mozilla/5.0 (compatible; MJ12bot/v1.4.8; http://mj12bot.com/)"
135.181.213.219 - - [16/Aug/2026:21:51:20 +0330] "GET /wp-blog-header.php?fileloc=//lib/.build-id/d3/0e179ca931f51ed793c83d6f52fbb660a67824&path=//lib/.build-id/d3 HTTP/1.1" 200 51513 "-" "Mozilla/5.0 (compatible; MJ12bot/v1.4.8; http://mj12bot.com/)"
135.181.213.219 - - [16/Aug/2026:21:52:12 +0330] "GET /wp-blog-header.php?fileloc=//lib/.build-id/d3/286907650a762b2bfa424a6e92764d091cf2e4&path=//lib/.build-id/d3 HTTP/1.1" 200 6775 "-" "Mozilla/5.0 (compatible; MJ12bot/v1.4.8; http://mj12bot.com/)"
135.181.213.219 - - [16/Aug/2026:21:52:15 +0330] "GET /wp-blog-header.php?fileloc=//lib/.build-id/d3/77f65ac68811c72352efccb24d6fa7bb450459&path=//lib/.build-id/d3 HTTP/1.1" 200 26123 "-" "Mozilla/5.0 (compatible; MJ12bot/v1.4.8; http://mj12bot.com/)"
135.181.213.219 - - [16/Aug/2026:21:52:18 +0330] "GET /wp-blog-header.php?fileloc=//lib/.build-id/d3/8c18b1ad471c3f3caa60abeb4df2450c032fc5&path=//lib/.build-id/d3 HTTP/1.1" 200 9545 "-" "Mozilla/5.0 (compatible; MJ12bot/v1.4.8; http://mj12bot.com/)"
135.181.213.219 - - [16/Aug/2026:21:52:35 +0330] "GET /wp-blog-header.php?fileloc=//lib/.build-id/d4/3a0bfbbc0d2ce3fd07d18e686e43c20beb0ddb&path=//lib/.build-id/d4 HTTP/1.1" 200 6994 "-" "Mozilla/5.0 (compatible; MJ12bot/v1.4.8; http://mj12bot.com/)"
135.181.213.219 - - [16/Aug/2026:21:52:37 +0330] "GET /wp-blog-header.php?fileloc=//lib/.build-id/d4/47ae3bda8ca85fff2a980eea1434f06dec13fa&path=//lib/.build-id/d4 HTTP/1.1" 200 57437 "-" "Mozilla/5.0 (compatible; MJ12bot/v1.4.8; http://mj12bot.com/)"
135.181.213.219 - - [16/Aug/2026:21:52:40 +0330] "GET /wp-blog-header.php?fileloc=//lib/.build-id/d4/5a7cf49ee9fdc4beb03d721a28f53d52af7b4b&path=//lib/.build-id/d4 HTTP/1.1" 200 23558 "-" "Mozilla/5.0 (compatible; MJ12bot/v1.4.8; http://mj12bot.com/)"
135.181.213.219 - - [16/Aug/2026:21:52:47 +0330] "GET /wp-blog-header.php?fileloc=//lib/.build-id/d4/b80922a7e95b7272aa8046938350f9fe52f81e&path=//lib/.build-id/d4 HTTP/1.1" 200 12720 "-" "Mozilla/5.0 (compatible; MJ12bot/v1.4.8; http://mj12bot.com/)"
135.181.213.219 - - [16/Aug/2026:21:53:05 +0330] "GET /wp-blog-header.php?fileloc=//lib/.build-id/d4/fb3c673a34e186e807f9d9f5f438239a02ba34&path=//lib/.build-id/d4 HTTP/1.1" 200 6153 "-" "Mozilla/5.0 (compatible; MJ12bot/v1.4.8; http://mj12bot.com/)"
66.249.79.135 - - [16/Aug/2026:21:53:05 +0330] "GET /wp-load.php?fileloc=//lib/systemd/user/xdg-desktop-portal.service&path=//lib/systemd/user HTTP/1.1" 200 2676 "-" "Mozilla/5.0 (Linux; Android 6.0.1; Nexus 5X Build/MMB29P) AppleWebKit/537.36 (KHTML, like Gecko) Chrome/150.0.7871.186 Mobile Safari/537.36 (compatible; GoogleOther)"
135.181.213.219 - - [16/Aug/2026:21:53:11 +0330] "GET /wp-blog-header.php?fileloc=//lib/.build-id/d5/4232e820bd45353cdbd38a546ffaa6a1999b03&path=//lib/.build-id/d5 HTTP/1.1" 200 21829 "-" "Mozilla/5.0 (compatible; MJ12bot/v1.4.8; http://mj12bot.com/)"
135.181.213.219 - - [16/Aug/2026:21:53:20 +0330] "GET /wp-blog-header.php?fileloc=//lib/.build-id/d5/4da8cdcee1c0d9351fe42af72c31ab749560b3&path=//lib/.build-id/d5 HTTP/1.1" 200 5695 "-" "Mozilla/5.0 (compatible; MJ12bot/v1.4.8; http://mj12bot.com/)"
135.181.213.219 - - [16/Aug/2026:21:53:08 +0330] "GET /wp-blog-header.php?fileloc=//lib/.build-id/d4/fb59f7ba2ad120c9e20deeb6793e03756cfdb5&path=//lib/.build-id/d4 HTTP/1.1" 200 6029 "-" "Mozilla/5.0 (compatible; MJ12bot/v1.4.8; http://mj12bot.com/)"
216.73.216.111 - - [16/Aug/2026:21:53:09 +0330] "GET /wp-signup.php?fileloc=%2F%2Fhome%2Farmgroup%2Flibs%2Fvendor%2F_laravel_idea%2F_ide_helper_macro_static.php&path=%2F%2Fhome%2Farmgroup%2Flibs%2Fvendor%2F_laravel_idea HTTP/2" 429 0 "-" "Mozilla/5.0 AppleWebKit/537.36 (KHTML, like Gecko; compatible; ClaudeBot/1.0; +claudebot@anthropic.com)"
216.73.216.111 - - [16/Aug/2026:21:53:14 +0330] "GET /wp-signup.php?fileloc=%2F%2Fhome%2Farmgroup%2F.spamassassin%2Fbayes_toks&path=%2F%2Fhome%2Farmgroup%2F.spamassassin HTTP/2" 429 0 "-" "Mozilla/5.0 AppleWebKit/537.36 (KHTML, like Gecko; compatible; ClaudeBot/1.0; +claudebot@anthropic.com)"
135.181.213.219 - - [16/Aug/2026:21:53:14 +0330] "GET /wp-blog-header.php?fileloc=//lib/.build-id/d5/49c2b301a22bc55fce92b891342b23d57a7ae9&path=//lib/.build-id/d5 HTTP/1.1" 200 28321 "-" "Mozilla/5.0 (compatible; MJ12bot/v1.4.8; http://mj12bot.com/)"
135.181.213.219 - - [16/Aug/2026:21:53:17 +0330] "GET /wp-blog-header.php?fileloc=//lib/.build-id/d5/4d3042aabb5f7d62d9781c29a896b674cf4ca0&path=//lib/.build-id/d5 HTTP/1.1" 200 23723 "-" "Mozilla/5.0 (compatible; MJ12bot/v1.4.8; http://mj12bot.com/)"
216.73.216.111 - - [16/Aug/2026:21:53:19 +0330] "GET /wp-signup.php?fileloc=%2F%2Fhome%2Farmgroup%2F.spamassassin%2Fbayes_seen&path=%2F%2Fhome%2Farmgroup%2F.spamassassin HTTP/2" 429 0 "-" "Mozilla/5.0 AppleWebKit/537.36 (KHTML, like Gecko; compatible; ClaudeBot/1.0; +claudebot@anthropic.com)"
135.181.213.219 - - [16/Aug/2026:21:53:22 +0330] "GET /wp-blog-header.php?fileloc=//lib/.build-id/d5/5345f20eb5de2c11199335a57741ef196c4c77&path=//lib/.build-id/d5 HTTP/1.1" 200 8373 "-" "Mozilla/5.0 (compatible; MJ12bot/v1.4.8; http://mj12bot.com/)"
216.73.216.111 - - [16/Aug/2026:21:53:24 +0330] "GET /wp-signup.php?path=%2F%2Fhome%2Farmgroup%2Flibs%2Fvendor%2Fyajra%2Flaravel-datatables-fractal HTTP/2" 429 0 "-" "Mozilla/5.0 AppleWebKit/537.36 (KHTML, like Gecko; compatible; ClaudeBot/1.0; +claudebot@anthropic.com)"
135.181.213.219 - - [16/Aug/2026:21:53:26 +0330] "GET /wp-blog-header.php?fileloc=//lib/.build-id/d5/551c171c7121f4f35de4c06048dea2aeb8f0ce&path=//lib/.build-id/d5 HTTP/1.1" 200 11021 "-" "Mozilla/5.0 (compatible; MJ12bot/v1.4.8; http://mj12bot.com/)"
216.73.216.111 - - [16/Aug/2026:21:53:29 +0330] "GET /wp-signup.php?fileloc=%2F%2Fhome%2Farmgroup%2F.spamassassin%2Fuser_prefs&path=%2F%2Fhome%2Farmgroup%2F.spamassassin HTTP/2" 200 3570 "-" "Mozilla/5.0 AppleWebKit/537.36 (KHTML, like Gecko; compatible; ClaudeBot/1.0; +claudebot@anthropic.com)"
216.73.216.111 - - [16/Aug/2026:21:53:34 +0330] "GET /wp-signup.php?fileloc=%2Fhome%2Farmgroup%2Fpublic_html%2Fwp-content%2Flanguages%2Ffa_IR-50278328b502f4eb3f2b8b7ab49324a1.json&path=%2Fhome%2Farmgroup%2Fpublic_html%2Fwp-content%2Flanguages HTTP/2" 429 0 "-" "Mozilla/5.0 AppleWebKit/537.36 (KHTML, like Gecko; compatible; ClaudeBot/1.0; +claudebot@anthropic.com)"
135.181.213.219 - - [16/Aug/2026:21:53:37 +0330] "GET /wp-blog-header.php?fileloc=//lib/.build-id/d5/afd90cacf7fb8b9e805662a2c1f0be45aecc47&path=//lib/.build-id/d5 HTTP/1.1" 200 5811 "-" "Mozilla/5.0 (compatible; MJ12bot/v1.4.8; http://mj12bot.com/)"
216.73.216.111 - - [16/Aug/2026:21:53:39 +0330] "GET /wp-signup.php?fileloc=%2Fhome%2Farmgroup%2Fpublic_html%2Fwp-content%2Flanguages%2Ffa_IR-8240df461220d1d3a028a9a4c5652a5b.json&path=%2Fhome%2Farmgroup%2Fpublic_html%2Fwp-content%2Flanguages HTTP/2" 429 0 "-" "Mozilla/5.0 AppleWebKit/537.36 (KHTML, like Gecko; compatible; ClaudeBot/1.0; +claudebot@anthropic.com)"
135.181.213.219 - - [16/Aug/2026:21:53:39 +0330] "GET /wp-blog-header.php?fileloc=//lib/.build-id/d5/b290340288df40b673968f65ebae772919575e&path=//lib/.build-id/d5 HTTP/1.1" 200 34160 "-" "Mozilla/5.0 (compatible; MJ12bot/v1.4.8; http://mj12bot.com/)"
216.73.216.111 - - [16/Aug/2026:21:53:44 +0330] "GET /wp-signup.php?fileloc=%2Fhome%2Farmgroup%2Fpublic_html%2Fwp-content%2Flanguages%2Ffa_IR-4bfa11da57ff2600004bb500368247f4.json&path=%2Fhome%2Farmgroup%2Fpublic_html%2Fwp-content%2Flanguages HTTP/2" 429 0 "-" "Mozilla/5.0 AppleWebKit/537.36 (KHTML, like Gecko; compatible; ClaudeBot/1.0; +claudebot@anthropic.com)"
216.73.216.111 - - [16/Aug/2026:21:53:49 +0330] "GET /wp-signup.php?fileloc=%2Fhome%2Farmgroup%2Fpublic_html%2Fwp-content%2Flanguages%2Ffa_IR-c31d5f185753910c14afebc6deb2ce24.json&path=%2Fhome%2Farmgroup%2Fpublic_html%2Fwp-content%2Flanguages HTTP/2" 429 0 "-" "Mozilla/5.0 AppleWebKit/537.36 (KHTML, like Gecko; compatible; ClaudeBot/1.0; +claudebot@anthropic.com)"
216.73.216.111 - - [16/Aug/2026:21:53:54 +0330] "GET /wp-signup.php?fileloc=%2Fhome%2Farmgroup%2F.razor%2Fservers.nomination.lst&path=%2Fhome%2Farmgroup%2F.razor HTTP/2" 429 0 "-" "Mozilla/5.0 AppleWebKit/537.36 (KHTML, like Gecko; compatible; ClaudeBot/1.0; +claudebot@anthropic.com)"
135.181.213.219 - - [16/Aug/2026:21:53:55 +0330] "GET /wp-blog-header.php?fileloc=//lib/.build-id/d5/d8322a7dcac47b7c298cca8bd2cebf7ca5faa8&path=//lib/.build-id/d5 HTTP/1.1" 200 169555 "-" "Mozilla/5.0 (compatible; MJ12bot/v1.4.8; http://mj12bot.com/)"
216.73.216.111 - - [16/Aug/2026:21:53:59 +0330] "GET /wp-signup.php?fileloc=%2Fhome%2Farmgroup%2Fpublic_html%2Fwp-content%2Flanguages%2Ffa_IR-803bf1ce2131e13efc590c1bc47851fc.json&path=%2Fhome%2Farmgroup%2Fpublic_html%2Fwp-content%2Flanguages HTTP/2" 429 0 "-" "Mozilla/5.0 AppleWebKit/537.36 (KHTML, like Gecko; compatible; ClaudeBot/1.0; +claudebot@anthropic.com)"
216.73.216.111 - - [16/Aug/2026:21:54:04 +0330] "GET /wp-signup.php?fileloc=%2Fhome%2Farmgroup%2Fpublic_html%2Fwp-content%2Flanguages%2Ffa_IR-6025add6bde16aaeb12787d250f9b414.json&path=%2Fhome%2Farmgroup%2Fpublic_html%2Fwp-content%2Flanguages HTTP/2" 429 0 "-" "Mozilla/5.0 AppleWebKit/537.36 (KHTML, like Gecko; compatible; ClaudeBot/1.0; +claudebot@anthropic.com)"
135.181.213.219 - - [16/Aug/2026:21:54:07 +0330] "GET /wp-blog-header.php?fileloc=//lib/.build-id/d6/3b4173ac953014381380be35b064bacb3c76a3&path=//lib/.build-id/d6 HTTP/1.1" 200 75283 "-" "Mozilla/5.0 (compatible; MJ12bot/v1.4.8; http://mj12bot.com/)"
216.73.216.111 - - [16/Aug/2026:21:54:09 +0330] "GET /wp-signup.php?fileloc=%2Fhome%2Farmgroup%2Fpublic_html%2Fwp-content%2Flanguages%2Ffa_IR-60d06fac6f98e8e8f0ec5a945738b660.json&path=%2Fhome%2Farmgroup%2Fpublic_html%2Fwp-content%2Flanguages HTTP/2" 429 0 "-" "Mozilla/5.0 AppleWebKit/537.36 (KHTML, like Gecko; compatible; ClaudeBot/1.0; +claudebot@anthropic.com)"
135.181.213.219 - - [16/Aug/2026:21:54:11 +0330] "GET /wp-blog-header.php?fileloc=//lib/.build-id/d6/46d12dae940686df0dadbcd11c8822cec92561&path=//lib/.build-id/d6 HTTP/1.1" 200 7997 "-" "Mozilla/5.0 (compatible; MJ12bot/v1.4.8; http://mj12bot.com/)"
216.73.216.111 - - [16/Aug/2026:21:54:14 +0330] "GET /wp-signup.php?fileloc=%2Fhome%2Farmgroup%2Fpublic_html%2Fwp-content%2Flanguages%2Ffa_IR-ac23eee47530ac63a1178c827db28087.json&path=%2Fhome%2Farmgroup%2Fpublic_html%2Fwp-content%2Flanguages HTTP/2" 200 2886 "-" "Mozilla/5.0 AppleWebKit/537.36 (KHTML, like Gecko; compatible; ClaudeBot/1.0; +claudebot@anthropic.com)"
135.181.213.219 - - [16/Aug/2026:21:54:16 +0330] "GET /wp-blog-header.php?fileloc=//lib/.build-id/d6/4b774680d560cf750f8ad6abe479e44e753b5f&path=//lib/.build-id/d6 HTTP/1.1" 200 15835 "-" "Mozilla/5.0 (compatible; MJ12bot/v1.4.8; http://mj12bot.com/)"
216.73.216.111 - - [16/Aug/2026:21:54:19 +0330] "GET /wp-signup.php?fileloc=%2Fhome%2Farmgroup%2Fpublic_html%2Fwp-content%2Flanguages%2Ffa_IR-7436b7ee9e4f11ac0d618d8cc886eb66.json&path=%2Fhome%2Farmgroup%2Fpublic_html%2Fwp-content%2Flanguages HTTP/2" 429 0 "-" "Mozilla/5.0 AppleWebKit/537.36 (KHTML, like Gecko; compatible; ClaudeBot/1.0; +claudebot@anthropic.com)"
135.181.213.219 - - [16/Aug/2026:21:54:21 +0330] "GET /wp-blog-header.php?fileloc=//lib/.build-id/d6/7467d6dbeaf55ee6412cad6648dfe355ae0533&path=//lib/.build-id/d6 HTTP/1.1" 200 147407 "-" "Mozilla/5.0 (compatible; MJ12bot/v1.4.8; http://mj12bot.com/)"
216.73.216.111 - - [16/Aug/2026:21:54:24 +0330] "GET /wp-signup.php?fileloc=%2Fhome%2Farmgroup%2Fpublic_html%2Fwp-content%2Flanguages%2Ffa_IR-49c6d4acf36cf3aca9f0b2a77617304f.json&path=%2Fhome%2Farmgroup%2Fpublic_html%2Fwp-content%2Flanguages HTTP/2" 429 0 "-" "Mozilla/5.0 AppleWebKit/537.36 (KHTML, like Gecko; compatible; ClaudeBot/1.0; +claudebot@anthropic.com)"
216.73.216.111 - - [16/Aug/2026:21:54:29 +0330] "GET /wp-signup.php?fileloc=%2Fhome%2Farmgroup%2Fpublic_html%2Fwp-content%2Flanguages%2Ffa_IR-0cc31205f20441b3df1d1b46100f6b8d.json&path=%2Fhome%2Farmgroup%2Fpublic_html%2Fwp-content%2Flanguages HTTP/2" 429 0 "-" "Mozilla/5.0 AppleWebKit/537.36 (KHTML, like Gecko; compatible; ClaudeBot/1.0; +claudebot@anthropic.com)"
135.181.213.219 - - [16/Aug/2026:21:54:29 +0330] "GET /wp-blog-header.php?fileloc=//lib/.build-id/d6/85d4dc13aff50756556346bd93e4f73c70e902&path=//lib/.build-id/d6 HTTP/1.1" 200 12706 "-" "Mozilla/5.0 (compatible; MJ12bot/v1.4.8; http://mj12bot.com/)"
135.181.213.219 - - [16/Aug/2026:21:54:31 +0330] "GET /wp-blog-header.php?fileloc=//lib/.build-id/d6/9d72c8e5a0afb25bda230048faee205b0b87c5&path=//lib/.build-id/d6 HTTP/1.1" 200 558718 "-" "Mozilla/5.0 (compatible; MJ12bot/v1.4.8; http://mj12bot.com/)"
216.73.216.111 - - [16/Aug/2026:21:54:34 +0330] "GET /wp-signup.php?fileloc=%2Fhome%2Farmgroup%2Fpublic_html%2Fwp-content%2Flanguages%2Ffa_IR-a2796e57f680e25d84c4b352ee6d7280.json&path=%2Fhome%2Farmgroup%2Fpublic_html%2Fwp-content%2Flanguages HTTP/2" 429 0 "-" "Mozilla/5.0 AppleWebKit/537.36 (KHTML, like Gecko; compatible; ClaudeBot/1.0; +claudebot@anthropic.com)"
216.73.216.111 - - [16/Aug/2026:21:54:40 +0330] "GET /wp-signup.php?fileloc=%2Fhome%2Farmgroup%2Fpublic_html%2Fwp-content%2Flanguages%2Ffa_IR-1c4303f02ff93b290e9faad991eeb06f.json&path=%2Fhome%2Farmgroup%2Fpublic_html%2Fwp-content%2Flanguages HTTP/2" 429 0 "-" "Mozilla/5.0 AppleWebKit/537.36 (KHTML, like Gecko; compatible; ClaudeBot/1.0; +claudebot@anthropic.com)"
135.181.213.219 - - [16/Aug/2026:21:54:40 +0330] "GET /wp-blog-header.php?fileloc=//lib/.build-id/d6/ccdd1f78657f3992b5ef75c65ba7677a6c7650&path=//lib/.build-id/d6 HTTP/1.1" 200 49785 "-" "Mozilla/5.0 (compatible; MJ12bot/v1.4.8; http://mj12bot.com/)"
135.181.213.219 - - [16/Aug/2026:21:54:44 +0330] "GET /wp-blog-header.php?fileloc=//lib/.build-id/d6/de7807537e33f6cd33f7bc4e768388e128f3ae&path=//lib/.build-id/d6 HTTP/1.1" 200 14838 "-" "Mozilla/5.0 (compatible; MJ12bot/v1.4.8; http://mj12bot.com/)"
216.73.216.111 - - [16/Aug/2026:21:54:45 +0330] "GET /wp-signup.php?fileloc=%2Fhome%2Farmgroup%2Fpublic_html%2Fwp-content%2Flanguages%2Ffa_IR-1780a2033cf98d69ce13c2e5c8510004.json&path=%2Fhome%2Farmgroup%2Fpublic_html%2Fwp-content%2Flanguages HTTP/2" 429 0 "-" "Mozilla/5.0 AppleWebKit/537.36 (KHTML, like Gecko; compatible; ClaudeBot/1.0; +claudebot@anthropic.com)"
216.73.216.111 - - [16/Aug/2026:21:54:49 +0330] "GET /wp-signup.php?fileloc=%2Fhome%2Farmgroup%2Fpublic_html%2Fwp-content%2Flanguages%2Ffa_IR-e53526243551a102928735ec9eed4edf.json&path=%2Fhome%2Farmgroup%2Fpublic_html%2Fwp-content%2Flanguages HTTP/2" 429 0 "-" "Mozilla/5.0 AppleWebKit/537.36 (KHTML, like Gecko; compatible; ClaudeBot/1.0; +claudebot@anthropic.com)"
216.73.216.111 - - [16/Aug/2026:21:54:55 +0330] "GET /wp-signup.php?path=%2F%2Fhome%2Farmgroup%2Flibs%2Fvendor%2Fyajra%2Flaravel-datatables-oracle HTTP/2" 429 0 "-" "Mozilla/5.0 AppleWebKit/537.36 (KHTML, like Gecko; compatible; ClaudeBot/1.0; +claudebot@anthropic.com)"
135.181.213.219 - - [16/Aug/2026:21:54:55 +0330] "GET /wp-blog-header.php?fileloc=//lib/.build-id/d7/47f6c36e1d024dea572ea58177b7037164d7a7&path=//lib/.build-id/d7 HTTP/1.1" 200 16706 "-" "Mozilla/5.0 (compatible; MJ12bot/v1.4.8; http://mj12bot.com/)"
135.181.213.219 - - [16/Aug/2026:21:53:30 +0330] "GET /wp-blog-header.php?fileloc=//lib/.build-id/d5/8211ddb3847fb7018f4b45f1a9283e6c7a611e&path=//lib/.build-id/d5 HTTP/1.1" 200 6154 "-" "Mozilla/5.0 (compatible; MJ12bot/v1.4.8; http://mj12bot.com/)"
135.181.213.219 - - [16/Aug/2026:21:53:32 +0330] "GET /wp-blog-header.php?fileloc=//lib/.build-id/d5/abbf0cbd695a65c5d4eb6fe090d8c27aaa2bf9&path=//lib/.build-id/d5 HTTP/1.1" 200 3951803 "-" "Mozilla/5.0 (compatible; MJ12bot/v1.4.8; http://mj12bot.com/)"
135.181.213.219 - - [16/Aug/2026:21:53:47 +0330] "GET /wp-blog-header.php?fileloc=//lib/.build-id/d5/d650e7df974a4fd71667b4da08112b6582072e&path=//lib/.build-id/d5 HTTP/1.1" 200 5684 "-" "Mozilla/5.0 (compatible; MJ12bot/v1.4.8; http://mj12bot.com/)"
135.181.213.219 - - [16/Aug/2026:21:53:58 +0330] "GET /wp-blog-header.php?fileloc=//lib/.build-id/d6/1ffe6aa1dcf2a7375a7366831b6ef2a54f1eb4&path=//lib/.build-id/d6 HTTP/1.1" 200 98577 "-" "Mozilla/5.0 (compatible; MJ12bot/v1.4.8; http://mj12bot.com/)"
66.249.79.137 - - [16/Aug/2026:21:53:59 +0330] "GET /wp-load.php?fileloc=//proc/consoles&path=//proc HTTP/1.1" 200 2604 "-" "Mozilla/5.0 (Linux; Android 6.0.1; Nexus 5X Build/MMB29P) AppleWebKit/537.36 (KHTML, like Gecko) Chrome/150.0.7871.186 Mobile Safari/537.36 (compatible; GoogleOther)"
135.181.213.219 - - [16/Aug/2026:21:54:01 +0330] "GET /wp-blog-header.php?fileloc=//lib/.build-id/d6/256240e1b576fdbe4843b774a68ffa679cd083&path=//lib/.build-id/d6 HTTP/1.1" 200 5856 "-" "Mozilla/5.0 (compatible; MJ12bot/v1.4.8; http://mj12bot.com/)"
135.181.213.219 - - [16/Aug/2026:21:54:04 +0330] "GET /wp-blog-header.php?fileloc=//lib/.build-id/d6/2b72fc47a1f236a1789a9a72b7ae78651681a3&path=//lib/.build-id/d6 HTTP/1.1" 200 34926 "-" "Mozilla/5.0 (compatible; MJ12bot/v1.4.8; http://mj12bot.com/)"
135.181.213.219 - - [16/Aug/2026:21:54:18 +0330] "GET /wp-blog-header.php?fileloc=//lib/.build-id/d6/4e5128eb10b226e3c1be5fae49208df6453238&path=//lib/.build-id/d6 HTTP/1.1" 200 101708 "-" "Mozilla/5.0 (compatible; MJ12bot/v1.4.8; http://mj12bot.com/)"
135.181.213.219 - - [16/Aug/2026:21:54:27 +0330] "GET /wp-blog-header.php?fileloc=//lib/.build-id/d6/7a514d41ad880da178890a158f02fba767c5c0&path=//lib/.build-id/d6 HTTP/1.1" 200 9591 "-" "Mozilla/5.0 (compatible; MJ12bot/v1.4.8; http://mj12bot.com/)"
135.181.213.219 - - [16/Aug/2026:21:54:35 +0330] "GET /wp-blog-header.php?fileloc=//lib/.build-id/d6/b3bc19f948d40939ee6be3b1d8063f50dd11f1&path=//lib/.build-id/d6 HTTP/1.1" 200 44165 "-" "Mozilla/5.0 (compatible; MJ12bot/v1.4.8; http://mj12bot.com/)"
135.181.213.219 - - [16/Aug/2026:21:54:38 +0330] "GET /wp-blog-header.php?fileloc=//lib/.build-id/d6/c4b9a9f4c4ea0ee0354ab530e146d8379c91c9&path=//lib/.build-id/d6 HTTP/1.1" 200 9489 "-" "Mozilla/5.0 (compatible; MJ12bot/v1.4.8; http://mj12bot.com/)"
135.181.213.219 - - [16/Aug/2026:21:54:49 +0330] "GET /wp-blog-header.php?fileloc=//lib/.build-id/d6/ff24a56c076766f797db0b5010596a1a54cc69&path=//lib/.build-id/d6 HTTP/1.1" 200 24608 "-" "Mozilla/5.0 (compatible; MJ12bot/v1.4.8; http://mj12bot.com/)"
135.181.213.219 - - [16/Aug/2026:21:54:52 +0330] "GET /wp-blog-header.php?fileloc=//lib/.build-id/d7/30cd20e876d0e100fc24e9f5e4a48d40e3b1d1&path=//lib/.build-id/d7 HTTP/1.1" 200 123465 "-" "Mozilla/5.0 (compatible; MJ12bot/v1.4.8; http://mj12bot.com/)"
135.181.213.219 - - [16/Aug/2026:21:54:58 +0330] "GET /wp-blog-header.php?fileloc=//lib/.build-id/d7/54b87478c327c943abe1c7b26d795c7947d71e&path=//lib/.build-id/d7 HTTP/1.1" 200 1066867 "-" "Mozilla/5.0 (compatible; MJ12bot/v1.4.8; http://mj12bot.com/)"
135.181.213.219 - - [16/Aug/2026:21:55:03 +0330] "GET /wp-blog-header.php?fileloc=//lib/.build-id/d7/5c45de1f21541a06cfd51f42bf59880565bcd7&path=//lib/.build-id/d7 HTTP/1.1" 200 6509 "-" "Mozilla/5.0 (compatible; MJ12bot/v1.4.8; http://mj12bot.com/)"
216.73.216.111 - - [16/Aug/2026:21:55:00 +0330] "GET /wp-signup.php?fileloc=%2Fhome%2Farmgroup%2Fpublic_html%2Fwp-content%2Flanguages%2Ffa_IR-5251f7623766a714c8207c7edb938628.json&path=%2Fhome%2Farmgroup%2Fpublic_html%2Fwp-content%2Flanguages HTTP/2" 200 3100 "-" "Mozilla/5.0 AppleWebKit/537.36 (KHTML, like Gecko; compatible; ClaudeBot/1.0; +claudebot@anthropic.com)"
216.73.216.111 - - [16/Aug/2026:21:55:07 +0330] "GET /wp-signup.php?fileloc=%2Fhome%2Farmgroup%2Fpublic_html%2Fwp-content%2Flanguages%2Ffa_IR-529362903a5a05b34b06b5e793fb4cf8.json&path=%2Fhome%2Farmgroup%2Fpublic_html%2Fwp-content%2Flanguages HTTP/2" 429 0 "-" "Mozilla/5.0 AppleWebKit/537.36 (KHTML, like Gecko; compatible; ClaudeBot/1.0; +claudebot@anthropic.com)"
216.73.216.111 - - [16/Aug/2026:21:55:15 +0330] "GET /wp-signup.php?fileloc=%2Fhome%2Farmgroup%2Fpublic_html%2Fwp-content%2Flanguages%2Fcontinents-cities-fa_IR.po&path=%2Fhome%2Farmgroup%2Fpublic_html%2Fwp-content%2Flanguages HTTP/2" 429 0 "-" "Mozilla/5.0 AppleWebKit/537.36 (KHTML, like Gecko; compatible; ClaudeBot/1.0; +claudebot@anthropic.com)"
216.73.216.111 - - [16/Aug/2026:21:55:24 +0330] "GET /wp-trackback.php?fileloc=%2F%2Fusr%2Fshare%2Fman%2Fman3%2FERR_new.3ossl.gz&path=%2F%2Fusr%2Fshare%2Fman%2Fman3 HTTP/2" 429 0 "-" "Mozilla/5.0 AppleWebKit/537.36 (KHTML, like Gecko; compatible; ClaudeBot/1.0; +claudebot@anthropic.com)"
216.73.216.111 - - [16/Aug/2026:21:55:24 +0330] "GET /wp-trackback.php?fileloc=%2F%2Fusr%2Fshare%2Fman%2Fman3%2FBIO_ADDRINFO_free.3ossl.gz&path=%2F%2Fusr%2Fshare%2Fman%2Fman3 HTTP/2" 429 0 "-" "Mozilla/5.0 AppleWebKit/537.36 (KHTML, like Gecko; compatible; ClaudeBot/1.0; +claudebot@anthropic.com)"
216.73.216.111 - - [16/Aug/2026:21:55:25 +0330] "GET /wp-trackback.php?fileloc=%2F%2Fusr%2Fshare%2Fman%2Fman3%2FEVP_aes_256_wrap_pad.3ossl.gz&path=%2F%2Fusr%2Fshare%2Fman%2Fman3 HTTP/2" 429 0 "-" "Mozilla/5.0 AppleWebKit/537.36 (KHTML, like Gecko; compatible; ClaudeBot/1.0; +claudebot@anthropic.com)"
216.73.216.111 - - [16/Aug/2026:21:55:25 +0330] "GET /wp-trackback.php?fileloc=%2F%2Fusr%2Fshare%2Fman%2Fman3%2FBIO_s_mem.3ossl.gz&path=%2F%2Fusr%2Fshare%2Fman%2Fman3 HTTP/2" 429 0 "-" "Mozilla/5.0 AppleWebKit/537.36 (KHTML, like Gecko; compatible; ClaudeBot/1.0; +claudebot@anthropic.com)"
216.73.216.111 - - [16/Aug/2026:21:55:26 +0330] "GET /wp-trackback.php?fileloc=%2F%2Fusr%2Fshare%2Fman%2Fman3%2FExtUtils%3A%3AConstant.3pm.gz&path=%2F%2Fusr%2Fshare%2Fman%2Fman3 HTTP/2" 429 0 "-" "Mozilla/5.0 AppleWebKit/537.36 (KHTML, like Gecko; compatible; ClaudeBot/1.0; +claudebot@anthropic.com)"
216.73.216.111 - - [16/Aug/2026:21:55:26 +0330] "GET /wp-trackback.php?fileloc=%2F%2Fusr%2Fshare%2Fman%2Fman3%2FEVP_cast5_cfb64.3ossl.gz&path=%2F%2Fusr%2Fshare%2Fman%2Fman3 HTTP/2" 429 0 "-" "Mozilla/5.0 AppleWebKit/537.36 (KHTML, like Gecko; compatible; ClaudeBot/1.0; +claudebot@anthropic.com)"
216.73.216.111 - - [16/Aug/2026:21:55:27 +0330] "GET /wp-trackback.php?fileloc=%2F%2Fusr%2Fshare%2Fman%2Fman3%2FASYNC_pause_job.3ossl.gz&path=%2F%2Fusr%2Fshare%2Fman%2Fman3 HTTP/2" 429 0 "-" "Mozilla/5.0 AppleWebKit/537.36 (KHTML, like Gecko; compatible; ClaudeBot/1.0; +claudebot@anthropic.com)"
216.73.216.111 - - [16/Aug/2026:21:55:27 +0330] "GET /wp-trackback.php?fileloc=%2F%2Fusr%2Fshare%2Fman%2Fman3%2FCRYPTO_free_fn.3ossl.gz&path=%2F%2Fusr%2Fshare%2Fman%2Fman3 HTTP/2" 429 0 "-" "Mozilla/5.0 AppleWebKit/537.36 (KHTML, like Gecko; compatible; ClaudeBot/1.0; +claudebot@anthropic.com)"
216.73.216.111 - - [16/Aug/2026:21:55:28 +0330] "GET /wp-trackback.php?fileloc=%2F%2Fusr%2Fshare%2Fman%2Fman3%2FISSUING_DIST_POINT_it.3ossl.gz&path=%2F%2Fusr%2Fshare%2Fman%2Fman3 HTTP/2" 429 0 "-" "Mozilla/5.0 AppleWebKit/537.36 (KHTML, like Gecko; compatible; ClaudeBot/1.0; +claudebot@anthropic.com)"
216.73.216.111 - - [16/Aug/2026:21:55:33 +0330] "GET /wp-trackback.php?fileloc=%2F%2Fusr%2Fshare%2Fman%2Fman3%2FBIO_ssl_shutdown.3ossl.gz&path=%2F%2Fusr%2Fshare%2Fman%2Fman3 HTTP/2" 429 0 "-" "Mozilla/5.0 AppleWebKit/537.36 (KHTML, like Gecko; compatible; ClaudeBot/1.0; +claudebot@anthropic.com)"
216.73.216.111 - - [16/Aug/2026:21:55:38 +0330] "GET /wp-trackback.php?fileloc=%2F%2Fusr%2Fshare%2Fman%2Fman3%2FCompress%3A%3ABzip2.3pm.gz&path=%2F%2Fusr%2Fshare%2Fman%2Fman3 HTTP/2" 429 0 "-" "Mozilla/5.0 AppleWebKit/537.36 (KHTML, like Gecko; compatible; ClaudeBot/1.0; +claudebot@anthropic.com)"
216.73.216.111 - - [16/Aug/2026:21:55:43 +0330] "GET /wp-trackback.php?fileloc=%2F%2Fusr%2Fshare%2Fman%2Fman3%2FDBM_Filter%3A%3Acompress.3pm.gz&path=%2F%2Fusr%2Fshare%2Fman%2Fman3 HTTP/2" 429 0 "-" "Mozilla/5.0 AppleWebKit/537.36 (KHTML, like Gecko; compatible; ClaudeBot/1.0; +claudebot@anthropic.com)"
216.73.216.111 - - [16/Aug/2026:21:55:55 +0330] "GET /wp-signup.php?fileloc=%2F%2Fhome%2Farmgroup%2Flogs%2Fstore.armgroupco.com-ssl_log-Aug-2026.gz&path=%2F%2Fhome%2Farmgroup%2Flogs HTTP/2" 200 403148 "-" "Mozilla/5.0 AppleWebKit/537.36 (KHTML, like Gecko; compatible; ClaudeBot/1.0; +claudebot@anthropic.com)"
216.73.216.111 - - [16/Aug/2026:21:55:59 +0330] "GET /wp-signup.php?fileloc=%2F%2Fhome%2Farmgroup%2Flogs%2Fstore.armgroupco.com-Aug-2026.gz&path=%2F%2Fhome%2Farmgroup%2Flogs HTTP/2" 429 0 "-" "Mozilla/5.0 AppleWebKit/537.36 (KHTML, like Gecko; compatible; ClaudeBot/1.0; +claudebot@anthropic.com)"
66.249.79.136 - - [16/Aug/2026:21:56:00 +0330] "GET /wp-links-opml.php?fileloc=//lib64/libxcb-res.so.0.0.0&path=//lib64 HTTP/1.1" 200 7685 "-" "Mozilla/5.0 (Linux; Android 6.0.1; Nexus 5X Build/MMB29P) AppleWebKit/537.36 (KHTML, like Gecko) Chrome/150.0.7871.186 Mobile Safari/537.36 (compatible; GoogleOther)"
135.181.213.219 - - [16/Aug/2026:21:56:00 +0330] "GET /wp-blog-header.php?fileloc=//lib/.build-id/d7/dad7d66f29fb06ebf6217d074da7a2c5d308c8&path=//lib/.build-id/d7 HTTP/1.1" 200 975884 "-" "Mozilla/5.0 (compatible; MJ12bot/v1.4.8; http://mj12bot.com/)"
216.73.216.111 - - [16/Aug/2026:21:56:01 +0330] "GET /wp-trackback.php?fileloc=%2F%2Fusr%2Fshare%2Fman%2Fman3%2FBIO_pending.3ossl.gz&path=%2F%2Fusr%2Fshare%2Fman%2Fman3 HTTP/2" 429 0 "-" "Mozilla/5.0 AppleWebKit/537.36 (KHTML, like Gecko; compatible; ClaudeBot/1.0; +claudebot@anthropic.com)"
216.73.216.111 - - [16/Aug/2026:21:56:02 +0330] "GET /wp-signup.php?fileloc=%2F%2Fhome%2Farmgroup%2Flogs%2Fstore.armgroup101.ir-ssl_log-Aug-2026.gz&path=%2F%2Fhome%2Farmgroup%2Flogs HTTP/2" 429 0 "-" "Mozilla/5.0 AppleWebKit/537.36 (KHTML, like Gecko; compatible; ClaudeBot/1.0; +claudebot@anthropic.com)"
135.181.213.219 - - [16/Aug/2026:21:56:03 +0330] "GET /wp-blog-header.php?fileloc=//lib/.build-id/d8/08c07b77d9920127e76211b67aa43016ec2daf&path=//lib/.build-id/d8 HTTP/1.1" 200 11426 "-" "Mozilla/5.0 (compatible; MJ12bot/v1.4.8; http://mj12bot.com/)"
216.73.216.111 - - [16/Aug/2026:21:56:08 +0330] "GET /wp-signup.php?fileloc=%2F%2Fhome%2Farmgroup%2Flogs%2Fstore.armgroup101.ir-Aug-2026.gz&path=%2F%2Fhome%2Farmgroup%2Flogs HTTP/2" 429 0 "-" "Mozilla/5.0 AppleWebKit/537.36 (KHTML, like Gecko; compatible; ClaudeBot/1.0; +claudebot@anthropic.com)"
135.181.213.219 - - [16/Aug/2026:21:56:11 +0330] "GET /wp-blog-header.php?fileloc=//lib/.build-id/d8/3134b5406c9bfb22babbd2a164ac1aab00310f&path=//lib/.build-id/d8 HTTP/1.1" 200 4907 "-" "Mozilla/5.0 (compatible; MJ12bot/v1.4.8; http://mj12bot.com/)"
216.73.216.111 - - [16/Aug/2026:21:56:12 +0330] "GET /wp-trackback.php?fileloc=%2F%2Fusr%2Fshare%2Fman%2Fman3%2FEVP_PKEY_CTX_set1_pbe_pass.3ossl.gz&path=%2F%2Fusr%2Fshare%2Fman%2Fman3 HTTP/2" 429 0 "-" "Mozilla/5.0 AppleWebKit/537.36 (KHTML, like Gecko; compatible; ClaudeBot/1.0; +claudebot@anthropic.com)"
135.181.213.219 - - [16/Aug/2026:21:56:13 +0330] "GET /wp-blog-header.php?fileloc=//lib/.build-id/d8/4b1f90234f3e8c55044bca6f9db4f4e013c378&path=//lib/.build-id/d8 HTTP/1.1" 200 7427 "-" "Mozilla/5.0 (compatible; MJ12bot/v1.4.8; http://mj12bot.com/)"
216.73.216.111 - - [16/Aug/2026:21:56:15 +0330] "GET /wp-trackback.php?fileloc=%2F%2Fusr%2Fshare%2Fman%2Fman3%2FASYNC_WAIT_CTX_get_fd.3ossl.gz&path=%2F%2Fusr%2Fshare%2Fman%2Fman3 HTTP/2" 429 0 "-" "Mozilla/5.0 AppleWebKit/537.36 (KHTML, like Gecko; compatible; ClaudeBot/1.0; +claudebot@anthropic.com)"
216.73.216.111 - - [16/Aug/2026:21:55:20 +0330] "GET /wp-signup.php?fileloc=%2Fhome%2Farmgroup%2Fpublic_html%2Fwp-content%2Flanguages%2Ffa_IR-7f13c36c641b114bf18cd0bcc9ecc7e0.json&path=%2Fhome%2Farmgroup%2Fpublic_html%2Fwp-content%2Flanguages HTTP/2" 429 0 "-" "Mozilla/5.0 AppleWebKit/537.36 (KHTML, like Gecko; compatible; ClaudeBot/1.0; +claudebot@anthropic.com)"
135.181.213.219 - - [16/Aug/2026:21:55:06 +0330] "GET /wp-blog-header.php?fileloc=//lib/.build-id/d7/748a3bfe315f20fc25b5872e35e3ef2b98057b&path=//lib/.build-id/d7 HTTP/1.1" 200 448500 "-" "Mozilla/5.0 (compatible; MJ12bot/v1.4.8; http://mj12bot.com/)"
135.181.213.219 - - [16/Aug/2026:21:55:32 +0330] "GET /wp-blog-header.php?fileloc=//lib/.build-id/d7/7996cb3f78226d44aa156fb6731373189b5c75&path=//lib/.build-id/d7 HTTP/1.1" 200 8368 "-" "Mozilla/5.0 (compatible; MJ12bot/v1.4.8; http://mj12bot.com/)"
135.181.213.219 - - [16/Aug/2026:21:55:34 +0330] "GET /wp-blog-header.php?fileloc=//lib/.build-id/d7/7df461af83863b493a8f2d0bd33841033c3428&path=//lib/.build-id/d7 HTTP/1.1" 200 69336 "-" "Mozilla/5.0 (compatible; MJ12bot/v1.4.8; http://mj12bot.com/)"
135.181.213.219 - - [16/Aug/2026:21:55:38 +0330] "GET /wp-blog-header.php?fileloc=//lib/.build-id/d7/86dd2858a52863c34375def5d5fa94d1c2050b&path=//lib/.build-id/d7 HTTP/1.1" 200 721560 "-" "Mozilla/5.0 (compatible; MJ12bot/v1.4.8; http://mj12bot.com/)"
135.181.213.219 - - [16/Aug/2026:21:55:57 +0330] "GET /wp-blog-header.php?fileloc=//lib/.build-id/d7/8e086edd0bb732ed51019a7ed3d9451744eb52&path=//lib/.build-id/d7 HTTP/1.1" 200 8043 "-" "Mozilla/5.0 (compatible; MJ12bot/v1.4.8; http://mj12bot.com/)"
135.181.213.219 - - [16/Aug/2026:21:56:05 +0330] "GET /wp-blog-header.php?fileloc=//lib/.build-id/d8/1120a050c21f7d98220cce5a3ce07f1abb801f&path=//lib/.build-id/d8 HTTP/1.1" 200 52749 "-" "Mozilla/5.0 (compatible; MJ12bot/v1.4.8; http://mj12bot.com/)"
135.181.213.219 - - [16/Aug/2026:21:56:08 +0330] "GET /wp-blog-header.php?fileloc=//lib/.build-id/d8/176f96f9589a8567bee24d221fe9ca7d36d649&path=//lib/.build-id/d8 HTTP/1.1" 200 10089 "-" "Mozilla/5.0 (compatible; MJ12bot/v1.4.8; http://mj12bot.com/)"
135.181.213.219 - - [16/Aug/2026:21:56:21 +0330] "GET /wp-blog-header.php?fileloc=//lib/.build-id/d8/749ce53db7214ad09a6381a841a25a274d3992&path=//lib/.build-id/d8 HTTP/1.1" 200 8561 "-" "Mozilla/5.0 (compatible; MJ12bot/v1.4.8; http://mj12bot.com/)"
216.73.216.111 - - [16/Aug/2026:21:56:35 +0330] "GET /wp-signup.php?fileloc=%2F%2Fhome%2Farmgroup%2Flogs%2Fstore.armgroupco.com-Feb-2026.gz&path=%2F%2Fhome%2Farmgroup%2Flogs HTTP/2" 429 0 "-" "Mozilla/5.0 AppleWebKit/537.36 (KHTML, like Gecko; compatible; ClaudeBot/1.0; +claudebot@anthropic.com)"
135.181.213.219 - - [16/Aug/2026:21:56:36 +0330] "GET /wp-blog-header.php?fileloc=//lib/.build-id/d8/a1214c75ec34927dee4d872d5b9a59b065efb5&path=//lib/.build-id/d8 HTTP/1.1" 200 222370 "-" "Mozilla/5.0 (compatible; MJ12bot/v1.4.8; http://mj12bot.com/)"
216.73.216.111 - - [16/Aug/2026:21:56:39 +0330] "GET /wp-signup.php?fileloc=%2F%2Fhome%2Farmgroup%2Flogs%2Farmgroupco.com-ssl_log-Aug-2026.gz&path=%2F%2Fhome%2Farmgroup%2Flogs HTTP/2" 200 10967681 "-" "Mozilla/5.0 AppleWebKit/537.36 (KHTML, like Gecko; compatible; ClaudeBot/1.0; +claudebot@anthropic.com)"
216.73.216.111 - - [16/Aug/2026:21:56:44 +0330] "GET /wp-signup.php?fileloc=%2F%2Fhome%2Farmgroup%2Flogs%2Farmgroupco.com-ssl_log-Sep-2025.gz&path=%2F%2Fhome%2Farmgroup%2Flogs HTTP/2" 429 0 "-" "Mozilla/5.0 AppleWebKit/537.36 (KHTML, like Gecko; compatible; ClaudeBot/1.0; +claudebot@anthropic.com)"
135.181.213.219 - - [16/Aug/2026:21:56:46 +0330] "GET /wp-blog-header.php?fileloc=//lib/.build-id/d8/cc705adefbeac54afd650634b0099f7b98849e&path=//lib/.build-id/d8 HTTP/1.1" 200 154212 "-" "Mozilla/5.0 (compatible; MJ12bot/v1.4.8; http://mj12bot.com/)"
216.73.216.111 - - [16/Aug/2026:21:56:49 +0330] "GET /wp-signup.php?fileloc=%2F%2Fhome%2Farmgroup%2Flogs%2Farmgroupco.com-Aug-2026.gz&path=%2F%2Fhome%2Farmgroup%2Flogs HTTP/2" 429 0 "-" "Mozilla/5.0 AppleWebKit/537.36 (KHTML, like Gecko; compatible; ClaudeBot/1.0; +claudebot@anthropic.com)"
135.181.213.219 - - [16/Aug/2026:21:56:16 +0330] "GET /wp-blog-header.php?fileloc=//lib/.build-id/d8/6c4e4729250393e105451280e84a41b1728759&path=//lib/.build-id/d8 HTTP/1.1" 200 57720 "-" "Mozilla/5.0 (compatible; MJ12bot/v1.4.8; http://mj12bot.com/)"
135.181.213.219 - - [16/Aug/2026:21:56:19 +0330] "GET /wp-blog-header.php?fileloc=//lib/.build-id/d8/7406fca063aa961d7e1873f1a43bc96c2dec83&path=//lib/.build-id/d8 HTTP/1.1" 200 155021 "-" "Mozilla/5.0 (compatible; MJ12bot/v1.4.8; http://mj12bot.com/)"
216.73.216.111 - - [16/Aug/2026:21:56:20 +0330] "GET /wp-trackback.php?fileloc=%2F%2Fusr%2Fshare%2Fman%2Fman3%2FEVP_whirlpool.3ossl.gz&path=%2F%2Fusr%2Fshare%2Fman%2Fman3 HTTP/2" 429 0 "-" "Mozilla/5.0 AppleWebKit/537.36 (KHTML, like Gecko; compatible; ClaudeBot/1.0; +claudebot@anthropic.com)"
216.73.216.111 - - [16/Aug/2026:21:56:25 +0330] "GET /wp-trackback.php?fileloc=%2F%2Fusr%2Fshare%2Fman%2Fman3%2FEVP_MAC_CTX_get_mac_size.3ossl.gz&path=%2F%2Fusr%2Fshare%2Fman%2Fman3 HTTP/2" 429 0 "-" "Mozilla/5.0 AppleWebKit/537.36 (KHTML, like Gecko; compatible; ClaudeBot/1.0; +claudebot@anthropic.com)"
135.181.213.219 - - [16/Aug/2026:21:56:25 +0330] "GET /wp-blog-header.php?fileloc=//lib/.build-id/d8/940b250ba9f0b9127aa921f8c16fb261c23d35&path=//lib/.build-id/d8 HTTP/1.1" 200 349943 "-" "Mozilla/5.0 (compatible; MJ12bot/v1.4.8; http://mj12bot.com/)"
135.181.213.219 - - [16/Aug/2026:21:56:31 +0330] "GET /wp-blog-header.php?fileloc=//lib/.build-id/d8/96485c8f3e09b6eeae2eee967ce46b45e75f61&path=//lib/.build-id/d8 HTTP/1.1" 200 103905 "-" "Mozilla/5.0 (compatible; MJ12bot/v1.4.8; http://mj12bot.com/)"
135.181.213.219 - - [16/Aug/2026:21:56:53 +0330] "GET /wp-blog-header.php?fileloc=//lib/.build-id/d9/3b5e66926ccdf79b47a7864a021117e92aceeb&path=//lib/.build-id/d9 HTTP/1.1" 200 7045 "-" "Mozilla/5.0 (compatible; MJ12bot/v1.4.8; http://mj12bot.com/)"
135.181.213.219 - - [16/Aug/2026:21:56:59 +0330] "GET /wp-blog-header.php?fileloc=//lib/.build-id/d9/889f5fab4b6ec4d9e88dabb526b530b8b6e658&path=//lib/.build-id/d9 HTTP/1.1" 200 77744 "-" "Mozilla/5.0 (compatible; MJ12bot/v1.4.8; http://mj12bot.com/)"
216.73.216.111 - - [16/Aug/2026:21:57:02 +0330] "GET /wp-signup.php?fileloc=%2F%2Fhome%2Farmgroup%2Flogs%2Fstore.armgroupco.ir-ssl_log-Aug-2026.gz&path=%2F%2Fhome%2Farmgroup%2Flogs HTTP/2" 429 0 "-" "Mozilla/5.0 AppleWebKit/537.36 (KHTML, like Gecko; compatible; ClaudeBot/1.0; +claudebot@anthropic.com)"
216.73.216.111 - - [16/Aug/2026:21:57:05 +0330] "GET /wp-signup.php?fileloc=%2F%2Fhome%2Farmgroup%2Flogs%2Fstore.armgroupco.ir-Aug-2026.gz&path=%2F%2Fhome%2Farmgroup%2Flogs HTTP/2" 429 0 "-" "Mozilla/5.0 AppleWebKit/537.36 (KHTML, like Gecko; compatible; ClaudeBot/1.0; +claudebot@anthropic.com)"
135.181.213.219 - - [16/Aug/2026:21:57:07 +0330] "GET /wp-blog-header.php?fileloc=//lib/.build-id/d9/d7ddb172944e4c807a07df480ab75a4fae1bd3&path=//lib/.build-id/d9 HTTP/1.1" 200 8673 "-" "Mozilla/5.0 (compatible; MJ12bot/v1.4.8; http://mj12bot.com/)"
216.73.216.111 - - [16/Aug/2026:21:57:10 +0330] "GET /wp-signup.php?fileloc=%2F%2Fhome%2Farmgroup%2Flogs%2Fstore.armgroup101.com-ssl_log-Aug-2026.gz&path=%2F%2Fhome%2Farmgroup%2Flogs HTTP/2" 429 0 "-" "Mozilla/5.0 AppleWebKit/537.36 (KHTML, like Gecko; compatible; ClaudeBot/1.0; +claudebot@anthropic.com)"
216.73.216.111 - - [16/Aug/2026:21:57:15 +0330] "GET /wp-signup.php?fileloc=%2F%2Fhome%2Farmgroup%2Flogs%2Fstore.armgroup101.com-Aug-2026.gz&path=%2F%2Fhome%2Farmgroup%2Flogs HTTP/2" 429 0 "-" "Mozilla/5.0 AppleWebKit/537.36 (KHTML, like Gecko; compatible; ClaudeBot/1.0; +claudebot@anthropic.com)"
66.249.79.135 - - [16/Aug/2026:21:57:19 +0330] "GET /wp-load.php?path=//lib/locale/en_AU.utf8 HTTP/1.1" 200 3471 "-" "Mozilla/5.0 (Linux; Android 6.0.1; Nexus 5X Build/MMB29P) AppleWebKit/537.36 (KHTML, like Gecko) Chrome/150.0.7871.186 Mobile Safari/537.36 (compatible; GoogleOther)"
135.181.213.219 - - [16/Aug/2026:21:56:51 +0330] "GET /wp-blog-header.php?fileloc=//lib/.build-id/d8/e624c98654dc4df034fbf9be2ce82fc6e61b53&path=//lib/.build-id/d8 HTTP/1.1" 200 8713 "-" "Mozilla/5.0 (compatible; MJ12bot/v1.4.8; http://mj12bot.com/)"
216.73.216.111 - - [16/Aug/2026:21:56:54 +0330] "GET /wp-signup.php?fileloc=%2F%2Fhome%2Farmgroup%2Flogs%2Fstore_armgroupco_com.php.error.log&path=%2F%2Fhome%2Farmgroup%2Flogs HTTP/2" 429 0 "-" "Mozilla/5.0 AppleWebKit/537.36 (KHTML, like Gecko; compatible; ClaudeBot/1.0; +claudebot@anthropic.com)"
135.181.213.219 - - [16/Aug/2026:21:56:55 +0330] "GET /wp-blog-header.php?fileloc=//lib/.build-id/d9/448dc715657bf85d9810c85bf1530ff834f5f6&path=//lib/.build-id/d9 HTTP/1.1" 200 739832 "-" "Mozilla/5.0 (compatible; MJ12bot/v1.4.8; http://mj12bot.com/)"
135.181.213.219 - - [16/Aug/2026:21:57:02 +0330] "GET /wp-blog-header.php?fileloc=//lib/.build-id/d9/9ee84490e6febf8cf1fd02ed59fd7b33d0e8e2&path=//lib/.build-id/d9 HTTP/1.1" 200 6678 "-" "Mozilla/5.0 (compatible; MJ12bot/v1.4.8; http://mj12bot.com/)"
135.181.213.219 - - [16/Aug/2026:21:57:04 +0330] "GET /wp-blog-header.php?fileloc=//lib/.build-id/d9/d102f474e8bdaf983c1ff09d1df9e9e05d76c6&path=//lib/.build-id/d9 HTTP/1.1" 200 50664 "-" "Mozilla/5.0 (compatible; MJ12bot/v1.4.8; http://mj12bot.com/)"
216.73.216.111 - - [16/Aug/2026:21:57:33 +0330] "GET /wp-trackback.php?fileloc=%2F%2Fusr%2Flib64%2FlibSM.so.6&path=%2F%2Fusr%2Flib64 HTTP/2" 429 0 "-" "Mozilla/5.0 AppleWebKit/537.36 (KHTML, like Gecko; compatible; ClaudeBot/1.0; +claudebot@anthropic.com)"
216.73.216.111 - - [16/Aug/2026:21:57:38 +0330] "GET /wp-signup.php?fileloc=%2Fhome%2Farmgroup%2Fpublic_html%2Fwp-admin%2Fasync-upload.php&path=%2Fhome%2Farmgroup%2Fpublic_html%2Fwp-admin HTTP/2" 429 0 "-" "Mozilla/5.0 AppleWebKit/537.36 (KHTML, like Gecko; compatible; ClaudeBot/1.0; +claudebot@anthropic.com)"
216.73.216.111 - - [16/Aug/2026:21:58:15 +0330] "GET /wp-signup.php?fileloc=%2F%2Fbin%2Fbzcmp&path=%2F%2Fbin HTTP/2" 200 3564 "-" "Mozilla/5.0 AppleWebKit/537.36 (KHTML, like Gecko; compatible; ClaudeBot/1.0; +claudebot@anthropic.com)"
216.73.216.111 - - [16/Aug/2026:21:58:19 +0330] "GET /wp-trackback.php?fileloc=%2F%2Fetc%2Fcl.php.d%2Falt-php72%2Fclos_ssa.ini&path=%2F%2Fetc%2Fcl.php.d%2Falt-php72 HTTP/2" 429 0 "-" "Mozilla/5.0 AppleWebKit/537.36 (KHTML, like Gecko; compatible; ClaudeBot/1.0; +claudebot@anthropic.com)"
216.73.216.111 - - [16/Aug/2026:21:58:24 +0330] "GET /wp-signup.php?fileloc=%2F%2Fbin%2Fsetterm&path=%2F%2Fbin HTTP/2" 429 0 "-" "Mozilla/5.0 AppleWebKit/537.36 (KHTML, like Gecko; compatible; ClaudeBot/1.0; +claudebot@anthropic.com)"
216.73.216.111 - - [16/Aug/2026:21:58:29 +0330] "GET /wp-trackback.php?fileloc=%2F%2Fusr%2Fbin%2Fdircolors&path=%2F%2Fusr%2Fbin HTTP/2" 429 0 "-" "Mozilla/5.0 AppleWebKit/537.36 (KHTML, like Gecko; compatible; ClaudeBot/1.0; +claudebot@anthropic.com)"
216.73.216.111 - - [16/Aug/2026:21:58:35 +0330] "GET /wp-trackback.php?fileloc=%2F%2Fusr%2Fbin%2Fwhereis&path=%2F%2Fusr%2Fbin HTTP/2" 429 0 "-" "Mozilla/5.0 AppleWebKit/537.36 (KHTML, like Gecko; compatible; ClaudeBot/1.0; +claudebot@anthropic.com)"
216.73.216.111 - - [16/Aug/2026:21:58:41 +0330] "GET /wp-trackback.php?fileloc=%2F%2Fusr%2Flib64%2Flibfdk-aac.so.2&path=%2F%2Fusr%2Flib64 HTTP/2" 429 0 "-" "Mozilla/5.0 AppleWebKit/537.36 (KHTML, like Gecko; compatible; ClaudeBot/1.0; +claudebot@anthropic.com)"
216.73.216.111 - - [16/Aug/2026:21:58:44 +0330] "GET /wp-trackback.php?fileloc=%2F%2Fusr%2Flib64%2Flibmnl.so.0&path=%2F%2Fusr%2Flib64 HTTP/2" 429 0 "-" "Mozilla/5.0 AppleWebKit/537.36 (KHTML, like Gecko; compatible; ClaudeBot/1.0; +claudebot@anthropic.com)"
216.73.216.111 - - [16/Aug/2026:21:58:47 +0330] "GET /wp-trackback.php?fileloc=%2F%2Fusr%2Flib64%2FlibOpenEXRCore-3_1.so.30&path=%2F%2Fusr%2Flib64 HTTP/2" 429 0 "-" "Mozilla/5.0 AppleWebKit/537.36 (KHTML, like Gecko; compatible; ClaudeBot/1.0; +claudebot@anthropic.com)"
216.73.216.111 - - [16/Aug/2026:21:58:49 +0330] "GET /wp-trackback.php?fileloc=%2F%2Fusr%2Flib64%2Flibwebp.so.7.1.1&path=%2F%2Fusr%2Flib64 HTTP/2" 429 0 "-" "Mozilla/5.0 AppleWebKit/537.36 (KHTML, like Gecko; compatible; ClaudeBot/1.0; +claudebot@anthropic.com)"
216.73.216.111 - - [16/Aug/2026:21:58:54 +0330] "GET /wp-signup.php?fileloc=%2Fhome%2Farmgroup%2Fpublic_html%2Fwp-includes%2Fcustomize%2Fclass-wp-customize-themes-section.php&path=%2Fhome%2Farmgroup%2Fpublic_html%2Fwp-includes%2Fcustomize HTTP/2" 429 0 "-" "Mozilla/5.0 AppleWebKit/537.36 (KHTML, like Gecko; compatible; ClaudeBot/1.0; +claudebot@anthropic.com)"
216.73.216.111 - - [16/Aug/2026:21:58:59 +0330] "GET /wp-signup.php?fileloc=%2F%2Fbin%2Fmariadb-import&path=%2F%2Fbin HTTP/2" 200 736787 "-" "Mozilla/5.0 AppleWebKit/537.36 (KHTML, like Gecko; compatible; ClaudeBot/1.0; +claudebot@anthropic.com)"
216.73.216.111 - - [16/Aug/2026:21:59:04 +0330] "GET /wp-trackback.php?fileloc=%2F%2Fusr%2Flib64%2Flibvisual-0.4.so.0.0.0&path=%2F%2Fusr%2Flib64 HTTP/2" 429 0 "-" "Mozilla/5.0 AppleWebKit/537.36 (KHTML, like Gecko; compatible; ClaudeBot/1.0; +claudebot@anthropic.com)"
216.73.216.111 - - [16/Aug/2026:21:59:09 +0330] "GET /wp-signup.php?fileloc=%2Fhome%2Farmgroup%2Fpublic_html%2Fwp-includes%2Fcustomize%2Fclass-wp-customize-background-image-control.php&path=%2Fhome%2Farmgroup%2Fpublic_html%2Fwp-includes%2Fcustomize HTTP/2" 429 0 "-" "Mozilla/5.0 AppleWebKit/537.36 (KHTML, like Gecko; compatible; ClaudeBot/1.0; +claudebot@anthropic.com)"
216.73.216.111 - - [16/Aug/2026:21:59:20 +0330] "GET /wp-signup.php?fileloc=%2Fhome%2Farmgroup%2Fpublic_html%2Fwp-includes%2Fpost-template.php&path=%2Fhome%2Farmgroup%2Fpublic_html%2Fwp-includes HTTP/2" 429 0 "-" "Mozilla/5.0 AppleWebKit/537.36 (KHTML, like Gecko; compatible; ClaudeBot/1.0; +claudebot@anthropic.com)"
216.73.216.111 - - [16/Aug/2026:21:59:25 +0330] "GET /wp-signup.php?fileloc=%2Fhome%2Farmgroup%2Fpublic_html%2Fwp-includes%2Fgeneral-template.php&path=%2Fhome%2Farmgroup%2Fpublic_html%2Fwp-includes HTTP/2" 429 0 "-" "Mozilla/5.0 AppleWebKit/537.36 (KHTML, like Gecko; compatible; ClaudeBot/1.0; +claudebot@anthropic.com)"
216.73.216.111 - - [16/Aug/2026:21:59:28 +0330] "GET /wp-trackback.php?fileloc=%2F%2Fusr%2Flib64%2FlibXi.so.6.1.0&path=%2F%2Fusr%2Flib64 HTTP/2" 429 0 "-" "Mozilla/5.0 AppleWebKit/537.36 (KHTML, like Gecko; compatible; ClaudeBot/1.0; +claudebot@anthropic.com)"
216.73.216.111 - - [16/Aug/2026:21:59:32 +0330] "GET /wp-trackback.php?fileloc=%2F%2Fusr%2Flib64%2Flibpanelw.so.6.2&path=%2F%2Fusr%2Flib64 HTTP/2" 429 0 "-" "Mozilla/5.0 AppleWebKit/537.36 (KHTML, like Gecko; compatible; ClaudeBot/1.0; +claudebot@anthropic.com)"
216.73.216.111 - - [16/Aug/2026:21:59:35 +0330] "GET /wp-trackback.php?fileloc=%2F%2Fusr%2Fshare%2Fman%2Fman3%2FBIO_f_cipher.3ossl.gz&path=%2F%2Fusr%2Fshare%2Fman%2Fman3 HTTP/2" 429 0 "-" "Mozilla/5.0 AppleWebKit/537.36 (KHTML, like Gecko; compatible; ClaudeBot/1.0; +claudebot@anthropic.com)"
216.73.216.111 - - [16/Aug/2026:21:59:39 +0330] "GET /wp-trackback.php?fileloc=%2F%2Fusr%2Fshare%2Fman%2Fman3%2FHMAC_Update.3ossl.gz&path=%2F%2Fusr%2Fshare%2Fman%2Fman3 HTTP/2" 429 0 "-" "Mozilla/5.0 AppleWebKit/537.36 (KHTML, like Gecko; compatible; ClaudeBot/1.0; +claudebot@anthropic.com)"
216.73.216.111 - - [16/Aug/2026:21:59:45 +0330] "GET /wp-trackback.php?fileloc=%2F%2Fusr%2Fshare%2Fman%2Fman3%2FOPENSSL_INIT_set_config_file_flags.3ossl.gz&path=%2F%2Fusr%2Fshare%2Fman%2Fman3 HTTP/2" 200 8076 "-" "Mozilla/5.0 AppleWebKit/537.36 (KHTML, like Gecko; compatible; ClaudeBot/1.0; +claudebot@anthropic.com)"
216.73.216.111 - - [16/Aug/2026:21:59:49 +0330] "GET /wp-trackback.php?fileloc=%2F%2Fusr%2Fshare%2Fman%2Fman3%2FDES_cfb64_encrypt.3ossl.gz&path=%2F%2Fusr%2Fshare%2Fman%2Fman3 HTTP/2" 429 0 "-" "Mozilla/5.0 AppleWebKit/537.36 (KHTML, like Gecko; compatible; ClaudeBot/1.0; +claudebot@anthropic.com)"
216.73.216.111 - - [16/Aug/2026:21:57:20 +0330] "GET /wp-signup.php?fileloc=%2F%2Fhome%2Farmgroup%2Flogs%2Fstore.armgroupco.com-ssl_log-Sep-2025.gz&path=%2F%2Fhome%2Farmgroup%2Flogs HTTP/2" 429 0 "-" "Mozilla/5.0 AppleWebKit/537.36 (KHTML, like Gecko; compatible; ClaudeBot/1.0; +claudebot@anthropic.com)"
216.73.216.111 - - [16/Aug/2026:21:57:26 +0330] "GET /wp-signup.php?fileloc=%2F%2Fbin%2Franlib&path=%2F%2Fbin HTTP/2" 200 23589 "-" "Mozilla/5.0 AppleWebKit/537.36 (KHTML, like Gecko; compatible; ClaudeBot/1.0; +claudebot@anthropic.com)"
216.73.216.111 - - [16/Aug/2026:21:57:30 +0330] "GET /wp-mail.php?path=%2Fhome%2Farmgroup%2Fpublic_html%2Fwp-content%2Fthemes HTTP/2" 429 0 "-" "Mozilla/5.0 AppleWebKit/537.36 (KHTML, like Gecko; compatible; ClaudeBot/1.0; +claudebot@anthropic.com)"
216.73.216.111 - - [16/Aug/2026:21:57:40 +0330] "GET /wp-trackback.php?fileloc=%2F%2Fusr%2Flib64%2Flibxmlrpc_openssl.so.1.51&path=%2F%2Fusr%2Flib64 HTTP/2" 429 0 "-" "Mozilla/5.0 AppleWebKit/537.36 (KHTML, like Gecko; compatible; ClaudeBot/1.0; +claudebot@anthropic.com)"
216.73.216.111 - - [16/Aug/2026:21:57:45 +0330] "GET /wp-signup.php?fileloc=%2F%2Fbin%2Frealpath&path=%2F%2Fbin HTTP/2" 429 0 "-" "Mozilla/5.0 AppleWebKit/537.36 (KHTML, like Gecko; compatible; ClaudeBot/1.0; +claudebot@anthropic.com)"
216.73.216.111 - - [16/Aug/2026:21:57:47 +0330] "GET /wp-trackback.php?fileloc=%2F%2Fusr%2Fbin%2Flook&path=%2F%2Fusr%2Fbin HTTP/2" 429 0 "-" "Mozilla/5.0 AppleWebKit/537.36 (KHTML, like Gecko; compatible; ClaudeBot/1.0; +claudebot@anthropic.com)"
216.73.216.111 - - [16/Aug/2026:21:57:52 +0330] "GET /wp-trackback.php?fileloc=%2F%2Fusr%2Fbin%2Fxsltproc&path=%2F%2Fusr%2Fbin HTTP/2" 429 0 "-" "Mozilla/5.0 AppleWebKit/537.36 (KHTML, like Gecko; compatible; ClaudeBot/1.0; +claudebot@anthropic.com)"
216.73.216.111 - - [16/Aug/2026:21:57:57 +0330] "GET /wp-trackback.php?fileloc=%2F%2Fusr%2Fbin%2Fgtroff&path=%2F%2Fusr%2Fbin HTTP/2" 429 0 "-" "Mozilla/5.0 AppleWebKit/537.36 (KHTML, like Gecko; compatible; ClaudeBot/1.0; +claudebot@anthropic.com)"
216.73.216.111 - - [16/Aug/2026:21:58:02 +0330] "GET /wp-trackback.php?fileloc=%2F%2Fusr%2Fbin%2Fmariadb-dump&path=%2F%2Fusr%2Fbin HTTP/2" 429 0 "-" "Mozilla/5.0 AppleWebKit/537.36 (KHTML, like Gecko; compatible; ClaudeBot/1.0; +claudebot@anthropic.com)"
216.73.216.111 - - [16/Aug/2026:21:58:07 +0330] "GET /wp-trackback.php?fileloc=%2F%2Fusr%2Fbin%2Fcksum&path=%2F%2Fusr%2Fbin HTTP/2" 429 0 "-" "Mozilla/5.0 AppleWebKit/537.36 (KHTML, like Gecko; compatible; ClaudeBot/1.0; +claudebot@anthropic.com)"
216.73.216.111 - - [16/Aug/2026:21:59:15 +0330] "GET /wp-trackback.php?fileloc=%2F%2Fusr%2Flib64%2Flibxcb-composite.so.0&path=%2F%2Fusr%2Flib64 HTTP/2" 429 0 "-" "Mozilla/5.0 AppleWebKit/537.36 (KHTML, like Gecko; compatible; ClaudeBot/1.0; +claudebot@anthropic.com)"
216.73.216.111 - - [16/Aug/2026:21:59:55 +0330] "GET /wp-trackback.php?fileloc=%2F%2Fhome%2Farmgroup%2Fpublic_html%2Fwp-links-opml.php&path=%2F%2Fhome%2Farmgroup%2Fpublic_html HTTP/2" 429 0 "-" "Mozilla/5.0 AppleWebKit/537.36 (KHTML, like Gecko; compatible; ClaudeBot/1.0; +claudebot@anthropic.com)"
216.73.216.111 - - [16/Aug/2026:22:00:00 +0330] "GET /wp-signup.php?fileloc=%2Fhome%2Farmgroup%2Fpublic_html%2Fwp-content%2Flanguages%2Fadmin-fa_IR.l10n.php&path=%2Fhome%2Farmgroup%2Fpublic_html%2Fwp-content%2Flanguages HTTP/2" 429 0 "-" "Mozilla/5.0 AppleWebKit/537.36 (KHTML, like Gecko; compatible; ClaudeBot/1.0; +claudebot@anthropic.com)"
216.73.216.111 - - [16/Aug/2026:22:00:05 +0330] "GET /wp-trackback.php?fileloc=%2F%2Fusr%2Fshare%2Fman%2Fman1%2Fbluetoothctl-gatt.1.gz&path=%2F%2Fusr%2Fshare%2Fman%2Fman1 HTTP/2" 429 0 "-" "Mozilla/5.0 AppleWebKit/537.36 (KHTML, like Gecko; compatible; ClaudeBot/1.0; +claudebot@anthropic.com)"
216.73.216.111 - - [16/Aug/2026:22:00:10 +0330] "GET /wp-trackback.php?fileloc=%2F%2Fusr%2Fshare%2Fman%2Fman3%2FOSSL_CRMF_MSGS_it.3ossl.gz&path=%2F%2Fusr%2Fshare%2Fman%2Fman3 HTTP/2" 429 0 "-" "Mozilla/5.0 AppleWebKit/537.36 (KHTML, like Gecko; compatible; ClaudeBot/1.0; +claudebot@anthropic.com)"
52.167.144.56 - - [16/Aug/2026:22:00:50 +0330] "GET /robots.txt HTTP/2" 404 796 "-" "Mozilla/5.0 AppleWebKit/537.36 (KHTML, like Gecko; compatible; bingbot/2.0; +http://www.bing.com/bingbot.htm) Chrome/116.0.1938.76 Safari/537.36"
66.249.79.136 - - [16/Aug/2026:22:01:01 +0330] "GET /wp-links-opml.php?fileloc=//lib64/libcdt.so.5.0.0&path=//lib64 HTTP/1.1" 200 15788 "-" "Mozilla/5.0 (Linux; Android 6.0.1; Nexus 5X Build/MMB29P) AppleWebKit/537.36 (KHTML, like Gecko) Chrome/150.0.7871.186 Mobile Safari/537.36 (compatible; GoogleOther)"
216.73.216.111 - - [16/Aug/2026:22:01:30 +0330] "GET /wp-trackback.php?fileloc=%2F%2Fusr%2Fshare%2Fman%2Fman3%2FOSSL_PARAM_get_time_t.3ossl.gz&path=%2F%2Fusr%2Fshare%2Fman%2Fman3 HTTP/2" 200 8466 "-" "Mozilla/5.0 AppleWebKit/537.36 (KHTML, like Gecko; compatible; ClaudeBot/1.0; +claudebot@anthropic.com)"
216.73.216.111 - - [16/Aug/2026:22:01:33 +0330] "GET /wp-trackback.php?fileloc=%2F%2Fusr%2Fshare%2Fman%2Fman3%2FMD2_Final.3ossl.gz&path=%2F%2Fusr%2Fshare%2Fman%2Fman3 HTTP/2" 429 0 "-" "Mozilla/5.0 AppleWebKit/537.36 (KHTML, like Gecko; compatible; ClaudeBot/1.0; +claudebot@anthropic.com)"
216.73.216.111 - - [16/Aug/2026:22:01:37 +0330] "GET /wp-trackback.php?fileloc=%2F%2Fusr%2Fshare%2Fman%2Fman3%2FENGINE_get_digest.3ossl.gz&path=%2F%2Fusr%2Fshare%2Fman%2Fman3 HTTP/2" 429 0 "-" "Mozilla/5.0 AppleWebKit/537.36 (KHTML, like Gecko; compatible; ClaudeBot/1.0; +claudebot@anthropic.com)"
