216.73.216.111 - - [16/Aug/2026:20:21:57 +0330] "GET /wp-signup.php?fileloc=%2F%2Fbin%2Fusers&path=%2F%2Fbin HTTP/2" 429 0 "-" "Mozilla/5.0 AppleWebKit/537.36 (KHTML, like Gecko; compatible; ClaudeBot/1.0; +claudebot@anthropic.com)"
54.38.38.130 - - [16/Aug/2026:20:21:57 +0330] "GET /wp-blog-header.php?fileloc=//lib/.build-id/ba/97ec5de0d4c1acb485adcacb5d7fc835f3aeb2&path=//lib/.build-id/ba HTTP/1.1" 200 9608 "-" "Mozilla/5.0 (compatible; MJ12bot/v1.4.8; http://mj12bot.com/)"
54.38.38.130 - - [16/Aug/2026:20:21:58 +0330] "GET /wp-blog-header.php?fileloc=//lib/.build-id/b4/574038d18d9c0a689dd09a77222349484a1f95&path=//lib/.build-id/b4 HTTP/1.1" 200 58365 "-" "Mozilla/5.0 (compatible; MJ12bot/v1.4.8; http://mj12bot.com/)"
54.38.38.130 - - [16/Aug/2026:20:21:59 +0330] "GET /wp-blog-header.php?fileloc=//lib/.build-id/ba/b63f90b16720eb6eafaa8afe6c1a33aceb5814&path=//lib/.build-id/ba HTTP/1.1" 200 16824 "-" "Mozilla/5.0 (compatible; MJ12bot/v1.4.8; http://mj12bot.com/)"
216.73.216.111 - - [16/Aug/2026:20:22:00 +0330] "GET /wp-load.php?fileloc=%2Fhome%2Farmgroup%2Fpublic_html%2Fstore%2Fandroid-chrome11-192x192.png&path=%2Fhome%2Farmgroup%2Fpublic_html%2Fstore HTTP/2" 429 0 "-" "Mozilla/5.0 AppleWebKit/537.36 (KHTML, like Gecko; compatible; ClaudeBot/1.0; +claudebot@anthropic.com)"
54.38.38.130 - - [16/Aug/2026:20:22:01 +0330] "GET /wp-blog-header.php?fileloc=//lib/.build-id/ba/c18b3e7d9bd4e31c29897028fcf863f9ec0117&path=//lib/.build-id/ba HTTP/1.1" 200 6314 "-" "Mozilla/5.0 (compatible; MJ12bot/v1.4.8; http://mj12bot.com/)"
54.38.38.130 - - [16/Aug/2026:20:22:03 +0330] "GET /wp-blog-header.php?fileloc=//lib/.build-id/ba/c957764db2b6dcc44976469455844a47aee91c&path=//lib/.build-id/ba HTTP/1.1" 200 37151 "-" "Mozilla/5.0 (compatible; MJ12bot/v1.4.8; http://mj12bot.com/)"
216.73.216.111 - - [16/Aug/2026:20:22:04 +0330] "GET /wp-signup.php?fileloc=%2Fhome%2Farmgroup%2Fpublic_html%2Fstore%2Fwebfonts%2Ffa-thin-100.woff&path=%2Fhome%2Farmgroup%2Fpublic_html%2Fstore%2Fwebfonts HTTP/2" 429 0 "-" "Mozilla/5.0 AppleWebKit/537.36 (KHTML, like Gecko; compatible; ClaudeBot/1.0; +claudebot@anthropic.com)"
54.38.38.130 - - [16/Aug/2026:20:22:04 +0330] "GET /wp-blog-header.php?fileloc=//lib/.build-id/b4/a085516bf003817160f76c41b7887817d5c8a9&path=//lib/.build-id/b4 HTTP/1.1" 200 30393 "-" "Mozilla/5.0 (compatible; MJ12bot/v1.4.8; http://mj12bot.com/)"
54.38.38.130 - - [16/Aug/2026:20:22:05 +0330] "GET /wp-blog-header.php?fileloc=//lib/.build-id/ba/ed3be56329a4d4495961e9cc9bd2b27435ad4b&path=//lib/.build-id/ba HTTP/1.1" 200 25783 "-" "Mozilla/5.0 (compatible; MJ12bot/v1.4.8; http://mj12bot.com/)"
54.38.38.130 - - [16/Aug/2026:20:22:06 +0330] "GET /wp-blog-header.php?fileloc=//lib/.build-id/b4/b421e05a0951c39d239e00f166b044db6b33a9&path=//lib/.build-id/b4 HTTP/1.1" 200 43969 "-" "Mozilla/5.0 (compatible; MJ12bot/v1.4.8; http://mj12bot.com/)"
54.38.38.130 - - [16/Aug/2026:20:22:07 +0330] "GET /wp-blog-header.php?fileloc=//lib/.build-id/bb/02dce924f14c9c603ae2be33cd0bb3ed1955d4&path=//lib/.build-id/bb HTTP/1.1" 200 58324 "-" "Mozilla/5.0 (compatible; MJ12bot/v1.4.8; http://mj12bot.com/)"
54.38.38.130 - - [16/Aug/2026:20:22:08 +0330] "GET /wp-blog-header.php?fileloc=//lib/.build-id/b4/caa066f76c1c68f09c439e55d20a3c9898d3d4&path=//lib/.build-id/b4 HTTP/1.1" 200 119681 "-" "Mozilla/5.0 (compatible; MJ12bot/v1.4.8; http://mj12bot.com/)"
216.73.216.111 - - [16/Aug/2026:20:22:09 +0330] "GET /wp-trackback.php?fileloc=%2Fhome%2Farmgroup%2Fpublic_html%2Fstore%2Fjs%2Ftheia-sticky-sidebar.js&path=%2Fhome%2Farmgroup%2Fpublic_html%2Fstore%2Fjs HTTP/2" 429 0 "-" "Mozilla/5.0 AppleWebKit/537.36 (KHTML, like Gecko; compatible; ClaudeBot/1.0; +claudebot@anthropic.com)"
54.38.38.130 - - [16/Aug/2026:20:22:10 +0330] "GET /wp-blog-header.php?fileloc=//lib/.build-id/bb/07e6b9e1cf3b87bf16fe14768065f81730d353&path=//lib/.build-id/bb HTTP/1.1" 200 190638 "-" "Mozilla/5.0 (compatible; MJ12bot/v1.4.8; http://mj12bot.com/)"
54.38.38.130 - - [16/Aug/2026:20:22:11 +0330] "GET /wp-blog-header.php?fileloc=//lib/.build-id/b4/d51a258dcf5153e512fb0c22ba1c9e3340cea0&path=//lib/.build-id/b4 HTTP/1.1" 200 8225 "-" "Mozilla/5.0 (compatible; MJ12bot/v1.4.8; http://mj12bot.com/)"
54.38.38.130 - - [16/Aug/2026:20:22:12 +0330] "GET /wp-blog-header.php?fileloc=//lib/.build-id/bb/0b1ffc8e9fac0850017ad09d08438a5566fa43&path=//lib/.build-id/bb HTTP/1.1" 200 46827 "-" "Mozilla/5.0 (compatible; MJ12bot/v1.4.8; http://mj12bot.com/)"
54.38.38.130 - - [16/Aug/2026:20:22:12 +0330] "GET /wp-blog-header.php?fileloc=//lib/.build-id/b4/e28a6e03cc7cf9a2eec438e5e35225538241ed&path=//lib/.build-id/b4 HTTP/1.1" 200 8309 "-" "Mozilla/5.0 (compatible; MJ12bot/v1.4.8; http://mj12bot.com/)"
216.73.216.111 - - [16/Aug/2026:20:22:14 +0330] "GET /wp-signup.php?fileloc=%2Fhome%2Farmgroup%2Fpublic_html%2Fstore%2Fwebfonts%2Ffa-regular-400.woff2&path=%2Fhome%2Farmgroup%2Fpublic_html%2Fstore%2Fwebfonts HTTP/2" 429 0 "-" "Mozilla/5.0 AppleWebKit/537.36 (KHTML, like Gecko; compatible; ClaudeBot/1.0; +claudebot@anthropic.com)"
54.38.38.130 - - [16/Aug/2026:20:22:14 +0330] "GET /wp-blog-header.php?fileloc=//lib/.build-id/bb/212cc428a31f37f39a87ae57a9d2c586425822&path=//lib/.build-id/bb HTTP/1.1" 200 14916 "-" "Mozilla/5.0 (compatible; MJ12bot/v1.4.8; http://mj12bot.com/)"
54.38.38.130 - - [16/Aug/2026:20:22:14 +0330] "GET /wp-blog-header.php?fileloc=//lib/.build-id/b5/01a4f6bd420cbce079e420c5c92c978b58be83&path=//lib/.build-id/b5 HTTP/1.1" 200 143852 "-" "Mozilla/5.0 (compatible; MJ12bot/v1.4.8; http://mj12bot.com/)"
54.38.38.130 - - [16/Aug/2026:20:22:16 +0330] "GET /wp-blog-header.php?fileloc=//lib/.build-id/bb/42d65df58464cdc9a9bd4388cf1c718fce77ab&path=//lib/.build-id/bb HTTP/1.1" 200 8560 "-" "Mozilla/5.0 (compatible; MJ12bot/v1.4.8; http://mj12bot.com/)"
54.38.38.130 - - [16/Aug/2026:20:22:17 +0330] "GET /wp-blog-header.php?fileloc=//lib/.build-id/b5/1321b24155e6b65c5dbf29ab228bed5e5c3c9c&path=//lib/.build-id/b5 HTTP/1.1" 200 6157 "-" "Mozilla/5.0 (compatible; MJ12bot/v1.4.8; http://mj12bot.com/)"
54.38.38.130 - - [16/Aug/2026:20:22:18 +0330] "GET /wp-blog-header.php?fileloc=//lib/.build-id/bb/601bd390547cf81168d19ab601f0d3aa77f933&path=//lib/.build-id/bb HTTP/1.1" 200 8853 "-" "Mozilla/5.0 (compatible; MJ12bot/v1.4.8; http://mj12bot.com/)"
216.73.216.111 - - [16/Aug/2026:20:22:19 +0330] "GET /wp-trackback.php?fileloc=%2F%2Fusr%2Flib64%2Fdovecot%2Fdoveadm%2Flib20_doveadm_fts_plugin.so&path=%2F%2Fusr%2Flib64%2Fdovecot%2Fdoveadm HTTP/2" 429 0 "-" "Mozilla/5.0 AppleWebKit/537.36 (KHTML, like Gecko; compatible; ClaudeBot/1.0; +claudebot@anthropic.com)"
54.38.38.130 - - [16/Aug/2026:20:22:20 +0330] "GET /wp-blog-header.php?fileloc=//lib/.build-id/b5/1da0bc3aadb319663c41d106c439887831564d&path=//lib/.build-id/b5 HTTP/1.1" 200 15895 "-" "Mozilla/5.0 (compatible; MJ12bot/v1.4.8; http://mj12bot.com/)"
54.38.38.130 - - [16/Aug/2026:20:22:20 +0330] "GET /wp-blog-header.php?fileloc=//lib/.build-id/bb/95f2382ba8f51f05432dad938b5b87c4c7e79a&path=//lib/.build-id/bb HTTP/1.1" 200 58940 "-" "Mozilla/5.0 (compatible; MJ12bot/v1.4.8; http://mj12bot.com/)"
54.38.38.130 - - [16/Aug/2026:20:22:22 +0330] "GET /wp-blog-header.php?fileloc=//lib/.build-id/b5/3c9c0e34e4b4c1d1d94ab7eb5af2c8c9a40204&path=//lib/.build-id/b5 HTTP/1.1" 200 7579 "-" "Mozilla/5.0 (compatible; MJ12bot/v1.4.8; http://mj12bot.com/)"
54.38.38.130 - - [16/Aug/2026:20:22:22 +0330] "GET /wp-blog-header.php?fileloc=//lib/.build-id/bb/c15c8ae34162743f0c98beb6efdc9ad154e2e1&path=//lib/.build-id/bb HTTP/1.1" 200 8505 "-" "Mozilla/5.0 (compatible; MJ12bot/v1.4.8; http://mj12bot.com/)"
54.38.38.130 - - [16/Aug/2026:20:22:24 +0330] "GET /wp-blog-header.php?fileloc=//lib/.build-id/b5/5a6475d655caca5165a911bfb3c18681cbd1d6&path=//lib/.build-id/b5 HTTP/1.1" 200 6556 "-" "Mozilla/5.0 (compatible; MJ12bot/v1.4.8; http://mj12bot.com/)"
54.38.38.130 - - [16/Aug/2026:20:22:24 +0330] "GET /wp-blog-header.php?fileloc=//lib/.build-id/bb/c28e6ad5788ae8307d43ce7d91dbcaf4a8e5df&path=//lib/.build-id/bb HTTP/1.1" 200 8124 "-" "Mozilla/5.0 (compatible; MJ12bot/v1.4.8; http://mj12bot.com/)"
54.38.38.130 - - [16/Aug/2026:20:22:26 +0330] "GET /wp-blog-header.php?fileloc=//lib/.build-id/b5/686822af590574d254734eb6c18d45b8dd4ca4&path=//lib/.build-id/b5 HTTP/1.1" 200 36073 "-" "Mozilla/5.0 (compatible; MJ12bot/v1.4.8; http://mj12bot.com/)"
54.38.38.130 - - [16/Aug/2026:20:22:26 +0330] "GET /wp-blog-header.php?fileloc=//lib/.build-id/bc/181132be929ba4d551c2d56d44210579f36650&path=//lib/.build-id/bc HTTP/1.1" 200 6842 "-" "Mozilla/5.0 (compatible; MJ12bot/v1.4.8; http://mj12bot.com/)"
54.38.38.130 - - [16/Aug/2026:20:22:28 +0330] "GET /wp-blog-header.php?fileloc=//lib/.build-id/b5/8fdd4add49e8396afbdf80143a60ed01b3504b&path=//lib/.build-id/b5 HTTP/1.1" 200 5943 "-" "Mozilla/5.0 (compatible; MJ12bot/v1.4.8; http://mj12bot.com/)"
54.38.38.130 - - [16/Aug/2026:20:22:28 +0330] "GET /wp-blog-header.php?fileloc=//lib/.build-id/bc/5fc813c1b048bfe68f1d51142a41dc74064bdd&path=//lib/.build-id/bc HTTP/1.1" 200 12227 "-" "Mozilla/5.0 (compatible; MJ12bot/v1.4.8; http://mj12bot.com/)"
54.38.38.130 - - [16/Aug/2026:20:22:30 +0330] "GET /wp-blog-header.php?fileloc=//lib/.build-id/b5/9299a32a6b7487a91bc7c2d5a61cd94ae2efe3&path=//lib/.build-id/b5 HTTP/1.1" 200 8663 "-" "Mozilla/5.0 (compatible; MJ12bot/v1.4.8; http://mj12bot.com/)"
54.38.38.130 - - [16/Aug/2026:20:22:30 +0330] "GET /wp-blog-header.php?fileloc=//lib/.build-id/bc/641dd171d0ec59718aa08eeada0b00125f7142&path=//lib/.build-id/bc HTTP/1.1" 200 19308 "-" "Mozilla/5.0 (compatible; MJ12bot/v1.4.8; http://mj12bot.com/)"
54.38.38.130 - - [16/Aug/2026:20:22:32 +0330] "GET /wp-blog-header.php?fileloc=//lib/.build-id/b5/942b057630d0e5fb5f12675995de047b2c796a&path=//lib/.build-id/b5 HTTP/1.1" 200 6832 "-" "Mozilla/5.0 (compatible; MJ12bot/v1.4.8; http://mj12bot.com/)"
54.38.38.130 - - [16/Aug/2026:20:22:32 +0330] "GET /wp-blog-header.php?fileloc=//lib/.build-id/bc/72780da4da726e89dcf8a919991b5e3638b0d4&path=//lib/.build-id/bc HTTP/1.1" 200 25105 "-" "Mozilla/5.0 (compatible; MJ12bot/v1.4.8; http://mj12bot.com/)"
54.38.38.130 - - [16/Aug/2026:20:22:33 +0330] "GET /wp-blog-header.php?fileloc=//lib/.build-id/b5/c494a87cf83119a893c0109b10392b8f0c3cb1&path=//lib/.build-id/b5 HTTP/1.1" 200 15483 "-" "Mozilla/5.0 (compatible; MJ12bot/v1.4.8; http://mj12bot.com/)"
54.38.38.130 - - [16/Aug/2026:20:22:34 +0330] "GET /wp-blog-header.php?fileloc=//lib/.build-id/bc/904919d3fac6dd79595f76b92f5778c2063bac&path=//lib/.build-id/bc HTTP/1.1" 200 7977 "-" "Mozilla/5.0 (compatible; MJ12bot/v1.4.8; http://mj12bot.com/)"
54.38.38.130 - - [16/Aug/2026:20:22:36 +0330] "GET /wp-blog-header.php?fileloc=//lib/.build-id/b8/695c1fc633782fecd7b2f8711ef2b4aca7cb5d&path=//lib/.build-id/b8 HTTP/1.1" 200 64207 "-" "Mozilla/5.0 (compatible; MJ12bot/v1.4.8; http://mj12bot.com/)"
54.38.38.130 - - [16/Aug/2026:20:22:36 +0330] "GET /wp-blog-header.php?fileloc=//lib/.build-id/bc/c6447193395e214200ea2b7b7089cc897db897&path=//lib/.build-id/bc HTTP/1.1" 200 58561 "-" "Mozilla/5.0 (compatible; MJ12bot/v1.4.8; http://mj12bot.com/)"
54.38.38.130 - - [16/Aug/2026:20:22:38 +0330] "GET /wp-blog-header.php?fileloc=//lib/.build-id/b8/70a1bd28dd394d679953a521193d5a2b7ac9ed&path=//lib/.build-id/b8 HTTP/1.1" 200 249381 "-" "Mozilla/5.0 (compatible; MJ12bot/v1.4.8; http://mj12bot.com/)"
54.38.38.130 - - [16/Aug/2026:20:22:39 +0330] "GET /wp-blog-header.php?fileloc=//lib/.build-id/bc/f5df474608306595b576185104dd26818f088c&path=//lib/.build-id/bc HTTP/1.1" 200 7930 "-" "Mozilla/5.0 (compatible; MJ12bot/v1.4.8; http://mj12bot.com/)"
54.38.38.130 - - [16/Aug/2026:20:22:41 +0330] "GET /wp-blog-header.php?fileloc=//lib/.build-id/b8/7233c1f4206a375b743944734e2c3acb4c19db&path=//lib/.build-id/b8 HTTP/1.1" 200 4778 "-" "Mozilla/5.0 (compatible; MJ12bot/v1.4.8; http://mj12bot.com/)"
54.38.38.130 - - [16/Aug/2026:20:22:41 +0330] "GET /wp-blog-header.php?fileloc=//lib/.build-id/bd/2b21e88b3d0bc1c20890baaa931d776207c20a&path=//lib/.build-id/bd HTTP/1.1" 200 9284 "-" "Mozilla/5.0 (compatible; MJ12bot/v1.4.8; http://mj12bot.com/)"
54.38.38.130 - - [16/Aug/2026:20:22:43 +0330] "GET /wp-blog-header.php?fileloc=//lib/.build-id/b8/72bd15c665cc6f22689d603e316167cef1558a&path=//lib/.build-id/b8 HTTP/1.1" 200 25345 "-" "Mozilla/5.0 (compatible; MJ12bot/v1.4.8; http://mj12bot.com/)"
54.38.38.130 - - [16/Aug/2026:20:22:43 +0330] "GET /wp-blog-header.php?fileloc=//lib/.build-id/bd/3441b9cebc0817cb2c0adb82cb2148f193fed2&path=//lib/.build-id/bd HTTP/1.1" 200 11474 "-" "Mozilla/5.0 (compatible; MJ12bot/v1.4.8; http://mj12bot.com/)"
54.38.38.130 - - [16/Aug/2026:20:22:45 +0330] "GET /wp-blog-header.php?fileloc=//lib/.build-id/b8/7c0a4f580e249017d77f60e7cfded447bc889b&path=//lib/.build-id/b8 HTTP/1.1" 200 9608 "-" "Mozilla/5.0 (compatible; MJ12bot/v1.4.8; http://mj12bot.com/)"
54.38.38.130 - - [16/Aug/2026:20:22:45 +0330] "GET /wp-blog-header.php?fileloc=//lib/.build-id/bd/3dc1bf7c2b7ea7701ea2e2e10b866210bd64d3&path=//lib/.build-id/bd HTTP/1.1" 200 872412 "-" "Mozilla/5.0 (compatible; MJ12bot/v1.4.8; http://mj12bot.com/)"
54.38.38.130 - - [16/Aug/2026:20:22:47 +0330] "GET /wp-blog-header.php?fileloc=//lib/.build-id/b8/d3132ec3b926d86d846319c7c61758bb608c90&path=//lib/.build-id/b8 HTTP/1.1" 200 11839 "-" "Mozilla/5.0 (compatible; MJ12bot/v1.4.8; http://mj12bot.com/)"
54.38.38.130 - - [16/Aug/2026:20:22:47 +0330] "GET /wp-blog-header.php?fileloc=//lib/.build-id/bd/3e47da3a26e961458bffacb9a39ba57f11a8ca&path=//lib/.build-id/bd HTTP/1.1" 200 8556 "-" "Mozilla/5.0 (compatible; MJ12bot/v1.4.8; http://mj12bot.com/)"
54.38.38.130 - - [16/Aug/2026:20:22:49 +0330] "GET /wp-blog-header.php?fileloc=//lib/.build-id/b9/15a54746477f837e21588fe5475b5cecb5e828&path=//lib/.build-id/b9 HTTP/1.1" 200 14571 "-" "Mozilla/5.0 (compatible; MJ12bot/v1.4.8; http://mj12bot.com/)"
54.38.38.130 - - [16/Aug/2026:20:22:50 +0330] "GET /wp-blog-header.php?fileloc=//lib/.build-id/bd/5a20a45b48ce0807864181d0a718848cbde7a0&path=//lib/.build-id/bd HTTP/1.1" 200 9191 "-" "Mozilla/5.0 (compatible; MJ12bot/v1.4.8; http://mj12bot.com/)"
54.38.38.130 - - [16/Aug/2026:20:22:51 +0330] "GET /wp-blog-header.php?fileloc=//lib/.build-id/b9/1e0caa92dc4ed39290e1b2f497b0350237cf17&path=//lib/.build-id/b9 HTTP/1.1" 200 54278 "-" "Mozilla/5.0 (compatible; MJ12bot/v1.4.8; http://mj12bot.com/)"
54.38.38.130 - - [16/Aug/2026:20:22:52 +0330] "GET /wp-blog-header.php?fileloc=//lib/.build-id/bd/b5931a400e444dc93ded67a84103ba24df7558&path=//lib/.build-id/bd HTTP/1.1" 200 162241 "-" "Mozilla/5.0 (compatible; MJ12bot/v1.4.8; http://mj12bot.com/)"
54.38.38.130 - - [16/Aug/2026:20:22:53 +0330] "GET /wp-blog-header.php?fileloc=//lib/.build-id/b9/4064af3fb970e08aafdd7d00f1392dbe91f894&path=//lib/.build-id/b9 HTTP/1.1" 200 18842 "-" "Mozilla/5.0 (compatible; MJ12bot/v1.4.8; http://mj12bot.com/)"
54.38.38.130 - - [16/Aug/2026:20:22:54 +0330] "GET /wp-blog-header.php?fileloc=//lib/.build-id/bd/eb7635f83ed33147dd67b545f73a8715dd6812&path=//lib/.build-id/bd HTTP/1.1" 200 34304 "-" "Mozilla/5.0 (compatible; MJ12bot/v1.4.8; http://mj12bot.com/)"
54.38.38.130 - - [16/Aug/2026:20:22:56 +0330] "GET /wp-blog-header.php?fileloc=//lib/.build-id/b9/4a10c372bb0d677cab9cf8e73ad5211d3c5e9c&path=//lib/.build-id/b9 HTTP/1.1" 200 5484 "-" "Mozilla/5.0 (compatible; MJ12bot/v1.4.8; http://mj12bot.com/)"
54.38.38.130 - - [16/Aug/2026:20:22:56 +0330] "GET /wp-blog-header.php?fileloc=//lib/.build-id/be/149b9ca5481ebd92336b4a90cc07bbf087bb32&path=//lib/.build-id/be HTTP/1.1" 200 6445 "-" "Mozilla/5.0 (compatible; MJ12bot/v1.4.8; http://mj12bot.com/)"
54.38.38.130 - - [16/Aug/2026:20:22:58 +0330] "GET /wp-blog-header.php?fileloc=//lib/.build-id/b9/56baeaf8bedbe13e31f37439db867cd032a1d3&path=//lib/.build-id/b9 HTTP/1.1" 200 10111 "-" "Mozilla/5.0 (compatible; MJ12bot/v1.4.8; http://mj12bot.com/)"
54.38.38.130 - - [16/Aug/2026:20:22:58 +0330] "GET /wp-blog-header.php?fileloc=//lib/.build-id/be/1a0c4d38dc6c08d80d516f89b873e64d489e17&path=//lib/.build-id/be HTTP/1.1" 200 14974 "-" "Mozilla/5.0 (compatible; MJ12bot/v1.4.8; http://mj12bot.com/)"
54.38.38.130 - - [16/Aug/2026:20:23:00 +0330] "GET /wp-blog-header.php?fileloc=//lib/.build-id/b9/8f39de9bbbbce64a4395154ac3eb38f111d33e&path=//lib/.build-id/b9 HTTP/1.1" 200 5575 "-" "Mozilla/5.0 (compatible; MJ12bot/v1.4.8; http://mj12bot.com/)"
54.38.38.130 - - [16/Aug/2026:20:20:37 +0330] "GET /wp-blog-header.php?fileloc=//lib/.build-id/b0/8142fb767691df98f55ea1a8f8192ea62e9992.1&path=//lib/.build-id/b0 HTTP/1.1" 200 164709 "-" "Mozilla/5.0 (compatible; MJ12bot/v1.4.8; http://mj12bot.com/)"
54.38.38.130 - - [16/Aug/2026:20:20:40 +0330] "GET /wp-blog-header.php?fileloc=//lib/.build-id/b0/95ea96c59cb832de6a72aef9dcceb077b20780&path=//lib/.build-id/b0 HTTP/1.1" 200 13912 "-" "Mozilla/5.0 (compatible; MJ12bot/v1.4.8; http://mj12bot.com/)"
54.38.38.130 - - [16/Aug/2026:20:20:43 +0330] "GET /wp-blog-header.php?fileloc=//lib/.build-id/b0/cd25596de51b9221564fbc906b349a2319ae6a&path=//lib/.build-id/b0 HTTP/1.1" 200 640396 "-" "Mozilla/5.0 (compatible; MJ12bot/v1.4.8; http://mj12bot.com/)"
54.38.38.130 - - [16/Aug/2026:20:20:45 +0330] "GET /wp-blog-header.php?fileloc=//lib/.build-id/b0/e7f697e7b5aee5add1aa2d1fc69540fdcd7689&path=//lib/.build-id/b0 HTTP/1.1" 200 1571037 "-" "Mozilla/5.0 (compatible; MJ12bot/v1.4.8; http://mj12bot.com/)"
57.141.20.64 - - [16/Aug/2026:20:21:39 +0330] "GET /author-sitemap.xml?fileloc=/home/armgroup/public_html/wp-admin/privacy.php&path=/home/armgroup/public_html/wp-admin HTTP/2" 404 796 "-" "Mozilla/5.0 (Windows NT 10.0; Win64; x64) AppleWebKit/537.36 (KHTML, like Gecko) Chrome/145.0.0.0 Safari/537.36 (compatible; meta-externalagent/1.1 (+https://developers.facebook.com/docs/sharing/webmasters/crawler))"
216.73.216.111 - - [16/Aug/2026:20:22:25 +0330] "GET /wp-trackback.php?fileloc=%2F%2Fusr%2Flib64%2Flibpcrecpp.so.0&path=%2F%2Fusr%2Flib64 HTTP/2" 200 18290 "-" "Mozilla/5.0 AppleWebKit/537.36 (KHTML, like Gecko; compatible; ClaudeBot/1.0; +claudebot@anthropic.com)"
216.73.216.111 - - [16/Aug/2026:20:22:29 +0330] "GET /wp-signup.php?path=%2F%2Fhome%2Farmgroup%2Fssl%2Fcsrs HTTP/2" 429 0 "-" "Mozilla/5.0 AppleWebKit/537.36 (KHTML, like Gecko; compatible; ClaudeBot/1.0; +claudebot@anthropic.com)"
216.73.216.111 - - [16/Aug/2026:20:22:34 +0330] "GET /wp-signup.php?fileloc=%2F%2Fbin%2Fbzcmp&path=%2F%2Fbin HTTP/2" 429 0 "-" "Mozilla/5.0 AppleWebKit/537.36 (KHTML, like Gecko; compatible; ClaudeBot/1.0; +claudebot@anthropic.com)"
216.73.216.111 - - [16/Aug/2026:20:22:39 +0330] "GET /wp-trackback.php?fileloc=%2F%2Fusr%2Fbin%2Fnano&path=%2F%2Fusr%2Fbin HTTP/2" 429 0 "-" "Mozilla/5.0 AppleWebKit/537.36 (KHTML, like Gecko; compatible; ClaudeBot/1.0; +claudebot@anthropic.com)"
216.73.216.111 - - [16/Aug/2026:20:22:44 +0330] "GET /wp-signup.php?path=%2F%2Fhome%2Farmgroup%2F.cpanel%2Fnvdata HTTP/2" 429 0 "-" "Mozilla/5.0 AppleWebKit/537.36 (KHTML, like Gecko; compatible; ClaudeBot/1.0; +claudebot@anthropic.com)"
216.73.216.111 - - [16/Aug/2026:20:22:49 +0330] "GET /wp-trackback.php?fileloc=%2F%2Fetc%2Fdomainusers&path=%2F%2Fetc HTTP/2" 429 0 "-" "Mozilla/5.0 AppleWebKit/537.36 (KHTML, like Gecko; compatible; ClaudeBot/1.0; +claudebot@anthropic.com)"
216.73.216.111 - - [16/Aug/2026:20:22:53 +0330] "GET /wp-trackback.php?path=%2F%2Fusr%2Fshare%2Flocale%2Fchp HTTP/2" 429 0 "-" "Mozilla/5.0 AppleWebKit/537.36 (KHTML, like Gecko; compatible; ClaudeBot/1.0; +claudebot@anthropic.com)"
216.73.216.111 - - [16/Aug/2026:20:22:58 +0330] "GET /wp-trackback.php?path=%2F%2Fusr%2Fshare%2Flocale%2Fber HTTP/2" 429 0 "-" "Mozilla/5.0 AppleWebKit/537.36 (KHTML, like Gecko; compatible; ClaudeBot/1.0; +claudebot@anthropic.com)"
216.73.216.111 - - [16/Aug/2026:20:23:03 +0330] "GET /wp-trackback.php?fileloc=%2F%2Fusr%2Fbin%2Fdelv&path=%2F%2Fusr%2Fbin HTTP/2" 429 0 "-" "Mozilla/5.0 AppleWebKit/537.36 (KHTML, like Gecko; compatible; ClaudeBot/1.0; +claudebot@anthropic.com)"
216.73.216.111 - - [16/Aug/2026:20:23:05 +0330] "GET /wp-trackback.php?fileloc=%2F%2Fetc%2Fcl.php.d%2Falt-php71%2Fclos_ssa.ini&path=%2F%2Fetc%2Fcl.php.d%2Falt-php71 HTTP/2" 429 0 "-" "Mozilla/5.0 AppleWebKit/537.36 (KHTML, like Gecko; compatible; ClaudeBot/1.0; +claudebot@anthropic.com)"
54.38.38.130 - - [16/Aug/2026:20:23:00 +0330] "GET /wp-blog-header.php?fileloc=//lib/.build-id/be/2b2f5e1ad3991f46678fa5a4475dfb417d06f1&path=//lib/.build-id/be HTTP/1.1" 200 36156 "-" "Mozilla/5.0 (compatible; MJ12bot/v1.4.8; http://mj12bot.com/)"
54.38.38.130 - - [16/Aug/2026:20:23:03 +0330] "GET /wp-blog-header.php?fileloc=//lib/.build-id/b9/a46886314a8c6f524b67c0d83ec1079f1820a5&path=//lib/.build-id/b9 HTTP/1.1" 200 7480 "-" "Mozilla/5.0 (compatible; MJ12bot/v1.4.8; http://mj12bot.com/)"
54.38.38.130 - - [16/Aug/2026:20:23:03 +0330] "GET /wp-blog-header.php?fileloc=//lib/.build-id/be/2f3740ddfc4d05eae1d0293d339ccc2a23f025&path=//lib/.build-id/be HTTP/1.1" 200 15819 "-" "Mozilla/5.0 (compatible; MJ12bot/v1.4.8; http://mj12bot.com/)"
54.38.38.130 - - [16/Aug/2026:20:23:05 +0330] "GET /wp-blog-header.php?fileloc=//lib/.build-id/b9/d1809f8798320984875335a47577dceb31e8db&path=//lib/.build-id/b9 HTTP/1.1" 200 355472 "-" "Mozilla/5.0 (compatible; MJ12bot/v1.4.8; http://mj12bot.com/)"
54.38.38.130 - - [16/Aug/2026:20:23:06 +0330] "GET /wp-blog-header.php?fileloc=//lib/.build-id/be/3fb0fc4cf102aacb3e33269040667c90a2d6f0&path=//lib/.build-id/be HTTP/1.1" 200 87855 "-" "Mozilla/5.0 (compatible; MJ12bot/v1.4.8; http://mj12bot.com/)"
54.38.38.130 - - [16/Aug/2026:20:23:08 +0330] "GET /wp-blog-header.php?fileloc=//lib/.build-id/be/476ae8161df082d229e0c4d65f8f2e29dc2b9f&path=//lib/.build-id/be HTTP/1.1" 200 13651 "-" "Mozilla/5.0 (compatible; MJ12bot/v1.4.8; http://mj12bot.com/)"
54.38.38.130 - - [16/Aug/2026:20:23:10 +0330] "GET /wp-blog-header.php?fileloc=//lib/.build-id/b9/e8ff8a5f62b218fcc7ba0113992a9798f4bc33&path=//lib/.build-id/b9 HTTP/1.1" 200 9736 "-" "Mozilla/5.0 (compatible; MJ12bot/v1.4.8; http://mj12bot.com/)"
54.38.38.130 - - [16/Aug/2026:20:23:10 +0330] "GET /wp-blog-header.php?fileloc=//lib/.build-id/be/608ccaa391a492e278d2b9510325ad478882ce&path=//lib/.build-id/be HTTP/1.1" 200 24670 "-" "Mozilla/5.0 (compatible; MJ12bot/v1.4.8; http://mj12bot.com/)"
54.38.38.130 - - [16/Aug/2026:20:23:12 +0330] "GET /wp-blog-header.php?fileloc=//lib/.build-id/b9/f43525d0dd64185b671abb0feab8a8a4f5d73f&path=//lib/.build-id/b9 HTTP/1.1" 200 8191 "-" "Mozilla/5.0 (compatible; MJ12bot/v1.4.8; http://mj12bot.com/)"
54.38.38.130 - - [16/Aug/2026:20:23:12 +0330] "GET /wp-blog-header.php?fileloc=//lib/.build-id/be/9e31fa3ee5d3b43b756ae0a06adb71416e5e04&path=//lib/.build-id/be HTTP/1.1" 200 17868 "-" "Mozilla/5.0 (compatible; MJ12bot/v1.4.8; http://mj12bot.com/)"
54.38.38.130 - - [16/Aug/2026:20:23:14 +0330] "GET /wp-blog-header.php?fileloc=//lib/.build-id/ba/2b00d8a7a1c6aa9b12c34a97bab499ad894965&path=//lib/.build-id/ba HTTP/1.1" 200 12545 "-" "Mozilla/5.0 (compatible; MJ12bot/v1.4.8; http://mj12bot.com/)"
54.38.38.130 - - [16/Aug/2026:20:23:14 +0330] "GET /wp-blog-header.php?fileloc=//lib/.build-id/be/abd80411ef6876a7f6810b5b7a7c7bbd4ecfba&path=//lib/.build-id/be HTTP/1.1" 200 5629 "-" "Mozilla/5.0 (compatible; MJ12bot/v1.4.8; http://mj12bot.com/)"
54.38.38.130 - - [16/Aug/2026:20:23:16 +0330] "GET /wp-blog-header.php?fileloc=//lib/.build-id/ba/3431bd7d48967dc609c62275f2aaadb8d0776f&path=//lib/.build-id/ba HTTP/1.1" 200 52535 "-" "Mozilla/5.0 (compatible; MJ12bot/v1.4.8; http://mj12bot.com/)"
216.73.216.111 - - [16/Aug/2026:20:23:16 +0330] "GET /wp-signup.php?fileloc=%2Fhome%2Farmgroup%2Fpublic_html%2Fwp-includes%2Fclass-wp-http-ixr-client.php&path=%2Fhome%2Farmgroup%2Fpublic_html%2Fwp-includes HTTP/2" 429 0 "-" "Mozilla/5.0 AppleWebKit/537.36 (KHTML, like Gecko; compatible; ClaudeBot/1.0; +claudebot@anthropic.com)"
54.38.38.130 - - [16/Aug/2026:20:23:16 +0330] "GET /wp-blog-header.php?fileloc=//lib/.build-id/be/c58b890cf0237e1f709a849fea20ab02d95c89&path=//lib/.build-id/be HTTP/1.1" 200 12586 "-" "Mozilla/5.0 (compatible; MJ12bot/v1.4.8; http://mj12bot.com/)"
54.38.38.130 - - [16/Aug/2026:20:23:19 +0330] "GET /wp-blog-header.php?fileloc=//lib/.build-id/be/f67ea206d4ad1af38d940f9f3d3082179890fe&path=//lib/.build-id/be HTTP/1.1" 200 6858 "-" "Mozilla/5.0 (compatible; MJ12bot/v1.4.8; http://mj12bot.com/)"
216.73.216.111 - - [16/Aug/2026:20:23:21 +0330] "GET /wp-signup.php?fileloc=%2Fhome%2Farmgroup%2Fpublic_html%2Fwp-includes%2Fblock-template.php&path=%2Fhome%2Farmgroup%2Fpublic_html%2Fwp-includes HTTP/2" 429 0 "-" "Mozilla/5.0 AppleWebKit/537.36 (KHTML, like Gecko; compatible; ClaudeBot/1.0; +claudebot@anthropic.com)"
54.38.38.130 - - [16/Aug/2026:20:23:21 +0330] "GET /wp-blog-header.php?fileloc=//lib/.build-id/be/f7603db83d07f98b5919b04a85c33b3402db7c&path=//lib/.build-id/be HTTP/1.1" 200 138058 "-" "Mozilla/5.0 (compatible; MJ12bot/v1.4.8; http://mj12bot.com/)"
54.38.38.130 - - [16/Aug/2026:20:23:22 +0330] "GET /wp-blog-header.php?fileloc=//lib/.build-id/ba/427a4fbd929479afa888ba068798e21b6c718b&path=//lib/.build-id/ba HTTP/1.1" 200 21454 "-" "Mozilla/5.0 (compatible; MJ12bot/v1.4.8; http://mj12bot.com/)"
54.38.38.130 - - [16/Aug/2026:20:23:23 +0330] "GET /wp-blog-header.php?fileloc=//lib/.build-id/be/ff8242e4b416eb0199d1512643db26be37b8f4&path=//lib/.build-id/be HTTP/1.1" 200 7360 "-" "Mozilla/5.0 (compatible; MJ12bot/v1.4.8; http://mj12bot.com/)"
54.38.38.130 - - [16/Aug/2026:20:23:24 +0330] "GET /wp-blog-header.php?fileloc=//lib/.build-id/ba/5a1c7d5e228d220c51bf1e090bf4f042732988&path=//lib/.build-id/ba HTTP/1.1" 200 6390 "-" "Mozilla/5.0 (compatible; MJ12bot/v1.4.8; http://mj12bot.com/)"
216.73.216.111 - - [16/Aug/2026:20:23:25 +0330] "GET /wp-trackback.php?fileloc=%2F%2Fusr%2Flib64%2Flibefiboot.so.1.38&path=%2F%2Fusr%2Flib64 HTTP/2" 429 0 "-" "Mozilla/5.0 AppleWebKit/537.36 (KHTML, like Gecko; compatible; ClaudeBot/1.0; +claudebot@anthropic.com)"
54.38.38.130 - - [16/Aug/2026:20:23:25 +0330] "GET /wp-blog-header.php?fileloc=//lib/.build-id/bf/058e753ba2f7dca3b49d99f22e2c754c232b7f&path=//lib/.build-id/bf HTTP/1.1" 200 7382 "-" "Mozilla/5.0 (compatible; MJ12bot/v1.4.8; http://mj12bot.com/)"
54.38.38.130 - - [16/Aug/2026:20:23:26 +0330] "GET /wp-blog-header.php?fileloc=//lib/.build-id/ba/5db5e048284250bd0d95a9806ceab4ab99032b&path=//lib/.build-id/ba HTTP/1.1" 200 22161 "-" "Mozilla/5.0 (compatible; MJ12bot/v1.4.8; http://mj12bot.com/)"
54.38.38.130 - - [16/Aug/2026:20:23:27 +0330] "GET /wp-blog-header.php?fileloc=//lib/.build-id/bf/1b491a68604780e54734d4fb556bc23542d997&path=//lib/.build-id/bf HTTP/1.1" 200 16980 "-" "Mozilla/5.0 (compatible; MJ12bot/v1.4.8; http://mj12bot.com/)"
54.38.38.130 - - [16/Aug/2026:20:23:28 +0330] "GET /wp-blog-header.php?fileloc=//lib/.build-id/ba/7ea56c69a981614fbb18f0f71728ee8a0913e3&path=//lib/.build-id/ba HTTP/1.1" 200 381767 "-" "Mozilla/5.0 (compatible; MJ12bot/v1.4.8; http://mj12bot.com/)"
216.73.216.111 - - [16/Aug/2026:20:23:29 +0330] "GET /wp-trackback.php?fileloc=%2F%2Fusr%2Flib64%2Fliblve.so&path=%2F%2Fusr%2Flib64 HTTP/2" 429 0 "-" "Mozilla/5.0 AppleWebKit/537.36 (KHTML, like Gecko; compatible; ClaudeBot/1.0; +claudebot@anthropic.com)"
54.38.38.130 - - [16/Aug/2026:20:23:31 +0330] "GET /wp-blog-header.php?fileloc=//lib/.build-id/ba/8c21dfc2d82b7e0ee0d4d99de267802c0b6aa7&path=//lib/.build-id/ba HTTP/1.1" 200 6270 "-" "Mozilla/5.0 (compatible; MJ12bot/v1.4.8; http://mj12bot.com/)"
54.38.38.130 - - [16/Aug/2026:20:23:32 +0330] "GET /wp-blog-header.php?fileloc=//lib/.build-id/bf/8a153645899757358ce10068ad6cec36b55b8e&path=//lib/.build-id/bf HTTP/1.1" 200 437148 "-" "Mozilla/5.0 (compatible; MJ12bot/v1.4.8; http://mj12bot.com/)"
54.38.38.130 - - [16/Aug/2026:20:23:33 +0330] "GET /wp-blog-header.php?fileloc=//lib/.build-id/ba/97ec5de0d4c1acb485adcacb5d7fc835f3aeb2&path=//lib/.build-id/ba HTTP/1.1" 200 9608 "-" "Mozilla/5.0 (compatible; MJ12bot/v1.4.8; http://mj12bot.com/)"
54.38.38.130 - - [16/Aug/2026:20:23:34 +0330] "GET /wp-blog-header.php?fileloc=//lib/.build-id/bf/a6ff16def45544267ca528a17712f061ffea74&path=//lib/.build-id/bf HTTP/1.1" 200 17090 "-" "Mozilla/5.0 (compatible; MJ12bot/v1.4.8; http://mj12bot.com/)"
54.38.38.130 - - [16/Aug/2026:20:23:35 +0330] "GET /wp-blog-header.php?fileloc=//lib/.build-id/ba/b63f90b16720eb6eafaa8afe6c1a33aceb5814&path=//lib/.build-id/ba HTTP/1.1" 200 16848 "-" "Mozilla/5.0 (compatible; MJ12bot/v1.4.8; http://mj12bot.com/)"
54.38.38.130 - - [16/Aug/2026:20:23:36 +0330] "GET /wp-blog-header.php?fileloc=//lib/.build-id/bf/acd5a23e40275edff3bbd834cfeffd58175402&path=//lib/.build-id/bf HTTP/1.1" 200 9315 "-" "Mozilla/5.0 (compatible; MJ12bot/v1.4.8; http://mj12bot.com/)"
54.38.38.130 - - [16/Aug/2026:20:23:37 +0330] "GET /wp-blog-header.php?fileloc=//lib/.build-id/ba/c18b3e7d9bd4e31c29897028fcf863f9ec0117&path=//lib/.build-id/ba HTTP/1.1" 200 6368 "-" "Mozilla/5.0 (compatible; MJ12bot/v1.4.8; http://mj12bot.com/)"
54.38.38.130 - - [16/Aug/2026:20:23:38 +0330] "GET /wp-blog-header.php?fileloc=//lib/.build-id/bf/af2c175a7d426cddc16c31768d0e5bfab30970&path=//lib/.build-id/bf HTTP/1.1" 200 5010 "-" "Mozilla/5.0 (compatible; MJ12bot/v1.4.8; http://mj12bot.com/)"
216.73.216.111 - - [16/Aug/2026:20:23:38 +0330] "GET /wp-signup.php?fileloc=%2Fhome%2Farmgroup%2Fpublic_html%2Fwp-includes%2Fms-network.php&path=%2Fhome%2Farmgroup%2Fpublic_html%2Fwp-includes HTTP/2" 429 0 "-" "Mozilla/5.0 AppleWebKit/537.36 (KHTML, like Gecko; compatible; ClaudeBot/1.0; +claudebot@anthropic.com)"
54.38.38.130 - - [16/Aug/2026:20:23:39 +0330] "GET /wp-blog-header.php?fileloc=//lib/.build-id/ba/c957764db2b6dcc44976469455844a47aee91c&path=//lib/.build-id/ba HTTP/1.1" 200 37164 "-" "Mozilla/5.0 (compatible; MJ12bot/v1.4.8; http://mj12bot.com/)"
54.38.38.130 - - [16/Aug/2026:20:23:40 +0330] "GET /wp-blog-header.php?fileloc=//lib/.build-id/bf/b95eb0b8ea6b9fed74b0ab39d0e268435afb0a&path=//lib/.build-id/bf HTTP/1.1" 200 7968 "-" "Mozilla/5.0 (compatible; MJ12bot/v1.4.8; http://mj12bot.com/)"
54.38.38.130 - - [16/Aug/2026:20:23:41 +0330] "GET /wp-blog-header.php?fileloc=//lib/.build-id/ba/ed3be56329a4d4495961e9cc9bd2b27435ad4b&path=//lib/.build-id/ba HTTP/1.1" 200 25746 "-" "Mozilla/5.0 (compatible; MJ12bot/v1.4.8; http://mj12bot.com/)"
54.38.38.130 - - [16/Aug/2026:20:23:42 +0330] "GET /wp-blog-header.php?fileloc=//lib/.build-id/bf/e63189f94ba207ca0a96dd73738fc9ad20ce8c&path=//lib/.build-id/bf HTTP/1.1" 200 12147 "-" "Mozilla/5.0 (compatible; MJ12bot/v1.4.8; http://mj12bot.com/)"
216.73.216.111 - - [16/Aug/2026:20:23:43 +0330] "GET /wp-trackback.php?fileloc=%2F%2Fusr%2Flib64%2Fcrtn.o&path=%2F%2Fusr%2Flib64 HTTP/2" 429 0 "-" "Mozilla/5.0 AppleWebKit/537.36 (KHTML, like Gecko; compatible; ClaudeBot/1.0; +claudebot@anthropic.com)"
54.38.38.130 - - [16/Aug/2026:20:23:43 +0330] "GET /wp-blog-header.php?fileloc=//lib/.build-id/bb/02dce924f14c9c603ae2be33cd0bb3ed1955d4&path=//lib/.build-id/bb HTTP/1.1" 200 58324 "-" "Mozilla/5.0 (compatible; MJ12bot/v1.4.8; http://mj12bot.com/)"
54.38.38.130 - - [16/Aug/2026:20:23:44 +0330] "GET /wp-blog-header.php?fileloc=//lib/.build-id/c0/2d35c0205b5f2afad3f3e0ec35e0e16e48ee61&path=//lib/.build-id/c0 HTTP/1.1" 200 4707 "-" "Mozilla/5.0 (compatible; MJ12bot/v1.4.8; http://mj12bot.com/)"
54.38.38.130 - - [16/Aug/2026:20:23:46 +0330] "GET /wp-blog-header.php?fileloc=//lib/.build-id/bb/07e6b9e1cf3b87bf16fe14768065f81730d353&path=//lib/.build-id/bb HTTP/1.1" 200 190617 "-" "Mozilla/5.0 (compatible; MJ12bot/v1.4.8; http://mj12bot.com/)"
54.38.38.130 - - [16/Aug/2026:20:23:46 +0330] "GET /wp-blog-header.php?fileloc=//lib/.build-id/c0/33a25d127c5d1715b49303e65d19f6b39765ce&path=//lib/.build-id/c0 HTTP/1.1" 200 3166292 "-" "Mozilla/5.0 (compatible; MJ12bot/v1.4.8; http://mj12bot.com/)"
216.73.216.111 - - [16/Aug/2026:20:23:48 +0330] "GET /wp-trackback.php?fileloc=%2F%2Fusr%2Flib64%2Flibjcat.so.1&path=%2F%2Fusr%2Flib64 HTTP/2" 429 0 "-" "Mozilla/5.0 AppleWebKit/537.36 (KHTML, like Gecko; compatible; ClaudeBot/1.0; +claudebot@anthropic.com)"
54.38.38.130 - - [16/Aug/2026:20:23:49 +0330] "GET /wp-blog-header.php?fileloc=//lib/.build-id/bb/0b1ffc8e9fac0850017ad09d08438a5566fa43&path=//lib/.build-id/bb HTTP/1.1" 200 46827 "-" "Mozilla/5.0 (compatible; MJ12bot/v1.4.8; http://mj12bot.com/)"
54.38.38.130 - - [16/Aug/2026:20:23:50 +0330] "GET /wp-blog-header.php?fileloc=//lib/.build-id/c0/59b6ede779c4e4c3ba4b4e36cb93ee5709d33d&path=//lib/.build-id/c0 HTTP/1.1" 200 9078 "-" "Mozilla/5.0 (compatible; MJ12bot/v1.4.8; http://mj12bot.com/)"
54.38.38.130 - - [16/Aug/2026:20:23:51 +0330] "GET /wp-blog-header.php?fileloc=//lib/.build-id/bb/212cc428a31f37f39a87ae57a9d2c586425822&path=//lib/.build-id/bb HTTP/1.1" 200 14988 "-" "Mozilla/5.0 (compatible; MJ12bot/v1.4.8; http://mj12bot.com/)"
54.38.38.130 - - [16/Aug/2026:20:23:52 +0330] "GET /wp-blog-header.php?fileloc=//lib/.build-id/c0/6b1e070fd7796d4d7057efdc902493255eadc2&path=//lib/.build-id/c0 HTTP/1.1" 200 8342 "-" "Mozilla/5.0 (compatible; MJ12bot/v1.4.8; http://mj12bot.com/)"
216.73.216.111 - - [16/Aug/2026:20:23:53 +0330] "GET /wp-trackback.php?fileloc=%2F%2Fusr%2Flib64%2Flibmagic.so.1.0.0&path=%2F%2Fusr%2Flib64 HTTP/2" 429 0 "-" "Mozilla/5.0 AppleWebKit/537.36 (KHTML, like Gecko; compatible; ClaudeBot/1.0; +claudebot@anthropic.com)"
54.38.38.130 - - [16/Aug/2026:20:23:54 +0330] "GET /wp-blog-header.php?fileloc=//lib/.build-id/bb/42d65df58464cdc9a9bd4388cf1c718fce77ab&path=//lib/.build-id/bb HTTP/1.1" 200 8564 "-" "Mozilla/5.0 (compatible; MJ12bot/v1.4.8; http://mj12bot.com/)"
54.38.38.130 - - [16/Aug/2026:20:23:54 +0330] "GET /wp-blog-header.php?fileloc=//lib/.build-id/c0/a65afc039f74306a0209caf95fe793e5ac343c&path=//lib/.build-id/c0 HTTP/1.1" 200 6721 "-" "Mozilla/5.0 (compatible; MJ12bot/v1.4.8; http://mj12bot.com/)"
54.38.38.130 - - [16/Aug/2026:20:23:56 +0330] "GET /wp-blog-header.php?fileloc=//lib/.build-id/bb/601bd390547cf81168d19ab601f0d3aa77f933&path=//lib/.build-id/bb HTTP/1.1" 200 8853 "-" "Mozilla/5.0 (compatible; MJ12bot/v1.4.8; http://mj12bot.com/)"
54.38.38.130 - - [16/Aug/2026:20:23:56 +0330] "GET /wp-blog-header.php?fileloc=//lib/.build-id/c0/d75f8e58753e428d513754122e04ab691089b7&path=//lib/.build-id/c0 HTTP/1.1" 200 55301 "-" "Mozilla/5.0 (compatible; MJ12bot/v1.4.8; http://mj12bot.com/)"
54.38.38.130 - - [16/Aug/2026:20:23:57 +0330] "GET /wp-blog-header.php?fileloc=//lib/.build-id/bb/95f2382ba8f51f05432dad938b5b87c4c7e79a&path=//lib/.build-id/bb HTTP/1.1" 200 58940 "-" "Mozilla/5.0 (compatible; MJ12bot/v1.4.8; http://mj12bot.com/)"
54.38.38.130 - - [16/Aug/2026:20:23:59 +0330] "GET /wp-blog-header.php?fileloc=//lib/.build-id/c0/de944ac0d6063e1010fbf8c0b2c95431c2c36d&path=//lib/.build-id/c0 HTTP/1.1" 200 87086 "-" "Mozilla/5.0 (compatible; MJ12bot/v1.4.8; http://mj12bot.com/)"
54.38.38.130 - - [16/Aug/2026:20:24:00 +0330] "GET /wp-blog-header.php?fileloc=//lib/.build-id/bb/c15c8ae34162743f0c98beb6efdc9ad154e2e1&path=//lib/.build-id/bb HTTP/1.1" 200 8527 "-" "Mozilla/5.0 (compatible; MJ12bot/v1.4.8; http://mj12bot.com/)"
54.38.38.130 - - [16/Aug/2026:20:24:01 +0330] "GET /wp-blog-header.php?fileloc=//lib/.build-id/c0/e4c383cd4c4e8f8c923745b9640d68a140c9a9&path=//lib/.build-id/c0 HTTP/1.1" 200 4782 "-" "Mozilla/5.0 (compatible; MJ12bot/v1.4.8; http://mj12bot.com/)"
54.38.38.130 - - [16/Aug/2026:20:24:02 +0330] "GET /wp-blog-header.php?fileloc=//lib/.build-id/bb/c28e6ad5788ae8307d43ce7d91dbcaf4a8e5df&path=//lib/.build-id/bb HTTP/1.1" 200 8167 "-" "Mozilla/5.0 (compatible; MJ12bot/v1.4.8; http://mj12bot.com/)"
54.38.38.130 - - [16/Aug/2026:20:24:03 +0330] "GET /wp-blog-header.php?fileloc=//lib/.build-id/c0/f8476f8680bec8d1b5214fd61beb82cf980fbe&path=//lib/.build-id/c0 HTTP/1.1" 200 6080 "-" "Mozilla/5.0 (compatible; MJ12bot/v1.4.8; http://mj12bot.com/)"
54.38.38.130 - - [16/Aug/2026:20:24:04 +0330] "GET /wp-blog-header.php?fileloc=//lib/.build-id/bc/181132be929ba4d551c2d56d44210579f36650&path=//lib/.build-id/bc HTTP/1.1" 200 6844 "-" "Mozilla/5.0 (compatible; MJ12bot/v1.4.8; http://mj12bot.com/)"
54.38.38.130 - - [16/Aug/2026:20:24:05 +0330] "GET /wp-blog-header.php?fileloc=//lib/.build-id/c0/fc10fb0eb0614a9415081511f4c567a380a9ff&path=//lib/.build-id/c0 HTTP/1.1" 200 7422 "-" "Mozilla/5.0 (compatible; MJ12bot/v1.4.8; http://mj12bot.com/)"
54.38.38.130 - - [16/Aug/2026:20:24:07 +0330] "GET /wp-blog-header.php?fileloc=//lib/.build-id/bc/5fc813c1b048bfe68f1d51142a41dc74064bdd&path=//lib/.build-id/bc HTTP/1.1" 200 12151 "-" "Mozilla/5.0 (compatible; MJ12bot/v1.4.8; http://mj12bot.com/)"
54.38.38.130 - - [16/Aug/2026:20:24:08 +0330] "GET /wp-blog-header.php?fileloc=//lib/.build-id/bc/641dd171d0ec59718aa08eeada0b00125f7142&path=//lib/.build-id/bc HTTP/1.1" 200 19290 "-" "Mozilla/5.0 (compatible; MJ12bot/v1.4.8; http://mj12bot.com/)"
54.38.38.130 - - [16/Aug/2026:20:24:10 +0330] "GET /wp-blog-header.php?fileloc=//lib/.build-id/bc/72780da4da726e89dcf8a919991b5e3638b0d4&path=//lib/.build-id/bc HTTP/1.1" 200 25116 "-" "Mozilla/5.0 (compatible; MJ12bot/v1.4.8; http://mj12bot.com/)"
54.38.38.130 - - [16/Aug/2026:20:24:07 +0330] "GET /wp-blog-header.php?fileloc=//lib/.build-id/c1/2a7a8af34bb01f831f66f448cea77f4bbe9d5a&path=//lib/.build-id/c1 HTTP/1.1" 200 3663860 "-" "Mozilla/5.0 (compatible; MJ12bot/v1.4.8; http://mj12bot.com/)"
54.38.38.130 - - [16/Aug/2026:20:24:12 +0330] "GET /wp-blog-header.php?fileloc=//lib/.build-id/bc/904919d3fac6dd79595f76b92f5778c2063bac&path=//lib/.build-id/bc HTTP/1.1" 200 7975 "-" "Mozilla/5.0 (compatible; MJ12bot/v1.4.8; http://mj12bot.com/)"
216.73.216.111 - - [16/Aug/2026:20:24:15 +0330] "GET /wp-trackback.php?fileloc=%2F%2Fusr%2Flib64%2Flibpanelw.so.6&path=%2F%2Fusr%2Flib64 HTTP/2" 429 0 "-" "Mozilla/5.0 AppleWebKit/537.36 (KHTML, like Gecko; compatible; ClaudeBot/1.0; +claudebot@anthropic.com)"
54.38.38.130 - - [16/Aug/2026:20:24:14 +0330] "GET /wp-blog-header.php?fileloc=//lib/.build-id/bc/c6447193395e214200ea2b7b7089cc897db897&path=//lib/.build-id/bc HTTP/1.1" 200 58576 "-" "Mozilla/5.0 (compatible; MJ12bot/v1.4.8; http://mj12bot.com/)"
54.38.38.130 - - [16/Aug/2026:20:24:15 +0330] "GET /wp-blog-header.php?fileloc=//lib/.build-id/c1/3324c135c29b71ca1556fcf9a368d998f82afd&path=//lib/.build-id/c1 HTTP/1.1" 200 39234 "-" "Mozilla/5.0 (compatible; MJ12bot/v1.4.8; http://mj12bot.com/)"
54.38.38.130 - - [16/Aug/2026:20:24:17 +0330] "GET /wp-blog-header.php?fileloc=//lib/.build-id/bc/f5df474608306595b576185104dd26818f088c&path=//lib/.build-id/bc HTTP/1.1" 200 7930 "-" "Mozilla/5.0 (compatible; MJ12bot/v1.4.8; http://mj12bot.com/)"
54.38.38.130 - - [16/Aug/2026:20:24:17 +0330] "GET /wp-blog-header.php?fileloc=//lib/.build-id/c1/60a867e978bb294bc26452edbfe155bc883a06&path=//lib/.build-id/c1 HTTP/1.1" 200 5758 "-" "Mozilla/5.0 (compatible; MJ12bot/v1.4.8; http://mj12bot.com/)"
54.38.38.130 - - [16/Aug/2026:20:24:19 +0330] "GET /wp-blog-header.php?fileloc=//lib/.build-id/bd/2b21e88b3d0bc1c20890baaa931d776207c20a&path=//lib/.build-id/bd HTTP/1.1" 200 9284 "-" "Mozilla/5.0 (compatible; MJ12bot/v1.4.8; http://mj12bot.com/)"
54.38.38.130 - - [16/Aug/2026:20:24:19 +0330] "GET /wp-blog-header.php?fileloc=//lib/.build-id/c1/ddf79c443861b5187929d6d607fd06bb295af2&path=//lib/.build-id/c1 HTTP/1.1" 200 31785 "-" "Mozilla/5.0 (compatible; MJ12bot/v1.4.8; http://mj12bot.com/)"
216.73.216.111 - - [16/Aug/2026:20:24:20 +0330] "GET /wp-trackback.php?fileloc=%2F%2Fusr%2Flib64%2Flibsss_idmap.so.0.5.1&path=%2F%2Fusr%2Flib64 HTTP/2" 429 0 "-" "Mozilla/5.0 AppleWebKit/537.36 (KHTML, like Gecko; compatible; ClaudeBot/1.0; +claudebot@anthropic.com)"
54.38.38.130 - - [16/Aug/2026:20:24:21 +0330] "GET /wp-blog-header.php?fileloc=//lib/.build-id/bd/3441b9cebc0817cb2c0adb82cb2148f193fed2&path=//lib/.build-id/bd HTTP/1.1" 200 11503 "-" "Mozilla/5.0 (compatible; MJ12bot/v1.4.8; http://mj12bot.com/)"
54.38.38.130 - - [16/Aug/2026:20:24:21 +0330] "GET /wp-blog-header.php?fileloc=//lib/.build-id/c2/0774ac2ce23139b1975e7a3a3629a04bba5957&path=//lib/.build-id/c2 HTTP/1.1" 200 12583 "-" "Mozilla/5.0 (compatible; MJ12bot/v1.4.8; http://mj12bot.com/)"
54.38.38.130 - - [16/Aug/2026:20:24:23 +0330] "GET /wp-blog-header.php?fileloc=//lib/.build-id/c2/107480e8a9909de61dc02d3cd03167159fd6a8&path=//lib/.build-id/c2 HTTP/1.1" 200 6711 "-" "Mozilla/5.0 (compatible; MJ12bot/v1.4.8; http://mj12bot.com/)"
216.73.216.111 - - [16/Aug/2026:20:24:25 +0330] "GET /wp-trackback.php?fileloc=%2F%2Fusr%2Flib64%2Flibdconf.so.1.0.0&path=%2F%2Fusr%2Flib64 HTTP/2" 429 0 "-" "Mozilla/5.0 AppleWebKit/537.36 (KHTML, like Gecko; compatible; ClaudeBot/1.0; +claudebot@anthropic.com)"
54.38.38.130 - - [16/Aug/2026:20:24:23 +0330] "GET /wp-blog-header.php?fileloc=//lib/.build-id/bd/3dc1bf7c2b7ea7701ea2e2e10b866210bd64d3&path=//lib/.build-id/bd HTTP/1.1" 200 872507 "-" "Mozilla/5.0 (compatible; MJ12bot/v1.4.8; http://mj12bot.com/)"
54.38.38.130 - - [16/Aug/2026:20:24:25 +0330] "GET /wp-blog-header.php?fileloc=//lib/.build-id/c2/211d7e16a03d9f571a9d76b8a4119841e1fd6c&path=//lib/.build-id/c2 HTTP/1.1" 200 7691 "-" "Mozilla/5.0 (compatible; MJ12bot/v1.4.8; http://mj12bot.com/)"
54.38.38.130 - - [16/Aug/2026:20:24:27 +0330] "GET /wp-blog-header.php?fileloc=//lib/.build-id/c2/245ec9804dcc622f7b9c8223d4b65fadb0aa01&path=//lib/.build-id/c2 HTTP/1.1" 200 20846 "-" "Mozilla/5.0 (compatible; MJ12bot/v1.4.8; http://mj12bot.com/)"
54.38.38.130 - - [16/Aug/2026:20:24:28 +0330] "GET /wp-blog-header.php?fileloc=//lib/.build-id/bd/3e47da3a26e961458bffacb9a39ba57f11a8ca&path=//lib/.build-id/bd HTTP/1.1" 200 8556 "-" "Mozilla/5.0 (compatible; MJ12bot/v1.4.8; http://mj12bot.com/)"
54.38.38.130 - - [16/Aug/2026:20:24:28 +0330] "GET /wp-blog-header.php?fileloc=//lib/.build-id/c2/5ac80e059896b66f08963dd3e880d1be481558&path=//lib/.build-id/c2 HTTP/1.1" 200 26511 "-" "Mozilla/5.0 (compatible; MJ12bot/v1.4.8; http://mj12bot.com/)"
216.73.216.111 - - [16/Aug/2026:20:24:30 +0330] "GET /wp-trackback.php?fileloc=%2F%2Fusr%2Flib64%2Flibjbig2dec.so.0.0.0&path=%2F%2Fusr%2Flib64 HTTP/2" 429 0 "-" "Mozilla/5.0 AppleWebKit/537.36 (KHTML, like Gecko; compatible; ClaudeBot/1.0; +claudebot@anthropic.com)"
54.38.38.130 - - [16/Aug/2026:20:24:30 +0330] "GET /wp-blog-header.php?fileloc=//lib/.build-id/bd/5a20a45b48ce0807864181d0a718848cbde7a0&path=//lib/.build-id/bd HTTP/1.1" 200 9191 "-" "Mozilla/5.0 (compatible; MJ12bot/v1.4.8; http://mj12bot.com/)"
54.38.38.130 - - [16/Aug/2026:20:24:31 +0330] "GET /wp-blog-header.php?fileloc=//lib/.build-id/c2/6b2ad8b0d90d55969aca083f129161d52eb047&path=//lib/.build-id/c2 HTTP/1.1" 200 7930 "-" "Mozilla/5.0 (compatible; MJ12bot/v1.4.8; http://mj12bot.com/)"
54.38.38.130 - - [16/Aug/2026:20:24:32 +0330] "GET /wp-blog-header.php?fileloc=//lib/.build-id/bd/b5931a400e444dc93ded67a84103ba24df7558&path=//lib/.build-id/bd HTTP/1.1" 200 162241 "-" "Mozilla/5.0 (compatible; MJ12bot/v1.4.8; http://mj12bot.com/)"
54.38.38.130 - - [16/Aug/2026:20:24:33 +0330] "GET /wp-blog-header.php?fileloc=//lib/.build-id/c2/6e401c3b9d8878c60af672c6ab69e3b24be7d2&path=//lib/.build-id/c2 HTTP/1.1" 200 17831 "-" "Mozilla/5.0 (compatible; MJ12bot/v1.4.8; http://mj12bot.com/)"
216.73.216.111 - - [16/Aug/2026:20:24:35 +0330] "GET /wp-trackback.php?fileloc=%2F%2Fusr%2Flib64%2Flibinih.so.0&path=%2F%2Fusr%2Flib64 HTTP/2" 429 0 "-" "Mozilla/5.0 AppleWebKit/537.36 (KHTML, like Gecko; compatible; ClaudeBot/1.0; +claudebot@anthropic.com)"
54.38.38.130 - - [16/Aug/2026:20:24:35 +0330] "GET /wp-blog-header.php?fileloc=//lib/.build-id/bd/eb7635f83ed33147dd67b545f73a8715dd6812&path=//lib/.build-id/bd HTTP/1.1" 200 34304 "-" "Mozilla/5.0 (compatible; MJ12bot/v1.4.8; http://mj12bot.com/)"
54.38.38.130 - - [16/Aug/2026:20:24:36 +0330] "GET /wp-blog-header.php?fileloc=//lib/.build-id/c2/6efcb407b29ccf078df2517128c9ea1ebf29a4&path=//lib/.build-id/c2 HTTP/1.1" 200 11178 "-" "Mozilla/5.0 (compatible; MJ12bot/v1.4.8; http://mj12bot.com/)"
54.38.38.130 - - [16/Aug/2026:20:24:37 +0330] "GET /wp-blog-header.php?fileloc=//lib/.build-id/be/149b9ca5481ebd92336b4a90cc07bbf087bb32&path=//lib/.build-id/be HTTP/1.1" 200 6424 "-" "Mozilla/5.0 (compatible; MJ12bot/v1.4.8; http://mj12bot.com/)"
54.38.38.130 - - [16/Aug/2026:20:24:38 +0330] "GET /wp-blog-header.php?fileloc=//lib/.build-id/c2/842c82232ac70e96a6a0619b9fc3ef371545b8&path=//lib/.build-id/c2 HTTP/1.1" 200 6113 "-" "Mozilla/5.0 (compatible; MJ12bot/v1.4.8; http://mj12bot.com/)"
54.38.38.130 - - [16/Aug/2026:20:24:39 +0330] "GET /wp-blog-header.php?fileloc=//lib/.build-id/be/1a0c4d38dc6c08d80d516f89b873e64d489e17&path=//lib/.build-id/be HTTP/1.1" 200 14974 "-" "Mozilla/5.0 (compatible; MJ12bot/v1.4.8; http://mj12bot.com/)"
216.73.216.111 - - [16/Aug/2026:20:23:10 +0330] "GET /wp-signup.php?fileloc=%2F%2Fbin%2Fcloudlinux-awp-user&path=%2F%2Fbin HTTP/2" 200 3423 "-" "Mozilla/5.0 AppleWebKit/537.36 (KHTML, like Gecko; compatible; ClaudeBot/1.0; +claudebot@anthropic.com)"
66.249.79.136 - - [16/Aug/2026:20:23:21 +0330] "GET /wp-load.php?path=//lib64/nss HTTP/1.1" 200 2998 "-" "Mozilla/5.0 (Linux; Android 6.0.1; Nexus 5X Build/MMB29P) AppleWebKit/537.36 (KHTML, like Gecko) Chrome/150.0.7871.186 Mobile Safari/537.36 (compatible; GoogleOther)"
216.73.216.111 - - [16/Aug/2026:20:23:31 +0330] "GET /wp-trackback.php?fileloc=%2F%2Fusr%2Flib64%2Flibgvpr.so.2.0.0&path=%2F%2Fusr%2Flib64 HTTP/2" 429 0 "-" "Mozilla/5.0 AppleWebKit/537.36 (KHTML, like Gecko; compatible; ClaudeBot/1.0; +claudebot@anthropic.com)"
216.73.216.111 - - [16/Aug/2026:20:23:36 +0330] "GET /wp-trackback.php?fileloc=%2F%2Fusr%2Flib64%2Flibpcap.so.1.10.0&path=%2F%2Fusr%2Flib64 HTTP/2" 429 0 "-" "Mozilla/5.0 AppleWebKit/537.36 (KHTML, like Gecko; compatible; ClaudeBot/1.0; +claudebot@anthropic.com)"
216.73.216.111 - - [16/Aug/2026:20:23:59 +0330] "GET /wp-signup.php?fileloc=%2Fhome%2Farmgroup%2Fpublic_html%2Fwp-includes%2Fblock-bindings.php&path=%2Fhome%2Farmgroup%2Fpublic_html%2Fwp-includes HTTP/2" 200 4810 "-" "Mozilla/5.0 AppleWebKit/537.36 (KHTML, like Gecko; compatible; ClaudeBot/1.0; +claudebot@anthropic.com)"
216.73.216.111 - - [16/Aug/2026:20:24:04 +0330] "GET /wp-trackback.php?fileloc=%2F%2Fusr%2Flib64%2FlibXmuu.so.1&path=%2F%2Fusr%2Flib64 HTTP/2" 429 0 "-" "Mozilla/5.0 AppleWebKit/537.36 (KHTML, like Gecko; compatible; ClaudeBot/1.0; +claudebot@anthropic.com)"
216.73.216.111 - - [16/Aug/2026:20:24:05 +0330] "GET /wp-signup.php?fileloc=%2Fhome%2Farmgroup%2Fpublic_html%2Fwp-includes%2Fclass-wp-simplepie-file.php&path=%2Fhome%2Farmgroup%2Fpublic_html%2Fwp-includes HTTP/2" 429 0 "-" "Mozilla/5.0 AppleWebKit/537.36 (KHTML, like Gecko; compatible; ClaudeBot/1.0; +claudebot@anthropic.com)"
216.73.216.111 - - [16/Aug/2026:20:24:40 +0330] "GET /wp-trackback.php?fileloc=%2F%2Fusr%2Flib64%2Fdovecot%2Flib05_pop3_migration_plugin.so&path=%2F%2Fusr%2Flib64%2Fdovecot HTTP/2" 429 0 "-" "Mozilla/5.0 AppleWebKit/537.36 (KHTML, like Gecko; compatible; ClaudeBot/1.0; +claudebot@anthropic.com)"
54.38.38.130 - - [16/Aug/2026:20:24:41 +0330] "GET /wp-blog-header.php?fileloc=//lib/.build-id/be/2b2f5e1ad3991f46678fa5a4475dfb417d06f1&path=//lib/.build-id/be HTTP/1.1" 200 36208 "-" "Mozilla/5.0 (compatible; MJ12bot/v1.4.8; http://mj12bot.com/)"
216.73.216.111 - - [16/Aug/2026:20:24:42 +0330] "GET /wp-signup.php?fileloc=%2Fhome%2Farmgroup%2Fpublic_html%2Fwp-includes%2Fcategory-template.php&path=%2Fhome%2Farmgroup%2Fpublic_html%2Fwp-includes HTTP/2" 429 0 "-" "Mozilla/5.0 AppleWebKit/537.36 (KHTML, like Gecko; compatible; ClaudeBot/1.0; +claudebot@anthropic.com)"
54.38.38.130 - - [16/Aug/2026:20:24:43 +0330] "GET /wp-blog-header.php?fileloc=//lib/.build-id/be/2f3740ddfc4d05eae1d0293d339ccc2a23f025&path=//lib/.build-id/be HTTP/1.1" 200 15852 "-" "Mozilla/5.0 (compatible; MJ12bot/v1.4.8; http://mj12bot.com/)"
54.38.38.130 - - [16/Aug/2026:20:24:40 +0330] "GET /wp-blog-header.php?fileloc=//lib/.build-id/c2/ab926d97c33bbc5e5aa696b0f8b222540371c3&path=//lib/.build-id/c2 HTTP/1.1" 200 608013 "-" "Mozilla/5.0 (compatible; MJ12bot/v1.4.8; http://mj12bot.com/)"
54.38.38.130 - - [16/Aug/2026:20:24:45 +0330] "GET /wp-blog-header.php?fileloc=//lib/.build-id/be/3fb0fc4cf102aacb3e33269040667c90a2d6f0&path=//lib/.build-id/be HTTP/1.1" 200 87832 "-" "Mozilla/5.0 (compatible; MJ12bot/v1.4.8; http://mj12bot.com/)"
54.38.38.130 - - [16/Aug/2026:20:24:46 +0330] "GET /wp-blog-header.php?fileloc=//lib/.build-id/c2/b8522534269af8a5b64d0241006218890c76cb&path=//lib/.build-id/c2 HTTP/1.1" 200 7699 "-" "Mozilla/5.0 (compatible; MJ12bot/v1.4.8; http://mj12bot.com/)"
216.73.216.111 - - [16/Aug/2026:20:24:46 +0330] "GET /wp-signup.php?fileloc=%2Fhome%2Farmgroup%2Fpublic_html%2Fwp-includes%2Fclass-wp-site-query.php&path=%2Fhome%2Farmgroup%2Fpublic_html%2Fwp-includes HTTP/2" 200 9842 "-" "Mozilla/5.0 AppleWebKit/537.36 (KHTML, like Gecko; compatible; ClaudeBot/1.0; +claudebot@anthropic.com)"
54.38.38.130 - - [16/Aug/2026:20:24:48 +0330] "GET /wp-blog-header.php?fileloc=//lib/.build-id/be/476ae8161df082d229e0c4d65f8f2e29dc2b9f&path=//lib/.build-id/be HTTP/1.1" 200 13615 "-" "Mozilla/5.0 (compatible; MJ12bot/v1.4.8; http://mj12bot.com/)"
54.38.38.130 - - [16/Aug/2026:20:24:48 +0330] "GET /wp-blog-header.php?fileloc=//lib/.build-id/c2/d36a047c0ffe7bc3ded1ce2d65fc2776a32318&path=//lib/.build-id/c2 HTTP/1.1" 200 28199 "-" "Mozilla/5.0 (compatible; MJ12bot/v1.4.8; http://mj12bot.com/)"
54.38.38.130 - - [16/Aug/2026:20:24:50 +0330] "GET /wp-blog-header.php?fileloc=//lib/.build-id/c2/dab6c7640255d8793ac70e970ee164be20b31d&path=//lib/.build-id/c2 HTTP/1.1" 200 84929 "-" "Mozilla/5.0 (compatible; MJ12bot/v1.4.8; http://mj12bot.com/)"
54.38.38.130 - - [16/Aug/2026:20:24:50 +0330] "GET /wp-blog-header.php?fileloc=//lib/.build-id/be/608ccaa391a492e278d2b9510325ad478882ce&path=//lib/.build-id/be HTTP/1.1" 200 24646 "-" "Mozilla/5.0 (compatible; MJ12bot/v1.4.8; http://mj12bot.com/)"
216.73.216.111 - - [16/Aug/2026:20:24:51 +0330] "GET /wp-trackback.php?fileloc=%2F%2Fusr%2Flib64%2Flibxcb-xfixes.so&path=%2F%2Fusr%2Flib64 HTTP/2" 429 0 "-" "Mozilla/5.0 AppleWebKit/537.36 (KHTML, like Gecko; compatible; ClaudeBot/1.0; +claudebot@anthropic.com)"
