216.73.216.111 - - [16/Aug/2026:16:39:06 +0330] "GET /wp-trackback.php?fileloc=%2F%2Fusr%2Flib64%2Flibnvme-mi.so.1.16.1&path=%2F%2Fusr%2Flib64 HTTP/2" 429 0 "-" "Mozilla/5.0 AppleWebKit/537.36 (KHTML, like Gecko; compatible; ClaudeBot/1.0; +claudebot@anthropic.com)"
216.73.216.111 - - [16/Aug/2026:16:39:13 +0330] "GET /wp-trackback.php?fileloc=%2F%2Fusr%2Flib64%2Fdovecot%2Flibdovecot-lua.so.0&path=%2F%2Fusr%2Flib64%2Fdovecot HTTP/2" 200 39653 "-" "Mozilla/5.0 AppleWebKit/537.36 (KHTML, like Gecko; compatible; ClaudeBot/1.0; +claudebot@anthropic.com)"
176.215.224.66 - - [16/Aug/2026:16:39:14 +0330] "POST /xmlrpc.php HTTP/1.1" 200 0 "-" "Jetpack by WordPress.com (Jetpack 13.0; WordPress 6.1)"
66.249.79.136 - - [16/Aug/2026:16:39:15 +0330] "GET /wp-links-opml.php?fileloc=//lib64/liblz4.so.1&path=//lib64 HTTP/1.1" 200 58322 "-" "Mozilla/5.0 (Linux; Android 6.0.1; Nexus 5X Build/MMB29P) AppleWebKit/537.36 (KHTML, like Gecko) Chrome/150.0.7871.186 Mobile Safari/537.36 (compatible; GoogleOther)"
216.73.216.111 - - [16/Aug/2026:16:39:17 +0330] "GET /wp-trackback.php?fileloc=%2F%2Fusr%2Flib64%2Flibsss_certmap.so.0&path=%2F%2Fusr%2Flib64 HTTP/2" 429 0 "-" "Mozilla/5.0 AppleWebKit/537.36 (KHTML, like Gecko; compatible; ClaudeBot/1.0; +claudebot@anthropic.com)"
177.66.165.72 - - [16/Aug/2026:16:39:21 +0330] "POST /xmlrpc.php HTTP/1.1" 200 0 "-" "Jetpack by WordPress.com"
216.73.216.111 - - [16/Aug/2026:16:39:22 +0330] "GET /wp-trackback.php?fileloc=%2F%2Fusr%2Flib64%2Flibmysqlservices.a&path=%2F%2Fusr%2Flib64 HTTP/2" 429 0 "-" "Mozilla/5.0 AppleWebKit/537.36 (KHTML, like Gecko; compatible; ClaudeBot/1.0; +claudebot@anthropic.com)"
177.66.165.72 - - [16/Aug/2026:16:39:30 +0330] "POST /xmlrpc.php HTTP/1.1" 200 0 "-" "Jetpack/12.5; WordPress/6.4; http://site43123033.com"
216.73.216.111 - - [16/Aug/2026:16:37:11 +0330] "GET /wp-trackback.php?fileloc=%2F%2Fusr%2Flib64%2Fdovecot%2Flib95_imap_sieve_plugin.a&path=%2F%2Fusr%2Flib64%2Fdovecot HTTP/2" 429 0 "-" "Mozilla/5.0 AppleWebKit/537.36 (KHTML, like Gecko; compatible; ClaudeBot/1.0; +claudebot@anthropic.com)"
216.73.216.111 - - [16/Aug/2026:16:37:25 +0330] "GET /wp-trackback.php?fileloc=%2F%2Fusr%2Flib64%2Ftc%2Fpareto.dist&path=%2F%2Fusr%2Flib64%2Ftc HTTP/2" 429 0 "-" "Mozilla/5.0 AppleWebKit/537.36 (KHTML, like Gecko; compatible; ClaudeBot/1.0; +claudebot@anthropic.com)"
216.73.216.111 - - [16/Aug/2026:16:37:29 +0330] "GET /wp-load.php?fileloc=%2Fhome%2Farmgroup%2Fpublic_html%2Fstore%2Fjs%2Fjquery.min.js&path=%2Fhome%2Farmgroup%2Fpublic_html%2Fstore%2Fjs HTTP/2" 429 0 "-" "Mozilla/5.0 AppleWebKit/537.36 (KHTML, like Gecko; compatible; ClaudeBot/1.0; +claudebot@anthropic.com)"
57.141.20.30 - - [16/Aug/2026:16:37:43 +0330] "GET /sitemap_index.xml?fileloc=/home/armgroup/public_html/wp-includes/robots-template.php&path=/home/armgroup/public_html/wp-includes HTTP/2" 404 796 "-" "Mozilla/5.0 (Windows NT 10.0; Win64; x64) AppleWebKit/537.36 (KHTML, like Gecko) Chrome/145.0.0.0 Safari/537.36 (compatible; meta-externalagent/1.1 (+https://developers.facebook.com/docs/sharing/webmasters/crawler))"
176.215.224.66 - - [16/Aug/2026:16:37:53 +0330] "POST /xmlrpc.php HTTP/1.1" 200 0 "-" "Jetpack/12.0; WordPress/6.1; http://site90673938.com"
177.66.165.72 - - [16/Aug/2026:16:38:39 +0330] "POST /xmlrpc.php HTTP/1.1" 200 0 "-" "Jetpack/12.5; WordPress/6.4; http://site69409904.com"
177.66.165.72 - - [16/Aug/2026:16:38:46 +0330] "POST /xmlrpc.php HTTP/1.1" 200 0 "-" "Jetpack by WordPress.com"
216.73.216.111 - - [16/Aug/2026:16:40:08 +0330] "GET /wp-trackback.php?fileloc=%2F%2Fusr%2Flib64%2Fdovecot%2Flibdovecot-sql.so.0.0.0&path=%2F%2Fusr%2Flib64%2Fdovecot HTTP/2" 429 0 "-" "Mozilla/5.0 AppleWebKit/537.36 (KHTML, like Gecko; compatible; ClaudeBot/1.0; +claudebot@anthropic.com)"
216.73.216.111 - - [16/Aug/2026:16:40:12 +0330] "GET /wp-signup.php?fileloc=%2F%2Fbin%2Fmariadb-access&path=%2F%2Fbin HTTP/2" 429 0 "-" "Mozilla/5.0 AppleWebKit/537.36 (KHTML, like Gecko; compatible; ClaudeBot/1.0; +claudebot@anthropic.com)"
216.73.216.111 - - [16/Aug/2026:16:40:17 +0330] "GET /wp-trackback.php?fileloc=%2F%2Fusr%2Flib64%2Fdovecot%2Flib10_mail_crypt_plugin.so&path=%2F%2Fusr%2Flib64%2Fdovecot HTTP/2" 429 0 "-" "Mozilla/5.0 AppleWebKit/537.36 (KHTML, like Gecko; compatible; ClaudeBot/1.0; +claudebot@anthropic.com)"
216.73.216.111 - - [16/Aug/2026:16:40:22 +0330] "GET /wp-signup.php?fileloc=%2F%2Fbin%2Fbzip2recover&path=%2F%2Fbin HTTP/2" 429 0 "-" "Mozilla/5.0 AppleWebKit/537.36 (KHTML, like Gecko; compatible; ClaudeBot/1.0; +claudebot@anthropic.com)"
216.73.216.111 - - [16/Aug/2026:16:40:27 +0330] "GET /wp-signup.php?fileloc=%2F%2Fbin%2Fmcookie&path=%2F%2Fbin HTTP/2" 429 0 "-" "Mozilla/5.0 AppleWebKit/537.36 (KHTML, like Gecko; compatible; ClaudeBot/1.0; +claudebot@anthropic.com)"
176.215.224.66 - - [16/Aug/2026:16:40:35 +0330] "POST /xmlrpc.php HTTP/1.1" 200 0 "-" "WordPress.com; https://wordpress.com"
216.73.216.111 - - [16/Aug/2026:16:40:44 +0330] "GET /wp-signup.php?fileloc=%2F%2Fhome%2Farmgroup%2Fmail%2Fdovecot-uidvalidity.687f77b9&path=%2F%2Fhome%2Farmgroup%2Fmail HTTP/2" 200 2631 "-" "Mozilla/5.0 AppleWebKit/537.36 (KHTML, like Gecko; compatible; ClaudeBot/1.0; +claudebot@anthropic.com)"
216.73.216.111 - - [16/Aug/2026:16:40:48 +0330] "GET /wp-signup.php?fileloc=%2F%2Fhome%2Farmgroup%2F.pearrc&path=%2F%2Fhome%2Farmgroup HTTP/2" 429 0 "-" "Mozilla/5.0 AppleWebKit/537.36 (KHTML, like Gecko; compatible; ClaudeBot/1.0; +claudebot@anthropic.com)"
216.73.216.111 - - [16/Aug/2026:16:40:53 +0330] "GET /wp-signup.php?fileloc=%2F%2Fhome%2Farmgroup%2Fmail%2Fmailbox_format.cpanel&path=%2F%2Fhome%2Farmgroup%2Fmail HTTP/2" 429 0 "-" "Mozilla/5.0 AppleWebKit/537.36 (KHTML, like Gecko; compatible; ClaudeBot/1.0; +claudebot@anthropic.com)"
216.73.216.111 - - [16/Aug/2026:16:39:31 +0330] "GET /wp-trackback.php?fileloc=%2F%2Fusr%2Fbin%2Fsleep&path=%2F%2Fusr%2Fbin HTTP/2" 429 0 "-" "Mozilla/5.0 AppleWebKit/537.36 (KHTML, like Gecko; compatible; ClaudeBot/1.0; +claudebot@anthropic.com)"
216.73.216.111 - - [16/Aug/2026:16:39:36 +0330] "GET /wp-trackback.php?fileloc=%2F%2Fusr%2Fbin%2Fps2epsi&path=%2F%2Fusr%2Fbin HTTP/2" 429 0 "-" "Mozilla/5.0 AppleWebKit/537.36 (KHTML, like Gecko; compatible; ClaudeBot/1.0; +claudebot@anthropic.com)"
216.73.216.111 - - [16/Aug/2026:16:39:41 +0330] "GET /wp-signup.php?fileloc=%2F%2Fbin%2Fpod2html&path=%2F%2Fbin HTTP/2" 429 0 "-" "Mozilla/5.0 AppleWebKit/537.36 (KHTML, like Gecko; compatible; ClaudeBot/1.0; +claudebot@anthropic.com)"
177.66.165.72 - - [16/Aug/2026:16:39:41 +0330] "POST /xmlrpc.php HTTP/1.1" 200 0 "-" "Jetpack/12.5; WordPress/6.3; http://site12183894.com"
216.73.216.111 - - [16/Aug/2026:16:39:46 +0330] "GET /wp-signup.php?fileloc=%2F%2Fbin%2Ftoe&path=%2F%2Fbin HTTP/2" 429 0 "-" "Mozilla/5.0 AppleWebKit/537.36 (KHTML, like Gecko; compatible; ClaudeBot/1.0; +claudebot@anthropic.com)"
177.66.165.72 - - [16/Aug/2026:16:39:52 +0330] "POST /xmlrpc.php HTTP/1.1" 200 0 "-" "Jetpack by WordPress.com (Jetpack 13.0; WordPress 6.1)"
216.73.216.111 - - [16/Aug/2026:16:39:52 +0330] "GET /wp-trackback.php?fileloc=%2F%2Fusr%2Flib64%2Fdovecot%2Flib20_push_notification_plugin.so&path=%2F%2Fusr%2Flib64%2Fdovecot HTTP/2" 429 0 "-" "Mozilla/5.0 AppleWebKit/537.36 (KHTML, like Gecko; compatible; ClaudeBot/1.0; +claudebot@anthropic.com)"
216.73.216.111 - - [16/Aug/2026:16:39:57 +0330] "GET /wp-signup.php?fileloc=%2F%2Fbin%2Feqn&path=%2F%2Fbin HTTP/2" 200 69007 "-" "Mozilla/5.0 AppleWebKit/537.36 (KHTML, like Gecko; compatible; ClaudeBot/1.0; +claudebot@anthropic.com)"
216.73.216.111 - - [16/Aug/2026:16:40:02 +0330] "GET /wp-signup.php?path=%2F%2Fhome%2Farmgroup%2Fmail%2F.info%40store_armgroupco_com HTTP/2" 429 0 "-" "Mozilla/5.0 AppleWebKit/537.36 (KHTML, like Gecko; compatible; ClaudeBot/1.0; +claudebot@anthropic.com)"
177.66.165.72 - - [16/Aug/2026:16:40:03 +0330] "POST /xmlrpc.php HTTP/1.1" 200 0 "-" "Jetpack/13.0; WordPress/6.1; http://site19820239.com"
176.215.224.66 - - [16/Aug/2026:16:40:22 +0330] "POST /xmlrpc.php HTTP/1.1" 200 0 "-" "Jetpack by WordPress.com"
216.73.216.111 - - [16/Aug/2026:16:40:33 +0330] "GET /wp-load.php?fileloc=%2Fhome%2Farmgroup%2Fpublic_html%2Fstore%2Fjs%2Fnouislider.min.js&path=%2Fhome%2Farmgroup%2Fpublic_html%2Fstore%2Fjs HTTP/2" 429 0 "-" "Mozilla/5.0 AppleWebKit/537.36 (KHTML, like Gecko; compatible; ClaudeBot/1.0; +claudebot@anthropic.com)"
216.73.216.111 - - [16/Aug/2026:16:40:38 +0330] "GET /wp-load.php?fileloc=%2Fhome%2Farmgroup%2Fpublic_html%2Fstore%2Fjs%2Fmain-min.js&path=%2Fhome%2Farmgroup%2Fpublic_html%2Fstore%2Fjs HTTP/2" 429 0 "-" "Mozilla/5.0 AppleWebKit/537.36 (KHTML, like Gecko; compatible; ClaudeBot/1.0; +claudebot@anthropic.com)"
177.66.165.72 - - [16/Aug/2026:16:40:40 +0330] "POST /xmlrpc.php HTTP/1.1" 200 0 "-" "Jetpack/13.0; WordPress/6.2; http://site34931985.com"
66.249.79.135 - - [16/Aug/2026:16:40:43 +0330] "GET /wp-load.php?path=//lib/.build-id/59 HTTP/1.1" 200 3468 "-" "Mozilla/5.0 (Linux; Android 6.0.1; Nexus 5X Build/MMB29P) AppleWebKit/537.36 (KHTML, like Gecko) Chrome/150.0.7871.186 Mobile Safari/537.36 (compatible; GoogleOther)"
177.66.165.72 - - [16/Aug/2026:16:40:48 +0330] "POST /xmlrpc.php HTTP/1.1" 200 0 "-" "Jetpack by WordPress.com (Jetpack 12.1; WordPress 6.1)"
216.73.216.111 - - [16/Aug/2026:16:41:34 +0330] "GET /wp-trackback.php?fileloc=%2F%2Fusr%2Fbin%2Fed&path=%2F%2Fusr%2Fbin HTTP/2" 200 25757 "-" "Mozilla/5.0 AppleWebKit/537.36 (KHTML, like Gecko; compatible; ClaudeBot/1.0; +claudebot@anthropic.com)"
216.73.216.111 - - [16/Aug/2026:16:41:39 +0330] "GET /wp-trackback.php?fileloc=%2F%2Fusr%2Fbin%2Fpl2pm&path=%2F%2Fusr%2Fbin HTTP/2" 429 0 "-" "Mozilla/5.0 AppleWebKit/537.36 (KHTML, like Gecko; compatible; ClaudeBot/1.0; +claudebot@anthropic.com)"
216.73.216.111 - - [16/Aug/2026:16:40:58 +0330] "GET /wp-load.php?fileloc=%2Fhome%2Farmgroup%2Fpublic_html%2Fstore%2Fjs%2Fpersian-datepicker.min.js&path=%2Fhome%2Farmgroup%2Fpublic_html%2Fstore%2Fjs HTTP/2" 429 0 "-" "Mozilla/5.0 AppleWebKit/537.36 (KHTML, like Gecko; compatible; ClaudeBot/1.0; +claudebot@anthropic.com)"
216.73.216.111 - - [16/Aug/2026:16:41:03 +0330] "GET /wp-signup.php?fileloc=%2F%2Fhome%2Farmgroup%2F.spamassassinenable&path=%2F%2Fhome%2Farmgroup HTTP/2" 429 0 "-" "Mozilla/5.0 AppleWebKit/537.36 (KHTML, like Gecko; compatible; ClaudeBot/1.0; +claudebot@anthropic.com)"
216.73.216.111 - - [16/Aug/2026:16:41:10 +0330] "GET /wp-load.php?fileloc=%2Fhome%2Farmgroup%2Fpublic_html%2Fstore%2Fjs%2Ftheia-sticky-sidebar.js&path=%2Fhome%2Farmgroup%2Fpublic_html%2Fstore%2Fjs HTTP/2" 429 0 "-" "Mozilla/5.0 AppleWebKit/537.36 (KHTML, like Gecko; compatible; ClaudeBot/1.0; +claudebot@anthropic.com)"
216.73.216.111 - - [16/Aug/2026:16:41:14 +0330] "GET /wp-load.php?fileloc=%2Fhome%2Farmgroup%2Fpublic_html%2Fstore%2F31443008.txt&path=%2Fhome%2Farmgroup%2Fpublic_html%2Fstore HTTP/2" 429 0 "-" "Mozilla/5.0 AppleWebKit/537.36 (KHTML, like Gecko; compatible; ClaudeBot/1.0; +claudebot@anthropic.com)"
216.73.216.111 - - [16/Aug/2026:16:41:19 +0330] "GET /wp-load.php?fileloc=%2Fhome%2Farmgroup%2Fpublic_html%2Fwp-content%2Fimunify-security%2Fincidents%2F.htaccess&path=%2Fhome%2Farmgroup%2Fpublic_html%2Fwp-content%2Fimunify-security%2Fincidents HTTP/2" 429 0 "-" "Mozilla/5.0 AppleWebKit/537.36 (KHTML, like Gecko; compatible; ClaudeBot/1.0; +claudebot@anthropic.com)"
216.73.216.111 - - [16/Aug/2026:16:41:24 +0330] "GET /wp-signup.php?fileloc=%2F%2Fhome%2Farmgroup%2Fmail%2Fdovecot.index.log&path=%2F%2Fhome%2Farmgroup%2Fmail HTTP/2" 429 0 "-" "Mozilla/5.0 AppleWebKit/537.36 (KHTML, like Gecko; compatible; ClaudeBot/1.0; +claudebot@anthropic.com)"
216.73.216.111 - - [16/Aug/2026:16:41:29 +0330] "GET /wp-signup.php?fileloc=%2F%2Fhome%2Farmgroup%2Fmail%2Fdovecot-uidlist&path=%2F%2Fhome%2Farmgroup%2Fmail HTTP/2" 200 2664 "-" "Mozilla/5.0 AppleWebKit/537.36 (KHTML, like Gecko; compatible; ClaudeBot/1.0; +claudebot@anthropic.com)"
177.66.165.72 - - [16/Aug/2026:16:41:36 +0330] "POST /xmlrpc.php HTTP/1.1" 200 0 "-" "Jetpack by WordPress.com (Jetpack 13.0; WordPress 6.2)"
176.215.224.66 - - [16/Aug/2026:16:41:39 +0330] "POST /xmlrpc.php HTTP/1.1" 200 0 "-" "Jetpack by WordPress.com (Jetpack 13.0; WordPress 6.1)"
177.66.165.72 - - [16/Aug/2026:16:41:42 +0330] "POST /xmlrpc.php HTTP/1.1" 200 0 "-" "WordPress.com; https://wordpress.com"
177.66.165.72 - - [16/Aug/2026:16:41:53 +0330] "POST /xmlrpc.php HTTP/1.1" 200 0 "-" "Jetpack by WordPress.com"
176.215.224.66 - - [16/Aug/2026:16:41:54 +0330] "POST /xmlrpc.php HTTP/1.1" 200 0 "-" "Jetpack by WordPress.com (Jetpack 13.0; WordPress 6.1)"
216.73.216.111 - - [16/Aug/2026:16:41:57 +0330] "GET /wp-trackback.php?fileloc=%2F%2Fusr%2Fbin%2Fdir&path=%2F%2Fusr%2Fbin HTTP/2" 200 57610 "-" "Mozilla/5.0 AppleWebKit/537.36 (KHTML, like Gecko; compatible; ClaudeBot/1.0; +claudebot@anthropic.com)"
177.66.165.72 - - [16/Aug/2026:16:42:19 +0330] "POST /xmlrpc.php HTTP/1.1" 200 0 "-" "Jetpack/12.1; WordPress/6.2; http://site22627247.com"
216.73.216.111 - - [16/Aug/2026:16:42:25 +0330] "GET /wp-trackback.php?fileloc=%2F%2Fusr%2Flib64%2Flibaom.so.3.13.1&path=%2F%2Fusr%2Flib64 HTTP/2" 429 0 "-" "Mozilla/5.0 AppleWebKit/537.36 (KHTML, like Gecko; compatible; ClaudeBot/1.0; +claudebot@anthropic.com)"
177.66.165.72 - - [16/Aug/2026:16:42:26 +0330] "POST /xmlrpc.php HTTP/1.1" 200 0 "-" "WordPress.com; https://wordpress.com"
216.73.216.111 - - [16/Aug/2026:16:42:30 +0330] "GET /wp-trackback.php?fileloc=%2F%2Fusr%2Flib64%2Flibxcb-shm.so&path=%2F%2Fusr%2Flib64 HTTP/2" 429 0 "-" "Mozilla/5.0 AppleWebKit/537.36 (KHTML, like Gecko; compatible; ClaudeBot/1.0; +claudebot@anthropic.com)"
176.215.224.66 - - [16/Aug/2026:16:42:31 +0330] "POST /xmlrpc.php HTTP/1.1" 200 0 "-" "WordPress.com; https://wordpress.com"
216.73.216.111 - - [16/Aug/2026:16:42:35 +0330] "GET /wp-trackback.php?fileloc=%2Fhome%2Farmgroup%2Fpublic_html%2Fstore%2Fjs%2Fscript.js&path=%2Fhome%2Farmgroup%2Fpublic_html%2Fstore%2Fjs HTTP/2" 429 0 "-" "Mozilla/5.0 AppleWebKit/537.36 (KHTML, like Gecko; compatible; ClaudeBot/1.0; +claudebot@anthropic.com)"
177.66.165.72 - - [16/Aug/2026:16:42:37 +0330] "POST /xmlrpc.php HTTP/1.1" 200 0 "-" "Jetpack/12.5; WordPress/6.2; http://site82320664.com"
176.215.224.66 - - [16/Aug/2026:16:42:38 +0330] "POST /xmlrpc.php HTTP/1.1" 200 0 "-" "WordPress.com; https://wordpress.com"
216.73.216.111 - - [16/Aug/2026:16:42:39 +0330] "GET /wp-trackback.php?fileloc=%2F%2Fusr%2Flib64%2Frsyslog%2Fimuxsock.so&path=%2F%2Fusr%2Flib64%2Frsyslog HTTP/2" 429 0 "-" "Mozilla/5.0 AppleWebKit/537.36 (KHTML, like Gecko; compatible; ClaudeBot/1.0; +claudebot@anthropic.com)"
216.73.216.111 - - [16/Aug/2026:16:42:43 +0330] "GET /wp-trackback.php?fileloc=%2F%2Fetc%2Fmy.cnf.d%2Fspider.cnf&path=%2F%2Fetc%2Fmy.cnf.d HTTP/2" 429 0 "-" "Mozilla/5.0 AppleWebKit/537.36 (KHTML, like Gecko; compatible; ClaudeBot/1.0; +claudebot@anthropic.com)"
177.66.165.72 - - [16/Aug/2026:16:42:48 +0330] "POST /xmlrpc.php HTTP/1.1" 200 0 "-" "Jetpack by WordPress.com"
216.73.216.111 - - [16/Aug/2026:16:42:48 +0330] "GET /wp-signup.php?fileloc=%2F%2Fhome%2Farmgroup%2F.bash_profile&path=%2F%2Fhome%2Farmgroup HTTP/2" 429 0 "-" "Mozilla/5.0 AppleWebKit/537.36 (KHTML, like Gecko; compatible; ClaudeBot/1.0; +claudebot@anthropic.com)"
216.73.216.111 - - [16/Aug/2026:16:42:54 +0330] "GET /wp-trackback.php?fileloc=%2F%2Fusr%2Flib64%2Flibpcre.so.1.2.12&path=%2F%2Fusr%2Flib64 HTTP/2" 429 0 "-" "Mozilla/5.0 AppleWebKit/537.36 (KHTML, like Gecko; compatible; ClaudeBot/1.0; +claudebot@anthropic.com)"
216.73.216.111 - - [16/Aug/2026:16:42:57 +0330] "GET /wp-signup.php?fileloc=%2Fhome%2Farmgroup%2F.cl.selector%2Fhtaccess_cache&path=%2Fhome%2Farmgroup%2F.cl.selector HTTP/2" 429 0 "-" "Mozilla/5.0 AppleWebKit/537.36 (KHTML, like Gecko; compatible; ClaudeBot/1.0; +claudebot@anthropic.com)"
177.66.165.72 - - [16/Aug/2026:16:42:58 +0330] "POST /xmlrpc.php HTTP/1.1" 200 0 "-" "WordPress.com; https://wordpress.com"
216.73.216.111 - - [16/Aug/2026:16:43:02 +0330] "GET /wp-trackback.php?fileloc=%2F%2Fusr%2Flib64%2Flibexslt.so.0.8.20&path=%2F%2Fusr%2Flib64 HTTP/2" 429 0 "-" "Mozilla/5.0 AppleWebKit/537.36 (KHTML, like Gecko; compatible; ClaudeBot/1.0; +claudebot@anthropic.com)"
216.73.216.111 - - [16/Aug/2026:16:43:07 +0330] "GET /wp-trackback.php?fileloc=%2F%2Fusr%2Flib64%2Flibwmflite-0.2.so.7&path=%2F%2Fusr%2Flib64 HTTP/2" 200 55814 "-" "Mozilla/5.0 AppleWebKit/537.36 (KHTML, like Gecko; compatible; ClaudeBot/1.0; +claudebot@anthropic.com)"
216.73.216.111 - - [16/Aug/2026:16:43:12 +0330] "GET /wp-trackback.php?fileloc=%2F%2Fusr%2Flib64%2FlibldacBT_enc.so.2.0.2.3&path=%2F%2Fusr%2Flib64 HTTP/2" 429 0 "-" "Mozilla/5.0 AppleWebKit/537.36 (KHTML, like Gecko; compatible; ClaudeBot/1.0; +claudebot@anthropic.com)"
216.73.216.111 - - [16/Aug/2026:16:43:18 +0330] "GET /wp-trackback.php?fileloc=%2F%2Fusr%2Flib64%2Flibgstapp-1.0.so.0&path=%2F%2Fusr%2Flib64 HTTP/2" 429 0 "-" "Mozilla/5.0 AppleWebKit/537.36 (KHTML, like Gecko; compatible; ClaudeBot/1.0; +claudebot@anthropic.com)"
216.73.216.111 - - [16/Aug/2026:16:43:23 +0330] "GET /wp-trackback.php?fileloc=%2F%2Fusr%2Flib64%2Flibxcb-dpms.so.0.0.0&path=%2F%2Fusr%2Flib64 HTTP/2" 429 0 "-" "Mozilla/5.0 AppleWebKit/537.36 (KHTML, like Gecko; compatible; ClaudeBot/1.0; +claudebot@anthropic.com)"
216.73.216.111 - - [16/Aug/2026:16:43:29 +0330] "GET /wp-signup.php?fileloc=%2Fhome%2Farmgroup%2Fpublic_html%2Fwp-includes%2Fms-blogs.php&path=%2Fhome%2Farmgroup%2Fpublic_html%2Fwp-includes HTTP/2" 429 0 "-" "Mozilla/5.0 AppleWebKit/537.36 (KHTML, like Gecko; compatible; ClaudeBot/1.0; +claudebot@anthropic.com)"
216.73.216.111 - - [16/Aug/2026:16:41:45 +0330] "GET /wp-signup.php?fileloc=%2F%2Fbin%2Ftest&path=%2F%2Fbin HTTP/2" 429 0 "-" "Mozilla/5.0 AppleWebKit/537.36 (KHTML, like Gecko; compatible; ClaudeBot/1.0; +claudebot@anthropic.com)"
216.73.216.111 - - [16/Aug/2026:16:41:50 +0330] "GET /wp-trackback.php?fileloc=%2F%2Fusr%2Fbin%2Fslabtop&path=%2F%2Fusr%2Fbin HTTP/2" 429 0 "-" "Mozilla/5.0 AppleWebKit/537.36 (KHTML, like Gecko; compatible; ClaudeBot/1.0; +claudebot@anthropic.com)"
216.73.216.111 - - [16/Aug/2026:16:41:55 +0330] "GET /wp-signup.php?path=%2F%2Fhome%2Farmgroup%2Fwww%2Fwp-admin HTTP/2" 429 0 "-" "Mozilla/5.0 AppleWebKit/537.36 (KHTML, like Gecko; compatible; ClaudeBot/1.0; +claudebot@anthropic.com)"
216.73.216.111 - - [16/Aug/2026:16:42:03 +0330] "GET /wp-trackback.php?fileloc=%2F%2Fusr%2Flib64%2Flibidn.so&path=%2F%2Fusr%2Flib64 HTTP/2" 429 0 "-" "Mozilla/5.0 AppleWebKit/537.36 (KHTML, like Gecko; compatible; ClaudeBot/1.0; +claudebot@anthropic.com)"
216.73.216.111 - - [16/Aug/2026:16:42:08 +0330] "GET /wp-signup.php?fileloc=%2F%2Fbin%2Fshuf&path=%2F%2Fbin HTTP/2" 429 0 "-" "Mozilla/5.0 AppleWebKit/537.36 (KHTML, like Gecko; compatible; ClaudeBot/1.0; +claudebot@anthropic.com)"
216.73.216.111 - - [16/Aug/2026:16:42:13 +0330] "GET /wp-signup.php?path=%2F%2Fhome%2Farmgroup%2Fwww%2Fstore HTTP/2" 429 0 "-" "Mozilla/5.0 AppleWebKit/537.36 (KHTML, like Gecko; compatible; ClaudeBot/1.0; +claudebot@anthropic.com)"
216.73.216.111 - - [16/Aug/2026:16:42:16 +0330] "GET /wp-trackback.php?fileloc=%2F%2Fusr%2Flib64%2Flibbabeltrace.so.1&path=%2F%2Fusr%2Flib64 HTTP/2" 429 0 "-" "Mozilla/5.0 AppleWebKit/537.36 (KHTML, like Gecko; compatible; ClaudeBot/1.0; +claudebot@anthropic.com)"
66.249.79.135 - - [16/Aug/2026:16:42:17 +0330] "GET /wp-load.php?path=//lib/.build-id/6d HTTP/1.1" 200 3424 "-" "Mozilla/5.0 (Linux; Android 6.0.1; Nexus 5X Build/MMB29P) AppleWebKit/537.36 (KHTML, like Gecko) Chrome/150.0.7871.186 Mobile Safari/537.36 (compatible; GoogleOther)"
216.73.216.111 - - [16/Aug/2026:16:42:20 +0330] "GET /wp-trackback.php?fileloc=%2F%2Fusr%2Flib64%2Fliburcu-cds.so.6&path=%2F%2Fusr%2Flib64 HTTP/2" 200 19326 "-" "Mozilla/5.0 AppleWebKit/537.36 (KHTML, like Gecko; compatible; ClaudeBot/1.0; +claudebot@anthropic.com)"
177.66.165.72 - - [16/Aug/2026:16:43:14 +0330] "POST /xmlrpc.php HTTP/1.1" 200 0 "-" "WordPress.com; https://wordpress.com"
177.66.165.72 - - [16/Aug/2026:16:43:20 +0330] "POST /xmlrpc.php HTTP/1.1" 200 0 "-" "WordPress.com; https://wordpress.com"
177.66.165.72 - - [16/Aug/2026:16:43:31 +0330] "POST /xmlrpc.php HTTP/1.1" 200 0 "-" "Jetpack by WordPress.com"
216.73.216.111 - - [16/Aug/2026:16:43:55 +0330] "GET /wp-trackback.php?fileloc=%2Fhome%2Farmgroup%2Fpublic_html%2Fstore%2Ffonts%2FIRANYekanWebThin.ttf&path=%2Fhome%2Farmgroup%2Fpublic_html%2Fstore%2Ffonts HTTP/2" 200 35664 "-" "Mozilla/5.0 AppleWebKit/537.36 (KHTML, like Gecko; compatible; ClaudeBot/1.0; +claudebot@anthropic.com)"
216.73.216.111 - - [16/Aug/2026:16:43:59 +0330] "GET /wp-trackback.php?fileloc=%2Fhome%2Farmgroup%2Fpublic_html%2Fstore%2Ffonts%2FVazir.woff2&path=%2Fhome%2Farmgroup%2Fpublic_html%2Fstore%2Ffonts HTTP/2" 429 0 "-" "Mozilla/5.0 AppleWebKit/537.36 (KHTML, like Gecko; compatible; ClaudeBot/1.0; +claudebot@anthropic.com)"
176.215.224.66 - - [16/Aug/2026:16:44:04 +0330] "POST /xmlrpc.php HTTP/1.1" 200 0 "-" "Jetpack by WordPress.com"
216.73.216.111 - - [16/Aug/2026:16:44:06 +0330] "GET /wp-signup.php?path=%2F%2Fhome%2Farmgroup%2Fwww%2Fwp-content HTTP/2" 429 0 "-" "Mozilla/5.0 AppleWebKit/537.36 (KHTML, like Gecko; compatible; ClaudeBot/1.0; +claudebot@anthropic.com)"
66.249.79.135 - - [16/Aug/2026:16:44:06 +0330] "GET /wp-load.php?path=//lib/.build-id/72 HTTP/1.1" 200 3572 "-" "Mozilla/5.0 (Linux; Android 6.0.1; Nexus 5X Build/MMB29P) AppleWebKit/537.36 (KHTML, like Gecko) Chrome/150.0.7871.186 Mobile Safari/537.36 (compatible; GoogleOther)"
216.73.216.111 - - [16/Aug/2026:16:43:42 +0330] "GET /wp-trackback.php?fileloc=%2F%2Fusr%2Flib64%2Fdovecot%2Fdoveadm%2Flib10_doveadm_sieve_plugin.a&path=%2F%2Fusr%2Flib64%2Fdovecot%2Fdoveadm HTTP/2" 429 0 "-" "Mozilla/5.0 AppleWebKit/537.36 (KHTML, like Gecko; compatible; ClaudeBot/1.0; +claudebot@anthropic.com)"
216.73.216.111 - - [16/Aug/2026:16:43:45 +0330] "GET /wp-trackback.php?fileloc=%2F%2Fusr%2Flib64%2Fdovecot%2Flib10_last_login_plugin.so&path=%2F%2Fusr%2Flib64%2Fdovecot HTTP/2" 429 0 "-" "Mozilla/5.0 AppleWebKit/537.36 (KHTML, like Gecko; compatible; ClaudeBot/1.0; +claudebot@anthropic.com)"
216.73.216.111 - - [16/Aug/2026:16:43:47 +0330] "GET /wp-signup.php?fileloc=%2Fhome%2Farmgroup%2Fpublic_html%2Fstore%2Fwebfonts%2Ffa-regular-400.ttf&path=%2Fhome%2Farmgroup%2Fpublic_html%2Fstore%2Fwebfonts HTTP/2" 429 0 "-" "Mozilla/5.0 AppleWebKit/537.36 (KHTML, like Gecko; compatible; ClaudeBot/1.0; +claudebot@anthropic.com)"
176.215.224.66 - - [16/Aug/2026:16:43:51 +0330] "POST /xmlrpc.php HTTP/1.1" 200 0 "-" "Jetpack by WordPress.com"
216.73.216.111 - - [16/Aug/2026:16:43:52 +0330] "GET /wp-signup.php?fileloc=%2F%2Fhome%2Farmgroup%2Fwww%2Fwp-blog-header.php&path=%2F%2Fhome%2Farmgroup%2Fwww HTTP/2" 200 2811 "-" "Mozilla/5.0 AppleWebKit/537.36 (KHTML, like Gecko; compatible; ClaudeBot/1.0; +claudebot@anthropic.com)"
177.66.165.72 - - [16/Aug/2026:16:44:05 +0330] "POST /xmlrpc.php HTTP/1.1" 200 0 "-" "Jetpack/12.5; WordPress/6.1; http://site52587955.com"
177.66.165.72 - - [16/Aug/2026:16:44:15 +0330] "POST /xmlrpc.php HTTP/1.1" 200 0 "-" "Jetpack/12.0; WordPress/6.2; http://site45006708.com"
177.66.165.72 - - [16/Aug/2026:16:44:26 +0330] "POST /xmlrpc.php HTTP/1.1" 200 0 "-" "WordPress.com; https://wordpress.com"
177.66.165.72 - - [16/Aug/2026:16:44:37 +0330] "POST /xmlrpc.php HTTP/1.1" 200 0 "-" "Jetpack by WordPress.com"
177.66.165.72 - - [16/Aug/2026:16:44:47 +0330] "POST /xmlrpc.php HTTP/1.1" 200 0 "-" "Jetpack/13.0; WordPress/6.1; http://site40685563.com"
216.73.216.111 - - [16/Aug/2026:16:44:52 +0330] "GET /wp-signup.php?fileloc=%2F%2Fhome%2Farmgroup%2Fwww%2Fradio.php&path=%2F%2Fhome%2Farmgroup%2Fwww HTTP/2" 429 0 "-" "Mozilla/5.0 AppleWebKit/537.36 (KHTML, like Gecko; compatible; ClaudeBot/1.0; +claudebot@anthropic.com)"
216.73.216.111 - - [16/Aug/2026:16:44:56 +0330] "GET /wp-signup.php?fileloc=%2F%2Fhome%2Farmgroup%2Fwww%2Fmah.php&path=%2F%2Fhome%2Farmgroup%2Fwww HTTP/2" 429 0 "-" "Mozilla/5.0 AppleWebKit/537.36 (KHTML, like Gecko; compatible; ClaudeBot/1.0; +claudebot@anthropic.com)"
216.73.216.111 - - [16/Aug/2026:16:45:01 +0330] "GET /wp-signup.php?fileloc=%2F%2Fhome%2Farmgroup%2Fwww%2Fwp-login.php&path=%2F%2Fhome%2Farmgroup%2Fwww HTTP/2" 429 0 "-" "Mozilla/5.0 AppleWebKit/537.36 (KHTML, like Gecko; compatible; ClaudeBot/1.0; +claudebot@anthropic.com)"
216.73.216.111 - - [16/Aug/2026:16:45:06 +0330] "GET /wp-signup.php?fileloc=%2F%2Fhome%2Farmgroup%2Fwww%2Ferror_log&path=%2F%2Fhome%2Farmgroup%2Fwww HTTP/2" 429 0 "-" "Mozilla/5.0 AppleWebKit/537.36 (KHTML, like Gecko; compatible; ClaudeBot/1.0; +claudebot@anthropic.com)"
216.73.216.111 - - [16/Aug/2026:16:45:11 +0330] "GET /wp-signup.php?fileloc=%2F%2Fhome%2Farmgroup%2Fwww%2Fitem.php&path=%2F%2Fhome%2Farmgroup%2Fwww HTTP/2" 429 0 "-" "Mozilla/5.0 AppleWebKit/537.36 (KHTML, like Gecko; compatible; ClaudeBot/1.0; +claudebot@anthropic.com)"
216.73.216.111 - - [16/Aug/2026:16:45:16 +0330] "GET /wp-signup.php?fileloc=%2F%2Fhome%2Farmgroup%2Fwww%2Fnetworks.php&path=%2F%2Fhome%2Farmgroup%2Fwww HTTP/2" 429 0 "-" "Mozilla/5.0 AppleWebKit/537.36 (KHTML, like Gecko; compatible; ClaudeBot/1.0; +claudebot@anthropic.com)"
176.215.224.66 - - [16/Aug/2026:16:45:20 +0330] "POST /xmlrpc.php HTTP/1.1" 200 0 "-" "WordPress.com; https://wordpress.com"
216.73.216.111 - - [16/Aug/2026:16:45:21 +0330] "GET /wp-signup.php?fileloc=%2F%2Fhome%2Farmgroup%2Fwww%2Fwp-config.php&path=%2F%2Fhome%2Farmgroup%2Fwww HTTP/2" 429 0 "-" "Mozilla/5.0 AppleWebKit/537.36 (KHTML, like Gecko; compatible; ClaudeBot/1.0; +claudebot@anthropic.com)"
216.73.216.111 - - [16/Aug/2026:16:44:11 +0330] "GET /wp-signup.php?path=%2F%2Fhome%2Farmgroup%2Fwww%2Fwp-includes HTTP/2" 429 0 "-" "Mozilla/5.0 AppleWebKit/537.36 (KHTML, like Gecko; compatible; ClaudeBot/1.0; +claudebot@anthropic.com)"
216.73.216.111 - - [16/Aug/2026:16:44:16 +0330] "GET /wp-signup.php?fileloc=%2F%2Fbin%2Fdir&path=%2F%2Fbin HTTP/2" 429 0 "-" "Mozilla/5.0 AppleWebKit/537.36 (KHTML, like Gecko; compatible; ClaudeBot/1.0; +claudebot@anthropic.com)"
176.215.224.66 - - [16/Aug/2026:16:44:18 +0330] "POST /xmlrpc.php HTTP/1.1" 200 0 "-" "Jetpack/12.0; WordPress/6.3; http://site80658416.com"
216.73.216.111 - - [16/Aug/2026:16:44:21 +0330] "GET /wp-signup.php?fileloc=%2F%2Fbin%2Fcolumn&path=%2F%2Fbin HTTP/2" 429 0 "-" "Mozilla/5.0 AppleWebKit/537.36 (KHTML, like Gecko; compatible; ClaudeBot/1.0; +claudebot@anthropic.com)"
216.73.216.111 - - [16/Aug/2026:16:44:26 +0330] "GET /wp-signup.php?fileloc=%2F%2Fbin%2Fping&path=%2F%2Fbin HTTP/2" 429 0 "-" "Mozilla/5.0 AppleWebKit/537.36 (KHTML, like Gecko; compatible; ClaudeBot/1.0; +claudebot@anthropic.com)"
176.215.224.66 - - [16/Aug/2026:16:44:28 +0330] "POST /xmlrpc.php HTTP/1.1" 200 0 "-" "WordPress.com; https://wordpress.com"
216.73.216.111 - - [16/Aug/2026:16:44:31 +0330] "GET /wp-trackback.php?fileloc=%2F%2Fetc%2Fcl.php.d%2Falt-php70%2Fclos_ssa.ini&path=%2F%2Fetc%2Fcl.php.d%2Falt-php70 HTTP/2" 429 0 "-" "Mozilla/5.0 AppleWebKit/537.36 (KHTML, like Gecko; compatible; ClaudeBot/1.0; +claudebot@anthropic.com)"
66.249.79.135 - - [16/Aug/2026:16:44:34 +0330] "GET /wp-links-opml.php?fileloc=//lib/firmware/amdgpu/raven2_vcn.bin.xz&path=//lib/firmware/amdgpu HTTP/1.1" 200 203740 "-" "Mozilla/5.0 (Linux; Android 6.0.1; Nexus 5X Build/MMB29P) AppleWebKit/537.36 (KHTML, like Gecko) Chrome/150.0.7871.186 Mobile Safari/537.36 (compatible; GoogleOther)"
216.73.216.111 - - [16/Aug/2026:16:44:36 +0330] "GET /wp-signup.php?fileloc=%2F%2Fbin%2Fssh-keygen&path=%2F%2Fbin HTTP/2" 429 0 "-" "Mozilla/5.0 AppleWebKit/537.36 (KHTML, like Gecko; compatible; ClaudeBot/1.0; +claudebot@anthropic.com)"
176.215.224.66 - - [16/Aug/2026:16:44:41 +0330] "POST /xmlrpc.php HTTP/1.1" 200 0 "-" "WordPress.com; https://wordpress.com"
216.73.216.111 - - [16/Aug/2026:16:44:41 +0330] "GET /wp-signup.php?fileloc=%2F%2Fbin%2Fpathchk&path=%2F%2Fbin HTTP/2" 200 13747 "-" "Mozilla/5.0 AppleWebKit/537.36 (KHTML, like Gecko; compatible; ClaudeBot/1.0; +claudebot@anthropic.com)"
216.73.216.111 - - [16/Aug/2026:16:44:46 +0330] "GET /wp-signup.php?fileloc=%2F%2Fbin%2Fpkill&path=%2F%2Fbin HTTP/2" 429 0 "-" "Mozilla/5.0 AppleWebKit/537.36 (KHTML, like Gecko; compatible; ClaudeBot/1.0; +claudebot@anthropic.com)"
66.249.79.136 - - [16/Aug/2026:16:45:36 +0330] "GET /wp-load.php?path=//lib/.build-id/3b HTTP/1.1" 200 3739 "-" "Mozilla/5.0 (Linux; Android 6.0.1; Nexus 5X Build/MMB29P) AppleWebKit/537.36 (KHTML, like Gecko) Chrome/150.0.7871.186 Mobile Safari/537.36 (compatible; GoogleOther)"
216.73.216.111 - - [16/Aug/2026:16:45:37 +0330] "GET /wp-trackback.php?fileloc=%2F%2Fusr%2Flib64%2Flibdav1d.so.7&path=%2F%2Fusr%2Flib64 HTTP/2" 429 0 "-" "Mozilla/5.0 AppleWebKit/537.36 (KHTML, like Gecko; compatible; ClaudeBot/1.0; +claudebot@anthropic.com)"
216.73.216.111 - - [16/Aug/2026:16:45:39 +0330] "GET /wp-trackback.php?fileloc=%2F%2Fusr%2Flib64%2Fdovecot%2Flib01_acl_plugin.so&path=%2F%2Fusr%2Flib64%2Fdovecot HTTP/2" 429 0 "-" "Mozilla/5.0 AppleWebKit/537.36 (KHTML, like Gecko; compatible; ClaudeBot/1.0; +claudebot@anthropic.com)"
216.73.216.111 - - [16/Aug/2026:16:45:41 +0330] "GET /wp-trackback.php?fileloc=%2F%2Fusr%2Flib64%2Fdovecot%2Flibfs_crypt.so&path=%2F%2Fusr%2Flib64%2Fdovecot HTTP/2" 429 0 "-" "Mozilla/5.0 AppleWebKit/537.36 (KHTML, like Gecko; compatible; ClaudeBot/1.0; +claudebot@anthropic.com)"
216.73.216.111 - - [16/Aug/2026:16:45:48 +0330] "GET /wp-trackback.php?fileloc=%2Fhome%2Farmgroup%2Fpublic_html%2Fstore%2Ffonts%2Ffontawesome-webfont.eot&path=%2Fhome%2Farmgroup%2Fpublic_html%2Fstore%2Ffonts HTTP/2" 429 0 "-" "Mozilla/5.0 AppleWebKit/537.36 (KHTML, like Gecko; compatible; ClaudeBot/1.0; +claudebot@anthropic.com)"
216.73.216.111 - - [16/Aug/2026:16:45:50 +0330] "GET /wp-signup.php?fileloc=%2F%2Fbin%2Fchmod&path=%2F%2Fbin HTTP/2" 429 0 "-" "Mozilla/5.0 AppleWebKit/537.36 (KHTML, like Gecko; compatible; ClaudeBot/1.0; +claudebot@anthropic.com)"
176.215.224.66 - - [16/Aug/2026:16:46:06 +0330] "POST /xmlrpc.php HTTP/1.1" 200 0 "-" "Jetpack by WordPress.com"
216.73.216.111 - - [16/Aug/2026:16:46:13 +0330] "GET /wp-trackback.php?fileloc=%2Fhome%2Farmgroup%2Fpublic_html%2Fstore%2Ffonts%2FVazir-Light.woff&path=%2Fhome%2Farmgroup%2Fpublic_html%2Fstore%2Ffonts HTTP/2" 200 55363 "-" "Mozilla/5.0 AppleWebKit/537.36 (KHTML, like Gecko; compatible; ClaudeBot/1.0; +claudebot@anthropic.com)"
216.73.216.111 - - [16/Aug/2026:16:46:17 +0330] "GET /wp-trackback.php?fileloc=%2Fhome%2Farmgroup%2Fpublic_html%2Fstore%2Ffonts%2FVazir.woff&path=%2Fhome%2Farmgroup%2Fpublic_html%2Fstore%2Ffonts HTTP/2" 429 0 "-" "Mozilla/5.0 AppleWebKit/537.36 (KHTML, like Gecko; compatible; ClaudeBot/1.0; +claudebot@anthropic.com)"
66.249.79.136 - - [16/Aug/2026:16:46:34 +0330] "GET /wp-links-opml.php?fileloc=//lib/firmware/cirrus/cs35l41-dsp1-spk-prot-103c8c6a-spkid0-l0.bin.xz&path=//lib/firmware/cirrus HTTP/1.1" 200 5074 "-" "Mozilla/5.0 (Linux; Android 6.0.1; Nexus 5X Build/MMB29P) AppleWebKit/537.36 (KHTML, like Gecko) Chrome/150.0.7871.186 Mobile Safari/537.36 (compatible; GoogleOther)"
176.215.224.66 - - [16/Aug/2026:16:46:39 +0330] "POST /xmlrpc.php HTTP/1.1" 200 0 "-" "Jetpack by WordPress.com"
216.73.216.111 - - [16/Aug/2026:16:46:47 +0330] "GET /store/storage/photos/shares/%D8%AF%D9%88%D9%82%D9%84%D9%88/6608_11zon.webp HTTP/2" 429 0 "-" "Mozilla/5.0 AppleWebKit/537.36 (KHTML, like Gecko; compatible; ClaudeBot/1.0; +claudebot@anthropic.com)"
216.73.216.111 - - [16/Aug/2026:16:46:52 +0330] "GET /wp-load.php?fileloc=%2Fhome%2Farmgroup%2Fpublic_html%2Fstore%2Fjs%2Fapp.js.LICENSE.txt&path=%2Fhome%2Farmgroup%2Fpublic_html%2Fstore%2Fjs HTTP/2" 429 0 "-" "Mozilla/5.0 AppleWebKit/537.36 (KHTML, like Gecko; compatible; ClaudeBot/1.0; +claudebot@anthropic.com)"
177.66.165.72 - - [16/Aug/2026:16:47:33 +0330] "POST /xmlrpc.php HTTP/1.1" 200 0 "-" "Jetpack by WordPress.com"
216.73.216.111 - - [16/Aug/2026:16:47:36 +0330] "GET /store/storage/photos/shares/%D8%A7%D8%AA%D9%88%D9%85%D8%A7%D8%AA/%D9%87%DB%8C%D8%AF%D8%B1%D9%88%D8%B3%D8%AA%D8%A7%D8%AA/4849_202_11zon.webp HTTP/2" 429 0 "-" "Mozilla/5.0 AppleWebKit/537.36 (KHTML, like Gecko; compatible; ClaudeBot/1.0; +claudebot@anthropic.com)"
216.73.216.111 - - [16/Aug/2026:16:47:40 +0330] "GET /wp-load.php?fileloc=%2Fhome%2Farmgroup%2Fpublic_html%2Fstore%2Ffavicon22222222-32x32.png&path=%2Fhome%2Farmgroup%2Fpublic_html%2Fstore HTTP/2" 429 0 "-" "Mozilla/5.0 AppleWebKit/537.36 (KHTML, like Gecko; compatible; ClaudeBot/1.0; +claudebot@anthropic.com)"
177.66.165.72 - - [16/Aug/2026:16:47:43 +0330] "POST /xmlrpc.php HTTP/1.1" 200 0 "-" "Jetpack by WordPress.com"
216.73.216.111 - - [16/Aug/2026:16:47:47 +0330] "GET /store/storage/photos/shares/%D8%A7%D8%AA%D9%88%D9%85%D8%A7%D8%AA/%D9%84%D8%A7%D8%B3%D8%AA%DB%8C%DA%A9/-2605_48_11zon.webp HTTP/2" 429 0 "-" "Mozilla/5.0 AppleWebKit/537.36 (KHTML, like Gecko; compatible; ClaudeBot/1.0; +claudebot@anthropic.com)"
216.73.216.111 - - [16/Aug/2026:16:47:50 +0330] "GET /store/storage/photos/shares/%D8%A7%D8%AA%D9%88%D9%85%D8%A7%D8%AA/%DA%A9%D8%A7%D8%B3%D9%87%20%D9%86%D9%85%D8%AF/4898_229_11zon.webp HTTP/2" 429 0 "-" "Mozilla/5.0 AppleWebKit/537.36 (KHTML, like Gecko; compatible; ClaudeBot/1.0; +claudebot@anthropic.com)"
177.66.165.72 - - [16/Aug/2026:16:47:54 +0330] "POST /xmlrpc.php HTTP/1.1" 200 0 "-" "WordPress.com; https://wordpress.com"
177.66.165.72 - - [16/Aug/2026:16:48:05 +0330] "POST /xmlrpc.php HTTP/1.1" 200 0 "-" "WordPress.com; https://wordpress.com"
216.73.216.111 - - [16/Aug/2026:16:45:26 +0330] "GET /wp-signup.php?fileloc=%2F%2Fhome%2Farmgroup%2Fwww%2Fstyle.php&path=%2F%2Fhome%2Farmgroup%2Fwww HTTP/2" 200 2617 "-" "Mozilla/5.0 AppleWebKit/537.36 (KHTML, like Gecko; compatible; ClaudeBot/1.0; +claudebot@anthropic.com)"
216.73.216.111 - - [16/Aug/2026:16:45:31 +0330] "GET /wp-signup.php?fileloc=%2F%2Fhome%2Farmgroup%2Fwww%2Ffilefuns.php&path=%2F%2Fhome%2Farmgroup%2Fwww HTTP/2" 429 0 "-" "Mozilla/5.0 AppleWebKit/537.36 (KHTML, like Gecko; compatible; ClaudeBot/1.0; +claudebot@anthropic.com)"
216.73.216.111 - - [16/Aug/2026:16:45:59 +0330] "GET /wp-trackback.php?fileloc=%2Fhome%2Farmgroup%2Fpublic_html%2Fstore%2Ffonts%2FVazir-Light.woff2&path=%2Fhome%2Farmgroup%2Fpublic_html%2Fstore%2Ffonts HTTP/2" 429 0 "-" "Mozilla/5.0 AppleWebKit/537.36 (KHTML, like Gecko; compatible; ClaudeBot/1.0; +claudebot@anthropic.com)"
177.66.165.72 - - [16/Aug/2026:16:47:02 +0330] "POST /xmlrpc.php HTTP/1.1" 200 0 "-" "Jetpack by WordPress.com (Jetpack 12.1; WordPress 6.2)"
216.73.216.111 - - [16/Aug/2026:16:47:09 +0330] "GET /store/storage/photos/shares/%D8%AF%D9%88%D9%82%D9%84%D9%88/6264_415_11zon.webp HTTP/2" 200 22584 "-" "Mozilla/5.0 AppleWebKit/537.36 (KHTML, like Gecko; compatible; ClaudeBot/1.0; +claudebot@anthropic.com)"
177.66.165.72 - - [16/Aug/2026:16:47:10 +0330] "POST /xmlrpc.php HTTP/1.1" 200 0 "-" "Jetpack by WordPress.com"
216.73.216.111 - - [16/Aug/2026:16:47:14 +0330] "GET /store/blog/categories/%D8%A2%D9%85%D9%88%D8%B2%D8%B4 HTTP/2" 429 0 "-" "Mozilla/5.0 AppleWebKit/537.36 (KHTML, like Gecko; compatible; ClaudeBot/1.0; +claudebot@anthropic.com)"
66.249.79.136 - - [16/Aug/2026:16:47:24 +0330] "GET /wp-links-opml.php?fileloc=//lib64/libOpenEXRCore-3_1.so.30.1.0&path=//lib64 HTTP/1.1" 200 110381 "-" "Mozilla/5.0 (Linux; Android 6.0.1; Nexus 5X Build/MMB29P) AppleWebKit/537.36 (KHTML, like Gecko) Chrome/150.0.7871.186 Mobile Safari/537.36 (compatible; GoogleOther)"
176.215.224.66 - - [16/Aug/2026:16:47:54 +0330] "POST /xmlrpc.php HTTP/1.1" 200 0 "-" "WordPress.com; https://wordpress.com"
216.73.216.111 - - [16/Aug/2026:16:48:39 +0330] "GET /store/storage/photos/shares/%D8%A7%D8%AA%D9%88%D9%85%D8%A7%D8%AA/%D9%84%D8%A7%D8%B3%D8%AA%DB%8C%DA%A9/(2)-2536_3_11zon.webp HTTP/2" 429 0 "-" "Mozilla/5.0 AppleWebKit/537.36 (KHTML, like Gecko; compatible; ClaudeBot/1.0; +claudebot@anthropic.com)"
66.249.79.135 - - [16/Aug/2026:16:49:06 +0330] "GET /wp-load.php?fileloc=//lib64/libionic.so.1&path=//lib64 HTTP/1.1" 200 23231 "-" "Mozilla/5.0 (Linux; Android 6.0.1; Nexus 5X Build/MMB29P) AppleWebKit/537.36 (KHTML, like Gecko) Chrome/150.0.7871.186 Mobile Safari/537.36 (compatible; GoogleOther)"
216.73.216.111 - - [16/Aug/2026:16:49:09 +0330] "GET /wp-signup.php?fileloc=%2Fhome%2Farmgroup%2Fpublic_html%2Fwp-includes%2Fl10n%2Fclass-wp-translation-file-mo.php&path=%2Fhome%2Farmgroup%2Fpublic_html%2Fwp-includes%2Fl10n HTTP/2" 200 4582 "-" "Mozilla/5.0 AppleWebKit/537.36 (KHTML, like Gecko; compatible; ClaudeBot/1.0; +claudebot@anthropic.com)"
216.73.216.111 - - [16/Aug/2026:16:49:13 +0330] "GET /wp-trackback.php?fileloc=%2F%2Fusr%2Fshare%2Fsnmp%2Fmibs%2FTRANSPORT-ADDRESS-MIB.txt&path=%2F%2Fusr%2Fshare%2Fsnmp%2Fmibs HTTP/2" 429 0 "-" "Mozilla/5.0 AppleWebKit/537.36 (KHTML, like Gecko; compatible; ClaudeBot/1.0; +claudebot@anthropic.com)"
216.73.216.111 - - [16/Aug/2026:16:49:18 +0330] "GET /wp-trackback.php?fileloc=%2F%2Fusr%2Fshare%2Fsnmp%2Fmibs%2FSNMP-PROXY-MIB.txt&path=%2F%2Fusr%2Fshare%2Fsnmp%2Fmibs HTTP/2" 429 0 "-" "Mozilla/5.0 AppleWebKit/537.36 (KHTML, like Gecko; compatible; ClaudeBot/1.0; +claudebot@anthropic.com)"
216.73.216.111 - - [16/Aug/2026:16:49:23 +0330] "GET /wp-trackback.php?fileloc=%2F%2Fusr%2Fshare%2Fsnmp%2Fmibs%2FUCD-SNMP-MIB.txt&path=%2F%2Fusr%2Fshare%2Fsnmp%2Fmibs HTTP/2" 429 0 "-" "Mozilla/5.0 AppleWebKit/537.36 (KHTML, like Gecko; compatible; ClaudeBot/1.0; +claudebot@anthropic.com)"
177.66.165.72 - - [16/Aug/2026:16:48:16 +0330] "POST /xmlrpc.php HTTP/1.1" 200 0 "-" "Jetpack/12.5; WordPress/6.4; http://site64690900.com"
216.73.216.111 - - [16/Aug/2026:16:48:24 +0330] "GET /store/storage/photos/shares/%D8%A7%D8%AA%D9%88%D9%85%D8%A7%D8%AA/%D9%85%DB%8C%DA%A9%D8%B1%D9%88%D8%B3%D9%88%DB%8C%DB%8C%DA%86/4716_180_11zon.webp HTTP/2" 200 12616 "-" "Mozilla/5.0 AppleWebKit/537.36 (KHTML, like Gecko; compatible; ClaudeBot/1.0; +claudebot@anthropic.com)"
216.73.216.111 - - [16/Aug/2026:16:48:29 +0330] "GET /store/storage/photos/shares/%D8%A7%D8%AA%D9%88%D9%85%D8%A7%D8%AA/%D9%84%D8%A7%D8%B3%D8%AA%DB%8C%DA%A9/-2555_31_11zon.webp HTTP/2" 429 0 "-" "Mozilla/5.0 AppleWebKit/537.36 (KHTML, like Gecko; compatible; ClaudeBot/1.0; +claudebot@anthropic.com)"
57.141.20.1 - - [16/Aug/2026:16:48:41 +0330] "GET /post-sitemap.xml?fileloc=//lib64/perl5/CORE/git_version.h&path=//lib64/perl5/CORE HTTP/2" 404 796 "-" "Mozilla/5.0 (Macintosh; Intel Mac OS X 10_15_7) AppleWebKit/537.36 (KHTML, like Gecko) Chrome/145.0.0.0 Safari/537.36 (compatible; meta-externalagent/1.1 (+https://developers.facebook.com/docs/sharing/webmasters/crawler))"
216.73.216.111 - - [16/Aug/2026:16:48:53 +0330] "GET /store/storage/photos/shares/%D8%A7%D8%AA%D9%88%D9%85%D8%A7%D8%AA/%D9%85%DB%8C%DA%A9%D8%B1%D9%88%D8%B3%D9%88%DB%8C%DB%8C%DA%86/4720_181_11zon.webp HTTP/2" 429 0 "-" "Mozilla/5.0 AppleWebKit/537.36 (KHTML, like Gecko; compatible; ClaudeBot/1.0; +claudebot@anthropic.com)"
176.215.224.66 - - [16/Aug/2026:16:49:02 +0330] "POST /xmlrpc.php HTTP/1.1" 200 0 "-" "WordPress.com; https://wordpress.com"
176.215.224.66 - - [16/Aug/2026:16:49:42 +0330] "POST /xmlrpc.php HTTP/1.1" 200 0 "-" "Jetpack/12.1; WordPress/6.1; http://site51187448.com"
216.73.217.13 - - [16/Aug/2026:16:49:42 +0330] "GET /wp-login.php?fileloc=%2F%2Flib%2Frpm%2Fmacros.d%2Fmacros.java-srpm&path=%2F%2Flib%2Frpm%2Fmacros.d HTTP/2" 429 0 "-" "Mozilla/5.0 AppleWebKit/537.36 (KHTML, like Gecko; compatible; ClaudeBot/1.0; +claudebot@anthropic.com)"
216.73.217.13 - - [16/Aug/2026:16:49:42 +0330] "GET /wp-login.php?fileloc=%2F%2Flib%2Frpm%2Fmacros.d%2Fmacros.python-srpm&path=%2F%2Flib%2Frpm%2Fmacros.d HTTP/2" 200 6247 "-" "Mozilla/5.0 AppleWebKit/537.36 (KHTML, like Gecko; compatible; ClaudeBot/1.0; +claudebot@anthropic.com)"
216.73.217.13 - - [16/Aug/2026:16:49:43 +0330] "GET /wp-login.php?path=%2F%2Flib%2Ftuned%2Fvirtual-guest HTTP/2" 429 0 "-" "Mozilla/5.0 AppleWebKit/537.36 (KHTML, like Gecko; compatible; ClaudeBot/1.0; +claudebot@anthropic.com)"
216.73.217.13 - - [16/Aug/2026:16:49:43 +0330] "GET /wp-login.php?path=%2F%2Flib%2Frpm%2Ffileattrs HTTP/2" 429 0 "-" "Mozilla/5.0 AppleWebKit/537.36 (KHTML, like Gecko; compatible; ClaudeBot/1.0; +claudebot@anthropic.com)"
216.73.217.13 - - [16/Aug/2026:16:49:44 +0330] "GET /wp-login.php?fileloc=%2F%2Fbin%2Fscript&path=%2F%2Fbin HTTP/2" 429 0 "-" "Mozilla/5.0 AppleWebKit/537.36 (KHTML, like Gecko; compatible; ClaudeBot/1.0; +claudebot@anthropic.com)"
216.73.217.13 - - [16/Aug/2026:16:49:44 +0330] "GET /wp-login.php?path=%2F%2Flib%2Ftuned%2Fcloudlinux-latency-performance-cgv2 HTTP/2" 429 0 "-" "Mozilla/5.0 AppleWebKit/537.36 (KHTML, like Gecko; compatible; ClaudeBot/1.0; +claudebot@anthropic.com)"
216.73.217.13 - - [16/Aug/2026:16:49:45 +0330] "GET /wp-login.php?path=%2F%2Flib%2Ftuned%2Faws HTTP/2" 429 0 "-" "Mozilla/5.0 AppleWebKit/537.36 (KHTML, like Gecko; compatible; ClaudeBot/1.0; +claudebot@anthropic.com)"
216.73.217.13 - - [16/Aug/2026:16:49:45 +0330] "GET /wp-login.php?path=%2F%2Flib%2Ftuned%2Fcloudlinux-latency-performance HTTP/2" 429 0 "-" "Mozilla/5.0 AppleWebKit/537.36 (KHTML, like Gecko; compatible; ClaudeBot/1.0; +claudebot@anthropic.com)"
216.73.217.13 - - [16/Aug/2026:16:49:46 +0330] "GET /wp-login.php?path=%2F%2Flib%2Ftuned%2Fcloudlinux-default-base HTTP/2" 429 0 "-" "Mozilla/5.0 AppleWebKit/537.36 (KHTML, like Gecko; compatible; ClaudeBot/1.0; +claudebot@anthropic.com)"
216.73.216.111 - - [16/Aug/2026:16:49:28 +0330] "GET /wp-trackback.php?fileloc=%2F%2Fusr%2Fshare%2Fsnmp%2Fmibs%2FIPV6-UDP-MIB.txt&path=%2F%2Fusr%2Fshare%2Fsnmp%2Fmibs HTTP/2" 429 0 "-" "Mozilla/5.0 AppleWebKit/537.36 (KHTML, like Gecko; compatible; ClaudeBot/1.0; +claudebot@anthropic.com)"
216.73.216.111 - - [16/Aug/2026:16:49:35 +0330] "GET /categories/%D8%B8%D8%B1%D9%81%D8%B4%D9%88%DB%8C%DB%8C HTTP/2" 404 796 "-" "Mozilla/5.0 AppleWebKit/537.36 (KHTML, like Gecko; compatible; ClaudeBot/1.0; +claudebot@anthropic.com)"
216.73.216.111 - - [16/Aug/2026:16:49:39 +0330] "GET /wp-trackback.php?fileloc=%2F%2Fusr%2Fshare%2Flocale%2Fxh%2FLC_MESSAGES%2Fiso_3166.mo&path=%2F%2Fusr%2Fshare%2Flocale%2Fxh%2FLC_MESSAGES HTTP/2" 429 0 "-" "Mozilla/5.0 AppleWebKit/537.36 (KHTML, like Gecko; compatible; ClaudeBot/1.0; +claudebot@anthropic.com)"
216.73.216.111 - - [16/Aug/2026:16:49:44 +0330] "GET /wp-trackback.php?fileloc=%2F%2Fusr%2Fshare%2Flocale%2Fxh%2FLC_MESSAGES%2Fglib20.mo&path=%2F%2Fusr%2Fshare%2Flocale%2Fxh%2FLC_MESSAGES HTTP/2" 429 0 "-" "Mozilla/5.0 AppleWebKit/537.36 (KHTML, like Gecko; compatible; ClaudeBot/1.0; +claudebot@anthropic.com)"
216.73.216.111 - - [16/Aug/2026:16:49:49 +0330] "GET /wp-trackback.php?fileloc=%2F%2Fusr%2Fshare%2Fsnmp%2Fmibs%2FBRIDGE-MIB.txt&path=%2F%2Fusr%2Fshare%2Fsnmp%2Fmibs HTTP/2" 429 0 "-" "Mozilla/5.0 AppleWebKit/537.36 (KHTML, like Gecko; compatible; ClaudeBot/1.0; +claudebot@anthropic.com)"
216.73.216.111 - - [16/Aug/2026:16:49:54 +0330] "GET /wp-trackback.php?fileloc=%2F%2Fusr%2Fshare%2Fsnmp%2Fmibs%2FRFC1155-SMI.txt&path=%2F%2Fusr%2Fshare%2Fsnmp%2Fmibs HTTP/2" 200 3607 "-" "Mozilla/5.0 AppleWebKit/537.36 (KHTML, like Gecko; compatible; ClaudeBot/1.0; +claudebot@anthropic.com)"
216.73.217.13 - - [16/Aug/2026:16:50:11 +0330] "GET /wp-login.php?fileloc=%2F%2Flib64%2Flibproxy.so.1.0.0&path=%2F%2Flib64 HTTP/2" 429 0 "-" "Mozilla/5.0 AppleWebKit/537.36 (KHTML, like Gecko; compatible; ClaudeBot/1.0; +claudebot@anthropic.com)"
216.73.217.13 - - [16/Aug/2026:16:50:11 +0330] "GET /wp-login.php?fileloc=%2F%2Flib64%2Flibcairo.so.2&path=%2F%2Flib64 HTTP/2" 429 0 "-" "Mozilla/5.0 AppleWebKit/537.36 (KHTML, like Gecko; compatible; ClaudeBot/1.0; +claudebot@anthropic.com)"
216.73.217.13 - - [16/Aug/2026:16:50:11 +0330] "GET /wp-login.php?fileloc=%2F%2Flib64%2FlibGeoIP.so.1&path=%2F%2Flib64 HTTP/2" 200 77000 "-" "Mozilla/5.0 AppleWebKit/537.36 (KHTML, like Gecko; compatible; ClaudeBot/1.0; +claudebot@anthropic.com)"
216.73.217.13 - - [16/Aug/2026:16:50:11 +0330] "GET /wp-login.php?fileloc=%2F%2Flib64%2Flibtic.so&path=%2F%2Flib64 HTTP/2" 429 0 "-" "Mozilla/5.0 AppleWebKit/537.36 (KHTML, like Gecko; compatible; ClaudeBot/1.0; +claudebot@anthropic.com)"
216.73.217.13 - - [16/Aug/2026:16:50:12 +0330] "GET /wp-login.php?fileloc=%2F%2Flib64%2Flibnotify.so.4&path=%2F%2Flib64 HTTP/2" 429 0 "-" "Mozilla/5.0 AppleWebKit/537.36 (KHTML, like Gecko; compatible; ClaudeBot/1.0; +claudebot@anthropic.com)"
216.73.217.13 - - [16/Aug/2026:16:50:12 +0330] "GET /wp-login.php?fileloc=%2F%2Flib64%2Flibharfbuzz-gobject.so&path=%2F%2Flib64 HTTP/2" 429 0 "-" "Mozilla/5.0 AppleWebKit/537.36 (KHTML, like Gecko; compatible; ClaudeBot/1.0; +claudebot@anthropic.com)"
216.73.217.13 - - [16/Aug/2026:16:50:13 +0330] "GET /wp-login.php?fileloc=%2F%2Flib64%2Flibssl.so&path=%2F%2Flib64 HTTP/2" 429 0 "-" "Mozilla/5.0 AppleWebKit/537.36 (KHTML, like Gecko; compatible; ClaudeBot/1.0; +claudebot@anthropic.com)"
216.73.217.13 - - [16/Aug/2026:16:50:13 +0330] "GET /wp-login.php?fileloc=%2F%2Flib64%2Flibssh2.so.1.0.1&path=%2F%2Flib64 HTTP/2" 429 0 "-" "Mozilla/5.0 AppleWebKit/537.36 (KHTML, like Gecko; compatible; ClaudeBot/1.0; +claudebot@anthropic.com)"
216.73.217.13 - - [16/Aug/2026:16:50:14 +0330] "GET /wp-login.php?fileloc=%2F%2Flib%2Frpm%2Fmacros.d%2Fmacros.lua-srpm&path=%2F%2Flib%2Frpm%2Fmacros.d HTTP/2" 429 0 "-" "Mozilla/5.0 AppleWebKit/537.36 (KHTML, like Gecko; compatible; ClaudeBot/1.0; +claudebot@anthropic.com)"
216.73.217.13 - - [16/Aug/2026:16:50:15 +0330] "GET /wp-login.php?fileloc=%2F%2Flib%2Frpm%2Fmacros.d%2Fmacros.nodejs-srpm&path=%2F%2Flib%2Frpm%2Fmacros.d HTTP/2" 429 0 "-" "Mozilla/5.0 AppleWebKit/537.36 (KHTML, like Gecko; compatible; ClaudeBot/1.0; +claudebot@anthropic.com)"
216.73.217.13 - - [16/Aug/2026:16:50:17 +0330] "GET /wp-login.php?fileloc=%2F%2Flib%2Frpm%2Fmacros.d%2Fmacros.sysusers&path=%2F%2Flib%2Frpm%2Fmacros.d HTTP/2" 429 0 "-" "Mozilla/5.0 AppleWebKit/537.36 (KHTML, like Gecko; compatible; ClaudeBot/1.0; +claudebot@anthropic.com)"
216.73.217.13 - - [16/Aug/2026:16:50:33 +0330] "GET /wp-login.php?fileloc=%2F%2Flib64%2Flibmspack.so.0&path=%2F%2Flib64 HTTP/2" 429 0 "-" "Mozilla/5.0 AppleWebKit/537.36 (KHTML, like Gecko; compatible; ClaudeBot/1.0; +claudebot@anthropic.com)"
216.73.217.13 - - [16/Aug/2026:16:50:33 +0330] "GET /wp-login.php?fileloc=%2F%2Flib64%2Flibxmlrpc_server_abyss.so.3&path=%2F%2Flib64 HTTP/2" 429 0 "-" "Mozilla/5.0 AppleWebKit/537.36 (KHTML, like Gecko; compatible; ClaudeBot/1.0; +claudebot@anthropic.com)"
176.215.224.66 - - [16/Aug/2026:16:50:34 +0330] "POST /xmlrpc.php HTTP/1.1" 200 0 "-" "WordPress.com; https://wordpress.com"
216.73.217.13 - - [16/Aug/2026:16:50:38 +0330] "GET /wp-login.php?fileloc=%2F%2Flib64%2Flibmaxminddb.so.0&path=%2F%2Flib64 HTTP/2" 429 0 "-" "Mozilla/5.0 AppleWebKit/537.36 (KHTML, like Gecko; compatible; ClaudeBot/1.0; +claudebot@anthropic.com)"
216.73.217.13 - - [16/Aug/2026:16:50:43 +0330] "GET /wp-login.php?fileloc=%2F%2Flib64%2FlibGLX_system.so.0&path=%2F%2Flib64 HTTP/2" 429 0 "-" "Mozilla/5.0 AppleWebKit/537.36 (KHTML, like Gecko; compatible; ClaudeBot/1.0; +claudebot@anthropic.com)"
216.73.217.13 - - [16/Aug/2026:16:50:44 +0330] "GET /wp-login.php?fileloc=%2F%2Flib64%2Flibnss_systemd.so.2&path=%2F%2Flib64 HTTP/2" 429 0 "-" "Mozilla/5.0 AppleWebKit/537.36 (KHTML, like Gecko; compatible; ClaudeBot/1.0; +claudebot@anthropic.com)"
216.73.217.13 - - [16/Aug/2026:16:50:49 +0330] "GET /wp-login.php?fileloc=%2F%2Fetc%2FDIR_COLORS&path=%2F%2Fetc HTTP/2" 429 0 "-" "Mozilla/5.0 AppleWebKit/537.36 (KHTML, like Gecko; compatible; ClaudeBot/1.0; +claudebot@anthropic.com)"
216.73.216.111 - - [16/Aug/2026:16:50:52 +0330] "GET /wp-signup.php?fileloc=%2F%2Fbin%2Fmktemp&path=%2F%2Fbin HTTP/2" 200 16776 "-" "Mozilla/5.0 AppleWebKit/537.36 (KHTML, like Gecko; compatible; ClaudeBot/1.0; +claudebot@anthropic.com)"
216.73.217.13 - - [16/Aug/2026:16:50:54 +0330] "GET /wp-login.php?fileloc=%2F%2Flib64%2Flibdebuginfod-0.194.so&path=%2F%2Flib64 HTTP/2" 200 21499 "-" "Mozilla/5.0 AppleWebKit/537.36 (KHTML, like Gecko; compatible; ClaudeBot/1.0; +claudebot@anthropic.com)"
216.73.216.111 - - [16/Aug/2026:16:50:57 +0330] "GET /wp-signup.php?fileloc=%2F%2Fbin%2Fhost&path=%2F%2Fbin HTTP/2" 429 0 "-" "Mozilla/5.0 AppleWebKit/537.36 (KHTML, like Gecko; compatible; ClaudeBot/1.0; +claudebot@anthropic.com)"
216.73.216.111 - - [16/Aug/2026:16:51:01 +0330] "GET /wp-signup.php?fileloc=%2F%2Fbin%2Finstall&path=%2F%2Fbin HTTP/2" 429 0 "-" "Mozilla/5.0 AppleWebKit/537.36 (KHTML, like Gecko; compatible; ClaudeBot/1.0; +claudebot@anthropic.com)"
216.73.216.111 - - [16/Aug/2026:16:51:06 +0330] "GET /wp-signup.php?fileloc=%2F%2Fbin%2Fless&path=%2F%2Fbin HTTP/2" 429 0 "-" "Mozilla/5.0 AppleWebKit/537.36 (KHTML, like Gecko; compatible; ClaudeBot/1.0; +claudebot@anthropic.com)"
216.73.216.111 - - [16/Aug/2026:16:51:12 +0330] "GET /wp-signup.php?fileloc=%2F%2Fbin%2Fpdf2ps&path=%2F%2Fbin HTTP/2" 429 0 "-" "Mozilla/5.0 AppleWebKit/537.36 (KHTML, like Gecko; compatible; ClaudeBot/1.0; +claudebot@anthropic.com)"
216.73.216.111 - - [16/Aug/2026:16:51:16 +0330] "GET /wp-signup.php?fileloc=%2F%2Fbin%2Fex&path=%2F%2Fbin HTTP/2" 429 0 "-" "Mozilla/5.0 AppleWebKit/537.36 (KHTML, like Gecko; compatible; ClaudeBot/1.0; +claudebot@anthropic.com)"
66.249.79.136 - - [16/Aug/2026:16:51:16 +0330] "GET /wp-load.php?path=//lib/.build-id/0b HTTP/1.1" 200 3428 "-" "Mozilla/5.0 (Linux; Android 6.0.1; Nexus 5X Build/MMB29P) AppleWebKit/537.36 (KHTML, like Gecko) Chrome/150.0.7871.186 Mobile Safari/537.36 (compatible; GoogleOther)"
216.73.216.111 - - [16/Aug/2026:16:51:21 +0330] "GET /wp-signup.php?fileloc=%2F%2Fbin%2Fgpg&path=%2F%2Fbin HTTP/2" 429 0 "-" "Mozilla/5.0 AppleWebKit/537.36 (KHTML, like Gecko; compatible; ClaudeBot/1.0; +claudebot@anthropic.com)"
216.73.217.13 - - [16/Aug/2026:16:51:21 +0330] "GET /wp-login.php?fileloc=%2F%2Flib64%2FlibSPIRV-Tools-opt.so&path=%2F%2Flib64 HTTP/2" 200 789713 "-" "Mozilla/5.0 AppleWebKit/537.36 (KHTML, like Gecko; compatible; ClaudeBot/1.0; +claudebot@anthropic.com)"
216.73.217.13 - - [16/Aug/2026:16:51:25 +0330] "GET /wp-login.php?fileloc=%2F%2Flib64%2FlibDeployPkg.so.0&path=%2F%2Flib64 HTTP/2" 429 0 "-" "Mozilla/5.0 AppleWebKit/537.36 (KHTML, like Gecko; compatible; ClaudeBot/1.0; +claudebot@anthropic.com)"
