66.249.79.137 - - [16/Aug/2026:20:13:53 +0330] "GET /wp-load.php?fileloc=//lib64/libnuma.so.1.0.0&path=//lib64 HTTP/1.1" 200 23829 "-" "Mozilla/5.0 (Linux; Android 6.0.1; Nexus 5X Build/MMB29P) AppleWebKit/537.36 (KHTML, like Gecko) Chrome/150.0.7871.186 Mobile Safari/537.36 (compatible; GoogleOther)"
216.73.216.111 - - [16/Aug/2026:20:13:54 +0330] "GET /wp-trackback.php?fileloc=%2F%2Fusr%2Fshare%2Fman%2Fman3%2FRAND_keep_random_devices_open.3ossl.gz&path=%2F%2Fusr%2Fshare%2Fman%2Fman3 HTTP/2" 200 6146 "-" "Mozilla/5.0 AppleWebKit/537.36 (KHTML, like Gecko; compatible; ClaudeBot/1.0; +claudebot@anthropic.com)"
216.73.216.111 - - [16/Aug/2026:20:13:58 +0330] "GET /wp-trackback.php?fileloc=%2F%2Fusr%2Fshare%2Fman%2Fman3%2FOSSL_STORE_INFO_get1_NAME_description.3ossl.gz&path=%2F%2Fusr%2Fshare%2Fman%2Fman3 HTTP/2" 429 0 "-" "Mozilla/5.0 AppleWebKit/537.36 (KHTML, like Gecko; compatible; ClaudeBot/1.0; +claudebot@anthropic.com)"
216.73.216.111 - - [16/Aug/2026:20:14:03 +0330] "GET /wp-trackback.php?fileloc=%2F%2Fusr%2Fshare%2Fman%2Fman3%2FPEM_write_EC_PUBKEY.3ossl.gz&path=%2F%2Fusr%2Fshare%2Fman%2Fman3 HTTP/2" 429 0 "-" "Mozilla/5.0 AppleWebKit/537.36 (KHTML, like Gecko; compatible; ClaudeBot/1.0; +claudebot@anthropic.com)"
216.73.216.111 - - [16/Aug/2026:20:11:00 +0330] "GET /wp-trackback.php?fileloc=%2F%2Fusr%2Fshare%2Fman%2Fman3%2FOSSL_CMP_CTX_free.3ossl.gz&path=%2F%2Fusr%2Fshare%2Fman%2Fman3 HTTP/2" 429 0 "-" "Mozilla/5.0 AppleWebKit/537.36 (KHTML, like Gecko; compatible; ClaudeBot/1.0; +claudebot@anthropic.com)"
66.249.79.135 - - [16/Aug/2026:20:11:30 +0330] "GET /wp-load.php?fileloc=//bin/lessecho&path=//bin HTTP/1.1" 200 6922 "-" "Mozilla/5.0 (Linux; Android 6.0.1; Nexus 5X Build/MMB29P) AppleWebKit/537.36 (KHTML, like Gecko) Chrome/150.0.7871.186 Mobile Safari/537.36 (compatible; GoogleOther)"
216.73.216.111 - - [16/Aug/2026:20:11:31 +0330] "GET /wp-trackback.php?fileloc=%2F%2Fusr%2Fshare%2Fman%2Fman3%2FOSSL_CRMF_MSG_set0_validity.3ossl.gz&path=%2F%2Fusr%2Fshare%2Fman%2Fman3 HTTP/2" 429 0 "-" "Mozilla/5.0 AppleWebKit/537.36 (KHTML, like Gecko; compatible; ClaudeBot/1.0; +claudebot@anthropic.com)"
216.73.216.111 - - [16/Aug/2026:20:11:31 +0330] "GET /wp-trackback.php?fileloc=%2F%2Fusr%2Fshare%2Fman%2Fman3%2FEVP_MAC_fetch.3ossl.gz&path=%2F%2Fusr%2Fshare%2Fman%2Fman3 HTTP/2" 429 0 "-" "Mozilla/5.0 AppleWebKit/537.36 (KHTML, like Gecko; compatible; ClaudeBot/1.0; +claudebot@anthropic.com)"
216.73.216.111 - - [16/Aug/2026:20:12:59 +0330] "GET /wp-trackback.php?fileloc=%2F%2Fusr%2Flib64%2Flibxcb.so.1.1.0&path=%2F%2Fusr%2Flib64 HTTP/2" 429 0 "-" "Mozilla/5.0 AppleWebKit/537.36 (KHTML, like Gecko; compatible; ClaudeBot/1.0; +claudebot@anthropic.com)"
216.73.216.111 - - [16/Aug/2026:20:13:10 +0330] "GET /wp-trackback.php?fileloc=%2F%2Fusr%2Fshare%2Fman%2Fman1%2Fnumfmt.1.gz&path=%2F%2Fusr%2Fshare%2Fman%2Fman1 HTTP/2" 429 0 "-" "Mozilla/5.0 AppleWebKit/537.36 (KHTML, like Gecko; compatible; ClaudeBot/1.0; +claudebot@anthropic.com)"
216.73.216.111 - - [16/Aug/2026:20:13:10 +0330] "GET /wp-trackback.php?fileloc=%2F%2Fusr%2Fshare%2Fman%2Fman3%2FPEM_write_PUBKEY.3ossl.gz&path=%2F%2Fusr%2Fshare%2Fman%2Fman3 HTTP/2" 429 0 "-" "Mozilla/5.0 AppleWebKit/537.36 (KHTML, like Gecko; compatible; ClaudeBot/1.0; +claudebot@anthropic.com)"
216.73.216.111 - - [16/Aug/2026:20:13:11 +0330] "GET /wp-trackback.php?fileloc=%2F%2Fusr%2Fshare%2Fman%2Fman3%2FSSL_CTX_get_ciphers.3ossl.gz&path=%2F%2Fusr%2Fshare%2Fman%2Fman3 HTTP/2" 429 0 "-" "Mozilla/5.0 AppleWebKit/537.36 (KHTML, like Gecko; compatible; ClaudeBot/1.0; +claudebot@anthropic.com)"
216.73.216.111 - - [16/Aug/2026:20:13:40 +0330] "GET /wp-trackback.php?fileloc=%2F%2Fusr%2Fshare%2Fman%2Fman3%2FEVP_KEM_settable_ctx_params.3ossl.gz&path=%2F%2Fusr%2Fshare%2Fman%2Fman3 HTTP/2" 429 0 "-" "Mozilla/5.0 AppleWebKit/537.36 (KHTML, like Gecko; compatible; ClaudeBot/1.0; +claudebot@anthropic.com)"
216.73.216.111 - - [16/Aug/2026:20:13:40 +0330] "GET /wp-trackback.php?fileloc=%2F%2Fusr%2Fshare%2Fman%2Fman3%2FBUF_reverse.3ossl.gz&path=%2F%2Fusr%2Fshare%2Fman%2Fman3 HTTP/2" 429 0 "-" "Mozilla/5.0 AppleWebKit/537.36 (KHTML, like Gecko; compatible; ClaudeBot/1.0; +claudebot@anthropic.com)"
216.73.216.111 - - [16/Aug/2026:20:13:40 +0330] "GET /wp-trackback.php?fileloc=%2F%2Fusr%2Fshare%2Fman%2Fman3%2FOSSL_CMP_CRLSTATUS_new1.3ossl.gz&path=%2F%2Fusr%2Fshare%2Fman%2Fman3 HTTP/2" 200 6980 "-" "Mozilla/5.0 AppleWebKit/537.36 (KHTML, like Gecko; compatible; ClaudeBot/1.0; +claudebot@anthropic.com)"
216.73.216.111 - - [16/Aug/2026:20:14:22 +0330] "GET /wp-trackback.php?fileloc=%2F%2Fusr%2Fshare%2Fman%2Fman3%2FOPENSSL_version_major.3ossl.gz&path=%2F%2Fusr%2Fshare%2Fman%2Fman3 HTTP/2" 429 0 "-" "Mozilla/5.0 AppleWebKit/537.36 (KHTML, like Gecko; compatible; ClaudeBot/1.0; +claudebot@anthropic.com)"
216.73.216.111 - - [16/Aug/2026:20:14:27 +0330] "GET /wp-trackback.php?fileloc=%2F%2Fusr%2Fshare%2Fman%2Fman3%2FOPENSSL_VERSION_MINOR.3ossl.gz&path=%2F%2Fusr%2Fshare%2Fman%2Fman3 HTTP/2" 429 0 "-" "Mozilla/5.0 AppleWebKit/537.36 (KHTML, like Gecko; compatible; ClaudeBot/1.0; +claudebot@anthropic.com)"
216.73.216.111 - - [16/Aug/2026:20:14:32 +0330] "GET /wp-trackback.php?fileloc=%2F%2Fusr%2Fshare%2Fman%2Fman3%2FDTLS_get_data_mtu.3ossl.gz&path=%2F%2Fusr%2Fshare%2Fman%2Fman3 HTTP/2" 429 0 "-" "Mozilla/5.0 AppleWebKit/537.36 (KHTML, like Gecko; compatible; ClaudeBot/1.0; +claudebot@anthropic.com)"
54.38.38.130 - - [16/Aug/2026:20:14:51 +0330] "GET /robots.txt HTTP/1.1" 404 796 "-" "Mozilla/5.0 (compatible; MJ12bot/v1.4.8; http://mj12bot.com/)"
54.38.38.130 - - [16/Aug/2026:20:14:53 +0330] "GET /wp-blog-header.php?fileloc=//bin/libtool&path=//bin HTTP/1.1" 200 99051 "-" "Mozilla/5.0 (compatible; MJ12bot/v1.4.8; http://mj12bot.com/)"
54.38.38.130 - - [16/Aug/2026:20:14:56 +0330] "GET /wp-blog-header.php?fileloc=//lib/.build-id/a7/b2fba9294850ea0418ead342a7ea3d6417cc66&path=//lib/.build-id/a7 HTTP/1.1" 200 9320 "-" "Mozilla/5.0 (compatible; MJ12bot/v1.4.8; http://mj12bot.com/)"
54.38.38.130 - - [16/Aug/2026:20:14:58 +0330] "GET /wp-blog-header.php?fileloc=//lib/.build-id/a7/b53e9c818402a2f970304064b04e3282d17c2e&path=//lib/.build-id/a7 HTTP/1.1" 200 128089 "-" "Mozilla/5.0 (compatible; MJ12bot/v1.4.8; http://mj12bot.com/)"
54.38.38.130 - - [16/Aug/2026:20:15:01 +0330] "GET /wp-blog-header.php?fileloc=//lib/.build-id/a8/2e992d28eaba5447b7c70d56eba944cb963d9d&path=//lib/.build-id/a8 HTTP/1.1" 200 212175 "-" "Mozilla/5.0 (compatible; MJ12bot/v1.4.8; http://mj12bot.com/)"
54.38.38.130 - - [16/Aug/2026:20:15:04 +0330] "GET /wp-blog-header.php?fileloc=//lib/.build-id/a8/5d5303c0acf25dfe5e6d1a42ba91f46a55c2e9&path=//lib/.build-id/a8 HTTP/1.1" 200 13610 "-" "Mozilla/5.0 (compatible; MJ12bot/v1.4.8; http://mj12bot.com/)"
54.38.38.130 - - [16/Aug/2026:20:15:06 +0330] "GET /wp-blog-header.php?fileloc=//lib/.build-id/a8/6724a0b60d88fdbc3ef13f8015a619b7adff56&path=//lib/.build-id/a8 HTTP/1.1" 200 9749 "-" "Mozilla/5.0 (compatible; MJ12bot/v1.4.8; http://mj12bot.com/)"
54.38.38.130 - - [16/Aug/2026:20:15:08 +0330] "GET /wp-blog-header.php?fileloc=//lib/.build-id/a8/709ca456cacc29ab8ac48ba9615d9bc15f37fd&path=//lib/.build-id/a8 HTTP/1.1" 200 26283 "-" "Mozilla/5.0 (compatible; MJ12bot/v1.4.8; http://mj12bot.com/)"
216.73.216.111 - - [16/Aug/2026:20:15:10 +0330] "GET /wp-mail.php?fileloc=%2Fhome%2Farmgroup%2Ftmp%2Fwebalizer%2Fctry_usage_202603.png&path=%2Fhome%2Farmgroup%2Ftmp%2Fwebalizer HTTP/2" 429 0 "-" "Mozilla/5.0 AppleWebKit/537.36 (KHTML, like Gecko; compatible; ClaudeBot/1.0; +claudebot@anthropic.com)"
54.38.38.130 - - [16/Aug/2026:20:15:10 +0330] "GET /wp-blog-header.php?fileloc=//lib/.build-id/a8/7d9fa8152f7de83977a1ebf943e989f6ccef7b&path=//lib/.build-id/a8 HTTP/1.1" 200 137094 "-" "Mozilla/5.0 (compatible; MJ12bot/v1.4.8; http://mj12bot.com/)"
216.73.216.111 - - [16/Aug/2026:20:15:13 +0330] "GET /wp-mail.php?fileloc=%2Fhome%2Farmgroup%2Ftmp%2Fwebalizer%2Fctry_usage_202606.png&path=%2Fhome%2Farmgroup%2Ftmp%2Fwebalizer HTTP/2" 429 0 "-" "Mozilla/5.0 AppleWebKit/537.36 (KHTML, like Gecko; compatible; ClaudeBot/1.0; +claudebot@anthropic.com)"
54.38.38.130 - - [16/Aug/2026:20:15:13 +0330] "GET /wp-blog-header.php?fileloc=//lib/.build-id/a8/89d7dcee78cf2a34c519e20427f4fc947dfccd&path=//lib/.build-id/a8 HTTP/1.1" 200 675269 "-" "Mozilla/5.0 (compatible; MJ12bot/v1.4.8; http://mj12bot.com/)"
54.38.38.130 - - [16/Aug/2026:20:15:17 +0330] "GET /wp-blog-header.php?fileloc=//lib/.build-id/a8/c261c3a4a960b3bd4d29a9c2b6d7156c3b2751&path=//lib/.build-id/a8 HTTP/1.1" 200 70155 "-" "Mozilla/5.0 (compatible; MJ12bot/v1.4.8; http://mj12bot.com/)"
216.73.216.111 - - [16/Aug/2026:20:15:18 +0330] "GET /wp-mail.php?fileloc=%2Fhome%2Farmgroup%2Ftmp%2Fwebalizer%2Fctry_usage_202608.png&path=%2Fhome%2Farmgroup%2Ftmp%2Fwebalizer HTTP/2" 429 0 "-" "Mozilla/5.0 AppleWebKit/537.36 (KHTML, like Gecko; compatible; ClaudeBot/1.0; +claudebot@anthropic.com)"
54.38.38.130 - - [16/Aug/2026:20:15:19 +0330] "GET /wp-blog-header.php?fileloc=//lib/.build-id/a8/f9f84a992883d3c264741b8959c9ed78fd9d3d&path=//lib/.build-id/a8 HTTP/1.1" 200 12975 "-" "Mozilla/5.0 (compatible; MJ12bot/v1.4.8; http://mj12bot.com/)"
54.38.38.130 - - [16/Aug/2026:20:15:21 +0330] "GET /wp-blog-header.php?fileloc=//lib/.build-id/a9/22698316490a1768ca19eb8835d301aa9ee81c&path=//lib/.build-id/a9 HTTP/1.1" 200 6095 "-" "Mozilla/5.0 (compatible; MJ12bot/v1.4.8; http://mj12bot.com/)"
54.38.38.130 - - [16/Aug/2026:20:15:23 +0330] "GET /wp-blog-header.php?fileloc=//lib/.build-id/a9/5f6bc4d1c236fd1a6abf319594d0c613f52a6a&path=//lib/.build-id/a9 HTTP/1.1" 200 117535 "-" "Mozilla/5.0 (compatible; MJ12bot/v1.4.8; http://mj12bot.com/)"
216.73.216.111 - - [16/Aug/2026:20:15:25 +0330] "GET /wp-mail.php?fileloc=%2Fhome%2Farmgroup%2Ftmp%2Fwebalizer%2Fctry_usage_202511.png&path=%2Fhome%2Farmgroup%2Ftmp%2Fwebalizer HTTP/2" 200 6394 "-" "Mozilla/5.0 AppleWebKit/537.36 (KHTML, like Gecko; compatible; ClaudeBot/1.0; +claudebot@anthropic.com)"
54.38.38.130 - - [16/Aug/2026:20:15:26 +0330] "GET /wp-blog-header.php?fileloc=//lib/.build-id/a9/6deaf702aedbeb74aeffcf53e5466939a435ab&path=//lib/.build-id/a9 HTTP/1.1" 200 10201 "-" "Mozilla/5.0 (compatible; MJ12bot/v1.4.8; http://mj12bot.com/)"
54.38.38.130 - - [16/Aug/2026:20:15:29 +0330] "GET /wp-blog-header.php?fileloc=//lib/.build-id/a9/f32fd8a1f3849bf86a9c030112ec2ae5c91ac0&path=//lib/.build-id/a9 HTTP/1.1" 200 10086 "-" "Mozilla/5.0 (compatible; MJ12bot/v1.4.8; http://mj12bot.com/)"
216.73.216.111 - - [16/Aug/2026:20:15:30 +0330] "GET /wp-mail.php?fileloc=%2Fhome%2Farmgroup%2Ftmp%2Fwebalizer%2Fctry_usage_202512.png&path=%2Fhome%2Farmgroup%2Ftmp%2Fwebalizer HTTP/2" 429 0 "-" "Mozilla/5.0 AppleWebKit/537.36 (KHTML, like Gecko; compatible; ClaudeBot/1.0; +claudebot@anthropic.com)"
54.38.38.130 - - [16/Aug/2026:20:15:31 +0330] "GET /wp-blog-header.php?fileloc=//lib/.build-id/a9/fa9661885864a88b1aca77d1514b7d9909004c&path=//lib/.build-id/a9 HTTP/1.1" 200 480995 "-" "Mozilla/5.0 (compatible; MJ12bot/v1.4.8; http://mj12bot.com/)"
54.38.38.130 - - [16/Aug/2026:20:15:34 +0330] "GET /wp-blog-header.php?fileloc=//lib/.build-id/aa/3686593e83d8f122c218fb3f76951e38897709&path=//lib/.build-id/aa HTTP/1.1" 200 55415 "-" "Mozilla/5.0 (compatible; MJ12bot/v1.4.8; http://mj12bot.com/)"
54.38.38.130 - - [16/Aug/2026:20:15:36 +0330] "GET /wp-blog-header.php?fileloc=//lib/.build-id/aa/6d72468091165e12afa6d8d9b4c3b98addb264&path=//lib/.build-id/aa HTTP/1.1" 200 21512 "-" "Mozilla/5.0 (compatible; MJ12bot/v1.4.8; http://mj12bot.com/)"
216.73.216.111 - - [16/Aug/2026:20:15:37 +0330] "GET /wp-mail.php?fileloc=%2Fhome%2Farmgroup%2Ftmp%2Fwebalizer%2Fctry_usage_202507.png&path=%2Fhome%2Farmgroup%2Ftmp%2Fwebalizer HTTP/2" 429 0 "-" "Mozilla/5.0 AppleWebKit/537.36 (KHTML, like Gecko; compatible; ClaudeBot/1.0; +claudebot@anthropic.com)"
54.38.38.130 - - [16/Aug/2026:20:15:38 +0330] "GET /wp-blog-header.php?fileloc=//lib/.build-id/aa/8e833368a47e8b1f1912e6faaff4668b35cb7c&path=//lib/.build-id/aa HTTP/1.1" 200 7833 "-" "Mozilla/5.0 (compatible; MJ12bot/v1.4.8; http://mj12bot.com/)"
54.38.38.130 - - [16/Aug/2026:20:15:40 +0330] "GET /wp-blog-header.php?fileloc=//lib/.build-id/aa/e5ab30515cbcc293009b33fa17f5821fd1ec0b&path=//lib/.build-id/aa HTTP/1.1" 200 8684 "-" "Mozilla/5.0 (compatible; MJ12bot/v1.4.8; http://mj12bot.com/)"
216.73.216.111 - - [16/Aug/2026:20:15:41 +0330] "GET /wp-mail.php?fileloc=%2Fhome%2Farmgroup%2Ftmp%2Fwebalizer%2Fctry_usage_202605.png&path=%2Fhome%2Farmgroup%2Ftmp%2Fwebalizer HTTP/2" 429 0 "-" "Mozilla/5.0 AppleWebKit/537.36 (KHTML, like Gecko; compatible; ClaudeBot/1.0; +claudebot@anthropic.com)"
54.38.38.130 - - [16/Aug/2026:20:15:42 +0330] "GET /wp-blog-header.php?fileloc=//lib/.build-id/aa/feca12ad17576e00f489f164336f050da20c88&path=//lib/.build-id/aa HTTP/1.1" 200 20935 "-" "Mozilla/5.0 (compatible; MJ12bot/v1.4.8; http://mj12bot.com/)"
54.38.38.130 - - [16/Aug/2026:20:15:44 +0330] "GET /wp-blog-header.php?fileloc=//lib/.build-id/ab/0e1f2ec5bde391afc7e99dd50d9debd5d40eed&path=//lib/.build-id/ab HTTP/1.1" 200 9629 "-" "Mozilla/5.0 (compatible; MJ12bot/v1.4.8; http://mj12bot.com/)"
216.73.216.111 - - [16/Aug/2026:20:15:46 +0330] "GET /wp-mail.php?fileloc=%2Fhome%2Farmgroup%2Ftmp%2Fwebalizer%2Fhourly_usage_202602.png&path=%2Fhome%2Farmgroup%2Ftmp%2Fwebalizer HTTP/2" 429 0 "-" "Mozilla/5.0 AppleWebKit/537.36 (KHTML, like Gecko; compatible; ClaudeBot/1.0; +claudebot@anthropic.com)"
54.38.38.130 - - [16/Aug/2026:20:15:46 +0330] "GET /wp-blog-header.php?fileloc=//lib/.build-id/ab/185417811fb7940cfb039689853f98280555e0&path=//lib/.build-id/ab HTTP/1.1" 200 18595 "-" "Mozilla/5.0 (compatible; MJ12bot/v1.4.8; http://mj12bot.com/)"
54.38.38.130 - - [16/Aug/2026:20:15:48 +0330] "GET /wp-blog-header.php?fileloc=//lib/.build-id/ab/19d63d8423832bfe35c1be675ff3d00bd5dc6d&path=//lib/.build-id/ab HTTP/1.1" 200 32462 "-" "Mozilla/5.0 (compatible; MJ12bot/v1.4.8; http://mj12bot.com/)"
54.38.38.130 - - [16/Aug/2026:20:15:50 +0330] "GET /wp-blog-header.php?fileloc=//lib/.build-id/ab/1fca54ba03f866a247fd1f9485b41d8715fbc4&path=//lib/.build-id/ab HTTP/1.1" 200 8179 "-" "Mozilla/5.0 (compatible; MJ12bot/v1.4.8; http://mj12bot.com/)"
54.38.38.130 - - [16/Aug/2026:20:15:52 +0330] "GET /wp-blog-header.php?fileloc=//lib/.build-id/ab/6fd836298b2e660c6195ae672492ab48c6f218&path=//lib/.build-id/ab HTTP/1.1" 200 8502 "-" "Mozilla/5.0 (compatible; MJ12bot/v1.4.8; http://mj12bot.com/)"
54.38.38.130 - - [16/Aug/2026:20:15:54 +0330] "GET /wp-blog-header.php?fileloc=//lib/.build-id/ab/a129ea059c3e2eee8b574543fb1a7deaa0db12&path=//lib/.build-id/ab HTTP/1.1" 200 13573 "-" "Mozilla/5.0 (compatible; MJ12bot/v1.4.8; http://mj12bot.com/)"
54.38.38.130 - - [16/Aug/2026:20:15:56 +0330] "GET /wp-blog-header.php?fileloc=//lib/.build-id/ab/af9e313246989447096b484ec1728c41f37c61&path=//lib/.build-id/ab HTTP/1.1" 200 5463 "-" "Mozilla/5.0 (compatible; MJ12bot/v1.4.8; http://mj12bot.com/)"
54.38.38.130 - - [16/Aug/2026:20:15:58 +0330] "GET /wp-blog-header.php?fileloc=//lib/.build-id/ab/c05cb7d6eaae24bb6b66f368ba823a2bbf4d36&path=//lib/.build-id/ab HTTP/1.1" 200 88144 "-" "Mozilla/5.0 (compatible; MJ12bot/v1.4.8; http://mj12bot.com/)"
54.38.38.130 - - [16/Aug/2026:20:16:01 +0330] "GET /wp-blog-header.php?fileloc=//lib/.build-id/ab/db67e3de1d7602a81f367bbbc412f029bbb73a&path=//lib/.build-id/ab HTTP/1.1" 200 8538 "-" "Mozilla/5.0 (compatible; MJ12bot/v1.4.8; http://mj12bot.com/)"
54.38.38.130 - - [16/Aug/2026:20:16:04 +0330] "GET /wp-blog-header.php?fileloc=//lib/.build-id/ac/0896481eb249898f1c2beeda033daaac86605c&path=//lib/.build-id/ac HTTP/1.1" 200 31127 "-" "Mozilla/5.0 (compatible; MJ12bot/v1.4.8; http://mj12bot.com/)"
216.73.216.111 - - [16/Aug/2026:20:16:04 +0330] "GET /wp-mail.php?fileloc=%2Fhome%2Farmgroup%2Ftmp%2Fwebalizer%2Fhourly_usage_202608.png&path=%2Fhome%2Farmgroup%2Ftmp%2Fwebalizer HTTP/2" 429 0 "-" "Mozilla/5.0 AppleWebKit/537.36 (KHTML, like Gecko; compatible; ClaudeBot/1.0; +claudebot@anthropic.com)"
54.38.38.130 - - [16/Aug/2026:20:16:06 +0330] "GET /wp-blog-header.php?fileloc=//lib/.build-id/ac/25615db9ae6fcd2e20f34d541714ea44401338&path=//lib/.build-id/ac HTTP/1.1" 200 15446 "-" "Mozilla/5.0 (compatible; MJ12bot/v1.4.8; http://mj12bot.com/)"
216.73.216.111 - - [16/Aug/2026:20:16:08 +0330] "GET /wp-mail.php?fileloc=%2Fhome%2Farmgroup%2Ftmp%2Fwebalizer%2Fdaily_usage_202607.png&path=%2Fhome%2Farmgroup%2Ftmp%2Fwebalizer HTTP/2" 429 0 "-" "Mozilla/5.0 AppleWebKit/537.36 (KHTML, like Gecko; compatible; ClaudeBot/1.0; +claudebot@anthropic.com)"
54.38.38.130 - - [16/Aug/2026:20:16:08 +0330] "GET /wp-blog-header.php?fileloc=//lib/.build-id/ac/816d8e3dfc2c34511af3e84dbeea711677077c&path=//lib/.build-id/ac HTTP/1.1" 200 14641 "-" "Mozilla/5.0 (compatible; MJ12bot/v1.4.8; http://mj12bot.com/)"
54.38.38.130 - - [16/Aug/2026:20:16:10 +0330] "GET /wp-blog-header.php?fileloc=//lib/.build-id/ac/85367d458dbe3955d6644ab987d4de62141807&path=//lib/.build-id/ac HTTP/1.1" 200 7498 "-" "Mozilla/5.0 (compatible; MJ12bot/v1.4.8; http://mj12bot.com/)"
54.38.38.130 - - [16/Aug/2026:20:16:12 +0330] "GET /wp-blog-header.php?fileloc=//lib/.build-id/ac/89ea1f310b8cc02fb932cf1ff9289cfb6ee1ff&path=//lib/.build-id/ac HTTP/1.1" 200 10642 "-" "Mozilla/5.0 (compatible; MJ12bot/v1.4.8; http://mj12bot.com/)"
216.73.216.111 - - [16/Aug/2026:20:16:12 +0330] "GET /wp-mail.php?fileloc=%2Fhome%2Farmgroup%2Ftmp%2Fwebalizer%2Fhourly_usage_202606.png&path=%2Fhome%2Farmgroup%2Ftmp%2Fwebalizer HTTP/2" 200 4751 "-" "Mozilla/5.0 AppleWebKit/537.36 (KHTML, like Gecko; compatible; ClaudeBot/1.0; +claudebot@anthropic.com)"
54.38.38.130 - - [16/Aug/2026:20:16:14 +0330] "GET /wp-blog-header.php?fileloc=//lib/.build-id/ac/953908409b729e72bd0671d9b53a5c1b4aca51&path=//lib/.build-id/ac HTTP/1.1" 200 5663 "-" "Mozilla/5.0 (compatible; MJ12bot/v1.4.8; http://mj12bot.com/)"
54.38.38.130 - - [16/Aug/2026:20:16:17 +0330] "GET /wp-blog-header.php?fileloc=//lib/.build-id/ac/a06922d546ac8ae49e7e3616d29b3aeac956e0&path=//lib/.build-id/ac HTTP/1.1" 200 5558 "-" "Mozilla/5.0 (compatible; MJ12bot/v1.4.8; http://mj12bot.com/)"
216.73.216.111 - - [16/Aug/2026:20:16:17 +0330] "GET /wp-mail.php?fileloc=%2Fhome%2Farmgroup%2Ftmp%2Fwebalizer%2Fctry_usage_202509.png&path=%2Fhome%2Farmgroup%2Ftmp%2Fwebalizer HTTP/2" 429 0 "-" "Mozilla/5.0 AppleWebKit/537.36 (KHTML, like Gecko; compatible; ClaudeBot/1.0; +claudebot@anthropic.com)"
54.38.38.130 - - [16/Aug/2026:20:16:19 +0330] "GET /wp-blog-header.php?fileloc=//lib/.build-id/ac/bb4b5e70a5fb722707b8ec3666832a8db3f843&path=//lib/.build-id/ac HTTP/1.1" 200 13351 "-" "Mozilla/5.0 (compatible; MJ12bot/v1.4.8; http://mj12bot.com/)"
54.38.38.130 - - [16/Aug/2026:20:16:21 +0330] "GET /wp-blog-header.php?fileloc=//lib/.build-id/ac/cd8e188c818ec8c130def95dcd3bf38ba8c582&path=//lib/.build-id/ac HTTP/1.1" 200 42567 "-" "Mozilla/5.0 (compatible; MJ12bot/v1.4.8; http://mj12bot.com/)"
54.38.38.130 - - [16/Aug/2026:20:16:23 +0330] "GET /wp-blog-header.php?fileloc=//lib/.build-id/ac/d04fd568b3ad74dbbfa0126b94159822206a21&path=//lib/.build-id/ac HTTP/1.1" 200 8478 "-" "Mozilla/5.0 (compatible; MJ12bot/v1.4.8; http://mj12bot.com/)"
54.38.38.130 - - [16/Aug/2026:20:16:25 +0330] "GET /wp-blog-header.php?fileloc=//lib/.build-id/ac/d4bb8f96489d710b0be81c676d79ba64d7fff2&path=//lib/.build-id/ac HTTP/1.1" 200 10340 "-" "Mozilla/5.0 (compatible; MJ12bot/v1.4.8; http://mj12bot.com/)"
54.38.38.130 - - [16/Aug/2026:20:16:27 +0330] "GET /wp-blog-header.php?fileloc=//lib/.build-id/ac/dc8d5b5c089ceb5001f7a6810d813fbc6b2877&path=//lib/.build-id/ac HTTP/1.1" 200 300825 "-" "Mozilla/5.0 (compatible; MJ12bot/v1.4.8; http://mj12bot.com/)"
54.38.38.130 - - [16/Aug/2026:20:16:30 +0330] "GET /wp-blog-header.php?fileloc=//lib/.build-id/ac/dc8d5b5c089ceb5001f7a6810d813fbc6b2877.1&path=//lib/.build-id/ac HTTP/1.1" 200 300509 "-" "Mozilla/5.0 (compatible; MJ12bot/v1.4.8; http://mj12bot.com/)"
54.38.38.130 - - [16/Aug/2026:20:16:32 +0330] "GET /wp-blog-header.php?fileloc=//lib/.build-id/ac/e4a581b2a453c8819cda1ff89ed18121c8b12a&path=//lib/.build-id/ac HTTP/1.1" 200 51963 "-" "Mozilla/5.0 (compatible; MJ12bot/v1.4.8; http://mj12bot.com/)"
54.38.38.130 - - [16/Aug/2026:20:16:35 +0330] "GET /wp-blog-header.php?fileloc=//lib/.build-id/ac/f1a0cc200867beaedab3caf144bba9ded6c6ba&path=//lib/.build-id/ac HTTP/1.1" 200 29224 "-" "Mozilla/5.0 (compatible; MJ12bot/v1.4.8; http://mj12bot.com/)"
54.38.38.130 - - [16/Aug/2026:20:16:37 +0330] "GET /wp-blog-header.php?fileloc=//lib/.build-id/ac/f7f8f24ed96d91989449b80606a56216ef33f0&path=//lib/.build-id/ac HTTP/1.1" 200 12250 "-" "Mozilla/5.0 (compatible; MJ12bot/v1.4.8; http://mj12bot.com/)"
54.38.38.130 - - [16/Aug/2026:20:16:39 +0330] "GET /wp-blog-header.php?fileloc=//lib/.build-id/ac/f898aaa40f8d764ce7d454671e618fa1879528&path=//lib/.build-id/ac HTTP/1.1" 200 711023 "-" "Mozilla/5.0 (compatible; MJ12bot/v1.4.8; http://mj12bot.com/)"
54.38.38.130 - - [16/Aug/2026:20:16:41 +0330] "GET /wp-blog-header.php?fileloc=//lib/.build-id/ac/fd75c898fa91b441b0d063946488d15ae44a29&path=//lib/.build-id/ac HTTP/1.1" 200 9693 "-" "Mozilla/5.0 (compatible; MJ12bot/v1.4.8; http://mj12bot.com/)"
54.38.38.130 - - [16/Aug/2026:20:16:43 +0330] "GET /wp-blog-header.php?fileloc=//lib/.build-id/ad/0f6d8d5d1bd4d84ecf82c6240621f65a7e411d&path=//lib/.build-id/ad HTTP/1.1" 200 13584 "-" "Mozilla/5.0 (compatible; MJ12bot/v1.4.8; http://mj12bot.com/)"
54.38.38.130 - - [16/Aug/2026:20:16:45 +0330] "GET /wp-blog-header.php?fileloc=//lib/.build-id/ad/1055f46a7436cee1f7e3bd627efa8d0c7ffc5c&path=//lib/.build-id/ad HTTP/1.1" 200 89486 "-" "Mozilla/5.0 (compatible; MJ12bot/v1.4.8; http://mj12bot.com/)"
54.38.38.130 - - [16/Aug/2026:20:16:48 +0330] "GET /wp-blog-header.php?fileloc=//lib/.build-id/ad/12c184a980c2ad5d9c9a5fa52e6dc38152589a&path=//lib/.build-id/ad HTTP/1.1" 200 639287 "-" "Mozilla/5.0 (compatible; MJ12bot/v1.4.8; http://mj12bot.com/)"
54.38.38.130 - - [16/Aug/2026:20:16:51 +0330] "GET /wp-blog-header.php?fileloc=//lib/.build-id/ad/178f7315e137dfa5290f65798f3424fa628c66&path=//lib/.build-id/ad HTTP/1.1" 200 36164 "-" "Mozilla/5.0 (compatible; MJ12bot/v1.4.8; http://mj12bot.com/)"
216.73.216.111 - - [16/Aug/2026:20:16:52 +0330] "GET /wp-mail.php?fileloc=%2Fhome%2Farmgroup%2Ftmp%2Fwebalizer%2Fdaily_usage_202510.png&path=%2Fhome%2Farmgroup%2Ftmp%2Fwebalizer HTTP/2" 429 0 "-" "Mozilla/5.0 AppleWebKit/537.36 (KHTML, like Gecko; compatible; ClaudeBot/1.0; +claudebot@anthropic.com)"
54.38.38.130 - - [16/Aug/2026:20:16:53 +0330] "GET /wp-blog-header.php?fileloc=//lib/.build-id/ad/452c473a269bb4bd37209ad1d4866911c34dfc&path=//lib/.build-id/ad HTTP/1.1" 200 15793 "-" "Mozilla/5.0 (compatible; MJ12bot/v1.4.8; http://mj12bot.com/)"
54.38.38.130 - - [16/Aug/2026:20:16:55 +0330] "GET /wp-blog-header.php?fileloc=//lib/.build-id/ad/5e73698cb52cd8928adf6726e685776ba1362d&path=//lib/.build-id/ad HTTP/1.1" 200 134840 "-" "Mozilla/5.0 (compatible; MJ12bot/v1.4.8; http://mj12bot.com/)"
216.73.216.111 - - [16/Aug/2026:20:16:57 +0330] "GET /wp-mail.php?fileloc=%2Fhome%2Farmgroup%2Ftmp%2Fwebalizer%2Fdaily_usage_202603.png&path=%2Fhome%2Farmgroup%2Ftmp%2Fwebalizer HTTP/2" 200 4939 "-" "Mozilla/5.0 AppleWebKit/537.36 (KHTML, like Gecko; compatible; ClaudeBot/1.0; +claudebot@anthropic.com)"
54.38.38.130 - - [16/Aug/2026:20:16:57 +0330] "GET /wp-blog-header.php?fileloc=//lib/.build-id/ad/7ea395dc4d081bb51aa3da69bf94a1eedc49e3&path=//lib/.build-id/ad HTTP/1.1" 200 23071 "-" "Mozilla/5.0 (compatible; MJ12bot/v1.4.8; http://mj12bot.com/)"
54.38.38.130 - - [16/Aug/2026:20:17:00 +0330] "GET /wp-blog-header.php?fileloc=//lib/.build-id/ad/a2461233efb2fbb8eb66644e5b4e8377a51506&path=//lib/.build-id/ad HTTP/1.1" 200 46867 "-" "Mozilla/5.0 (compatible; MJ12bot/v1.4.8; http://mj12bot.com/)"
216.73.216.111 - - [16/Aug/2026:20:17:02 +0330] "GET /wp-mail.php?fileloc=%2Fhome%2Farmgroup%2Ftmp%2Fwebalizer%2Fhourly_usage_202507.png&path=%2Fhome%2Farmgroup%2Ftmp%2Fwebalizer HTTP/2" 429 0 "-" "Mozilla/5.0 AppleWebKit/537.36 (KHTML, like Gecko; compatible; ClaudeBot/1.0; +claudebot@anthropic.com)"
54.38.38.130 - - [16/Aug/2026:20:17:02 +0330] "GET /wp-blog-header.php?fileloc=//lib/.build-id/ad/be9035b5f56faff62dad1cde6857df278d66ff&path=//lib/.build-id/ad HTTP/1.1" 200 30822 "-" "Mozilla/5.0 (compatible; MJ12bot/v1.4.8; http://mj12bot.com/)"
54.38.38.130 - - [16/Aug/2026:20:17:04 +0330] "GET /wp-blog-header.php?fileloc=//lib/.build-id/ad/cd5a2adbee2c0ce15ed70ad34af2cbd4052073&path=//lib/.build-id/ad HTTP/1.1" 200 542562 "-" "Mozilla/5.0 (compatible; MJ12bot/v1.4.8; http://mj12bot.com/)"
54.38.38.130 - - [16/Aug/2026:20:17:07 +0330] "GET /wp-blog-header.php?fileloc=//lib/.build-id/ad/dd7581ea2285095ea4b7b4b8912feb677a3446&path=//lib/.build-id/ad HTTP/1.1" 200 44704 "-" "Mozilla/5.0 (compatible; MJ12bot/v1.4.8; http://mj12bot.com/)"
66.249.79.137 - - [16/Aug/2026:20:17:08 +0330] "GET /wp-links-opml.php?fileloc=//lib64/libtidy.so.5.8.0&path=//lib64 HTTP/1.1" 200 248804 "-" "Mozilla/5.0 (Linux; Android 6.0.1; Nexus 5X Build/MMB29P) AppleWebKit/537.36 (KHTML, like Gecko) Chrome/150.0.7871.186 Mobile Safari/537.36 (compatible; GoogleOther)"
57.141.20.13 - - [16/Aug/2026:20:14:30 +0330] "GET /post-sitemap.xml?fileloc=/home/armgroup/public_html/wp-admin/ms-options.php&path=/home/armgroup/public_html/wp-admin HTTP/2" 404 796 "-" "Mozilla/5.0 (Windows NT 10.0; Win64; x64) AppleWebKit/537.36 (KHTML, like Gecko) Chrome/145.0.0.0 Safari/537.36 (compatible; meta-externalagent/1.1 (+https://developers.facebook.com/docs/sharing/webmasters/crawler))"
216.73.216.111 - - [16/Aug/2026:20:14:38 +0330] "GET /wp-mail.php?fileloc=%2Fhome%2Farmgroup%2Ftmp%2Fwebalizer%2Fctry_usage_202607.png&path=%2Fhome%2Farmgroup%2Ftmp%2Fwebalizer HTTP/2" 200 5849 "-" "Mozilla/5.0 AppleWebKit/537.36 (KHTML, like Gecko; compatible; ClaudeBot/1.0; +claudebot@anthropic.com)"
216.73.216.111 - - [16/Aug/2026:20:14:43 +0330] "GET /wp-trackback.php?fileloc=%2F%2Fusr%2Fshare%2Fman%2Fman3%2FDES_ncbc_encrypt.3ossl.gz&path=%2F%2Fusr%2Fshare%2Fman%2Fman3 HTTP/2" 429 0 "-" "Mozilla/5.0 AppleWebKit/537.36 (KHTML, like Gecko; compatible; ClaudeBot/1.0; +claudebot@anthropic.com)"
216.73.216.111 - - [16/Aug/2026:20:14:48 +0330] "GET /wp-trackback.php?fileloc=%2F%2Fusr%2Fshare%2Fman%2Fman3%2FSSL_CTX_set0_tmp_dh_pkey.3ossl.gz&path=%2F%2Fusr%2Fshare%2Fman%2Fman3 HTTP/2" 429 0 "-" "Mozilla/5.0 AppleWebKit/537.36 (KHTML, like Gecko; compatible; ClaudeBot/1.0; +claudebot@anthropic.com)"
66.249.79.135 - - [16/Aug/2026:20:15:00 +0330] "GET /wp-load.php?fileloc=//lib/.build-id/16/051e5c9c647a67473e21df42b3df5fb0f470fd&path=//lib/.build-id/16 HTTP/1.1" 200 11306 "-" "Mozilla/5.0 (Linux; Android 6.0.1; Nexus 5X Build/MMB29P) AppleWebKit/537.36 (KHTML, like Gecko) Chrome/150.0.7871.186 Mobile Safari/537.36 (compatible; GoogleOther)"
66.249.79.135 - - [16/Aug/2026:20:15:38 +0330] "GET /wp-load.php?fileloc=//lib/.build-id/19/cf31f14a016330d364486776134a8436a1c56d&path=//lib/.build-id/19 HTTP/1.1" 200 9714 "-" "Mozilla/5.0 (Linux; Android 6.0.1; Nexus 5X Build/MMB29P) AppleWebKit/537.36 (KHTML, like Gecko) Chrome/150.0.7871.186 Mobile Safari/537.36 (compatible; GoogleOther)"
216.73.216.111 - - [16/Aug/2026:20:16:24 +0330] "GET /wp-mail.php?fileloc=%2Fhome%2Farmgroup%2Ftmp%2Fwebalizer%2Fhourly_usage_202605.png&path=%2Fhome%2Farmgroup%2Ftmp%2Fwebalizer HTTP/2" 429 0 "-" "Mozilla/5.0 AppleWebKit/537.36 (KHTML, like Gecko; compatible; ClaudeBot/1.0; +claudebot@anthropic.com)"
216.73.216.111 - - [16/Aug/2026:20:16:28 +0330] "GET /wp-mail.php?fileloc=%2Fhome%2Farmgroup%2Ftmp%2Fwebalizer%2Fhourly_usage_202607.png&path=%2Fhome%2Farmgroup%2Ftmp%2Fwebalizer HTTP/2" 429 0 "-" "Mozilla/5.0 AppleWebKit/537.36 (KHTML, like Gecko; compatible; ClaudeBot/1.0; +claudebot@anthropic.com)"
216.73.216.111 - - [16/Aug/2026:20:16:32 +0330] "GET /wp-mail.php?fileloc=%2Fhome%2Farmgroup%2Ftmp%2Fwebalizer%2Fhourly_usage_202601.png&path=%2Fhome%2Farmgroup%2Ftmp%2Fwebalizer HTTP/2" 429 0 "-" "Mozilla/5.0 AppleWebKit/537.36 (KHTML, like Gecko; compatible; ClaudeBot/1.0; +claudebot@anthropic.com)"
216.73.216.111 - - [16/Aug/2026:20:17:09 +0330] "GET /wp-mail.php?fileloc=%2Fhome%2Farmgroup%2Ftmp%2Fwebalizer%2Fhourly_usage_202509.png&path=%2Fhome%2Farmgroup%2Ftmp%2Fwebalizer HTTP/2" 429 0 "-" "Mozilla/5.0 AppleWebKit/537.36 (KHTML, like Gecko; compatible; ClaudeBot/1.0; +claudebot@anthropic.com)"
54.38.38.130 - - [16/Aug/2026:20:17:09 +0330] "GET /robots.txt HTTP/1.1" 404 796 "-" "Mozilla/5.0 (compatible; MJ12bot/v1.4.8; http://mj12bot.com/)"
54.38.38.130 - - [16/Aug/2026:20:17:11 +0330] "GET /wp-blog-header.php?fileloc=//bin/libtool&path=//bin HTTP/1.1" 200 99051 "-" "Mozilla/5.0 (compatible; MJ12bot/v1.4.8; http://mj12bot.com/)"
216.73.216.111 - - [16/Aug/2026:20:17:12 +0330] "GET /wp-mail.php?fileloc=%2Fhome%2Farmgroup%2Ftmp%2Fwebalizer%2Fdaily_usage_202507.png&path=%2Fhome%2Farmgroup%2Ftmp%2Fwebalizer HTTP/2" 429 0 "-" "Mozilla/5.0 AppleWebKit/537.36 (KHTML, like Gecko; compatible; ClaudeBot/1.0; +claudebot@anthropic.com)"
54.38.38.130 - - [16/Aug/2026:20:17:14 +0330] "GET /wp-blog-header.php?fileloc=//lib/.build-id/a7/b2fba9294850ea0418ead342a7ea3d6417cc66&path=//lib/.build-id/a7 HTTP/1.1" 200 9320 "-" "Mozilla/5.0 (compatible; MJ12bot/v1.4.8; http://mj12bot.com/)"
54.38.38.130 - - [16/Aug/2026:20:17:16 +0330] "GET /wp-blog-header.php?fileloc=//lib/.build-id/a7/b53e9c818402a2f970304064b04e3282d17c2e&path=//lib/.build-id/a7 HTTP/1.1" 200 127975 "-" "Mozilla/5.0 (compatible; MJ12bot/v1.4.8; http://mj12bot.com/)"
216.73.216.111 - - [16/Aug/2026:20:17:17 +0330] "GET /wp-mail.php?fileloc=%2Fhome%2Farmgroup%2Ftmp%2Fwebalizer%2Fdaily_usage_202605.png&path=%2Fhome%2Farmgroup%2Ftmp%2Fwebalizer HTTP/2" 429 0 "-" "Mozilla/5.0 AppleWebKit/537.36 (KHTML, like Gecko; compatible; ClaudeBot/1.0; +claudebot@anthropic.com)"
54.38.38.130 - - [16/Aug/2026:20:17:18 +0330] "GET /wp-blog-header.php?fileloc=//lib/.build-id/a8/2e992d28eaba5447b7c70d56eba944cb963d9d&path=//lib/.build-id/a8 HTTP/1.1" 200 212305 "-" "Mozilla/5.0 (compatible; MJ12bot/v1.4.8; http://mj12bot.com/)"
54.38.38.130 - - [16/Aug/2026:20:17:21 +0330] "GET /wp-blog-header.php?fileloc=//lib/.build-id/a8/5d5303c0acf25dfe5e6d1a42ba91f46a55c2e9&path=//lib/.build-id/a8 HTTP/1.1" 200 13631 "-" "Mozilla/5.0 (compatible; MJ12bot/v1.4.8; http://mj12bot.com/)"
216.73.216.111 - - [16/Aug/2026:20:17:22 +0330] "GET /wp-mail.php?fileloc=%2Fhome%2Farmgroup%2Ftmp%2Fwebalizer%2Fhourly_usage_202508.png&path=%2Fhome%2Farmgroup%2Ftmp%2Fwebalizer HTTP/2" 429 0 "-" "Mozilla/5.0 AppleWebKit/537.36 (KHTML, like Gecko; compatible; ClaudeBot/1.0; +claudebot@anthropic.com)"
54.38.38.130 - - [16/Aug/2026:20:17:23 +0330] "GET /wp-blog-header.php?fileloc=//lib/.build-id/a8/6724a0b60d88fdbc3ef13f8015a619b7adff56&path=//lib/.build-id/a8 HTTP/1.1" 200 9783 "-" "Mozilla/5.0 (compatible; MJ12bot/v1.4.8; http://mj12bot.com/)"
54.38.38.130 - - [16/Aug/2026:20:17:25 +0330] "GET /wp-blog-header.php?fileloc=//lib/.build-id/a8/709ca456cacc29ab8ac48ba9615d9bc15f37fd&path=//lib/.build-id/a8 HTTP/1.1" 200 26264 "-" "Mozilla/5.0 (compatible; MJ12bot/v1.4.8; http://mj12bot.com/)"
54.38.38.130 - - [16/Aug/2026:20:17:28 +0330] "GET /wp-blog-header.php?fileloc=//lib/.build-id/a8/7d9fa8152f7de83977a1ebf943e989f6ccef7b&path=//lib/.build-id/a8 HTTP/1.1" 200 137094 "-" "Mozilla/5.0 (compatible; MJ12bot/v1.4.8; http://mj12bot.com/)"
54.38.38.130 - - [16/Aug/2026:20:17:31 +0330] "GET /wp-blog-header.php?fileloc=//lib/.build-id/a8/89d7dcee78cf2a34c519e20427f4fc947dfccd&path=//lib/.build-id/a8 HTTP/1.1" 200 675894 "-" "Mozilla/5.0 (compatible; MJ12bot/v1.4.8; http://mj12bot.com/)"
54.38.38.130 - - [16/Aug/2026:20:17:35 +0330] "GET /wp-blog-header.php?fileloc=//lib/.build-id/a8/c261c3a4a960b3bd4d29a9c2b6d7156c3b2751&path=//lib/.build-id/a8 HTTP/1.1" 200 70176 "-" "Mozilla/5.0 (compatible; MJ12bot/v1.4.8; http://mj12bot.com/)"
54.38.38.130 - - [16/Aug/2026:20:17:38 +0330] "GET /wp-blog-header.php?fileloc=//lib/.build-id/a8/f9f84a992883d3c264741b8959c9ed78fd9d3d&path=//lib/.build-id/a8 HTTP/1.1" 200 13002 "-" "Mozilla/5.0 (compatible; MJ12bot/v1.4.8; http://mj12bot.com/)"
54.38.38.130 - - [16/Aug/2026:20:17:40 +0330] "GET /wp-blog-header.php?fileloc=//lib/.build-id/a9/22698316490a1768ca19eb8835d301aa9ee81c&path=//lib/.build-id/a9 HTTP/1.1" 200 6118 "-" "Mozilla/5.0 (compatible; MJ12bot/v1.4.8; http://mj12bot.com/)"
216.73.216.111 - - [16/Aug/2026:20:17:41 +0330] "GET /wp-trackback.php?fileloc=%2F%2Fusr%2Fshare%2Fman%2Fman3%2FDH_meth_get_flags.3ossl.gz&path=%2F%2Fusr%2Fshare%2Fman%2Fman3 HTTP/2" 429 0 "-" "Mozilla/5.0 AppleWebKit/537.36 (KHTML, like Gecko; compatible; ClaudeBot/1.0; +claudebot@anthropic.com)"
54.38.38.130 - - [16/Aug/2026:20:17:42 +0330] "GET /wp-blog-header.php?fileloc=//lib/.build-id/a9/5f6bc4d1c236fd1a6abf319594d0c613f52a6a&path=//lib/.build-id/a9 HTTP/1.1" 200 117482 "-" "Mozilla/5.0 (compatible; MJ12bot/v1.4.8; http://mj12bot.com/)"
216.73.216.111 - - [16/Aug/2026:20:17:44 +0330] "GET /wp-trackback.php?fileloc=%2F%2Fusr%2Fshare%2Fman%2Fman3%2FPKCS12_pbe_crypt_ex.3ossl.gz&path=%2F%2Fusr%2Fshare%2Fman%2Fman3 HTTP/2" 200 5896 "-" "Mozilla/5.0 AppleWebKit/537.36 (KHTML, like Gecko; compatible; ClaudeBot/1.0; +claudebot@anthropic.com)"
54.38.38.130 - - [16/Aug/2026:20:17:45 +0330] "GET /wp-blog-header.php?fileloc=//lib/.build-id/a9/6deaf702aedbeb74aeffcf53e5466939a435ab&path=//lib/.build-id/a9 HTTP/1.1" 200 10201 "-" "Mozilla/5.0 (compatible; MJ12bot/v1.4.8; http://mj12bot.com/)"
54.38.38.130 - - [16/Aug/2026:20:17:46 +0330] "GET /wp-blog-header.php?fileloc=//lib/.build-id/a9/f32fd8a1f3849bf86a9c030112ec2ae5c91ac0&path=//lib/.build-id/a9 HTTP/1.1" 200 10086 "-" "Mozilla/5.0 (compatible; MJ12bot/v1.4.8; http://mj12bot.com/)"
54.38.38.130 - - [16/Aug/2026:20:17:48 +0330] "GET /wp-blog-header.php?fileloc=//lib/.build-id/a9/fa9661885864a88b1aca77d1514b7d9909004c&path=//lib/.build-id/a9 HTTP/1.1" 200 480995 "-" "Mozilla/5.0 (compatible; MJ12bot/v1.4.8; http://mj12bot.com/)"
216.73.216.111 - - [16/Aug/2026:20:17:49 +0330] "GET /wp-trackback.php?fileloc=%2F%2Fusr%2Fshare%2Fman%2Fman3%2FDTLSv1_handle_timeout.3ossl.gz&path=%2F%2Fusr%2Fshare%2Fman%2Fman3 HTTP/2" 429 0 "-" "Mozilla/5.0 AppleWebKit/537.36 (KHTML, like Gecko; compatible; ClaudeBot/1.0; +claudebot@anthropic.com)"
54.38.38.130 - - [16/Aug/2026:20:17:51 +0330] "GET /wp-blog-header.php?fileloc=//lib/.build-id/aa/3686593e83d8f122c218fb3f76951e38897709&path=//lib/.build-id/aa HTTP/1.1" 200 55589 "-" "Mozilla/5.0 (compatible; MJ12bot/v1.4.8; http://mj12bot.com/)"
54.38.38.130 - - [16/Aug/2026:20:17:53 +0330] "GET /wp-blog-header.php?fileloc=//lib/.build-id/aa/6d72468091165e12afa6d8d9b4c3b98addb264&path=//lib/.build-id/aa HTTP/1.1" 200 21542 "-" "Mozilla/5.0 (compatible; MJ12bot/v1.4.8; http://mj12bot.com/)"
54.38.38.130 - - [16/Aug/2026:20:17:56 +0330] "GET /wp-blog-header.php?fileloc=//lib/.build-id/aa/8e833368a47e8b1f1912e6faaff4668b35cb7c&path=//lib/.build-id/aa HTTP/1.1" 200 7833 "-" "Mozilla/5.0 (compatible; MJ12bot/v1.4.8; http://mj12bot.com/)"
54.38.38.130 - - [16/Aug/2026:20:17:59 +0330] "GET /wp-blog-header.php?fileloc=//lib/.build-id/aa/e5ab30515cbcc293009b33fa17f5821fd1ec0b&path=//lib/.build-id/aa HTTP/1.1" 200 8684 "-" "Mozilla/5.0 (compatible; MJ12bot/v1.4.8; http://mj12bot.com/)"
54.38.38.130 - - [16/Aug/2026:20:17:59 +0330] "GET /wp-blog-header.php?fileloc=//lib/.build-id/ae/5a6b93f64d5dbba63712c0ef23080e798a4abc&path=//lib/.build-id/ae HTTP/1.1" 200 16425 "-" "Mozilla/5.0 (compatible; MJ12bot/v1.4.8; http://mj12bot.com/)"
54.38.38.130 - - [16/Aug/2026:20:18:00 +0330] "GET /wp-blog-header.php?fileloc=//lib/.build-id/aa/feca12ad17576e00f489f164336f050da20c88&path=//lib/.build-id/aa HTTP/1.1" 200 20935 "-" "Mozilla/5.0 (compatible; MJ12bot/v1.4.8; http://mj12bot.com/)"
54.38.38.130 - - [16/Aug/2026:20:18:02 +0330] "GET /wp-blog-header.php?fileloc=//lib/.build-id/ab/0e1f2ec5bde391afc7e99dd50d9debd5d40eed&path=//lib/.build-id/ab HTTP/1.1" 200 9580 "-" "Mozilla/5.0 (compatible; MJ12bot/v1.4.8; http://mj12bot.com/)"
54.38.38.130 - - [16/Aug/2026:20:18:03 +0330] "GET /wp-blog-header.php?fileloc=//lib/.build-id/ae/6140e42c4ead642853511cba8288b21e47c4f0&path=//lib/.build-id/ae HTTP/1.1" 200 14859 "-" "Mozilla/5.0 (compatible; MJ12bot/v1.4.8; http://mj12bot.com/)"
54.38.38.130 - - [16/Aug/2026:20:18:05 +0330] "GET /wp-blog-header.php?fileloc=//lib/.build-id/ab/185417811fb7940cfb039689853f98280555e0&path=//lib/.build-id/ab HTTP/1.1" 200 18595 "-" "Mozilla/5.0 (compatible; MJ12bot/v1.4.8; http://mj12bot.com/)"
54.38.38.130 - - [16/Aug/2026:20:18:05 +0330] "GET /wp-blog-header.php?fileloc=//lib/.build-id/ae/7519855fdf26f5a24656b49f8304f13e5a831d&path=//lib/.build-id/ae HTTP/1.1" 200 37731 "-" "Mozilla/5.0 (compatible; MJ12bot/v1.4.8; http://mj12bot.com/)"
54.38.38.130 - - [16/Aug/2026:20:18:07 +0330] "GET /wp-blog-header.php?fileloc=//lib/.build-id/ab/19d63d8423832bfe35c1be675ff3d00bd5dc6d&path=//lib/.build-id/ab HTTP/1.1" 200 32575 "-" "Mozilla/5.0 (compatible; MJ12bot/v1.4.8; http://mj12bot.com/)"
54.38.38.130 - - [16/Aug/2026:20:18:08 +0330] "GET /wp-blog-header.php?fileloc=//lib/.build-id/ae/9c1e3256da9dbcc6b921e64cde55ff5dbcae58&path=//lib/.build-id/ae HTTP/1.1" 200 14388 "-" "Mozilla/5.0 (compatible; MJ12bot/v1.4.8; http://mj12bot.com/)"
54.38.38.130 - - [16/Aug/2026:20:18:09 +0330] "GET /wp-blog-header.php?fileloc=//lib/.build-id/ab/1fca54ba03f866a247fd1f9485b41d8715fbc4&path=//lib/.build-id/ab HTTP/1.1" 200 8200 "-" "Mozilla/5.0 (compatible; MJ12bot/v1.4.8; http://mj12bot.com/)"
54.38.38.130 - - [16/Aug/2026:20:18:10 +0330] "GET /wp-blog-header.php?fileloc=//lib/.build-id/ae/a27d79abd4462553886e5385f56c8f9d61a4fe&path=//lib/.build-id/ae HTTP/1.1" 200 10885 "-" "Mozilla/5.0 (compatible; MJ12bot/v1.4.8; http://mj12bot.com/)"
54.38.38.130 - - [16/Aug/2026:20:18:11 +0330] "GET /wp-blog-header.php?fileloc=//lib/.build-id/ab/6fd836298b2e660c6195ae672492ab48c6f218&path=//lib/.build-id/ab HTTP/1.1" 200 8502 "-" "Mozilla/5.0 (compatible; MJ12bot/v1.4.8; http://mj12bot.com/)"
54.38.38.130 - - [16/Aug/2026:20:18:12 +0330] "GET /wp-blog-header.php?fileloc=//lib/.build-id/ae/aa396aeb1d1a871725e3464d0b99fce8e53019&path=//lib/.build-id/ae HTTP/1.1" 200 63958 "-" "Mozilla/5.0 (compatible; MJ12bot/v1.4.8; http://mj12bot.com/)"
54.38.38.130 - - [16/Aug/2026:20:18:14 +0330] "GET /wp-blog-header.php?fileloc=//lib/.build-id/ab/a129ea059c3e2eee8b574543fb1a7deaa0db12&path=//lib/.build-id/ab HTTP/1.1" 200 13573 "-" "Mozilla/5.0 (compatible; MJ12bot/v1.4.8; http://mj12bot.com/)"
54.38.38.130 - - [16/Aug/2026:20:18:15 +0330] "GET /wp-blog-header.php?fileloc=//lib/.build-id/ae/c2b520d019f2a476d02a21abfd79cdadb00dd4&path=//lib/.build-id/ae HTTP/1.1" 200 8029 "-" "Mozilla/5.0 (compatible; MJ12bot/v1.4.8; http://mj12bot.com/)"
54.38.38.130 - - [16/Aug/2026:20:18:16 +0330] "GET /wp-blog-header.php?fileloc=//lib/.build-id/ab/af9e313246989447096b484ec1728c41f37c61&path=//lib/.build-id/ab HTTP/1.1" 200 5463 "-" "Mozilla/5.0 (compatible; MJ12bot/v1.4.8; http://mj12bot.com/)"
54.38.38.130 - - [16/Aug/2026:20:18:17 +0330] "GET /wp-blog-header.php?fileloc=//lib/.build-id/ae/c9c4cf7cc033fd59068348034db583aa286a79&path=//lib/.build-id/ae HTTP/1.1" 200 1059460 "-" "Mozilla/5.0 (compatible; MJ12bot/v1.4.8; http://mj12bot.com/)"
54.38.38.130 - - [16/Aug/2026:20:18:19 +0330] "GET /wp-blog-header.php?fileloc=//lib/.build-id/ab/c05cb7d6eaae24bb6b66f368ba823a2bbf4d36&path=//lib/.build-id/ab HTTP/1.1" 200 88144 "-" "Mozilla/5.0 (compatible; MJ12bot/v1.4.8; http://mj12bot.com/)"
54.38.38.130 - - [16/Aug/2026:20:18:21 +0330] "GET /wp-blog-header.php?fileloc=//lib/.build-id/ab/db67e3de1d7602a81f367bbbc412f029bbb73a&path=//lib/.build-id/ab HTTP/1.1" 200 8573 "-" "Mozilla/5.0 (compatible; MJ12bot/v1.4.8; http://mj12bot.com/)"
54.38.38.130 - - [16/Aug/2026:20:18:23 +0330] "GET /wp-blog-header.php?fileloc=//lib/.build-id/ac/0896481eb249898f1c2beeda033daaac86605c&path=//lib/.build-id/ac HTTP/1.1" 200 30903 "-" "Mozilla/5.0 (compatible; MJ12bot/v1.4.8; http://mj12bot.com/)"
54.38.38.130 - - [16/Aug/2026:20:18:25 +0330] "GET /wp-blog-header.php?fileloc=//lib/.build-id/ac/25615db9ae6fcd2e20f34d541714ea44401338&path=//lib/.build-id/ac HTTP/1.1" 200 15467 "-" "Mozilla/5.0 (compatible; MJ12bot/v1.4.8; http://mj12bot.com/)"
54.38.38.130 - - [16/Aug/2026:20:18:27 +0330] "GET /wp-blog-header.php?fileloc=//lib/.build-id/ac/816d8e3dfc2c34511af3e84dbeea711677077c&path=//lib/.build-id/ac HTTP/1.1" 200 14641 "-" "Mozilla/5.0 (compatible; MJ12bot/v1.4.8; http://mj12bot.com/)"
54.38.38.130 - - [16/Aug/2026:20:18:29 +0330] "GET /wp-blog-header.php?fileloc=//lib/.build-id/ac/85367d458dbe3955d6644ab987d4de62141807&path=//lib/.build-id/ac HTTP/1.1" 200 7498 "-" "Mozilla/5.0 (compatible; MJ12bot/v1.4.8; http://mj12bot.com/)"
54.38.38.130 - - [16/Aug/2026:20:18:31 +0330] "GET /wp-blog-header.php?fileloc=//lib/.build-id/ac/89ea1f310b8cc02fb932cf1ff9289cfb6ee1ff&path=//lib/.build-id/ac HTTP/1.1" 200 10648 "-" "Mozilla/5.0 (compatible; MJ12bot/v1.4.8; http://mj12bot.com/)"
54.38.38.130 - - [16/Aug/2026:20:17:09 +0330] "GET /wp-blog-header.php?fileloc=//lib/.build-id/ad/f9677aea339dc7b7559a67b23839c31e973af6&path=//lib/.build-id/ad HTTP/1.1" 200 28134 "-" "Mozilla/5.0 (compatible; MJ12bot/v1.4.8; http://mj12bot.com/)"
54.38.38.130 - - [16/Aug/2026:20:17:12 +0330] "GET /wp-blog-header.php?fileloc=//lib/.build-id/ae/10ef5a403a25025878dfd324984686222b28d8&path=//lib/.build-id/ae HTTP/1.1" 200 9978 "-" "Mozilla/5.0 (compatible; MJ12bot/v1.4.8; http://mj12bot.com/)"
54.38.38.130 - - [16/Aug/2026:20:17:14 +0330] "GET /wp-blog-header.php?fileloc=//lib/.build-id/ae/4003059b7af2bed4eddf3b3d5a352fb4261a7b&path=//lib/.build-id/ae HTTP/1.1" 200 11331 "-" "Mozilla/5.0 (compatible; MJ12bot/v1.4.8; http://mj12bot.com/)"
54.38.38.130 - - [16/Aug/2026:20:17:16 +0330] "GET /wp-blog-header.php?fileloc=//lib/.build-id/ae/54a741bba6d3968810172c47348abfdcd3812f&path=//lib/.build-id/ae HTTP/1.1" 200 208587 "-" "Mozilla/5.0 (compatible; MJ12bot/v1.4.8; http://mj12bot.com/)"
216.73.216.111 - - [16/Aug/2026:20:17:55 +0330] "GET /wp-trackback.php?fileloc=%2F%2Fusr%2Fshare%2Fman%2Fman3%2FBN_mod_sub.3ossl.gz&path=%2F%2Fusr%2Fshare%2Fman%2Fman3 HTTP/2" 429 0 "-" "Mozilla/5.0 AppleWebKit/537.36 (KHTML, like Gecko; compatible; ClaudeBot/1.0; +claudebot@anthropic.com)"
216.73.216.111 - - [16/Aug/2026:20:18:00 +0330] "GET /wp-trackback.php?fileloc=%2F%2Fusr%2Fshare%2Fman%2Fman3%2FEVP_RAND.3ossl.gz&path=%2F%2Fusr%2Fshare%2Fman%2Fman3 HTTP/2" 429 0 "-" "Mozilla/5.0 AppleWebKit/537.36 (KHTML, like Gecko; compatible; ClaudeBot/1.0; +claudebot@anthropic.com)"
216.73.216.111 - - [16/Aug/2026:20:18:05 +0330] "GET /wp-trackback.php?fileloc=%2F%2Fusr%2Fshare%2Fman%2Fman3%2FOPENSSL_LH_stats_bio.3ossl.gz&path=%2F%2Fusr%2Fshare%2Fman%2Fman3 HTTP/2" 429 0 "-" "Mozilla/5.0 AppleWebKit/537.36 (KHTML, like Gecko; compatible; ClaudeBot/1.0; +claudebot@anthropic.com)"
216.73.216.111 - - [16/Aug/2026:20:18:10 +0330] "GET /wp-trackback.php?fileloc=%2F%2Fusr%2Fshare%2Fman%2Fman1%2Frrdlastupdate.1.gz&path=%2F%2Fusr%2Fshare%2Fman%2Fman1 HTTP/2" 429 0 "-" "Mozilla/5.0 AppleWebKit/537.36 (KHTML, like Gecko; compatible; ClaudeBot/1.0; +claudebot@anthropic.com)"
216.73.216.111 - - [16/Aug/2026:20:18:16 +0330] "GET /wp-trackback.php?fileloc=%2F%2Fusr%2Fshare%2Fman%2Fman3%2FSSL_CTX_build_cert_chain.3ossl.gz&path=%2F%2Fusr%2Fshare%2Fman%2Fman3 HTTP/2" 429 0 "-" "Mozilla/5.0 AppleWebKit/537.36 (KHTML, like Gecko; compatible; ClaudeBot/1.0; +claudebot@anthropic.com)"
216.73.216.111 - - [16/Aug/2026:20:18:20 +0330] "GET /wp-trackback.php?fileloc=%2F%2Fusr%2Fshare%2Fman%2Fman1%2Fbuiltin.1.gz&path=%2F%2Fusr%2Fshare%2Fman%2Fman1 HTTP/2" 429 0 "-" "Mozilla/5.0 AppleWebKit/537.36 (KHTML, like Gecko; compatible; ClaudeBot/1.0; +claudebot@anthropic.com)"
54.38.38.130 - - [16/Aug/2026:20:18:21 +0330] "GET /wp-blog-header.php?fileloc=//lib/.build-id/af/2207c4c8f4ae4aec4a3cb603e87dc7d3b49c05&path=//lib/.build-id/af HTTP/1.1" 200 9842 "-" "Mozilla/5.0 (compatible; MJ12bot/v1.4.8; http://mj12bot.com/)"
54.38.38.130 - - [16/Aug/2026:20:18:23 +0330] "GET /wp-blog-header.php?fileloc=//lib/.build-id/af/4c0b773f6ec07b6bca7aaccf235e4251c25946&path=//lib/.build-id/af HTTP/1.1" 200 50087 "-" "Mozilla/5.0 (compatible; MJ12bot/v1.4.8; http://mj12bot.com/)"
216.73.216.111 - - [16/Aug/2026:20:18:25 +0330] "GET /wp-trackback.php?fileloc=%2F%2Fusr%2Fshare%2Fman%2Fman1%2Fmysql.1.gz&path=%2F%2Fusr%2Fshare%2Fman%2Fman1 HTTP/2" 429 0 "-" "Mozilla/5.0 AppleWebKit/537.36 (KHTML, like Gecko; compatible; ClaudeBot/1.0; +claudebot@anthropic.com)"
54.38.38.130 - - [16/Aug/2026:20:18:26 +0330] "GET /wp-blog-header.php?fileloc=//lib/.build-id/af/50705f1211f426bfb2e2ac533583db00d8bc47&path=//lib/.build-id/af HTTP/1.1" 200 38919 "-" "Mozilla/5.0 (compatible; MJ12bot/v1.4.8; http://mj12bot.com/)"
66.249.79.137 - - [16/Aug/2026:20:18:33 +0330] "GET /wp-load.php?path=//etc/sysconfig HTTP/1.1" 200 3132 "-" "Mozilla/5.0 (Linux; Android 6.0.1; Nexus 5X Build/MMB29P) AppleWebKit/537.36 (KHTML, like Gecko) Chrome/150.0.7871.186 Mobile Safari/537.36 (compatible; GoogleOther)"
216.73.216.111 - - [16/Aug/2026:20:18:32 +0330] "GET /wp-trackback.php?fileloc=%2F%2Fusr%2Fshare%2Fman%2Fman1%2Fmysql_ldb.1.gz&path=%2F%2Fusr%2Fshare%2Fman%2Fman1 HTTP/2" 200 3078 "-" "Mozilla/5.0 AppleWebKit/537.36 (KHTML, like Gecko; compatible; ClaudeBot/1.0; +claudebot@anthropic.com)"
54.38.38.130 - - [16/Aug/2026:20:18:33 +0330] "GET /wp-blog-header.php?fileloc=//lib/.build-id/ac/953908409b729e72bd0671d9b53a5c1b4aca51&path=//lib/.build-id/ac HTTP/1.1" 200 5686 "-" "Mozilla/5.0 (compatible; MJ12bot/v1.4.8; http://mj12bot.com/)"
54.38.38.130 - - [16/Aug/2026:20:18:35 +0330] "GET /wp-blog-header.php?fileloc=//lib/.build-id/ac/a06922d546ac8ae49e7e3616d29b3aeac956e0&path=//lib/.build-id/ac HTTP/1.1" 200 5581 "-" "Mozilla/5.0 (compatible; MJ12bot/v1.4.8; http://mj12bot.com/)"
216.73.216.111 - - [16/Aug/2026:20:18:36 +0330] "GET /wp-trackback.php?fileloc=%2F%2Fusr%2Fshare%2Fman%2Fman1%2Fsystemd-inhibit.1.gz&path=%2F%2Fusr%2Fshare%2Fman%2Fman1 HTTP/2" 429 0 "-" "Mozilla/5.0 AppleWebKit/537.36 (KHTML, like Gecko; compatible; ClaudeBot/1.0; +claudebot@anthropic.com)"
54.38.38.130 - - [16/Aug/2026:20:18:37 +0330] "GET /wp-blog-header.php?fileloc=//lib/.build-id/ac/bb4b5e70a5fb722707b8ec3666832a8db3f843&path=//lib/.build-id/ac HTTP/1.1" 200 13392 "-" "Mozilla/5.0 (compatible; MJ12bot/v1.4.8; http://mj12bot.com/)"
54.38.38.130 - - [16/Aug/2026:20:18:39 +0330] "GET /wp-blog-header.php?fileloc=//lib/.build-id/ac/cd8e188c818ec8c130def95dcd3bf38ba8c582&path=//lib/.build-id/ac HTTP/1.1" 200 42567 "-" "Mozilla/5.0 (compatible; MJ12bot/v1.4.8; http://mj12bot.com/)"
216.73.216.111 - - [16/Aug/2026:20:18:41 +0330] "GET /wp-trackback.php?fileloc=%2F%2Fusr%2Fshare%2Fman%2Fman1%2Fln.1.gz&path=%2F%2Fusr%2Fshare%2Fman%2Fman1 HTTP/2" 429 0 "-" "Mozilla/5.0 AppleWebKit/537.36 (KHTML, like Gecko; compatible; ClaudeBot/1.0; +claudebot@anthropic.com)"
54.38.38.130 - - [16/Aug/2026:20:18:41 +0330] "GET /wp-blog-header.php?fileloc=//lib/.build-id/ac/d04fd568b3ad74dbbfa0126b94159822206a21&path=//lib/.build-id/ac HTTP/1.1" 200 8478 "-" "Mozilla/5.0 (compatible; MJ12bot/v1.4.8; http://mj12bot.com/)"
54.38.38.130 - - [16/Aug/2026:20:18:43 +0330] "GET /wp-blog-header.php?fileloc=//lib/.build-id/ac/d4bb8f96489d710b0be81c676d79ba64d7fff2&path=//lib/.build-id/ac HTTP/1.1" 200 10379 "-" "Mozilla/5.0 (compatible; MJ12bot/v1.4.8; http://mj12bot.com/)"
216.73.216.111 - - [16/Aug/2026:20:18:46 +0330] "GET /wp-trackback.php?fileloc=%2F%2Fusr%2Fshare%2Fman%2Fman3%2FEVP_PKEY_set1_DSA.3ossl.gz&path=%2F%2Fusr%2Fshare%2Fman%2Fman3 HTTP/2" 429 0 "-" "Mozilla/5.0 AppleWebKit/537.36 (KHTML, like Gecko; compatible; ClaudeBot/1.0; +claudebot@anthropic.com)"
54.38.38.130 - - [16/Aug/2026:20:18:45 +0330] "GET /wp-blog-header.php?fileloc=//lib/.build-id/ac/dc8d5b5c089ceb5001f7a6810d813fbc6b2877&path=//lib/.build-id/ac HTTP/1.1" 200 300825 "-" "Mozilla/5.0 (compatible; MJ12bot/v1.4.8; http://mj12bot.com/)"
54.38.38.130 - - [16/Aug/2026:20:18:48 +0330] "GET /wp-blog-header.php?fileloc=//lib/.build-id/ac/dc8d5b5c089ceb5001f7a6810d813fbc6b2877.1&path=//lib/.build-id/ac HTTP/1.1" 200 300511 "-" "Mozilla/5.0 (compatible; MJ12bot/v1.4.8; http://mj12bot.com/)"
216.73.216.111 - - [16/Aug/2026:20:18:51 +0330] "GET /wp-trackback.php?fileloc=%2F%2Fusr%2Fshare%2Fman%2Fman3%2FEVP_MAC_up_ref.3ossl.gz&path=%2F%2Fusr%2Fshare%2Fman%2Fman3 HTTP/2" 429 0 "-" "Mozilla/5.0 AppleWebKit/537.36 (KHTML, like Gecko; compatible; ClaudeBot/1.0; +claudebot@anthropic.com)"
54.38.38.130 - - [16/Aug/2026:20:18:51 +0330] "GET /wp-blog-header.php?fileloc=//lib/.build-id/ac/e4a581b2a453c8819cda1ff89ed18121c8b12a&path=//lib/.build-id/ac HTTP/1.1" 200 51963 "-" "Mozilla/5.0 (compatible; MJ12bot/v1.4.8; http://mj12bot.com/)"
54.38.38.130 - - [16/Aug/2026:20:18:53 +0330] "GET /wp-blog-header.php?fileloc=//lib/.build-id/ac/f1a0cc200867beaedab3caf144bba9ded6c6ba&path=//lib/.build-id/ac HTTP/1.1" 200 29224 "-" "Mozilla/5.0 (compatible; MJ12bot/v1.4.8; http://mj12bot.com/)"
54.38.38.130 - - [16/Aug/2026:20:18:55 +0330] "GET /wp-blog-header.php?fileloc=//lib/.build-id/ac/f7f8f24ed96d91989449b80606a56216ef33f0&path=//lib/.build-id/ac HTTP/1.1" 200 12250 "-" "Mozilla/5.0 (compatible; MJ12bot/v1.4.8; http://mj12bot.com/)"
216.73.216.111 - - [16/Aug/2026:20:18:56 +0330] "GET /wp-trackback.php?fileloc=%2F%2Fusr%2Fshare%2Fman%2Fman3%2FEVP_PKEY_get_size_t_param.3ossl.gz&path=%2F%2Fusr%2Fshare%2Fman%2Fman3 HTTP/2" 429 0 "-" "Mozilla/5.0 AppleWebKit/537.36 (KHTML, like Gecko; compatible; ClaudeBot/1.0; +claudebot@anthropic.com)"
54.38.38.130 - - [16/Aug/2026:20:18:57 +0330] "GET /wp-blog-header.php?fileloc=//lib/.build-id/ac/f898aaa40f8d764ce7d454671e618fa1879528&path=//lib/.build-id/ac HTTP/1.1" 200 711023 "-" "Mozilla/5.0 (compatible; MJ12bot/v1.4.8; http://mj12bot.com/)"
216.73.216.111 - - [16/Aug/2026:20:19:00 +0330] "GET /wp-trackback.php?fileloc=%2F%2Fusr%2Fshare%2Fman%2Fman1%2Fpwmake.1.gz&path=%2F%2Fusr%2Fshare%2Fman%2Fman1 HTTP/2" 429 0 "-" "Mozilla/5.0 AppleWebKit/537.36 (KHTML, like Gecko; compatible; ClaudeBot/1.0; +claudebot@anthropic.com)"
