216.73.216.111 - - [16/Aug/2026:21:34:41 +0330] "GET /wp-signup.php?path=%2F%2Fusr%2Flib%2Fsysusers.d HTTP/2" 200 3549 "-" "Mozilla/5.0 AppleWebKit/537.36 (KHTML, like Gecko; compatible; ClaudeBot/1.0; +claudebot@anthropic.com)"
147.224.242.137 - - [16/Aug/2026:21:34:45 +0330] "GET /wp-content/plugins/pods/readme.txt HTTP/1.1" 404 796 "-" "Mozilla/5.0 (Windows NT 10.0; Win64; x64; rv:126.0) Gecko/20100101 Firefox/126.0"
147.224.242.137 - - [16/Aug/2026:21:34:45 +0330] "GET /wp-content/plugins/pods/readme.txt HTTP/1.1" 404 796 "-" "Mozilla/5.0 (Windows NT 10.0; Win64; x64) AppleWebKit/537.36 (KHTML, like Gecko) Chrome/125.0.0.0 Safari/537.36"
147.224.242.137 - - [16/Aug/2026:21:34:45 +0330] "GET /wp-content/plugins/pods/init.php HTTP/1.1" 404 796 "-" "Mozilla/5.0 (Windows NT 10.0; Win64; x64) AppleWebKit/537.36 (KHTML, like Gecko) Chrome/125.0.0.0 Safari/537.36"
147.224.242.137 - - [16/Aug/2026:21:34:45 +0330] "GET /wp-content/plugins/pods/init.php HTTP/1.1" 404 796 "-" "Mozilla/5.0 (Windows NT 10.0; Win64; x64; rv:126.0) Gecko/20100101 Firefox/126.0"
216.73.216.111 - - [16/Aug/2026:21:34:45 +0330] "GET /wp-signup.php?path=%2F%2Fusr%2Flib%2FNetworkManager HTTP/2" 429 0 "-" "Mozilla/5.0 AppleWebKit/537.36 (KHTML, like Gecko; compatible; ClaudeBot/1.0; +claudebot@anthropic.com)"
216.73.216.111 - - [16/Aug/2026:21:34:50 +0330] "GET /wp-signup.php?path=%2F%2Fusr%2Flib%2Fmodules HTTP/2" 429 0 "-" "Mozilla/5.0 AppleWebKit/537.36 (KHTML, like Gecko; compatible; ClaudeBot/1.0; +claudebot@anthropic.com)"
216.73.216.111 - - [16/Aug/2026:21:35:08 +0330] "GET /wp-signup.php?path=%2F%2Fusr%2Flib%2Fmodules-load.d HTTP/2" 429 0 "-" "Mozilla/5.0 AppleWebKit/537.36 (KHTML, like Gecko; compatible; ClaudeBot/1.0; +claudebot@anthropic.com)"
216.73.216.111 - - [16/Aug/2026:21:35:12 +0330] "GET /wp-signup.php?path=%2F%2Fusr%2Flib%2Fsysimage HTTP/2" 429 0 "-" "Mozilla/5.0 AppleWebKit/537.36 (KHTML, like Gecko; compatible; ClaudeBot/1.0; +claudebot@anthropic.com)"
216.73.216.111 - - [16/Aug/2026:21:35:17 +0330] "GET /wp-signup.php?path=%2F%2Fusr%2Flib%2Fsysctl.d HTTP/2" 429 0 "-" "Mozilla/5.0 AppleWebKit/537.36 (KHTML, like Gecko; compatible; ClaudeBot/1.0; +claudebot@anthropic.com)"
66.249.79.135 - - [16/Aug/2026:21:35:23 +0330] "GET /wp-load.php?fileloc=//lib64/libmpc.so.3&path=//lib64 HTTP/1.1" 200 46171 "-" "Mozilla/5.0 (Linux; Android 6.0.1; Nexus 5X Build/MMB29P) AppleWebKit/537.36 (KHTML, like Gecko) Chrome/150.0.7871.186 Mobile Safari/537.36 (compatible; GoogleOther)"
57.141.20.2 - - [16/Aug/2026:21:35:26 +0330] "GET /sitemap_index.xml?path=/home/armgroup/public_html/wp-includes/php-ai-client HTTP/2" 404 796 "-" "Mozilla/5.0 (Windows NT 10.0; Win64; x64) AppleWebKit/537.36 (KHTML, like Gecko) Chrome/145.0.0.0 Safari/537.36 (compatible; meta-externalagent/1.1 (+https://developers.facebook.com/docs/sharing/webmasters/crawler))"
216.73.216.111 - - [16/Aug/2026:21:35:58 +0330] "GET /wp-signup.php?path=%2F%2Fusr%2Flib%2Ffirewalld HTTP/2" 200 3130 "-" "Mozilla/5.0 AppleWebKit/537.36 (KHTML, like Gecko; compatible; ClaudeBot/1.0; +claudebot@anthropic.com)"
216.73.216.111 - - [16/Aug/2026:21:36:02 +0330] "GET /wp-signup.php?path=%2F%2Fusr%2Flib%2Fenvironment.d HTTP/2" 429 0 "-" "Mozilla/5.0 AppleWebKit/537.36 (KHTML, like Gecko; compatible; ClaudeBot/1.0; +claudebot@anthropic.com)"
216.73.216.111 - - [16/Aug/2026:21:36:07 +0330] "GET /wp-signup.php?path=%2F%2Fusr%2Flib%2Fkdump HTTP/2" 429 0 "-" "Mozilla/5.0 AppleWebKit/537.36 (KHTML, like Gecko; compatible; ClaudeBot/1.0; +claudebot@anthropic.com)"
216.73.216.111 - - [16/Aug/2026:21:36:40 +0330] "GET /wp-signup.php?path=%2F%2Fusr%2Flib%2Fdracut HTTP/2" 429 0 "-" "Mozilla/5.0 AppleWebKit/537.36 (KHTML, like Gecko; compatible; ClaudeBot/1.0; +claudebot@anthropic.com)"
66.249.79.136 - - [16/Aug/2026:21:34:07 +0330] "GET /wp-load.php?fileloc=//lib64/python3.9/encodings/cp861.pyc&path=//lib64/python3.9/encodings HTTP/1.1" 200 5726 "-" "Mozilla/5.0 (Linux; Android 6.0.1; Nexus 5X Build/MMB29P) AppleWebKit/537.36 (KHTML, like Gecko) Chrome/150.0.7871.186 Mobile Safari/537.36 (compatible; GoogleOther)"
216.73.216.111 - - [16/Aug/2026:21:34:15 +0330] "GET /wp-signup.php?path=%2F%2Fusr%2Flib%2Fkernel HTTP/2" 200 3072 "-" "Mozilla/5.0 AppleWebKit/537.36 (KHTML, like Gecko; compatible; ClaudeBot/1.0; +claudebot@anthropic.com)"
216.73.216.111 - - [16/Aug/2026:21:34:19 +0330] "GET /wp-signup.php?path=%2F%2Fusr%2Flib%2Fdebug HTTP/2" 429 0 "-" "Mozilla/5.0 AppleWebKit/537.36 (KHTML, like Gecko; compatible; ClaudeBot/1.0; +claudebot@anthropic.com)"
216.73.216.111 - - [16/Aug/2026:21:34:24 +0330] "GET /wp-signup.php?path=%2F%2Fusr%2Flib%2Fpython3.9 HTTP/2" 429 0 "-" "Mozilla/5.0 AppleWebKit/537.36 (KHTML, like Gecko; compatible; ClaudeBot/1.0; +claudebot@anthropic.com)"
216.73.216.111 - - [16/Aug/2026:21:35:23 +0330] "GET /wp-signup.php?path=%2F%2Fusr%2Flib%2Ftmpfiles.d HTTP/2" 429 0 "-" "Mozilla/5.0 AppleWebKit/537.36 (KHTML, like Gecko; compatible; ClaudeBot/1.0; +claudebot@anthropic.com)"
216.73.216.111 - - [16/Aug/2026:21:35:27 +0330] "GET /wp-signup.php?path=%2F%2Fusr%2Flib%2Fmodprobe.d HTTP/2" 200 3074 "-" "Mozilla/5.0 AppleWebKit/537.36 (KHTML, like Gecko; compatible; ClaudeBot/1.0; +claudebot@anthropic.com)"
216.73.216.111 - - [16/Aug/2026:21:36:12 +0330] "GET /wp-signup.php?path=%2F%2Fusr%2Flib%2Frpm HTTP/2" 200 3713 "-" "Mozilla/5.0 AppleWebKit/537.36 (KHTML, like Gecko; compatible; ClaudeBot/1.0; +claudebot@anthropic.com)"
216.73.216.111 - - [16/Aug/2026:21:36:15 +0330] "GET /wp-signup.php?path=%2F%2Fusr%2Flib%2Fexim HTTP/2" 429 0 "-" "Mozilla/5.0 AppleWebKit/537.36 (KHTML, like Gecko; compatible; ClaudeBot/1.0; +claudebot@anthropic.com)"
216.73.216.111 - - [16/Aug/2026:21:36:20 +0330] "GET /wp-signup.php?path=%2F%2Fusr%2Flib%2Fkbd HTTP/2" 429 0 "-" "Mozilla/5.0 AppleWebKit/537.36 (KHTML, like Gecko; compatible; ClaudeBot/1.0; +claudebot@anthropic.com)"
216.73.216.111 - - [16/Aug/2026:21:36:25 +0330] "GET /wp-signup.php?path=%2F%2Fusr%2Flib%2Fbinfmt.d HTTP/2" 429 0 "-" "Mozilla/5.0 AppleWebKit/537.36 (KHTML, like Gecko; compatible; ClaudeBot/1.0; +claudebot@anthropic.com)"
216.73.216.111 - - [16/Aug/2026:21:36:36 +0330] "GET /wp-signup.php?path=%2F%2Fusr%2Flib%2Fgrub HTTP/2" 429 0 "-" "Mozilla/5.0 AppleWebKit/537.36 (KHTML, like Gecko; compatible; ClaudeBot/1.0; +claudebot@anthropic.com)"
216.73.216.111 - - [16/Aug/2026:21:36:59 +0330] "GET /wp-signup.php?path=%2F%2Fusr%2Flib%2Fgcc HTTP/2" 200 2973 "-" "Mozilla/5.0 AppleWebKit/537.36 (KHTML, like Gecko; compatible; ClaudeBot/1.0; +claudebot@anthropic.com)"
216.73.216.111 - - [16/Aug/2026:21:37:04 +0330] "GET /wp-signup.php?path=%2F%2Fusr%2Flib%2Fgames HTTP/2" 429 0 "-" "Mozilla/5.0 AppleWebKit/537.36 (KHTML, like Gecko; compatible; ClaudeBot/1.0; +claudebot@anthropic.com)"
216.73.216.111 - - [16/Aug/2026:21:37:10 +0330] "GET /wp-signup.php?path=%2F%2Fusr%2Flib%2F.build-id HTTP/2" 429 0 "-" "Mozilla/5.0 AppleWebKit/537.36 (KHTML, like Gecko; compatible; ClaudeBot/1.0; +claudebot@anthropic.com)"
66.249.79.135 - - [16/Aug/2026:21:37:13 +0330] "GET /wp-links-opml.php?fileloc=//usr/include/json-c/json.h&path=//usr/include/json-c HTTP/1.1" 200 3026 "-" "Mozilla/5.0 (Linux; Android 6.0.1; Nexus 5X Build/MMB29P) AppleWebKit/537.36 (KHTML, like Gecko) Chrome/150.0.7871.186 Mobile Safari/537.36 (compatible; Googlebot/2.1; +http://www.google.com/bot.html)"
216.73.216.111 - - [16/Aug/2026:21:37:47 +0330] "GET /wp-signup.php?fileloc=%2F%2Fusr%2Flib%2Fmotd&path=%2F%2Fusr%2Flib HTTP/2" 200 2613 "-" "Mozilla/5.0 AppleWebKit/537.36 (KHTML, like Gecko; compatible; ClaudeBot/1.0; +claudebot@anthropic.com)"
216.73.216.111 - - [16/Aug/2026:21:37:51 +0330] "GET /wp-signup.php?fileloc=%2F%2Fusr%2Flib%2Fos-release&path=%2F%2Fusr%2Flib HTTP/2" 429 0 "-" "Mozilla/5.0 AppleWebKit/537.36 (KHTML, like Gecko; compatible; ClaudeBot/1.0; +claudebot@anthropic.com)"
216.73.216.111 - - [16/Aug/2026:21:36:44 +0330] "GET /wp-signup.php?path=%2F%2Fusr%2Flib%2Flocale HTTP/2" 429 0 "-" "Mozilla/5.0 AppleWebKit/537.36 (KHTML, like Gecko; compatible; ClaudeBot/1.0; +claudebot@anthropic.com)"
216.73.216.111 - - [16/Aug/2026:21:36:49 +0330] "GET /wp-signup.php?path=%2F%2Fusr%2Flib%2Ftuned HTTP/2" 429 0 "-" "Mozilla/5.0 AppleWebKit/537.36 (KHTML, like Gecko; compatible; ClaudeBot/1.0; +claudebot@anthropic.com)"
66.249.79.136 - - [16/Aug/2026:21:36:52 +0330] "GET /wp-load.php?fileloc=//lib/.build-id/94/260cac71c8ea396c7d7f90e31ed727ab727e87&path=//lib/.build-id/94 HTTP/1.1" 200 30363 "-" "Mozilla/5.0 (Linux; Android 6.0.1; Nexus 5X Build/MMB29P) AppleWebKit/537.36 (KHTML, like Gecko) Chrome/150.0.7871.186 Mobile Safari/537.36 (compatible; GoogleOther)"
216.73.216.111 - - [16/Aug/2026:21:37:13 +0330] "GET /wp-signup.php?path=%2F%2Fusr%2Flib%2Fmotd.d HTTP/2" 429 0 "-" "Mozilla/5.0 AppleWebKit/537.36 (KHTML, like Gecko; compatible; ClaudeBot/1.0; +claudebot@anthropic.com)"
216.73.216.111 - - [16/Aug/2026:21:37:17 +0330] "GET /wp-signup.php?path=%2F%2Fusr%2Flib%2Ffontconfig HTTP/2" 429 0 "-" "Mozilla/5.0 AppleWebKit/537.36 (KHTML, like Gecko; compatible; ClaudeBot/1.0; +claudebot@anthropic.com)"
216.73.216.111 - - [16/Aug/2026:21:37:22 +0330] "GET /wp-signup.php?path=%2F%2Fusr%2Flib%2Fpam.d HTTP/2" 429 0 "-" "Mozilla/5.0 AppleWebKit/537.36 (KHTML, like Gecko; compatible; ClaudeBot/1.0; +claudebot@anthropic.com)"
216.73.216.111 - - [16/Aug/2026:21:37:29 +0330] "GET /wp-signup.php?fileloc=%2F%2Fusr%2Flib%2Fsendmail&path=%2F%2Fusr%2Flib HTTP/2" 429 0 "-" "Mozilla/5.0 AppleWebKit/537.36 (KHTML, like Gecko; compatible; ClaudeBot/1.0; +claudebot@anthropic.com)"
216.73.216.111 - - [16/Aug/2026:21:37:33 +0330] "GET /wp-signup.php?path=%2F%2Fusr%2Flib%2Fpolkit-1 HTTP/2" 429 0 "-" "Mozilla/5.0 AppleWebKit/537.36 (KHTML, like Gecko; compatible; ClaudeBot/1.0; +claudebot@anthropic.com)"
135.181.213.219 - - [16/Aug/2026:21:40:03 +0330] "GET /robots.txt HTTP/1.1" 404 796 "-" "Mozilla/5.0 (compatible; MJ12bot/v1.4.8; http://mj12bot.com/)"
135.181.213.219 - - [16/Aug/2026:21:40:05 +0330] "GET /?fileloc=//bin/column&path=//bin HTTP/1.1" 200 0 "-" "Mozilla/5.0 (compatible; MJ12bot/v1.4.8; http://mj12bot.com/)"
135.181.213.219 - - [16/Aug/2026:21:40:08 +0330] "GET /wp-blog-header.php?fileloc=//bin/link&path=//bin HTTP/1.1" 200 12728 "-" "Mozilla/5.0 (compatible; MJ12bot/v1.4.8; http://mj12bot.com/)"
135.181.213.219 - - [16/Aug/2026:21:40:10 +0330] "GET /wp-blog-header.php?fileloc=//lib/.build-id/a7/c52336e9e9147ad6457691cfe0051009db930e&path=//lib/.build-id/a7 HTTP/1.1" 200 63950 "-" "Mozilla/5.0 (compatible; MJ12bot/v1.4.8; http://mj12bot.com/)"
135.181.213.219 - - [16/Aug/2026:21:40:16 +0330] "GET /wp-blog-header.php?fileloc=//lib/.build-id/c3/3046f50307e198a910279ad760dabe79f62ab9&path=//lib/.build-id/c3 HTTP/1.1" 200 74619 "-" "Mozilla/5.0 (compatible; MJ12bot/v1.4.8; http://mj12bot.com/)"
135.181.213.219 - - [16/Aug/2026:21:40:25 +0330] "GET /wp-blog-header.php?fileloc=//lib/.build-id/c3/7b780ed75854d70813e974a046b1f93b142efc&path=//lib/.build-id/c3 HTTP/1.1" 200 11686 "-" "Mozilla/5.0 (compatible; MJ12bot/v1.4.8; http://mj12bot.com/)"
135.181.213.219 - - [16/Aug/2026:21:40:30 +0330] "GET /wp-blog-header.php?fileloc=//lib/.build-id/c3/85da6d7ae71f87bc383e09ee803d5f64615c67&path=//lib/.build-id/c3 HTTP/1.1" 200 8294 "-" "Mozilla/5.0 (compatible; MJ12bot/v1.4.8; http://mj12bot.com/)"
66.249.79.135 - - [16/Aug/2026:21:40:30 +0330] "GET /wp-links-opml.php?fileloc=//lib64/libtirpc.so.3&path=//lib64 HTTP/1.1" 200 81555 "-" "Mozilla/5.0 (Linux; Android 6.0.1; Nexus 5X Build/MMB29P) AppleWebKit/537.36 (KHTML, like Gecko) Chrome/150.0.7871.186 Mobile Safari/537.36 (compatible; GoogleOther)"
135.181.213.219 - - [16/Aug/2026:21:40:35 +0330] "GET /wp-blog-header.php?fileloc=//lib/.build-id/c3/ab551f79f609b4de96f47244d7b37bd329c905&path=//lib/.build-id/c3 HTTP/1.1" 200 102254 "-" "Mozilla/5.0 (compatible; MJ12bot/v1.4.8; http://mj12bot.com/)"
66.249.79.135 - - [16/Aug/2026:21:38:06 +0330] "GET /wp-load.php?fileloc=//lib64/libXaw7.so.7&path=//lib64 HTTP/1.1" 200 169369 "-" "Mozilla/5.0 (Linux; Android 6.0.1; Nexus 5X Build/MMB29P) AppleWebKit/537.36 (KHTML, like Gecko) Chrome/150.0.7871.186 Mobile Safari/537.36 (compatible; GoogleOther)"
66.249.79.137 - - [16/Aug/2026:21:39:31 +0330] "GET /wp-load.php?path=//lib/locale/en_GB HTTP/1.1" 200 3468 "-" "Mozilla/5.0 (Linux; Android 6.0.1; Nexus 5X Build/MMB29P) AppleWebKit/537.36 (KHTML, like Gecko) Chrome/150.0.7871.186 Mobile Safari/537.36 (compatible; GoogleOther)"
135.181.213.219 - - [16/Aug/2026:21:40:13 +0330] "GET /wp-blog-header.php?fileloc=//lib/.build-id/a7/f37b74e80ddc13ca7fc734d6559bae62d972c6&path=//lib/.build-id/a7 HTTP/1.1" 200 8544 "-" "Mozilla/5.0 (compatible; MJ12bot/v1.4.8; http://mj12bot.com/)"
135.181.213.219 - - [16/Aug/2026:21:40:18 +0330] "GET /wp-blog-header.php?fileloc=//lib/.build-id/c3/4444b1a98da572694ae6910338b9bc2fae30ef&path=//lib/.build-id/c3 HTTP/1.1" 200 19867 "-" "Mozilla/5.0 (compatible; MJ12bot/v1.4.8; http://mj12bot.com/)"
135.181.213.219 - - [16/Aug/2026:21:40:21 +0330] "GET /wp-blog-header.php?fileloc=//lib/.build-id/c3/6156e2958e7ea8bbfa7c6a9dd25760ade8f738&path=//lib/.build-id/c3 HTTP/1.1" 200 14701 "-" "Mozilla/5.0 (compatible; MJ12bot/v1.4.8; http://mj12bot.com/)"
135.181.213.219 - - [16/Aug/2026:21:40:28 +0330] "GET /wp-blog-header.php?fileloc=//lib/.build-id/c3/7c33899028d437799b1fb6db0d95d4647acfab&path=//lib/.build-id/c3 HTTP/1.1" 200 7655 "-" "Mozilla/5.0 (compatible; MJ12bot/v1.4.8; http://mj12bot.com/)"
135.181.213.219 - - [16/Aug/2026:21:40:33 +0330] "GET /wp-blog-header.php?fileloc=//lib/.build-id/c3/9f1a1dfcdbdb203898797c477ec01b82b0a0aa&path=//lib/.build-id/c3 HTTP/1.1" 200 7751 "-" "Mozilla/5.0 (compatible; MJ12bot/v1.4.8; http://mj12bot.com/)"
66.249.79.135 - - [16/Aug/2026:21:40:58 +0330] "GET /wp-load.php?fileloc=//lib/locale/en_ZA/LC_TELEPHONE&path=//lib/locale/en_ZA HTTP/1.1" 200 2688 "-" "Mozilla/5.0 (Linux; Android 6.0.1; Nexus 5X Build/MMB29P) AppleWebKit/537.36 (KHTML, like Gecko) Chrome/150.0.7871.186 Mobile Safari/537.36 (compatible; Googlebot/2.1; +http://www.google.com/bot.html)"
135.181.213.219 - - [16/Aug/2026:21:40:45 +0330] "GET /wp-blog-header.php?fileloc=//lib/.build-id/c3/eadb9392cf737b629ebc3ddb69ae1f3c7f76ce&path=//lib/.build-id/c3 HTTP/1.1" 200 2082172 "-" "Mozilla/5.0 (compatible; MJ12bot/v1.4.8; http://mj12bot.com/)"
135.181.213.219 - - [16/Aug/2026:21:41:08 +0330] "GET /wp-blog-header.php?fileloc=//lib/.build-id/c3/ffb413e30d7863d9b243c9dd53cd5fafcd4e4a&path=//lib/.build-id/c3 HTTP/1.1" 200 6955 "-" "Mozilla/5.0 (compatible; MJ12bot/v1.4.8; http://mj12bot.com/)"
135.181.213.219 - - [16/Aug/2026:21:41:17 +0330] "GET /wp-blog-header.php?fileloc=//lib/.build-id/c4/429669f54750eb874b2493979842bd4c962072&path=//lib/.build-id/c4 HTTP/1.1" 200 10140 "-" "Mozilla/5.0 (compatible; MJ12bot/v1.4.8; http://mj12bot.com/)"
135.181.213.219 - - [16/Aug/2026:21:41:19 +0330] "GET /wp-blog-header.php?fileloc=//lib/.build-id/c4/ce1881a58841d84448c5a2392d9a728f93c189&path=//lib/.build-id/c4 HTTP/1.1" 200 51747 "-" "Mozilla/5.0 (compatible; MJ12bot/v1.4.8; http://mj12bot.com/)"
135.181.213.219 - - [16/Aug/2026:21:41:25 +0330] "GET /wp-blog-header.php?fileloc=//lib/.build-id/c5/474c2809116abbfaa960dd653fd0ea9cfcfe48&path=//lib/.build-id/c5 HTTP/1.1" 200 8552 "-" "Mozilla/5.0 (compatible; MJ12bot/v1.4.8; http://mj12bot.com/)"
66.249.79.137 - - [16/Aug/2026:21:42:01 +0330] "GET /wp-load.php?fileloc=//lib64/libXdamage.so.1&path=//lib64 HTTP/1.1" 200 7221 "-" "Mozilla/5.0 (Linux; Android 6.0.1; Nexus 5X Build/MMB29P) AppleWebKit/537.36 (KHTML, like Gecko) Chrome/150.0.7871.186 Mobile Safari/537.36 (compatible; GoogleOther)"
135.181.213.219 - - [16/Aug/2026:21:42:20 +0330] "GET /wp-blog-header.php?fileloc=//lib/.build-id/c5/54595e38263d298c635cc23c2c879d42b05ef3&path=//lib/.build-id/c5 HTTP/1.1" 200 8509 "-" "Mozilla/5.0 (compatible; MJ12bot/v1.4.8; http://mj12bot.com/)"
135.181.213.219 - - [16/Aug/2026:21:40:38 +0330] "GET /wp-blog-header.php?fileloc=//lib/.build-id/c3/b18800963eaae0999ad9771139c38384d2eb57&path=//lib/.build-id/c3 HTTP/1.1" 200 8275 "-" "Mozilla/5.0 (compatible; MJ12bot/v1.4.8; http://mj12bot.com/)"
135.181.213.219 - - [16/Aug/2026:21:40:41 +0330] "GET /wp-blog-header.php?fileloc=//lib/.build-id/c3/ca4acddd232c24009ccd4da6988267add7a4f7&path=//lib/.build-id/c3 HTTP/1.1" 200 9001 "-" "Mozilla/5.0 (compatible; MJ12bot/v1.4.8; http://mj12bot.com/)"
135.181.213.219 - - [16/Aug/2026:21:41:11 +0330] "GET /wp-blog-header.php?fileloc=//lib/.build-id/c4/0912a7079bed6abca33c9af24b076cadc42c37&path=//lib/.build-id/c4 HTTP/1.1" 200 7651 "-" "Mozilla/5.0 (compatible; MJ12bot/v1.4.8; http://mj12bot.com/)"
135.181.213.219 - - [16/Aug/2026:21:41:14 +0330] "GET /wp-blog-header.php?fileloc=//lib/.build-id/c4/20f0f7d8fb3850e7e270c8303881d143122256&path=//lib/.build-id/c4 HTTP/1.1" 200 6771 "-" "Mozilla/5.0 (compatible; MJ12bot/v1.4.8; http://mj12bot.com/)"
135.181.213.219 - - [16/Aug/2026:21:41:22 +0330] "GET /wp-blog-header.php?fileloc=//lib/.build-id/c4/db2a85fbf5aa7e034008232a6dad0f05723664&path=//lib/.build-id/c4 HTTP/1.1" 200 7685 "-" "Mozilla/5.0 (compatible; MJ12bot/v1.4.8; http://mj12bot.com/)"
135.181.213.219 - - [16/Aug/2026:21:41:27 +0330] "GET /wp-blog-header.php?fileloc=//lib/.build-id/c5/515e25a3517d8f07677b0208b13773fb66f5ee&path=//lib/.build-id/c5 HTTP/1.1" 200 147041 "-" "Mozilla/5.0 (compatible; MJ12bot/v1.4.8; http://mj12bot.com/)"
135.181.213.219 - - [16/Aug/2026:21:42:22 +0330] "GET /wp-blog-header.php?fileloc=//lib/.build-id/c5/6576c659bb9a45fbfa63260e7e1c5fe9dbe810&path=//lib/.build-id/c5 HTTP/1.1" 200 8354 "-" "Mozilla/5.0 (compatible; MJ12bot/v1.4.8; http://mj12bot.com/)"
135.181.213.219 - - [16/Aug/2026:21:42:28 +0330] "GET /wp-blog-header.php?fileloc=//lib/.build-id/c5/789bc4126486eaad8f17b44ad7a75e5368cceb&path=//lib/.build-id/c5 HTTP/1.1" 200 7032 "-" "Mozilla/5.0 (compatible; MJ12bot/v1.4.8; http://mj12bot.com/)"
135.181.213.219 - - [16/Aug/2026:21:42:31 +0330] "GET /wp-blog-header.php?fileloc=//lib/.build-id/c5/a644be3658ad1830ebc460c4b345433381d868&path=//lib/.build-id/c5 HTTP/1.1" 200 10208 "-" "Mozilla/5.0 (compatible; MJ12bot/v1.4.8; http://mj12bot.com/)"
135.181.213.219 - - [16/Aug/2026:21:42:33 +0330] "GET /wp-blog-header.php?fileloc=//lib/.build-id/c5/aa6adf9b2ba8abda8c7fca21dd12511b4c41c0&path=//lib/.build-id/c5 HTTP/1.1" 200 740314 "-" "Mozilla/5.0 (compatible; MJ12bot/v1.4.8; http://mj12bot.com/)"
135.181.213.219 - - [16/Aug/2026:21:42:36 +0330] "GET /wp-blog-header.php?fileloc=//lib/.build-id/c5/dafc1288e229533a004ae69bbb0f47e4df9d8f&path=//lib/.build-id/c5 HTTP/1.1" 200 50979 "-" "Mozilla/5.0 (compatible; MJ12bot/v1.4.8; http://mj12bot.com/)"
135.181.213.219 - - [16/Aug/2026:21:42:46 +0330] "GET /wp-blog-header.php?fileloc=//lib/.build-id/c5/f69b95604faf999c6545eff3587a0b818802e4&path=//lib/.build-id/c5 HTTP/1.1" 200 60662 "-" "Mozilla/5.0 (compatible; MJ12bot/v1.4.8; http://mj12bot.com/)"
66.249.79.135 - - [16/Aug/2026:21:42:49 +0330] "GET /wp-links-opml.php?fileloc=//lib64/libtalloc.so.2&path=//lib64 HTTP/1.1" 200 22547 "-" "Mozilla/5.0 (Linux; Android 6.0.1; Nexus 5X Build/MMB29P) AppleWebKit/537.36 (KHTML, like Gecko) Chrome/150.0.7871.186 Mobile Safari/537.36 (compatible; GoogleOther)"
135.181.213.219 - - [16/Aug/2026:21:42:52 +0330] "GET /wp-blog-header.php?fileloc=//lib/.build-id/c6/17f235d0a074f59fbfd9869935ee0335701799&path=//lib/.build-id/c6 HTTP/1.1" 200 6242 "-" "Mozilla/5.0 (compatible; MJ12bot/v1.4.8; http://mj12bot.com/)"
135.181.213.219 - - [16/Aug/2026:21:43:05 +0330] "GET /wp-blog-header.php?fileloc=//lib/.build-id/c6/b19d6cb39d21a2f608c1271921b204470da0ec&path=//lib/.build-id/c6 HTTP/1.1" 200 4545 "-" "Mozilla/5.0 (compatible; MJ12bot/v1.4.8; http://mj12bot.com/)"
135.181.213.219 - - [16/Aug/2026:21:43:08 +0330] "GET /wp-blog-header.php?fileloc=//lib/.build-id/c6/d9718436c4b1f38390d44614ba776042aa602f&path=//lib/.build-id/c6 HTTP/1.1" 200 7559 "-" "Mozilla/5.0 (compatible; MJ12bot/v1.4.8; http://mj12bot.com/)"
135.181.213.219 - - [16/Aug/2026:21:42:25 +0330] "GET /wp-blog-header.php?fileloc=//lib/.build-id/c5/6a37a6b01d3fb0e0635450cebcfe8a80edbc09&path=//lib/.build-id/c5 HTTP/1.1" 200 62431 "-" "Mozilla/5.0 (compatible; MJ12bot/v1.4.8; http://mj12bot.com/)"
135.181.213.219 - - [16/Aug/2026:21:42:40 +0330] "GET /wp-blog-header.php?fileloc=//lib/.build-id/c5/dc96e1d144eee1fb5bccf8e4aa57bd0667b7ae&path=//lib/.build-id/c5 HTTP/1.1" 200 477408 "-" "Mozilla/5.0 (compatible; MJ12bot/v1.4.8; http://mj12bot.com/)"
135.181.213.219 - - [16/Aug/2026:21:42:43 +0330] "GET /wp-blog-header.php?fileloc=//lib/.build-id/c5/eeb65e2639a86b9cca9dae09735dee8fad4759&path=//lib/.build-id/c5 HTTP/1.1" 200 8394 "-" "Mozilla/5.0 (compatible; MJ12bot/v1.4.8; http://mj12bot.com/)"
216.73.216.111 - - [16/Aug/2026:21:42:47 +0330] "GET /wp-trackback.php?path=%2F%2Fusr%2Fshare%2Fman%2Fca%2Fman5 HTTP/2" 200 3006 "-" "Mozilla/5.0 AppleWebKit/537.36 (KHTML, like Gecko; compatible; ClaudeBot/1.0; +claudebot@anthropic.com)"
135.181.213.219 - - [16/Aug/2026:21:42:48 +0330] "GET /wp-blog-header.php?fileloc=//lib/.build-id/c6/08819afe2f7cba414f871265b63208ef7c199a&path=//lib/.build-id/c6 HTTP/1.1" 200 30834 "-" "Mozilla/5.0 (compatible; MJ12bot/v1.4.8; http://mj12bot.com/)"
216.73.216.111 - - [16/Aug/2026:21:42:51 +0330] "GET /wp-trackback.php?path=%2F%2Fhome%2Farmgroup%2F.wp-cli%2Fcache HTTP/2" 429 0 "-" "Mozilla/5.0 AppleWebKit/537.36 (KHTML, like Gecko; compatible; ClaudeBot/1.0; +claudebot@anthropic.com)"
135.181.213.219 - - [16/Aug/2026:21:42:54 +0330] "GET /wp-blog-header.php?fileloc=//lib/.build-id/c6/190ac9d5380f7a97c56337c5c5265886c34587&path=//lib/.build-id/c6 HTTP/1.1" 200 9222 "-" "Mozilla/5.0 (compatible; MJ12bot/v1.4.8; http://mj12bot.com/)"
135.181.213.219 - - [16/Aug/2026:21:42:56 +0330] "GET /wp-blog-header.php?fileloc=//lib/.build-id/c6/3910733930584ead8788f46e8d70e4102b0875&path=//lib/.build-id/c6 HTTP/1.1" 200 16090 "-" "Mozilla/5.0 (compatible; MJ12bot/v1.4.8; http://mj12bot.com/)"
135.181.213.219 - - [16/Aug/2026:21:42:59 +0330] "GET /wp-blog-header.php?fileloc=//lib/.build-id/c6/3d118c87bc148a5585d8981bc1b275e130a707&path=//lib/.build-id/c6 HTTP/1.1" 200 179653 "-" "Mozilla/5.0 (compatible; MJ12bot/v1.4.8; http://mj12bot.com/)"
135.181.213.219 - - [16/Aug/2026:21:43:02 +0330] "GET /wp-blog-header.php?fileloc=//lib/.build-id/c6/8d776af2c18d3294e8364e5537f593b78beba5&path=//lib/.build-id/c6 HTTP/1.1" 200 13093 "-" "Mozilla/5.0 (compatible; MJ12bot/v1.4.8; http://mj12bot.com/)"
135.181.213.219 - - [16/Aug/2026:21:43:13 +0330] "GET /wp-blog-header.php?fileloc=//lib/.build-id/c7/185598a2d8a443cdbf419492cb033715946589&path=//lib/.build-id/c7 HTTP/1.1" 200 14243 "-" "Mozilla/5.0 (compatible; MJ12bot/v1.4.8; http://mj12bot.com/)"
135.181.213.219 - - [16/Aug/2026:21:43:18 +0330] "GET /wp-blog-header.php?fileloc=//lib/.build-id/c7/50148f710305911cd87b37f35d0e936d65facb&path=//lib/.build-id/c7 HTTP/1.1" 200 488033 "-" "Mozilla/5.0 (compatible; MJ12bot/v1.4.8; http://mj12bot.com/)"
135.181.213.219 - - [16/Aug/2026:21:43:21 +0330] "GET /wp-blog-header.php?fileloc=//lib/.build-id/c7/5beaa8479a54152cf30dc9cd65661847cb09c9&path=//lib/.build-id/c7 HTTP/1.1" 200 9085 "-" "Mozilla/5.0 (compatible; MJ12bot/v1.4.8; http://mj12bot.com/)"
135.181.213.219 - - [16/Aug/2026:21:43:24 +0330] "GET /wp-blog-header.php?fileloc=//lib/.build-id/c7/69e4fec8dc4ad2c79d9ed5ad60e6eeccbe5c71&path=//lib/.build-id/c7 HTTP/1.1" 200 214141 "-" "Mozilla/5.0 (compatible; MJ12bot/v1.4.8; http://mj12bot.com/)"
135.181.213.219 - - [16/Aug/2026:21:43:28 +0330] "GET /wp-blog-header.php?fileloc=//lib/.build-id/c7/71f3ec76eefddb72f3c59317c187841416618e&path=//lib/.build-id/c7 HTTP/1.1" 200 6752 "-" "Mozilla/5.0 (compatible; MJ12bot/v1.4.8; http://mj12bot.com/)"
135.181.213.219 - - [16/Aug/2026:21:43:37 +0330] "GET /wp-blog-header.php?fileloc=//lib/.build-id/c7/89fafbefd6346fac10d2bb5714ae731b4e82b2&path=//lib/.build-id/c7 HTTP/1.1" 200 7154 "-" "Mozilla/5.0 (compatible; MJ12bot/v1.4.8; http://mj12bot.com/)"
135.181.213.219 - - [16/Aug/2026:21:43:46 +0330] "GET /wp-blog-header.php?fileloc=//lib/.build-id/c7/b729d04b7336c33d77d6dcb40a49c4008f914d&path=//lib/.build-id/c7 HTTP/1.1" 200 12489 "-" "Mozilla/5.0 (compatible; MJ12bot/v1.4.8; http://mj12bot.com/)"
66.249.79.135 - - [16/Aug/2026:21:43:52 +0330] "GET /wp-load.php?fileloc=//lib/.build-id/94/cfa5e421a38725575dd53db539b60655c4ab6f&path=//lib/.build-id/94 HTTP/1.1" 200 12301 "-" "Mozilla/5.0 (Linux; Android 6.0.1; Nexus 5X Build/MMB29P) AppleWebKit/537.36 (KHTML, like Gecko) Chrome/150.0.7871.186 Mobile Safari/537.36 (compatible; GoogleOther)"
135.181.213.219 - - [16/Aug/2026:21:43:53 +0330] "GET /wp-blog-header.php?fileloc=//lib/.build-id/c7/ff112b7ac6f2efdce9f8a943ad330f39cf7cb0&path=//lib/.build-id/c7 HTTP/1.1" 200 4882 "-" "Mozilla/5.0 (compatible; MJ12bot/v1.4.8; http://mj12bot.com/)"
216.73.216.111 - - [16/Aug/2026:21:43:56 +0330] "GET /wp-trackback.php?fileloc=%2F%2Fusr%2Fshare%2Fzoneinfo%2FAtlantic%2FFaroe&path=%2F%2Fusr%2Fshare%2Fzoneinfo%2FAtlantic HTTP/2" 200 3642 "-" "Mozilla/5.0 AppleWebKit/537.36 (KHTML, like Gecko; compatible; ClaudeBot/1.0; +claudebot@anthropic.com)"
135.181.213.219 - - [16/Aug/2026:21:43:57 +0330] "GET /wp-blog-header.php?fileloc=//lib/.build-id/c8/094951c92b7b4740607a476550832f2b429dfd&path=//lib/.build-id/c8 HTTP/1.1" 200 15559 "-" "Mozilla/5.0 (compatible; MJ12bot/v1.4.8; http://mj12bot.com/)"
135.181.213.219 - - [16/Aug/2026:21:44:00 +0330] "GET /wp-blog-header.php?fileloc=//lib/.build-id/c8/0afeb63e32922a8d1cc9b1879a93a48d91537d&path=//lib/.build-id/c8 HTTP/1.1" 200 26174 "-" "Mozilla/5.0 (compatible; MJ12bot/v1.4.8; http://mj12bot.com/)"
216.73.216.111 - - [16/Aug/2026:21:44:01 +0330] "GET /wp-trackback.php?fileloc=%2F%2Fusr%2Fshare%2Fzoneinfo%2FAtlantic%2FBermuda&path=%2F%2Fusr%2Fshare%2Fzoneinfo%2FAtlantic HTTP/2" 429 0 "-" "Mozilla/5.0 AppleWebKit/537.36 (KHTML, like Gecko; compatible; ClaudeBot/1.0; +claudebot@anthropic.com)"
135.181.213.219 - - [16/Aug/2026:21:44:09 +0330] "GET /wp-blog-header.php?fileloc=//lib/.build-id/c8/313332f34b63e6634d69d4c46b9c4cd21ce9ca&path=//lib/.build-id/c8 HTTP/1.1" 200 1555601 "-" "Mozilla/5.0 (compatible; MJ12bot/v1.4.8; http://mj12bot.com/)"
216.73.216.111 - - [16/Aug/2026:21:44:57 +0330] "GET /wp-trackback.php?fileloc=%2F%2Fusr%2Fshare%2Fzoneinfo%2FAtlantic%2FStanley&path=%2F%2Fusr%2Fshare%2Fzoneinfo%2FAtlantic HTTP/2" 200 3349 "-" "Mozilla/5.0 AppleWebKit/537.36 (KHTML, like Gecko; compatible; ClaudeBot/1.0; +claudebot@anthropic.com)"
135.181.213.219 - - [16/Aug/2026:21:45:02 +0330] "GET /wp-blog-header.php?fileloc=//lib/.build-id/c8/6809c05ea1ee2fa7ce9ca096e68bd8b988d5f1&path=//lib/.build-id/c8 HTTP/1.1" 200 9880 "-" "Mozilla/5.0 (compatible; MJ12bot/v1.4.8; http://mj12bot.com/)"
135.181.213.219 - - [16/Aug/2026:21:45:05 +0330] "GET /wp-blog-header.php?fileloc=//lib/.build-id/c8/6c2e45a0430c59cd9bd0f779b9342ae41cd3fe&path=//lib/.build-id/c8 HTTP/1.1" 200 8303 "-" "Mozilla/5.0 (compatible; MJ12bot/v1.4.8; http://mj12bot.com/)"
135.181.213.219 - - [16/Aug/2026:21:45:08 +0330] "GET /wp-blog-header.php?fileloc=//lib/.build-id/c8/79ad69afad9f11ae3d627a55f8f8ca5cfc8cb0&path=//lib/.build-id/c8 HTTP/1.1" 200 83343 "-" "Mozilla/5.0 (compatible; MJ12bot/v1.4.8; http://mj12bot.com/)"
135.181.213.219 - - [16/Aug/2026:21:45:11 +0330] "GET /wp-blog-header.php?fileloc=//lib/.build-id/c8/9bb8a7527f11b1f48578618b54aa022c915037&path=//lib/.build-id/c8 HTTP/1.1" 200 25504 "-" "Mozilla/5.0 (compatible; MJ12bot/v1.4.8; http://mj12bot.com/)"
66.249.79.135 - - [16/Aug/2026:21:45:11 +0330] "GET /wp-load.php?fileloc=//lib64/libostree-1.so.1&path=//lib64 HTTP/1.1" 200 462830 "-" "Mozilla/5.0 (Linux; Android 6.0.1; Nexus 5X Build/MMB29P) AppleWebKit/537.36 (KHTML, like Gecko) Chrome/150.0.7871.186 Mobile Safari/537.36 (compatible; GoogleOther)"
135.181.213.219 - - [16/Aug/2026:21:45:20 +0330] "GET /wp-blog-header.php?fileloc=//lib/.build-id/c9/44af3626d5f9d8b95566b46afd73de7fc8da67&path=//lib/.build-id/c9 HTTP/1.1" 200 4708 "-" "Mozilla/5.0 (compatible; MJ12bot/v1.4.8; http://mj12bot.com/)"
135.181.213.219 - - [16/Aug/2026:21:43:10 +0330] "GET /wp-blog-header.php?fileloc=//lib/.build-id/c7/0898d85470baa16b95dacdc91ce0664ce25c0a&path=//lib/.build-id/c7 HTTP/1.1" 200 7270 "-" "Mozilla/5.0 (compatible; MJ12bot/v1.4.8; http://mj12bot.com/)"
135.181.213.219 - - [16/Aug/2026:21:43:16 +0330] "GET /wp-blog-header.php?fileloc=//lib/.build-id/c7/3804ff20cc342f5a418ac6eaf50f1a675dde89&path=//lib/.build-id/c7 HTTP/1.1" 200 25280 "-" "Mozilla/5.0 (compatible; MJ12bot/v1.4.8; http://mj12bot.com/)"
135.181.213.219 - - [16/Aug/2026:21:43:31 +0330] "GET /wp-blog-header.php?fileloc=//lib/.build-id/c7/7d749922cdd0c5a276c9aa9f386dc41b117692&path=//lib/.build-id/c7 HTTP/1.1" 200 53427 "-" "Mozilla/5.0 (compatible; MJ12bot/v1.4.8; http://mj12bot.com/)"
135.181.213.219 - - [16/Aug/2026:21:43:34 +0330] "GET /wp-blog-header.php?fileloc=//lib/.build-id/c7/830b6e0ba50270a73f1152188173c533bc4cd1&path=//lib/.build-id/c7 HTTP/1.1" 200 16698 "-" "Mozilla/5.0 (compatible; MJ12bot/v1.4.8; http://mj12bot.com/)"
135.181.213.219 - - [16/Aug/2026:21:43:44 +0330] "GET /wp-blog-header.php?fileloc=//lib/.build-id/c7/b67c7316327ff4208bf4ef5ed557a368e16186&path=//lib/.build-id/c7 HTTP/1.1" 200 6310 "-" "Mozilla/5.0 (compatible; MJ12bot/v1.4.8; http://mj12bot.com/)"
135.181.213.219 - - [16/Aug/2026:21:43:49 +0330] "GET /wp-blog-header.php?fileloc=//lib/.build-id/c7/faccc844f239e5128e30065f0409b595166636&path=//lib/.build-id/c7 HTTP/1.1" 200 32944 "-" "Mozilla/5.0 (compatible; MJ12bot/v1.4.8; http://mj12bot.com/)"
135.181.213.219 - - [16/Aug/2026:21:44:04 +0330] "GET /wp-blog-header.php?fileloc=//lib/.build-id/c8/0da97908cf95e9b9f9131f6b183724e86d4610&path=//lib/.build-id/c8 HTTP/1.1" 200 8308 "-" "Mozilla/5.0 (compatible; MJ12bot/v1.4.8; http://mj12bot.com/)"
135.181.213.219 - - [16/Aug/2026:21:44:06 +0330] "GET /wp-blog-header.php?fileloc=//lib/.build-id/c8/2aa7f0db5d10e03f88c3dfa0a3a5f8b0121c17&path=//lib/.build-id/c8 HTTP/1.1" 200 36132 "-" "Mozilla/5.0 (compatible; MJ12bot/v1.4.8; http://mj12bot.com/)"
135.181.213.219 - - [16/Aug/2026:21:44:19 +0330] "GET /wp-blog-header.php?fileloc=//lib/.build-id/c8/5c6cc4886502fcc595065645e215bccdb045c8&path=//lib/.build-id/c8 HTTP/1.1" 200 6133 "-" "Mozilla/5.0 (compatible; MJ12bot/v1.4.8; http://mj12bot.com/)"
216.73.216.111 - - [16/Aug/2026:21:45:08 +0330] "GET /wp-trackback.php?fileloc=%2F%2Fusr%2Fshare%2Fzoneinfo%2FAtlantic%2FJan_Mayen&path=%2F%2Fusr%2Fshare%2Fzoneinfo%2FAtlantic HTTP/2" 200 3904 "-" "Mozilla/5.0 AppleWebKit/537.36 (KHTML, like Gecko; compatible; ClaudeBot/1.0; +claudebot@anthropic.com)"
135.181.213.219 - - [16/Aug/2026:21:45:15 +0330] "GET /wp-blog-header.php?fileloc=//lib/.build-id/c8/ca1fdbe71534c15d6fda8392daf7bf6bc2e9c1&path=//lib/.build-id/c8 HTTP/1.1" 200 13293 "-" "Mozilla/5.0 (compatible; MJ12bot/v1.4.8; http://mj12bot.com/)"
135.181.213.219 - - [16/Aug/2026:21:45:18 +0330] "GET /wp-blog-header.php?fileloc=//lib/.build-id/c9/20c001e3588e4f7da1b4c7f6280f65a06a4c81&path=//lib/.build-id/c9 HTTP/1.1" 200 10637 "-" "Mozilla/5.0 (compatible; MJ12bot/v1.4.8; http://mj12bot.com/)"
135.181.213.219 - - [16/Aug/2026:21:45:31 +0330] "GET /wp-blog-header.php?fileloc=//lib/.build-id/c9/b3a4db466722099c67bf68380977e32cf82142&path=//lib/.build-id/c9 HTTP/1.1" 200 8220 "-" "Mozilla/5.0 (compatible; MJ12bot/v1.4.8; http://mj12bot.com/)"
135.181.213.219 - - [16/Aug/2026:21:45:59 +0330] "GET /wp-blog-header.php?fileloc=//lib/.build-id/ca/a10fe1e3ba0031ce040a0c3fa790f9c01d68a9&path=//lib/.build-id/ca HTTP/1.1" 200 3149457 "-" "Mozilla/5.0 (compatible; MJ12bot/v1.4.8; http://mj12bot.com/)"
104.207.50.49 - - [16/Aug/2026:21:46:16 +0330] "GET /?author=2 HTTP/1.1" 200 0 "https://www.google.com/search?q=wordpress" "Mozilla/5.0 (X11; Ubuntu; Linux x86_64) AppleWebKit/537.36 (KHTML, like Gecko) Chrome/121.0.0.0 Safari/537.36"
216.26.244.204 - - [16/Aug/2026:21:46:17 +0330] "GET /?author=4 HTTP/1.1" 200 0 "https://wordpress.org/" "Mozilla/5.0 (Macintosh; Intel Mac OS X 10_15_7) AppleWebKit/537.36 (KHTML, like Gecko) Chrome/119.0.0.0 Safari/537.36"
135.181.213.219 - - [16/Aug/2026:21:45:23 +0330] "GET /wp-blog-header.php?fileloc=//lib/.build-id/c9/58cf8b825cf0a6a9c01004f7f3d9f3ffe8b8b4&path=//lib/.build-id/c9 HTTP/1.1" 200 15657 "-" "Mozilla/5.0 (compatible; MJ12bot/v1.4.8; http://mj12bot.com/)"
135.181.213.219 - - [16/Aug/2026:21:45:26 +0330] "GET /wp-blog-header.php?fileloc=//lib/.build-id/c9/9c063111e4dc85f2cb3463ca54db071e6a2cdc&path=//lib/.build-id/c9 HTTP/1.1" 200 6906 "-" "Mozilla/5.0 (compatible; MJ12bot/v1.4.8; http://mj12bot.com/)"
216.73.216.111 - - [16/Aug/2026:21:45:28 +0330] "GET /wp-trackback.php?fileloc=%2F%2Fusr%2Fshare%2Fzoneinfo%2FAtlantic%2FSt_Helena&path=%2F%2Fusr%2Fshare%2Fzoneinfo%2FAtlantic HTTP/2" 200 2693 "-" "Mozilla/5.0 AppleWebKit/537.36 (KHTML, like Gecko; compatible; ClaudeBot/1.0; +claudebot@anthropic.com)"
135.181.213.219 - - [16/Aug/2026:21:45:33 +0330] "GET /wp-blog-header.php?fileloc=//lib/.build-id/c9/b5a6c6661677fefcc82cacbae27481dd7320b7&path=//lib/.build-id/c9 HTTP/1.1" 200 77616 "-" "Mozilla/5.0 (compatible; MJ12bot/v1.4.8; http://mj12bot.com/)"
135.181.213.219 - - [16/Aug/2026:21:45:36 +0330] "GET /wp-blog-header.php?fileloc=//lib/.build-id/c9/be431d1f1c5f446c8be36fee02f4d36ebd24a4&path=//lib/.build-id/c9 HTTP/1.1" 200 14526 "-" "Mozilla/5.0 (compatible; MJ12bot/v1.4.8; http://mj12bot.com/)"
135.181.213.219 - - [16/Aug/2026:21:45:38 +0330] "GET /wp-blog-header.php?fileloc=//lib/.build-id/c9/c388f35ef286385f47d46c412679057914bf63&path=//lib/.build-id/c9 HTTP/1.1" 200 147067 "-" "Mozilla/5.0 (compatible; MJ12bot/v1.4.8; http://mj12bot.com/)"
135.181.213.219 - - [16/Aug/2026:21:45:41 +0330] "GET /wp-blog-header.php?fileloc=//lib/.build-id/c9/da1d940db353405129a1afcc25fbe78dcdafd8&path=//lib/.build-id/c9 HTTP/1.1" 200 52489 "-" "Mozilla/5.0 (compatible; MJ12bot/v1.4.8; http://mj12bot.com/)"
135.181.213.219 - - [16/Aug/2026:21:45:54 +0330] "GET /wp-blog-header.php?fileloc=//lib/.build-id/ca/16befb9c0efccea6de9f7530d8e8e9d8ae9916&path=//lib/.build-id/ca HTTP/1.1" 200 73790 "-" "Mozilla/5.0 (compatible; MJ12bot/v1.4.8; http://mj12bot.com/)"
45.3.42.221 - - [16/Aug/2026:21:46:15 +0330] "GET /?author=1 HTTP/1.1" 200 0 "https://www.google.com/" "Mozilla/5.0 (Macintosh; Intel Mac OS X 10_15_7) AppleWebKit/605.1.15 (KHTML, like Gecko) Version/17.0 Safari/605.1.15"
135.181.213.219 - - [16/Aug/2026:21:46:15 +0330] "GET /wp-blog-header.php?fileloc=//lib/.build-id/ca/b1dbe0aeb35ad69f00f44aaf6a387c2f812ea3&path=//lib/.build-id/ca HTTP/1.1" 200 134869 "-" "Mozilla/5.0 (compatible; MJ12bot/v1.4.8; http://mj12bot.com/)"
104.207.52.143 - - [16/Aug/2026:21:46:16 +0330] "GET /?author=3 HTTP/1.1" 200 0 "https://duckduckgo.com/" "Mozilla/5.0 (Macintosh; Intel Mac OS X 10_15_7; rv:119.0) Gecko/20100101 Firefox/119.0"
65.111.23.133 - - [16/Aug/2026:21:46:18 +0330] "GET /?author=5 HTTP/1.1" 200 0 "-" "Mozilla/5.0 (Macintosh; Intel Mac OS X 13_6_1) AppleWebKit/537.36 (KHTML, like Gecko) Chrome/121.0.0.0 Safari/537.36"
65.111.23.187 - - [16/Aug/2026:21:46:19 +0330] "GET /wp-json/wp/v2/users HTTP/1.1" 404 796 "-" "Mozilla/5.0 (Macintosh; Intel Mac OS X 10_15_7) AppleWebKit/605.1.15 (KHTML, like Gecko) Version/17.2 Safari/605.1.15"
135.181.213.219 - - [16/Aug/2026:21:46:19 +0330] "GET /wp-blog-header.php?fileloc=//lib/.build-id/ca/b57a1376b6e1ddc42e48133a87a0bfc5057323&path=//lib/.build-id/ca HTTP/1.1" 200 54150 "-" "Mozilla/5.0 (compatible; MJ12bot/v1.4.8; http://mj12bot.com/)"
135.181.213.219 - - [16/Aug/2026:21:46:21 +0330] "GET /wp-blog-header.php?fileloc=//lib/.build-id/ca/b60af0ddfe2e93089bd11c3b9555edec7585ee&path=//lib/.build-id/ca HTTP/1.1" 200 13480 "-" "Mozilla/5.0 (compatible; MJ12bot/v1.4.8; http://mj12bot.com/)"
65.111.22.193 - - [16/Aug/2026:21:46:22 +0330] "GET /xmlrpc.php HTTP/1.1" 403 787 "-" "Mozilla/5.0 (X11; Ubuntu; Linux x86_64; rv:119.0) Gecko/20100101 Firefox/119.0"
209.50.181.155 - - [16/Aug/2026:21:46:23 +0330] "POST /wp-login.php HTTP/1.1" 200 5556 "https://armgroup101.com/wp-login.php" "Mozilla/5.0 (Macintosh; Intel Mac OS X 10_15_7) AppleWebKit/537.36 (KHTML, like Gecko) Chrome/118.0.0.0 Safari/537.36"
135.181.213.219 - - [16/Aug/2026:21:46:24 +0330] "GET /wp-blog-header.php?fileloc=//lib/.build-id/ca/bec1f55e74365830ced401a213878784402d2d&path=//lib/.build-id/ca HTTP/1.1" 200 73388 "-" "Mozilla/5.0 (compatible; MJ12bot/v1.4.8; http://mj12bot.com/)"
65.111.23.139 - - [16/Aug/2026:21:46:24 +0330] "POST /wp-login.php HTTP/1.1" 200 5556 "https://armgroup101.com/wp-login.php" "Mozilla/5.0 (X11; Linux x86_64) AppleWebKit/537.36 (KHTML, like Gecko) Chrome/120.0.0.0 Safari/537.36"
135.181.213.219 - - [16/Aug/2026:21:46:29 +0330] "GET /wp-blog-header.php?fileloc=//lib/.build-id/ca/c47efa6574b7bbd1bdf3d3b344f47a9f0ad747&path=//lib/.build-id/ca HTTP/1.1" 200 150121 "-" "Mozilla/5.0 (compatible; MJ12bot/v1.4.8; http://mj12bot.com/)"
216.73.216.111 - - [16/Aug/2026:21:46:30 +0330] "GET /wp-trackback.php?fileloc=%2F%2Fusr%2Fshare%2Fzoneinfo%2FAtlantic%2FCanary&path=%2F%2Fusr%2Fshare%2Fzoneinfo%2FAtlantic HTTP/2" 200 3671 "-" "Mozilla/5.0 AppleWebKit/537.36 (KHTML, like Gecko; compatible; ClaudeBot/1.0; +claudebot@anthropic.com)"
135.181.213.219 - - [16/Aug/2026:21:46:32 +0330] "GET /wp-blog-header.php?fileloc=//lib/.build-id/ca/ebb22fbbf3c522942f39807f783a7f51cd6be0&path=//lib/.build-id/ca HTTP/1.1" 200 9857 "-" "Mozilla/5.0 (compatible; MJ12bot/v1.4.8; http://mj12bot.com/)"
45.3.42.193 - - [16/Aug/2026:21:46:34 +0330] "POST /wp-login.php HTTP/1.1" 200 5526 "https://armgroup101.com/wp-login.php" "Mozilla/5.0 (X11; Ubuntu; Linux x86_64) AppleWebKit/537.36 (KHTML, like Gecko) Chrome/121.0.0.0 Safari/537.36"
45.3.54.150 - - [16/Aug/2026:21:46:39 +0330] "POST /wp-login.php HTTP/1.1" 200 5556 "https://armgroup101.com/wp-login.php" "Mozilla/5.0 (Windows NT 10.0; Win64; x64; rv:119.0) Gecko/20100101 Firefox/119.0"
45.3.42.68 - - [16/Aug/2026:21:46:41 +0330] "POST /wp-login.php HTTP/1.1" 200 5624 "https://armgroup101.com/wp-login.php" "Mozilla/5.0 (Macintosh; Intel Mac OS X 13_6_1; rv:119.0) Gecko/20100101 Firefox/119.0"
45.3.42.13 - - [16/Aug/2026:21:46:44 +0330] "POST /wp-login.php HTTP/1.1" 403 787 "https://armgroup101.com/wp-login.php" "Mozilla/5.0 (Windows NT 11.0; Win64; x64) AppleWebKit/537.36 (KHTML, like Gecko) Chrome/119.0.0.0 Safari/537.36"
65.111.23.167 - - [16/Aug/2026:21:46:45 +0330] "POST /wp-login.php HTTP/1.1" 200 5556 "https://armgroup101.com/wp-login.php" "Mozilla/5.0 (Macintosh; Intel Mac OS X 10_15_7; rv:119.0) Gecko/20100101 Firefox/119.0"
135.181.213.219 - - [16/Aug/2026:21:46:50 +0330] "GET /wp-blog-header.php?fileloc=//lib/.build-id/cb/06beb3e9356e15b0b7365c390a4a9d8807b87d&path=//lib/.build-id/cb HTTP/1.1" 200 8498 "-" "Mozilla/5.0 (compatible; MJ12bot/v1.4.8; http://mj12bot.com/)"
209.50.180.197 - - [16/Aug/2026:21:46:55 +0330] "POST /wp-login.php HTTP/1.1" 200 5556 "https://armgroup101.com/wp-login.php" "Mozilla/5.0 (X11; Linux x86_64) AppleWebKit/537.36 (KHTML, like Gecko) Chrome/120.0.0.0 Safari/537.36"
45.3.54.101 - - [16/Aug/2026:21:46:56 +0330] "POST /wp-login.php HTTP/1.1" 200 5601 "https://armgroup101.com/wp-login.php" "Mozilla/5.0 (X11; Linux x86_64) AppleWebKit/537.36 (KHTML, like Gecko) Chrome/121.0.0.0 Safari/537.36"
209.50.180.165 - - [16/Aug/2026:21:46:59 +0330] "POST /wp-login.php HTTP/1.1" 200 5537 "https://armgroup101.com/wp-login.php" "Mozilla/5.0 (Macintosh; Intel Mac OS X 13_6_1) AppleWebKit/605.1.15 (KHTML, like Gecko) Version/17.2 Safari/605.1.15"
104.207.50.193 - - [16/Aug/2026:21:47:00 +0330] "POST /wp-login.php HTTP/1.1" 200 5556 "https://armgroup101.com/wp-login.php" "Mozilla/5.0 (Windows NT 11.0; Win64; x64) AppleWebKit/537.36 (KHTML, like Gecko) Chrome/119.0.0.0 Safari/537.36"
104.207.53.124 - - [16/Aug/2026:21:47:00 +0330] "POST /wp-login.php HTTP/1.1" 200 5599 "https://armgroup101.com/wp-login.php" "Mozilla/5.0 (Windows NT 11.0; Win64; x64; rv:119.0) Gecko/20100101 Firefox/119.0"
135.181.213.219 - - [16/Aug/2026:21:47:01 +0330] "GET /wp-blog-header.php?fileloc=//lib/.build-id/cb/105931798a91db04cfa18062f01be2e5f59471&path=//lib/.build-id/cb HTTP/1.1" 200 53909 "-" "Mozilla/5.0 (compatible; MJ12bot/v1.4.8; http://mj12bot.com/)"
104.207.52.76 - - [16/Aug/2026:21:46:22 +0330] "POST /wp-login.php HTTP/1.1" 200 5526 "https://armgroup101.com/wp-login.php" "Mozilla/5.0 (Macintosh; Intel Mac OS X 13_6_1; rv:120.0) Gecko/20100101 Firefox/120.0"
135.181.213.219 - - [16/Aug/2026:21:46:34 +0330] "GET /wp-blog-header.php?fileloc=//lib/.build-id/ca/ee23733263eaf39d547d20f312a8954a39c39c&path=//lib/.build-id/ca HTTP/1.1" 200 9819 "-" "Mozilla/5.0 (compatible; MJ12bot/v1.4.8; http://mj12bot.com/)"
209.50.180.94 - - [16/Aug/2026:21:46:35 +0330] "POST /wp-login.php HTTP/1.1" 200 5624 "https://armgroup101.com/wp-login.php" "Mozilla/5.0 (Windows NT 11.0; Win64; x64) AppleWebKit/537.36 (KHTML, like Gecko) Chrome/120.0.0.0 Safari/537.36"
65.111.22.185 - - [16/Aug/2026:21:46:36 +0330] "POST /wp-login.php HTTP/1.1" 200 5561 "https://armgroup101.com/wp-login.php" "Mozilla/5.0 (Windows NT 10.0; Win64; x64) AppleWebKit/537.36 (KHTML, like Gecko) Chrome/120.0.0.0 Safari/537.36"
209.50.181.86 - - [16/Aug/2026:21:46:37 +0330] "POST /wp-login.php HTTP/1.1" 403 787 "https://armgroup101.com/wp-login.php" "Mozilla/5.0 (Windows NT 11.0; Win64; x64; rv:120.0) Gecko/20100101 Firefox/120.0"
209.50.180.99 - - [16/Aug/2026:21:46:38 +0330] "POST /wp-login.php HTTP/1.1" 200 5556 "https://armgroup101.com/wp-login.php" "Mozilla/5.0 (Windows NT 11.0; Win64; x64) AppleWebKit/537.36 (KHTML, like Gecko) Chrome/121.0.0.0 Safari/537.36"
135.181.213.219 - - [16/Aug/2026:21:46:37 +0330] "GET /wp-blog-header.php?fileloc=//lib/.build-id/ca/f297c38ad07eb9ad870000a9f712ab656e1e55&path=//lib/.build-id/ca HTTP/1.1" 200 426200 "-" "Mozilla/5.0 (compatible; MJ12bot/v1.4.8; http://mj12bot.com/)"
216.26.244.173 - - [16/Aug/2026:21:46:40 +0330] "POST /wp-login.php HTTP/1.1" 403 787 "https://armgroup101.com/wp-login.php" "Mozilla/5.0 (Macintosh; Intel Mac OS X 13_6_1) AppleWebKit/605.1.15 (KHTML, like Gecko) Version/17.2 Safari/605.1.15"
209.50.180.83 - - [16/Aug/2026:21:46:42 +0330] "POST /wp-login.php HTTP/1.1" 200 5556 "https://armgroup101.com/wp-login.php" "Mozilla/5.0 (Macintosh; Intel Mac OS X 13_6_1) AppleWebKit/605.1.15 (KHTML, like Gecko) Version/16.6 Safari/605.1.15"
135.181.213.219 - - [16/Aug/2026:21:46:42 +0330] "GET /wp-blog-header.php?fileloc=//lib/.build-id/ca/f846698c42f4fbc6444dc89371a8ed3327bd8c&path=//lib/.build-id/ca HTTP/1.1" 200 6330 "-" "Mozilla/5.0 (compatible; MJ12bot/v1.4.8; http://mj12bot.com/)"
66.249.79.135 - - [16/Aug/2026:21:46:43 +0330] "GET /wp-links-opml.php?fileloc=//lib/firmware/iwlwifi-Qu-c0-jf-b0-77.ucode.xz&path=//lib/firmware HTTP/1.1" 200 399423 "-" "Mozilla/5.0 (Linux; Android 6.0.1; Nexus 5X Build/MMB29P) AppleWebKit/537.36 (KHTML, like Gecko) Chrome/150.0.7871.186 Mobile Safari/537.36 (compatible; GoogleOther)"
104.207.50.180 - - [16/Aug/2026:21:46:54 +0330] "POST /wp-login.php HTTP/1.1" 200 5624 "https://armgroup101.com/wp-login.php" "Mozilla/5.0 (Macintosh; Intel Mac OS X 10_15_7) AppleWebKit/605.1.15 (KHTML, like Gecko) Version/17.0 Safari/605.1.15"
216.26.244.172 - - [16/Aug/2026:21:46:57 +0330] "POST /wp-login.php HTTP/1.1" 200 5556 "https://armgroup101.com/wp-login.php" "Mozilla/5.0 (Macintosh; Intel Mac OS X 10_15_7) AppleWebKit/605.1.15 (KHTML, like Gecko) Version/17.0 Safari/605.1.15"
216.26.244.177 - - [16/Aug/2026:21:46:58 +0330] "POST /wp-login.php HTTP/1.1" 200 5664 "https://armgroup101.com/wp-login.php" "Mozilla/5.0 (X11; Linux x86_64; rv:120.0) Gecko/20100101 Firefox/120.0"
135.181.213.219 - - [16/Aug/2026:21:46:58 +0330] "GET /wp-blog-header.php?fileloc=//lib/.build-id/cb/0809ba34b72419db7ca2e68c6163092ffef7d4&path=//lib/.build-id/cb HTTP/1.1" 200 6711 "-" "Mozilla/5.0 (compatible; MJ12bot/v1.4.8; http://mj12bot.com/)"
216.26.244.41 - - [16/Aug/2026:21:47:06 +0330] "POST /wp-login.php HTTP/1.1" 200 5664 "https://armgroup101.com/wp-login.php" "Mozilla/5.0 (Windows NT 11.0; Win64; x64) AppleWebKit/537.36 (KHTML, like Gecko) Chrome/119.0.0.0 Safari/537.36"
45.3.54.141 - - [16/Aug/2026:21:47:07 +0330] "POST /wp-login.php HTTP/1.1" 200 5556 "https://armgroup101.com/wp-login.php" "Mozilla/5.0 (X11; Linux x86_64) AppleWebKit/537.36 (KHTML, like Gecko) Chrome/119.0.0.0 Safari/537.36"
104.207.53.61 - - [16/Aug/2026:21:47:08 +0330] "POST /wp-login.php HTTP/1.1" 200 5556 "https://armgroup101.com/wp-login.php" "Mozilla/5.0 (X11; Linux x86_64; rv:118.0) Gecko/20100101 Firefox/118.0"
45.3.42.13 - - [16/Aug/2026:21:47:09 +0330] "POST /wp-login.php HTTP/1.1" 200 5526 "https://armgroup101.com/wp-login.php" "Mozilla/5.0 (Macintosh; Intel Mac OS X 13_6_1) AppleWebKit/605.1.15 (KHTML, like Gecko) Version/17.1 Safari/605.1.15"
209.50.180.197 - - [16/Aug/2026:21:47:10 +0330] "POST /wp-login.php HTTP/1.1" 200 5556 "https://armgroup101.com/wp-login.php" "Mozilla/5.0 (Macintosh; Intel Mac OS X 10_15_7) AppleWebKit/537.36 (KHTML, like Gecko) Chrome/119.0.0.0 Safari/537.36"
45.3.42.104 - - [16/Aug/2026:21:47:12 +0330] "POST /wp-login.php HTTP/1.1" 200 5556 "https://armgroup101.com/wp-login.php" "Mozilla/5.0 (Windows NT 10.0; Win64; x64; rv:120.0) Gecko/20100101 Firefox/120.0"
135.181.213.219 - - [16/Aug/2026:21:47:15 +0330] "GET /wp-blog-header.php?fileloc=//lib/.build-id/cb/4c48492d690ec9ed44dcaad8bed71d66a756f2&path=//lib/.build-id/cb HTTP/1.1" 200 87849 "-" "Mozilla/5.0 (compatible; MJ12bot/v1.4.8; http://mj12bot.com/)"
104.207.52.212 - - [16/Aug/2026:21:47:17 +0330] "POST /wp-login.php HTTP/1.1" 200 5556 "https://armgroup101.com/wp-login.php" "Mozilla/5.0 (Windows NT 10.0; Win64; x64) AppleWebKit/537.36 (KHTML, like Gecko) Chrome/120.0.0.0 Safari/537.36"
135.181.213.219 - - [16/Aug/2026:21:47:20 +0330] "GET /wp-blog-header.php?fileloc=//lib/.build-id/cb/4c48492d690ec9ed44dcaad8bed71d66a756f2.1&path=//lib/.build-id/cb HTTP/1.1" 200 87866 "-" "Mozilla/5.0 (compatible; MJ12bot/v1.4.8; http://mj12bot.com/)"
209.50.181.189 - - [16/Aug/2026:21:47:22 +0330] "POST /wp-login.php HTTP/1.1" 200 5517 "https://armgroup101.com/wp-login.php" "Mozilla/5.0 (Macintosh; Intel Mac OS X 10_15_7) AppleWebKit/605.1.15 (KHTML, like Gecko) Version/16.6 Safari/605.1.15"
135.181.213.219 - - [16/Aug/2026:21:47:24 +0330] "GET /wp-blog-header.php?fileloc=//lib/.build-id/cb/88bd55a018e32addfc714479e5bf7c8de7f101&path=//lib/.build-id/cb HTTP/1.1" 200 6616 "-" "Mozilla/5.0 (compatible; MJ12bot/v1.4.8; http://mj12bot.com/)"
104.207.50.63 - - [16/Aug/2026:21:47:24 +0330] "POST /wp-login.php HTTP/1.1" 200 5517 "https://armgroup101.com/wp-login.php" "Mozilla/5.0 (Windows NT 10.0; Win64; x64) AppleWebKit/537.36 (KHTML, like Gecko) Chrome/118.0.0.0 Safari/537.36"
65.111.22.225 - - [16/Aug/2026:21:47:26 +0330] "POST /wp-login.php HTTP/1.1" 200 5435 "https://armgroup101.com/wp-login.php" "Mozilla/5.0 (Windows NT 11.0; Win64; x64; rv:119.0) Gecko/20100101 Firefox/119.0"
104.207.51.98 - - [16/Aug/2026:21:47:28 +0330] "POST /wp-login.php HTTP/1.1" 200 5546 "https://armgroup101.com/wp-login.php" "Mozilla/5.0 (X11; Ubuntu; Linux x86_64; rv:121.0) Gecko/20100101 Firefox/121.0"
45.3.54.135 - - [16/Aug/2026:21:47:29 +0330] "POST /wp-login.php HTTP/1.1" 200 5537 "https://armgroup101.com/wp-login.php" "Mozilla/5.0 (Macintosh; Intel Mac OS X 10_15_7) AppleWebKit/605.1.15 (KHTML, like Gecko) Version/17.2 Safari/605.1.15"
216.73.216.111 - - [16/Aug/2026:21:47:30 +0330] "GET /wp-trackback.php?fileloc=%2F%2Fusr%2Fshare%2Fzoneinfo%2FAtlantic%2FCape_Verde&path=%2F%2Fusr%2Fshare%2Fzoneinfo%2FAtlantic HTTP/2" 200 2791 "-" "Mozilla/5.0 AppleWebKit/537.36 (KHTML, like Gecko; compatible; ClaudeBot/1.0; +claudebot@anthropic.com)"
209.50.180.11 - - [16/Aug/2026:21:47:30 +0330] "POST /wp-login.php HTTP/1.1" 200 5537 "https://armgroup101.com/wp-login.php" "Mozilla/5.0 (Windows NT 11.0; Win64; x64; rv:119.0) Gecko/20100101 Firefox/119.0"
135.181.213.219 - - [16/Aug/2026:21:47:30 +0330] "GET /wp-blog-header.php?fileloc=//lib/.build-id/cb/b16312e200799ea88bfd1851c23e43dda456f8&path=//lib/.build-id/cb HTTP/1.1" 200 8811 "-" "Mozilla/5.0 (compatible; MJ12bot/v1.4.8; http://mj12bot.com/)"
104.207.50.40 - - [16/Aug/2026:21:47:01 +0330] "POST /wp-login.php HTTP/1.1" 200 5561 "https://armgroup101.com/wp-login.php" "Mozilla/5.0 (Windows NT 11.0; Win64; x64) AppleWebKit/537.36 (KHTML, like Gecko) Chrome/120.0.0.0 Safari/537.36"
104.207.50.192 - - [16/Aug/2026:21:47:03 +0330] "POST /wp-login.php HTTP/1.1" 200 5526 "https://armgroup101.com/wp-login.php" "Mozilla/5.0 (X11; Ubuntu; Linux x86_64; rv:120.0) Gecko/20100101 Firefox/120.0"
216.73.216.111 - - [16/Aug/2026:21:47:04 +0330] "GET /wp-trackback.php?fileloc=%2F%2Fusr%2Fshare%2Fzoneinfo%2FAtlantic%2FFaeroe&path=%2F%2Fusr%2Fshare%2Fzoneinfo%2FAtlantic HTTP/2" 200 3645 "-" "Mozilla/5.0 AppleWebKit/537.36 (KHTML, like Gecko; compatible; ClaudeBot/1.0; +claudebot@anthropic.com)"
65.111.23.223 - - [16/Aug/2026:21:47:04 +0330] "POST /wp-login.php HTTP/1.1" 200 5474 "https://armgroup101.com/wp-login.php" "Mozilla/5.0 (Windows NT 11.0; Win64; x64) AppleWebKit/537.36 (KHTML, like Gecko) Chrome/118.0.0.0 Safari/537.36"
135.181.213.219 - - [16/Aug/2026:21:47:05 +0330] "GET /wp-blog-header.php?fileloc=//lib/.build-id/cb/2b057fd71d7b34f754d4aac6ce0be609c38260&path=//lib/.build-id/cb HTTP/1.1" 200 87706 "-" "Mozilla/5.0 (compatible; MJ12bot/v1.4.8; http://mj12bot.com/)"
209.50.181.155 - - [16/Aug/2026:21:47:05 +0330] "POST /wp-login.php HTTP/1.1" 200 5556 "https://armgroup101.com/wp-login.php" "Mozilla/5.0 (Macintosh; Intel Mac OS X 10_15_7) AppleWebKit/537.36 (KHTML, like Gecko) Chrome/119.0.0.0 Safari/537.36"
135.181.213.219 - - [16/Aug/2026:21:47:08 +0330] "GET /wp-blog-header.php?fileloc=//lib/.build-id/cb/40132f21660f914376e93cbe6fc59483137d75&path=//lib/.build-id/cb HTTP/1.1" 200 18426 "-" "Mozilla/5.0 (compatible; MJ12bot/v1.4.8; http://mj12bot.com/)"
