51.75.129.178 - - [16/Aug/2026:23:45:06 +0330] "GET /wp-blog-header.php?fileloc=//lib/.build-id/e6/5c82254997803b3501d598f52c006562609bc1&path=//lib/.build-id/e6 HTTP/1.1" 200 495027 "-" "Mozilla/5.0 (compatible; MJ12bot/v1.4.8; http://mj12bot.com/)"
216.73.216.111 - - [16/Aug/2026:23:45:07 +0330] "GET /wp-trackback.php?path=%2F%2Fusr%2Fshare%2Flocale%2Fsid%2FLC_MESSAGES HTTP/2" 429 0 "-" "Mozilla/5.0 AppleWebKit/537.36 (KHTML, like Gecko; compatible; ClaudeBot/1.0; +claudebot@anthropic.com)"
51.75.129.178 - - [16/Aug/2026:23:45:10 +0330] "GET /wp-blog-header.php?fileloc=//lib/.build-id/e6/64088b9cb614b88bbd91b1d3c786967fac3bed&path=//lib/.build-id/e6 HTTP/1.1" 200 12563 "-" "Mozilla/5.0 (compatible; MJ12bot/v1.4.8; http://mj12bot.com/)"
51.75.129.178 - - [16/Aug/2026:23:45:12 +0330] "GET /wp-blog-header.php?fileloc=//lib/.build-id/e6/67ada08b6c5a1c78489cb689f45bb326c40615&path=//lib/.build-id/e6 HTTP/1.1" 200 119770 "-" "Mozilla/5.0 (compatible; MJ12bot/v1.4.8; http://mj12bot.com/)"
216.73.216.111 - - [16/Aug/2026:23:45:12 +0330] "GET /wp-trackback.php?fileloc=%2F%2Fusr%2Fshare%2Fawk%2Fctime.awk&path=%2F%2Fusr%2Fshare%2Fawk HTTP/2" 429 0 "-" "Mozilla/5.0 AppleWebKit/537.36 (KHTML, like Gecko; compatible; ClaudeBot/1.0; +claudebot@anthropic.com)"
51.75.129.178 - - [16/Aug/2026:23:45:17 +0330] "GET /wp-blog-header.php?fileloc=//lib/.build-id/e6/703758df21430b8baafddad63cca5418488737&path=//lib/.build-id/e6 HTTP/1.1" 200 75807 "-" "Mozilla/5.0 (compatible; MJ12bot/v1.4.8; http://mj12bot.com/)"
216.73.216.111 - - [16/Aug/2026:23:45:18 +0330] "GET /wp-trackback.php?path=%2F%2Fusr%2Fshare%2Flocale%2Fca_ES%2FLC_MESSAGES HTTP/2" 429 0 "-" "Mozilla/5.0 AppleWebKit/537.36 (KHTML, like Gecko; compatible; ClaudeBot/1.0; +claudebot@anthropic.com)"
51.75.129.178 - - [16/Aug/2026:23:45:20 +0330] "GET /wp-blog-header.php?fileloc=//lib/.build-id/e6/a218d48f947544652352c12b689cc6be4d18dc&path=//lib/.build-id/e6 HTTP/1.1" 200 8331 "-" "Mozilla/5.0 (compatible; MJ12bot/v1.4.8; http://mj12bot.com/)"
51.75.129.178 - - [16/Aug/2026:23:45:22 +0330] "GET /wp-blog-header.php?fileloc=//lib/.build-id/e6/d763a8ca9dcaa026a9fdd7669b30be4fdcb5a2&path=//lib/.build-id/e6 HTTP/1.1" 200 115353 "-" "Mozilla/5.0 (compatible; MJ12bot/v1.4.8; http://mj12bot.com/)"
216.73.216.111 - - [16/Aug/2026:23:45:22 +0330] "GET /wp-trackback.php?path=%2F%2Fusr%2Fshare%2Flocale%2Fkw%40kkcor HTTP/2" 429 0 "-" "Mozilla/5.0 AppleWebKit/537.36 (KHTML, like Gecko; compatible; ClaudeBot/1.0; +claudebot@anthropic.com)"
66.249.79.135 - - [16/Aug/2026:23:45:22 +0330] "GET /wp-load.php?path=//lib/firmware/nvidia HTTP/1.1" 200 3637 "-" "Mozilla/5.0 (Linux; Android 6.0.1; Nexus 5X Build/MMB29P) AppleWebKit/537.36 (KHTML, like Gecko) Chrome/150.0.7871.186 Mobile Safari/537.36 (compatible; GoogleOther)"
51.75.129.178 - - [16/Aug/2026:23:45:24 +0330] "GET /wp-blog-header.php?fileloc=//lib/.build-id/e6/da2364f44a8292cc707826e2e0c7612a389a7f&path=//lib/.build-id/e6 HTTP/1.1" 200 7672 "-" "Mozilla/5.0 (compatible; MJ12bot/v1.4.8; http://mj12bot.com/)"
51.75.129.178 - - [16/Aug/2026:23:45:26 +0330] "GET /wp-blog-header.php?fileloc=//lib/.build-id/e6/e9229d13e58cf45a41324e18cce5b08e554fdc&path=//lib/.build-id/e6 HTTP/1.1" 200 38044 "-" "Mozilla/5.0 (compatible; MJ12bot/v1.4.8; http://mj12bot.com/)"
216.73.216.111 - - [16/Aug/2026:23:45:27 +0330] "GET /wp-trackback.php?path=%2F%2Fusr%2Fshare%2Flocale%2Fro_RO%2FLC_MESSAGES HTTP/2" 429 0 "-" "Mozilla/5.0 AppleWebKit/537.36 (KHTML, like Gecko; compatible; ClaudeBot/1.0; +claudebot@anthropic.com)"
51.75.129.178 - - [16/Aug/2026:23:45:29 +0330] "GET /wp-blog-header.php?fileloc=//lib/.build-id/e7/052693cece70b5b645b8647891b7527d485d79&path=//lib/.build-id/e7 HTTP/1.1" 200 30677 "-" "Mozilla/5.0 (compatible; MJ12bot/v1.4.8; http://mj12bot.com/)"
216.73.216.111 - - [16/Aug/2026:23:45:32 +0330] "GET /wp-trackback.php?fileloc=%2F%2Fusr%2Fshare%2Fawk%2Fintdiv0.awk&path=%2F%2Fusr%2Fshare%2Fawk HTTP/2" 200 2838 "-" "Mozilla/5.0 AppleWebKit/537.36 (KHTML, like Gecko; compatible; ClaudeBot/1.0; +claudebot@anthropic.com)"
51.75.129.178 - - [16/Aug/2026:23:45:32 +0330] "GET /wp-blog-header.php?fileloc=//lib/.build-id/e7/1340e1d4cf93c84867704424e746aa0969e368&path=//lib/.build-id/e7 HTTP/1.1" 200 753332 "-" "Mozilla/5.0 (compatible; MJ12bot/v1.4.8; http://mj12bot.com/)"
51.75.129.178 - - [16/Aug/2026:23:45:35 +0330] "GET /wp-blog-header.php?fileloc=//lib/.build-id/e7/26cbadc4e59d2444da6f9811917aa8b3f42b5f&path=//lib/.build-id/e7 HTTP/1.1" 200 15764 "-" "Mozilla/5.0 (compatible; MJ12bot/v1.4.8; http://mj12bot.com/)"
51.75.129.178 - - [16/Aug/2026:23:45:38 +0330] "GET /wp-blog-header.php?fileloc=//lib/.build-id/e7/2b7f56ffeb4c986181410a809de92b98cfcb16&path=//lib/.build-id/e7 HTTP/1.1" 200 5829 "-" "Mozilla/5.0 (compatible; MJ12bot/v1.4.8; http://mj12bot.com/)"
51.75.129.178 - - [16/Aug/2026:23:45:40 +0330] "GET /wp-blog-header.php?fileloc=//lib/.build-id/e7/5655438d7c07d78d8bd8b8b9d585561e74180b&path=//lib/.build-id/e7 HTTP/1.1" 200 9595 "-" "Mozilla/5.0 (compatible; MJ12bot/v1.4.8; http://mj12bot.com/)"
51.75.129.178 - - [16/Aug/2026:23:45:42 +0330] "GET /wp-blog-header.php?fileloc=//lib/.build-id/e7/6cd78dbb06fb09523e217e8c280662c53eb14a&path=//lib/.build-id/e7 HTTP/1.1" 200 6696 "-" "Mozilla/5.0 (compatible; MJ12bot/v1.4.8; http://mj12bot.com/)"
51.75.129.178 - - [16/Aug/2026:23:45:45 +0330] "GET /wp-blog-header.php?fileloc=//lib/.build-id/e7/7a438fa0709cceba7957882fbcb4c234686a18&path=//lib/.build-id/e7 HTTP/1.1" 200 6711 "-" "Mozilla/5.0 (compatible; MJ12bot/v1.4.8; http://mj12bot.com/)"
51.75.129.178 - - [16/Aug/2026:23:45:47 +0330] "GET /wp-blog-header.php?fileloc=//lib/.build-id/e7/82e83c9f37b11c361e4ec0f49d0c3e1ebedea7&path=//lib/.build-id/e7 HTTP/1.1" 200 8037 "-" "Mozilla/5.0 (compatible; MJ12bot/v1.4.8; http://mj12bot.com/)"
51.75.129.178 - - [16/Aug/2026:23:44:38 +0330] "GET /wp-blog-header.php?fileloc=//lib/.build-id/e5/8c0346e339ea6fabc04b945eb650983c5a6a8b&path=//lib/.build-id/e5 HTTP/1.1" 200 236958 "-" "Mozilla/5.0 (compatible; MJ12bot/v1.4.8; http://mj12bot.com/)"
51.75.129.178 - - [16/Aug/2026:23:44:41 +0330] "GET /wp-blog-header.php?fileloc=//lib/.build-id/e5/8c857f159b43dca46a5763763f05bcaae84b8e&path=//lib/.build-id/e5 HTTP/1.1" 200 6985 "-" "Mozilla/5.0 (compatible; MJ12bot/v1.4.8; http://mj12bot.com/)"
51.75.129.178 - - [16/Aug/2026:23:44:44 +0330] "GET /wp-blog-header.php?fileloc=//lib/.build-id/e5/97d477aaeccd7114df4db5b6573dd7778c8bcb&path=//lib/.build-id/e5 HTTP/1.1" 200 9190 "-" "Mozilla/5.0 (compatible; MJ12bot/v1.4.8; http://mj12bot.com/)"
51.75.129.178 - - [16/Aug/2026:23:44:46 +0330] "GET /wp-blog-header.php?fileloc=//lib/.build-id/e5/b994a28ae464bf397260bc49cef0a5b9ca369d&path=//lib/.build-id/e5 HTTP/1.1" 200 28269 "-" "Mozilla/5.0 (compatible; MJ12bot/v1.4.8; http://mj12bot.com/)"
51.75.129.178 - - [16/Aug/2026:23:44:48 +0330] "GET /wp-blog-header.php?fileloc=//lib/.build-id/e5/e14c95dac6c81fbf5948fd9ae4f0c272d3b999&path=//lib/.build-id/e5 HTTP/1.1" 200 96840 "-" "Mozilla/5.0 (compatible; MJ12bot/v1.4.8; http://mj12bot.com/)"
51.75.129.178 - - [16/Aug/2026:23:44:51 +0330] "GET /wp-blog-header.php?fileloc=//lib/.build-id/e5/ec628eecdf91c430ea7d7c851d36e0266e1ec8&path=//lib/.build-id/e5 HTTP/1.1" 200 8993 "-" "Mozilla/5.0 (compatible; MJ12bot/v1.4.8; http://mj12bot.com/)"
51.75.129.178 - - [16/Aug/2026:23:44:53 +0330] "GET /wp-blog-header.php?fileloc=//lib/.build-id/e5/f1df066ba440d0780bade141f4874e6cb6f10f&path=//lib/.build-id/e5 HTTP/1.1" 200 1217014 "-" "Mozilla/5.0 (compatible; MJ12bot/v1.4.8; http://mj12bot.com/)"
216.73.216.111 - - [16/Aug/2026:23:45:38 +0330] "GET /wp-trackback.php?fileloc=%2F%2Fusr%2Fshare%2Fman%2Fman3%2FEVP_MAC_CTX_get0_mac.3ossl.gz&path=%2F%2Fusr%2Fshare%2Fman%2Fman3 HTTP/2" 200 10364 "-" "Mozilla/5.0 AppleWebKit/537.36 (KHTML, like Gecko; compatible; ClaudeBot/1.0; +claudebot@anthropic.com)"
216.73.216.111 - - [16/Aug/2026:23:45:43 +0330] "GET /wp-trackback.php?fileloc=%2F%2Fusr%2Fshare%2Fman%2Fman1%2Finstall-info.1.gz&path=%2F%2Fusr%2Fshare%2Fman%2Fman1 HTTP/2" 429 0 "-" "Mozilla/5.0 AppleWebKit/537.36 (KHTML, like Gecko; compatible; ClaudeBot/1.0; +claudebot@anthropic.com)"
216.73.216.111 - - [16/Aug/2026:23:45:48 +0330] "GET /wp-trackback.php?fileloc=%2F%2Fusr%2Fshare%2Fman%2Fman3%2FBN_nnmod.3ossl.gz&path=%2F%2Fusr%2Fshare%2Fman%2Fman3 HTTP/2" 429 0 "-" "Mozilla/5.0 AppleWebKit/537.36 (KHTML, like Gecko; compatible; ClaudeBot/1.0; +claudebot@anthropic.com)"
51.75.129.178 - - [16/Aug/2026:23:45:49 +0330] "GET /wp-blog-header.php?fileloc=//lib/.build-id/e7/8e79c5bcc672eff3d98fb15441451106d4629e&path=//lib/.build-id/e7 HTTP/1.1" 200 6791 "-" "Mozilla/5.0 (compatible; MJ12bot/v1.4.8; http://mj12bot.com/)"
51.75.129.178 - - [16/Aug/2026:23:45:51 +0330] "GET /wp-blog-header.php?fileloc=//lib/.build-id/e7/d2ca11afa1820482a8b8f5a152292219e60bf8&path=//lib/.build-id/e7 HTTP/1.1" 200 149494 "-" "Mozilla/5.0 (compatible; MJ12bot/v1.4.8; http://mj12bot.com/)"
51.75.129.178 - - [16/Aug/2026:23:45:53 +0330] "GET /wp-blog-header.php?fileloc=//lib/.build-id/e7/d5d046c917c2345171869b1ba50d3625156df7&path=//lib/.build-id/e7 HTTP/1.1" 200 17680 "-" "Mozilla/5.0 (compatible; MJ12bot/v1.4.8; http://mj12bot.com/)"
51.75.129.178 - - [16/Aug/2026:23:45:56 +0330] "GET /wp-blog-header.php?fileloc=//lib/.build-id/e7/dfbc89ab3fc7ed134be21289dfd04815991960&path=//lib/.build-id/e7 HTTP/1.1" 200 7640 "-" "Mozilla/5.0 (compatible; MJ12bot/v1.4.8; http://mj12bot.com/)"
51.75.129.178 - - [16/Aug/2026:23:45:58 +0330] "GET /wp-blog-header.php?fileloc=//lib/.build-id/e7/eaf857fe5460c6027240d77fd266657b802aa0&path=//lib/.build-id/e7 HTTP/1.1" 200 7852 "-" "Mozilla/5.0 (compatible; MJ12bot/v1.4.8; http://mj12bot.com/)"
216.73.216.111 - - [16/Aug/2026:23:46:00 +0330] "GET /wp-trackback.php?fileloc=%2F%2Fusr%2Fshare%2Fman%2Fman3%2FOSSL_DECODER_names_do_all.3ossl.gz&path=%2F%2Fusr%2Fshare%2Fman%2Fman3 HTTP/2" 200 6535 "-" "Mozilla/5.0 AppleWebKit/537.36 (KHTML, like Gecko; compatible; ClaudeBot/1.0; +claudebot@anthropic.com)"
51.75.129.178 - - [16/Aug/2026:23:46:00 +0330] "GET /wp-blog-header.php?fileloc=//lib/.build-id/e8/31f155614c2246afbce9c045fe32bc37fa7ca5&path=//lib/.build-id/e8 HTTP/1.1" 200 529389 "-" "Mozilla/5.0 (compatible; MJ12bot/v1.4.8; http://mj12bot.com/)"
216.73.216.111 - - [16/Aug/2026:23:46:04 +0330] "GET /wp-trackback.php?fileloc=%2F%2Fusr%2Fshare%2Fman%2Fman3%2FPKCS7_SIGN_ENVELOPE_free.3ossl.gz&path=%2F%2Fusr%2Fshare%2Fman%2Fman3 HTTP/2" 429 0 "-" "Mozilla/5.0 AppleWebKit/537.36 (KHTML, like Gecko; compatible; ClaudeBot/1.0; +claudebot@anthropic.com)"
51.75.129.178 - - [16/Aug/2026:23:46:04 +0330] "GET /wp-blog-header.php?fileloc=//lib/.build-id/e8/3527947c618d62e202322161dd763f454dcff7&path=//lib/.build-id/e8 HTTP/1.1" 200 10379 "-" "Mozilla/5.0 (compatible; MJ12bot/v1.4.8; http://mj12bot.com/)"
51.75.129.178 - - [16/Aug/2026:23:46:07 +0330] "GET /wp-blog-header.php?fileloc=//lib/.build-id/e8/6381bd28fb9e71278bd29e5d89bc0d1753b1cb&path=//lib/.build-id/e8 HTTP/1.1" 200 8627 "-" "Mozilla/5.0 (compatible; MJ12bot/v1.4.8; http://mj12bot.com/)"
216.73.216.111 - - [16/Aug/2026:23:46:09 +0330] "GET /wp-trackback.php?fileloc=%2F%2Fusr%2Fshare%2Fman%2Fman3%2FEVP_rc4_40.3ossl.gz&path=%2F%2Fusr%2Fshare%2Fman%2Fman3 HTTP/2" 429 0 "-" "Mozilla/5.0 AppleWebKit/537.36 (KHTML, like Gecko; compatible; ClaudeBot/1.0; +claudebot@anthropic.com)"
51.75.129.178 - - [16/Aug/2026:23:46:09 +0330] "GET /wp-blog-header.php?fileloc=//lib/.build-id/e8/88e5922b8a0c75f97807c660a26739d0c22176&path=//lib/.build-id/e8 HTTP/1.1" 200 10867 "-" "Mozilla/5.0 (compatible; MJ12bot/v1.4.8; http://mj12bot.com/)"
51.75.129.178 - - [16/Aug/2026:23:46:11 +0330] "GET /wp-blog-header.php?fileloc=//lib/.build-id/e8/8ffa2ea5dfdbb29cce983114392a112145d668&path=//lib/.build-id/e8 HTTP/1.1" 200 15587 "-" "Mozilla/5.0 (compatible; MJ12bot/v1.4.8; http://mj12bot.com/)"
51.75.129.178 - - [16/Aug/2026:23:46:13 +0330] "GET /wp-blog-header.php?fileloc=//lib/.build-id/e8/9b7fb1fb5993acbea9822c910b33bb0028a49c&path=//lib/.build-id/e8 HTTP/1.1" 200 24326 "-" "Mozilla/5.0 (compatible; MJ12bot/v1.4.8; http://mj12bot.com/)"
216.73.216.111 - - [16/Aug/2026:23:46:14 +0330] "GET /wp-trackback.php?fileloc=%2F%2Fusr%2Fshare%2Fman%2Fman3%2FEVP_des_ede_cfb.3ossl.gz&path=%2F%2Fusr%2Fshare%2Fman%2Fman3 HTTP/2" 429 0 "-" "Mozilla/5.0 AppleWebKit/537.36 (KHTML, like Gecko; compatible; ClaudeBot/1.0; +claudebot@anthropic.com)"
51.75.129.178 - - [16/Aug/2026:23:46:15 +0330] "GET /wp-blog-header.php?fileloc=//lib/.build-id/e8/c13a12dba120ec39246d5f40baa44d04cd63b2&path=//lib/.build-id/e8 HTTP/1.1" 200 288007 "-" "Mozilla/5.0 (compatible; MJ12bot/v1.4.8; http://mj12bot.com/)"
51.75.129.178 - - [16/Aug/2026:23:46:18 +0330] "GET /wp-blog-header.php?fileloc=//lib/.build-id/e8/cf026ca8661ab5c6da168db0fbe74136a00743&path=//lib/.build-id/e8 HTTP/1.1" 200 7106 "-" "Mozilla/5.0 (compatible; MJ12bot/v1.4.8; http://mj12bot.com/)"
216.73.216.111 - - [16/Aug/2026:23:46:19 +0330] "GET /wp-trackback.php?fileloc=%2F%2Fusr%2Fshare%2Fman%2Fman3%2FDBI%3A%3AProfileData.3pm.gz&path=%2F%2Fusr%2Fshare%2Fman%2Fman3 HTTP/2" 429 0 "-" "Mozilla/5.0 AppleWebKit/537.36 (KHTML, like Gecko; compatible; ClaudeBot/1.0; +claudebot@anthropic.com)"
51.75.129.178 - - [16/Aug/2026:23:46:20 +0330] "GET /wp-blog-header.php?fileloc=//lib/.build-id/e8/e608723db5f5ac36a99cab0c922985e29dcd31&path=//lib/.build-id/e8 HTTP/1.1" 200 8321 "-" "Mozilla/5.0 (compatible; MJ12bot/v1.4.8; http://mj12bot.com/)"
51.75.129.178 - - [16/Aug/2026:23:46:22 +0330] "GET /wp-blog-header.php?fileloc=//lib/.build-id/e8/e639d404fb48f5ca3a41ee4c646af12e94c5db&path=//lib/.build-id/e8 HTTP/1.1" 200 12882 "-" "Mozilla/5.0 (compatible; MJ12bot/v1.4.8; http://mj12bot.com/)"
51.75.129.178 - - [16/Aug/2026:23:46:24 +0330] "GET /wp-blog-header.php?fileloc=//lib/.build-id/e8/f760e4b69d0162b48b809853bc1108ab0a54af&path=//lib/.build-id/e8 HTTP/1.1" 200 8176 "-" "Mozilla/5.0 (compatible; MJ12bot/v1.4.8; http://mj12bot.com/)"
51.75.129.178 - - [16/Aug/2026:23:46:27 +0330] "GET /wp-blog-header.php?fileloc=//lib/.build-id/e9/0f5075f887cc889add95e1792a19e846e5ca3a&path=//lib/.build-id/e9 HTTP/1.1" 200 72289 "-" "Mozilla/5.0 (compatible; MJ12bot/v1.4.8; http://mj12bot.com/)"
51.75.129.178 - - [16/Aug/2026:23:46:29 +0330] "GET /wp-blog-header.php?fileloc=//lib/.build-id/e9/bea372a20aab19743442170ff6467a87675ed0&path=//lib/.build-id/e9 HTTP/1.1" 200 56041 "-" "Mozilla/5.0 (compatible; MJ12bot/v1.4.8; http://mj12bot.com/)"
51.75.129.178 - - [16/Aug/2026:23:46:31 +0330] "GET /wp-blog-header.php?fileloc=//lib/.build-id/e9/dd3ef3eec150607adc6fb35bde1c696dc94394&path=//lib/.build-id/e9 HTTP/1.1" 200 18140 "-" "Mozilla/5.0 (compatible; MJ12bot/v1.4.8; http://mj12bot.com/)"
66.249.79.135 - - [16/Aug/2026:23:46:33 +0330] "GET /wp-links-opml.php?fileloc=//lib64/libgstpbutils-1.0.so.0.2212.0&path=//lib64 HTTP/1.1" 200 96650 "-" "Mozilla/5.0 (Linux; Android 6.0.1; Nexus 5X Build/MMB29P) AppleWebKit/537.36 (KHTML, like Gecko) Chrome/150.0.7871.186 Mobile Safari/537.36 (compatible; GoogleOther)"
51.75.129.178 - - [16/Aug/2026:23:46:34 +0330] "GET /wp-blog-header.php?fileloc=//lib/.build-id/e9/e880228c9ff32bb58de8e5e3f645dc9c0e1991&path=//lib/.build-id/e9 HTTP/1.1" 200 550638 "-" "Mozilla/5.0 (compatible; MJ12bot/v1.4.8; http://mj12bot.com/)"
51.75.129.178 - - [16/Aug/2026:23:46:37 +0330] "GET /wp-blog-header.php?fileloc=//lib/.build-id/e9/eec3eab1a684dbc83522a6fb5580220fbc7101&path=//lib/.build-id/e9 HTTP/1.1" 200 10190 "-" "Mozilla/5.0 (compatible; MJ12bot/v1.4.8; http://mj12bot.com/)"
51.75.129.178 - - [16/Aug/2026:23:46:40 +0330] "GET /wp-blog-header.php?fileloc=//lib/.build-id/e9/f6e74108cb8aef62195bb9ccf9c2a79025e0c4&path=//lib/.build-id/e9 HTTP/1.1" 200 8770 "-" "Mozilla/5.0 (compatible; MJ12bot/v1.4.8; http://mj12bot.com/)"
51.75.129.178 - - [16/Aug/2026:23:46:42 +0330] "GET /wp-blog-header.php?fileloc=//lib/.build-id/ea/154199916f526ccef735acd65f183825182c55&path=//lib/.build-id/ea HTTP/1.1" 200 4663 "-" "Mozilla/5.0 (compatible; MJ12bot/v1.4.8; http://mj12bot.com/)"
216.73.216.111 - - [16/Aug/2026:23:46:43 +0330] "GET /wp-trackback.php?fileloc=%2F%2Fusr%2Fshare%2Fman%2Fman1%2Fflex.1.gz&path=%2F%2Fusr%2Fshare%2Fman%2Fman1 HTTP/2" 429 0 "-" "Mozilla/5.0 AppleWebKit/537.36 (KHTML, like Gecko; compatible; ClaudeBot/1.0; +claudebot@anthropic.com)"
51.75.129.178 - - [16/Aug/2026:23:46:44 +0330] "GET /wp-blog-header.php?fileloc=//lib/.build-id/ea/17b1c53ed41285fd4bff5001c8b0151f6ce7a4&path=//lib/.build-id/ea HTTP/1.1" 200 7372 "-" "Mozilla/5.0 (compatible; MJ12bot/v1.4.8; http://mj12bot.com/)"
216.73.216.111 - - [16/Aug/2026:23:46:45 +0330] "GET /wp-trackback.php?fileloc=%2F%2Fusr%2Fshare%2Fman%2Fman1%2Fperlnewmod.1.gz&path=%2F%2Fusr%2Fshare%2Fman%2Fman1 HTTP/2" 200 8785 "-" "Mozilla/5.0 AppleWebKit/537.36 (KHTML, like Gecko; compatible; ClaudeBot/1.0; +claudebot@anthropic.com)"
51.75.129.178 - - [16/Aug/2026:23:46:46 +0330] "GET /wp-blog-header.php?fileloc=//lib/.build-id/ea/22e0f6b6a44cea5ba1eba1c26138f5887c2386&path=//lib/.build-id/ea HTTP/1.1" 200 300511 "-" "Mozilla/5.0 (compatible; MJ12bot/v1.4.8; http://mj12bot.com/)"
51.75.129.178 - - [16/Aug/2026:23:46:49 +0330] "GET /wp-blog-header.php?fileloc=//lib/.build-id/ea/41e2ee7bcb8e3cba8f0c5404bea96c4d650db6&path=//lib/.build-id/ea HTTP/1.1" 200 96586 "-" "Mozilla/5.0 (compatible; MJ12bot/v1.4.8; http://mj12bot.com/)"
216.73.216.111 - - [16/Aug/2026:23:46:50 +0330] "GET /wp-trackback.php?fileloc=%2F%2Fusr%2Fshare%2Fman%2Fman3%2FEVP_MD_meth_get_init.3ossl.gz&path=%2F%2Fusr%2Fshare%2Fman%2Fman3 HTTP/2" 429 0 "-" "Mozilla/5.0 AppleWebKit/537.36 (KHTML, like Gecko; compatible; ClaudeBot/1.0; +claudebot@anthropic.com)"
51.75.129.178 - - [16/Aug/2026:23:46:51 +0330] "GET /wp-blog-header.php?fileloc=//lib/.build-id/ea/47fb300abc7897cbe45dffe2d0a0feb02b6344&path=//lib/.build-id/ea HTTP/1.1" 200 11210 "-" "Mozilla/5.0 (compatible; MJ12bot/v1.4.8; http://mj12bot.com/)"
51.75.129.178 - - [16/Aug/2026:23:46:53 +0330] "GET /wp-blog-header.php?fileloc=//lib/.build-id/ea/533245dc3ba2b38edb71970e0d62baccac16c3&path=//lib/.build-id/ea HTTP/1.1" 200 5729 "-" "Mozilla/5.0 (compatible; MJ12bot/v1.4.8; http://mj12bot.com/)"
216.73.216.111 - - [16/Aug/2026:23:46:55 +0330] "GET /wp-trackback.php?fileloc=%2F%2Fusr%2Fshare%2Fman%2Fman3%2FEVP_CIPHER_gettable_ctx_params.3ossl.gz&path=%2F%2Fusr%2Fshare%2Fman%2Fman3 HTTP/2" 429 0 "-" "Mozilla/5.0 AppleWebKit/537.36 (KHTML, like Gecko; compatible; ClaudeBot/1.0; +claudebot@anthropic.com)"
51.75.129.178 - - [16/Aug/2026:23:46:56 +0330] "GET /wp-blog-header.php?fileloc=//lib/.build-id/ea/7ccb5a4fa900818ff60eead31963778becd452&path=//lib/.build-id/ea HTTP/1.1" 200 253778 "-" "Mozilla/5.0 (compatible; MJ12bot/v1.4.8; http://mj12bot.com/)"
51.75.129.178 - - [16/Aug/2026:23:46:59 +0330] "GET /wp-blog-header.php?fileloc=//lib/.build-id/ea/8d9bc8ea61dc3a5b6aae319c2793021d0f1bc0&path=//lib/.build-id/ea HTTP/1.1" 200 6621 "-" "Mozilla/5.0 (compatible; MJ12bot/v1.4.8; http://mj12bot.com/)"
216.73.216.111 - - [16/Aug/2026:23:47:00 +0330] "GET /wp-trackback.php?fileloc=%2F%2Fusr%2Fshare%2Fman%2Fman1%2Ftset.1.gz&path=%2F%2Fusr%2Fshare%2Fman%2Fman1 HTTP/2" 429 0 "-" "Mozilla/5.0 AppleWebKit/537.36 (KHTML, like Gecko; compatible; ClaudeBot/1.0; +claudebot@anthropic.com)"
51.75.129.178 - - [16/Aug/2026:23:47:01 +0330] "GET /wp-blog-header.php?fileloc=//lib/.build-id/ea/93d019fd2ddb5f8b9c4e634d7bc5355bd50569&path=//lib/.build-id/ea HTTP/1.1" 200 550582 "-" "Mozilla/5.0 (compatible; MJ12bot/v1.4.8; http://mj12bot.com/)"
216.73.216.111 - - [16/Aug/2026:23:47:05 +0330] "GET /wp-trackback.php?fileloc=%2F%2Fusr%2Fshare%2Fman%2Fman3%2FEVP_des_ede3_ecb.3ossl.gz&path=%2F%2Fusr%2Fshare%2Fman%2Fman3 HTTP/2" 429 0 "-" "Mozilla/5.0 AppleWebKit/537.36 (KHTML, like Gecko; compatible; ClaudeBot/1.0; +claudebot@anthropic.com)"
51.75.129.178 - - [16/Aug/2026:23:47:05 +0330] "GET /wp-blog-header.php?fileloc=//lib/.build-id/ea/9a70771cf64f9dca1c1d391b8c4d569c8ccfec&path=//lib/.build-id/ea HTTP/1.1" 200 8047 "-" "Mozilla/5.0 (compatible; MJ12bot/v1.4.8; http://mj12bot.com/)"
51.75.129.178 - - [16/Aug/2026:23:47:07 +0330] "GET /wp-blog-header.php?fileloc=//lib/.build-id/ea/9fa0a9c911f6636cfb96cc5fc07907655f2267&path=//lib/.build-id/ea HTTP/1.1" 200 440034 "-" "Mozilla/5.0 (compatible; MJ12bot/v1.4.8; http://mj12bot.com/)"
216.73.216.111 - - [16/Aug/2026:23:47:10 +0330] "GET /wp-trackback.php?fileloc=%2F%2Fusr%2Fshare%2Fman%2Fman3%2FEVP_des_ofb.3ossl.gz&path=%2F%2Fusr%2Fshare%2Fman%2Fman3 HTTP/2" 429 0 "-" "Mozilla/5.0 AppleWebKit/537.36 (KHTML, like Gecko; compatible; ClaudeBot/1.0; +claudebot@anthropic.com)"
51.75.129.178 - - [16/Aug/2026:23:47:11 +0330] "GET /wp-blog-header.php?fileloc=//lib/.build-id/ea/a4e646fa6e2e334202d07d92611fec66b203ea&path=//lib/.build-id/ea HTTP/1.1" 200 23613 "-" "Mozilla/5.0 (compatible; MJ12bot/v1.4.8; http://mj12bot.com/)"
51.75.129.178 - - [16/Aug/2026:23:47:13 +0330] "GET /wp-blog-header.php?fileloc=//lib/.build-id/ea/a965f4b624187ccb520b3acf7359fb4f1ec7a9&path=//lib/.build-id/ea HTTP/1.1" 200 38127 "-" "Mozilla/5.0 (compatible; MJ12bot/v1.4.8; http://mj12bot.com/)"
216.73.216.111 - - [16/Aug/2026:23:47:15 +0330] "GET /wp-trackback.php?fileloc=%2F%2Fusr%2Fshare%2Fman%2Fman3%2FCMS_add0_cert.3ossl.gz&path=%2F%2Fusr%2Fshare%2Fman%2Fman3 HTTP/2" 429 0 "-" "Mozilla/5.0 AppleWebKit/537.36 (KHTML, like Gecko; compatible; ClaudeBot/1.0; +claudebot@anthropic.com)"
51.75.129.178 - - [16/Aug/2026:23:47:15 +0330] "GET /wp-blog-header.php?fileloc=//lib/.build-id/ea/fc142e4cf188b3441ab388bccd4c931a0734ba&path=//lib/.build-id/ea HTTP/1.1" 200 5881 "-" "Mozilla/5.0 (compatible; MJ12bot/v1.4.8; http://mj12bot.com/)"
51.75.129.178 - - [16/Aug/2026:23:47:18 +0330] "GET /wp-blog-header.php?fileloc=//lib/.build-id/eb/0db27f2a49dba7696956224fdfb60005b0e35d&path=//lib/.build-id/eb HTTP/1.1" 200 5174 "-" "Mozilla/5.0 (compatible; MJ12bot/v1.4.8; http://mj12bot.com/)"
216.73.216.111 - - [16/Aug/2026:23:47:20 +0330] "GET /wp-trackback.php?fileloc=%2F%2Fusr%2Fshare%2Fman%2Fman3%2FASN1_ITEM_get.3ossl.gz&path=%2F%2Fusr%2Fshare%2Fman%2Fman3 HTTP/2" 429 0 "-" "Mozilla/5.0 AppleWebKit/537.36 (KHTML, like Gecko; compatible; ClaudeBot/1.0; +claudebot@anthropic.com)"
51.75.129.178 - - [16/Aug/2026:23:47:20 +0330] "GET /wp-blog-header.php?fileloc=//lib/.build-id/eb/253cd2768a85f9a9e0cd0b34b4ae4c0b64f429&path=//lib/.build-id/eb HTTP/1.1" 200 9476 "-" "Mozilla/5.0 (compatible; MJ12bot/v1.4.8; http://mj12bot.com/)"
51.75.129.178 - - [16/Aug/2026:23:47:22 +0330] "GET /wp-blog-header.php?fileloc=//lib/.build-id/eb/33b1da783e8a25da6840ee1f90ac6d5d3a5b92&path=//lib/.build-id/eb HTTP/1.1" 200 7516 "-" "Mozilla/5.0 (compatible; MJ12bot/v1.4.8; http://mj12bot.com/)"
51.75.129.178 - - [16/Aug/2026:23:47:24 +0330] "GET /wp-blog-header.php?fileloc=//lib/.build-id/eb/379d0a7581ea13f39d71d8ec6a3458eea2ce14&path=//lib/.build-id/eb HTTP/1.1" 200 27641 "-" "Mozilla/5.0 (compatible; MJ12bot/v1.4.8; http://mj12bot.com/)"
216.73.216.111 - - [16/Aug/2026:23:47:25 +0330] "GET /wp-trackback.php?fileloc=%2F%2Fusr%2Fshare%2Fman%2Fman3%2FPEM_read_EC_PUBKEY.3ossl.gz&path=%2F%2Fusr%2Fshare%2Fman%2Fman3 HTTP/2" 429 0 "-" "Mozilla/5.0 AppleWebKit/537.36 (KHTML, like Gecko; compatible; ClaudeBot/1.0; +claudebot@anthropic.com)"
51.75.129.178 - - [16/Aug/2026:23:47:26 +0330] "GET /wp-blog-header.php?fileloc=//lib/.build-id/eb/766eed9d09962124c501187e970b61833b2455&path=//lib/.build-id/eb HTTP/1.1" 200 405682 "-" "Mozilla/5.0 (compatible; MJ12bot/v1.4.8; http://mj12bot.com/)"
51.75.129.178 - - [16/Aug/2026:23:47:30 +0330] "GET /wp-blog-header.php?fileloc=//lib/.build-id/eb/8358d4213608ff5cb3ffadebf5ca41c4cf2236&path=//lib/.build-id/eb HTTP/1.1" 200 141051 "-" "Mozilla/5.0 (compatible; MJ12bot/v1.4.8; http://mj12bot.com/)"
216.73.216.111 - - [16/Aug/2026:23:47:30 +0330] "GET /wp-trackback.php?fileloc=%2F%2Fusr%2Fshare%2Fman%2Fman3%2FBIO_set_sock_type.3ossl.gz&path=%2F%2Fusr%2Fshare%2Fman%2Fman3 HTTP/2" 200 7353 "-" "Mozilla/5.0 AppleWebKit/537.36 (KHTML, like Gecko; compatible; ClaudeBot/1.0; +claudebot@anthropic.com)"
51.75.129.178 - - [16/Aug/2026:23:47:32 +0330] "GET /wp-blog-header.php?fileloc=//lib/.build-id/eb/843ab0bd4002aed41c662a92bc20d5f890456f&path=//lib/.build-id/eb HTTP/1.1" 200 5406 "-" "Mozilla/5.0 (compatible; MJ12bot/v1.4.8; http://mj12bot.com/)"
51.75.129.178 - - [16/Aug/2026:23:47:34 +0330] "GET /wp-blog-header.php?fileloc=//lib/.build-id/eb/92f41256600c6c030ee6caeb410aa109d765e5&path=//lib/.build-id/eb HTTP/1.1" 200 8643 "-" "Mozilla/5.0 (compatible; MJ12bot/v1.4.8; http://mj12bot.com/)"
216.73.216.111 - - [16/Aug/2026:23:47:35 +0330] "GET /wp-trackback.php?fileloc=%2F%2Fusr%2Fshare%2Fman%2Fman3%2FDH_meth_set1_name.3ossl.gz&path=%2F%2Fusr%2Fshare%2Fman%2Fman3 HTTP/2" 429 0 "-" "Mozilla/5.0 AppleWebKit/537.36 (KHTML, like Gecko; compatible; ClaudeBot/1.0; +claudebot@anthropic.com)"
51.75.129.178 - - [16/Aug/2026:23:47:37 +0330] "GET /wp-blog-header.php?fileloc=//lib/.build-id/eb/c93251967f95f62372e8550d688237062b620e&path=//lib/.build-id/eb HTTP/1.1" 200 57759 "-" "Mozilla/5.0 (compatible; MJ12bot/v1.4.8; http://mj12bot.com/)"
51.75.129.178 - - [16/Aug/2026:23:47:39 +0330] "GET /wp-blog-header.php?fileloc=//lib/.build-id/eb/ecb890956f3600a529f91a97f5212b81c3f9d8&path=//lib/.build-id/eb HTTP/1.1" 200 52039 "-" "Mozilla/5.0 (compatible; MJ12bot/v1.4.8; http://mj12bot.com/)"
216.73.216.111 - - [16/Aug/2026:23:47:40 +0330] "GET /wp-trackback.php?fileloc=%2F%2Fusr%2Fshare%2Fman%2Fman3%2FOSSL_FUNC_SSL_QUIC_TLS_yield_secret_fn.3ossl.gz&path=%2F%2Fusr%2Fshare%2Fman%2Fman3 HTTP/2" 429 0 "-" "Mozilla/5.0 AppleWebKit/537.36 (KHTML, like Gecko; compatible; ClaudeBot/1.0; +claudebot@anthropic.com)"
51.75.129.178 - - [16/Aug/2026:23:47:41 +0330] "GET /wp-blog-header.php?fileloc=//lib/.build-id/eb/ee1e1e2e6fcf52f5e5c1e1e24afce0842db9cd&path=//lib/.build-id/eb HTTP/1.1" 200 6206 "-" "Mozilla/5.0 (compatible; MJ12bot/v1.4.8; http://mj12bot.com/)"
51.75.129.178 - - [16/Aug/2026:23:47:44 +0330] "GET /wp-blog-header.php?fileloc=//lib/.build-id/ec/1605f6548c9c2414ad8c498babbd0b728ef088&path=//lib/.build-id/ec HTTP/1.1" 200 4802 "-" "Mozilla/5.0 (compatible; MJ12bot/v1.4.8; http://mj12bot.com/)"
216.73.216.111 - - [16/Aug/2026:23:47:46 +0330] "GET /wp-trackback.php?path=%2F%2Fusr%2Fshare%2Flocale%2Ffi HTTP/2" 429 0 "-" "Mozilla/5.0 AppleWebKit/537.36 (KHTML, like Gecko; compatible; ClaudeBot/1.0; +claudebot@anthropic.com)"
51.75.129.178 - - [16/Aug/2026:23:47:46 +0330] "GET /wp-blog-header.php?fileloc=//lib/.build-id/ec/1b184890ea4dd792ceb17f7fefed76bd8d9a66&path=//lib/.build-id/ec HTTP/1.1" 200 36159 "-" "Mozilla/5.0 (compatible; MJ12bot/v1.4.8; http://mj12bot.com/)"
51.75.129.178 - - [16/Aug/2026:23:47:50 +0330] "GET /wp-blog-header.php?fileloc=//lib/.build-id/ec/2d6cad43a265db8f3775ddb558b378697700f3&path=//lib/.build-id/ec HTTP/1.1" 200 3901 "-" "Mozilla/5.0 (compatible; MJ12bot/v1.4.8; http://mj12bot.com/)"
66.249.79.136 - - [16/Aug/2026:23:47:52 +0330] "GET /wp-load.php?path=//lib/.build-id/68 HTTP/1.1" 200 3337 "-" "Mozilla/5.0 (Linux; Android 6.0.1; Nexus 5X Build/MMB29P) AppleWebKit/537.36 (KHTML, like Gecko) Chrome/150.0.7871.186 Mobile Safari/537.36 (compatible; GoogleOther)"
216.73.216.111 - - [16/Aug/2026:23:47:54 +0330] "GET /wp-trackback.php?fileloc=%2F%2Fusr%2Fshare%2Fzoneinfo%2FAmerica%2FCiudad_Juarez&path=%2F%2Fusr%2Fshare%2Fzoneinfo%2FAmerica HTTP/2" 429 0 "-" "Mozilla/5.0 AppleWebKit/537.36 (KHTML, like Gecko; compatible; ClaudeBot/1.0; +claudebot@anthropic.com)"
51.75.129.178 - - [16/Aug/2026:23:47:52 +0330] "GET /wp-blog-header.php?fileloc=//lib/.build-id/ec/41b2fc73abdda6126476f20876915d2558586c&path=//lib/.build-id/ec HTTP/1.1" 200 1612096 "-" "Mozilla/5.0 (compatible; MJ12bot/v1.4.8; http://mj12bot.com/)"
51.75.129.178 - - [16/Aug/2026:23:47:57 +0330] "GET /wp-blog-header.php?fileloc=//lib/.build-id/ec/4d0c2369b747da445292a986d2790e787b28fd&path=//lib/.build-id/ec HTTP/1.1" 200 13089 "-" "Mozilla/5.0 (compatible; MJ12bot/v1.4.8; http://mj12bot.com/)"
51.75.129.178 - - [16/Aug/2026:23:48:00 +0330] "GET /wp-blog-header.php?fileloc=//lib/.build-id/ec/54fd08636f36b59f9826dc5d40901dc978c831&path=//lib/.build-id/ec HTTP/1.1" 200 20110 "-" "Mozilla/5.0 (compatible; MJ12bot/v1.4.8; http://mj12bot.com/)"
51.75.129.178 - - [16/Aug/2026:23:48:03 +0330] "GET /wp-blog-header.php?fileloc=//lib/.build-id/ec/7f475e6d0ab4d9e0f6e4376e6a8ac75f8158c8&path=//lib/.build-id/ec HTTP/1.1" 200 13573 "-" "Mozilla/5.0 (compatible; MJ12bot/v1.4.8; http://mj12bot.com/)"
51.75.129.178 - - [16/Aug/2026:23:48:05 +0330] "GET /wp-blog-header.php?fileloc=//lib/.build-id/ec/8641962067d39cbcdb5e68795ac74331ee1d6a&path=//lib/.build-id/ec HTTP/1.1" 200 13556 "-" "Mozilla/5.0 (compatible; MJ12bot/v1.4.8; http://mj12bot.com/)"
51.75.129.178 - - [16/Aug/2026:23:48:08 +0330] "GET /wp-blog-header.php?fileloc=//lib/.build-id/ec/9e1a9bd68d62ad0b93db7716e8ef2498058f18&path=//lib/.build-id/ec HTTP/1.1" 200 8524 "-" "Mozilla/5.0 (compatible; MJ12bot/v1.4.8; http://mj12bot.com/)"
51.75.129.178 - - [16/Aug/2026:23:48:10 +0330] "GET /wp-blog-header.php?fileloc=//lib/.build-id/ec/bdf3f8784d7a13eff2fdd4352abbee93cce02c&path=//lib/.build-id/ec HTTP/1.1" 200 391327 "-" "Mozilla/5.0 (compatible; MJ12bot/v1.4.8; http://mj12bot.com/)"
51.75.129.178 - - [16/Aug/2026:23:48:14 +0330] "GET /wp-blog-header.php?fileloc=//lib/.build-id/ec/c169db8b6eca2640396c1a7b2a996c41c97672&path=//lib/.build-id/ec HTTP/1.1" 200 8406 "-" "Mozilla/5.0 (compatible; MJ12bot/v1.4.8; http://mj12bot.com/)"
51.75.129.178 - - [16/Aug/2026:23:48:17 +0330] "GET /wp-blog-header.php?fileloc=//lib/.build-id/ec/ed5cd2df432eab4814c31b0e95fcaf8179d81e&path=//lib/.build-id/ec HTTP/1.1" 200 8294 "-" "Mozilla/5.0 (compatible; MJ12bot/v1.4.8; http://mj12bot.com/)"
51.75.129.178 - - [16/Aug/2026:23:48:19 +0330] "GET /wp-blog-header.php?fileloc=//lib/.build-id/ec/f1e9c1993fc6ce9cc3f33af2ce6d5976fb06b7&path=//lib/.build-id/ec HTTP/1.1" 200 10543 "-" "Mozilla/5.0 (compatible; MJ12bot/v1.4.8; http://mj12bot.com/)"
51.75.129.178 - - [16/Aug/2026:23:48:22 +0330] "GET /wp-blog-header.php?fileloc=//lib/.build-id/ec/f3360559c27038f78e4109566dd4136d5f204e&path=//lib/.build-id/ec HTTP/1.1" 200 26388 "-" "Mozilla/5.0 (compatible; MJ12bot/v1.4.8; http://mj12bot.com/)"
51.75.129.178 - - [16/Aug/2026:23:48:25 +0330] "GET /wp-blog-header.php?fileloc=//lib/.build-id/ec/f3fb6b96375b2f7821e3d3e0320d65e92f285b&path=//lib/.build-id/ec HTTP/1.1" 200 53193 "-" "Mozilla/5.0 (compatible; MJ12bot/v1.4.8; http://mj12bot.com/)"
51.75.129.178 - - [16/Aug/2026:23:48:28 +0330] "GET /wp-blog-header.php?fileloc=//lib/.build-id/ec/f7e014218b45b6dc5601a6f1d36a6e481f8414&path=//lib/.build-id/ec HTTP/1.1" 200 4670 "-" "Mozilla/5.0 (compatible; MJ12bot/v1.4.8; http://mj12bot.com/)"
51.75.129.178 - - [16/Aug/2026:23:48:30 +0330] "GET /wp-blog-header.php?fileloc=//lib/.build-id/ed/3c20f40eeb1466afcc8f1eb12fe5d36f4fb454&path=//lib/.build-id/ed HTTP/1.1" 200 130875 "-" "Mozilla/5.0 (compatible; MJ12bot/v1.4.8; http://mj12bot.com/)"
51.75.129.178 - - [16/Aug/2026:23:48:34 +0330] "GET /wp-blog-header.php?fileloc=//lib/.build-id/ed/70f78d63194c1a966cb4283662ca53691ca702&path=//lib/.build-id/ed HTTP/1.1" 200 13929 "-" "Mozilla/5.0 (compatible; MJ12bot/v1.4.8; http://mj12bot.com/)"
51.75.129.178 - - [16/Aug/2026:23:48:36 +0330] "GET /wp-blog-header.php?fileloc=//lib/.build-id/ed/830ee0de9c0ff2d83a4b3ff1ae8b0d386aab63&path=//lib/.build-id/ed HTTP/1.1" 200 785273 "-" "Mozilla/5.0 (compatible; MJ12bot/v1.4.8; http://mj12bot.com/)"
51.75.129.178 - - [16/Aug/2026:23:48:39 +0330] "GET /wp-blog-header.php?fileloc=//lib/.build-id/ed/83845d5d17911cf90db23ed7d5d9fdcd6a1b83&path=//lib/.build-id/ed HTTP/1.1" 200 51389 "-" "Mozilla/5.0 (compatible; MJ12bot/v1.4.8; http://mj12bot.com/)"
51.75.129.178 - - [16/Aug/2026:23:48:42 +0330] "GET /wp-blog-header.php?fileloc=//lib/.build-id/ed/bd356769ea36f6a324a6c10370d77264aa0f70&path=//lib/.build-id/ed HTTP/1.1" 200 2056525 "-" "Mozilla/5.0 (compatible; MJ12bot/v1.4.8; http://mj12bot.com/)"
66.249.79.135 - - [16/Aug/2026:23:48:44 +0330] "GET /wp-links-opml.php?fileloc=//lib64/liburcu-signal.so.6.1.0&path=//lib64 HTTP/1.1" 200 16027 "-" "Mozilla/5.0 (Linux; Android 6.0.1; Nexus 5X Build/MMB29P) AppleWebKit/537.36 (KHTML, like Gecko) Chrome/150.0.7871.186 Mobile Safari/537.36 (compatible; GoogleOther)"
216.73.216.111 - - [16/Aug/2026:23:45:53 +0330] "GET /wp-trackback.php?fileloc=%2F%2Fusr%2Fshare%2Fman%2Fman3%2FENGINE_register_all_RAND.3ossl.gz&path=%2F%2Fusr%2Fshare%2Fman%2Fman3 HTTP/2" 429 0 "-" "Mozilla/5.0 AppleWebKit/537.36 (KHTML, like Gecko; compatible; ClaudeBot/1.0; +claudebot@anthropic.com)"
216.73.216.111 - - [16/Aug/2026:23:45:58 +0330] "GET /wp-trackback.php?fileloc=%2F%2Fusr%2Fshare%2Fman%2Fman3%2FEVP_rc4.3ossl.gz&path=%2F%2Fusr%2Fshare%2Fman%2Fman3 HTTP/2" 429 0 "-" "Mozilla/5.0 AppleWebKit/537.36 (KHTML, like Gecko; compatible; ClaudeBot/1.0; +claudebot@anthropic.com)"
216.73.216.111 - - [16/Aug/2026:23:46:21 +0330] "GET /wp-trackback.php?fileloc=%2F%2Fusr%2Fshare%2Fman%2Fman3%2FASN1_STRING_TABLE_add.3ossl.gz&path=%2F%2Fusr%2Fshare%2Fman%2Fman3 HTTP/2" 429 0 "-" "Mozilla/5.0 AppleWebKit/537.36 (KHTML, like Gecko; compatible; ClaudeBot/1.0; +claudebot@anthropic.com)"
216.73.216.111 - - [16/Aug/2026:23:46:26 +0330] "GET /wp-trackback.php?fileloc=%2F%2Fusr%2Fshare%2Fman%2Fman3%2FOSSL_ENCODER_get0_properties.3ossl.gz&path=%2F%2Fusr%2Fshare%2Fman%2Fman3 HTTP/2" 429 0 "-" "Mozilla/5.0 AppleWebKit/537.36 (KHTML, like Gecko; compatible; ClaudeBot/1.0; +claudebot@anthropic.com)"
216.73.216.111 - - [16/Aug/2026:23:46:31 +0330] "GET /wp-trackback.php?fileloc=%2F%2Fusr%2Fshare%2Fman%2Fman3%2FOCSP_BASICRESP_free.3ossl.gz&path=%2F%2Fusr%2Fshare%2Fman%2Fman3 HTTP/2" 429 0 "-" "Mozilla/5.0 AppleWebKit/537.36 (KHTML, like Gecko; compatible; ClaudeBot/1.0; +claudebot@anthropic.com)"
216.73.216.111 - - [16/Aug/2026:23:46:36 +0330] "GET /wp-trackback.php?fileloc=%2F%2Fusr%2Fshare%2Fman%2Fman3%2FOSSL_ERR_STATE_new.3ossl.gz&path=%2F%2Fusr%2Fshare%2Fman%2Fman3 HTTP/2" 429 0 "-" "Mozilla/5.0 AppleWebKit/537.36 (KHTML, like Gecko; compatible; ClaudeBot/1.0; +claudebot@anthropic.com)"
216.73.216.111 - - [16/Aug/2026:23:46:42 +0330] "GET /wp-trackback.php?fileloc=%2F%2Fusr%2Fshare%2Fman%2Fman3%2FEVP_des_cfb.3ossl.gz&path=%2F%2Fusr%2Fshare%2Fman%2Fman3 HTTP/2" 429 0 "-" "Mozilla/5.0 AppleWebKit/537.36 (KHTML, like Gecko; compatible; ClaudeBot/1.0; +claudebot@anthropic.com)"
216.73.216.111 - - [16/Aug/2026:23:47:58 +0330] "GET /wp-trackback.php?fileloc=%2F%2Fusr%2Fshare%2Fman%2Fman3%2FOSSL_CRMF_PBMPARAMETER_new.3ossl.gz&path=%2F%2Fusr%2Fshare%2Fman%2Fman3 HTTP/2" 429 0 "-" "Mozilla/5.0 AppleWebKit/537.36 (KHTML, like Gecko; compatible; ClaudeBot/1.0; +claudebot@anthropic.com)"
51.75.129.178 - - [16/Aug/2026:23:48:46 +0330] "GET /wp-blog-header.php?fileloc=//lib/.build-id/ed/c3cb42898f3bbb6b62bbeb7429e03c37a5b8cc&path=//lib/.build-id/ed HTTP/1.1" 200 9448 "-" "Mozilla/5.0 (compatible; MJ12bot/v1.4.8; http://mj12bot.com/)"
51.75.129.178 - - [16/Aug/2026:23:48:48 +0330] "GET /wp-blog-header.php?fileloc=//lib/.build-id/ed/c76a5f6676df18c546c99e98b16e5b322fcfd9&path=//lib/.build-id/ed HTTP/1.1" 200 97769 "-" "Mozilla/5.0 (compatible; MJ12bot/v1.4.8; http://mj12bot.com/)"
216.73.216.111 - - [16/Aug/2026:23:49:55 +0330] "GET /wp-trackback.php?fileloc=%2F%2Fusr%2Fshare%2Fman%2Fman3%2FEVP_PKEY_assign_POLY1305.3ossl.gz&path=%2F%2Fusr%2Fshare%2Fman%2Fman3 HTTP/2" 200 7462 "-" "Mozilla/5.0 AppleWebKit/537.36 (KHTML, like Gecko; compatible; ClaudeBot/1.0; +claudebot@anthropic.com)"
216.73.216.111 - - [16/Aug/2026:23:50:00 +0330] "GET /wp-trackback.php?fileloc=%2F%2Fusr%2Fshare%2Fman%2Fman3%2FBN_rshift1.3ossl.gz&path=%2F%2Fusr%2Fshare%2Fman%2Fman3 HTTP/2" 429 0 "-" "Mozilla/5.0 AppleWebKit/537.36 (KHTML, like Gecko; compatible; ClaudeBot/1.0; +claudebot@anthropic.com)"
216.73.216.111 - - [16/Aug/2026:23:50:36 +0330] "GET /wp-trackback.php?fileloc=%2F%2Fusr%2Fshare%2Fghostscript%2Flib%2Fbj8pp12f.upp&path=%2F%2Fusr%2Fshare%2Fghostscript%2Flib HTTP/2" 429 0 "-" "Mozilla/5.0 AppleWebKit/537.36 (KHTML, like Gecko; compatible; ClaudeBot/1.0; +claudebot@anthropic.com)"
216.73.216.111 - - [16/Aug/2026:23:50:40 +0330] "GET /wp-trackback.php?fileloc=%2F%2Fusr%2Fshare%2Flibgpg-error%2Ferrorref.txt&path=%2F%2Fusr%2Fshare%2Flibgpg-error HTTP/2" 200 14495 "-" "Mozilla/5.0 AppleWebKit/537.36 (KHTML, like Gecko; compatible; ClaudeBot/1.0; +claudebot@anthropic.com)"
216.73.216.111 - - [16/Aug/2026:23:50:45 +0330] "GET /wp-trackback.php?path=%2F%2Fusr%2Fshare%2Flocale%2Fja_JP%2FLC_MESSAGES HTTP/2" 429 0 "-" "Mozilla/5.0 AppleWebKit/537.36 (KHTML, like Gecko; compatible; ClaudeBot/1.0; +claudebot@anthropic.com)"
66.249.79.135 - - [16/Aug/2026:23:50:48 +0330] "GET /wp-links-opml.php?fileloc=//lib64/libjq.so.1&path=//lib64 HTTP/1.1" 200 136797 "-" "Mozilla/5.0 (Linux; Android 6.0.1; Nexus 5X Build/MMB29P) AppleWebKit/537.36 (KHTML, like Gecko) Chrome/150.0.7871.186 Mobile Safari/537.36 (compatible; GoogleOther)"
216.73.216.111 - - [16/Aug/2026:23:50:50 +0330] "GET /wp-trackback.php?fileloc=%2F%2Fusr%2Fshare%2Fman%2Fman3%2FFcPatternIterIsValid.3.gz&path=%2F%2Fusr%2Fshare%2Fman%2Fman3 HTTP/2" 429 0 "-" "Mozilla/5.0 AppleWebKit/537.36 (KHTML, like Gecko; compatible; ClaudeBot/1.0; +claudebot@anthropic.com)"
216.73.216.111 - - [16/Aug/2026:23:50:55 +0330] "GET /wp-trackback.php?fileloc=%2F%2Fusr%2Fshare%2Fghostscript%2Flib%2FPM760p.upp&path=%2F%2Fusr%2Fshare%2Fghostscript%2Flib HTTP/2" 429 0 "-" "Mozilla/5.0 AppleWebKit/537.36 (KHTML, like Gecko; compatible; ClaudeBot/1.0; +claudebot@anthropic.com)"
216.73.216.111 - - [16/Aug/2026:23:51:00 +0330] "GET /wp-signup.php?path=%2Fhome%2Farmgroup%2Fpublic_html%2Fwp-includes%2Fblocks%2Fgallery HTTP/2" 429 0 "-" "Mozilla/5.0 AppleWebKit/537.36 (KHTML, like Gecko; compatible; ClaudeBot/1.0; +claudebot@anthropic.com)"
216.73.216.111 - - [16/Aug/2026:23:51:05 +0330] "GET /wp-trackback.php?fileloc=%2F%2Fusr%2Fshare%2Fghostscript%2Flib%2Fras1.upp&path=%2F%2Fusr%2Fshare%2Fghostscript%2Flib HTTP/2" 429 0 "-" "Mozilla/5.0 AppleWebKit/537.36 (KHTML, like Gecko; compatible; ClaudeBot/1.0; +claudebot@anthropic.com)"
216.73.216.111 - - [16/Aug/2026:23:51:11 +0330] "GET /wp-trackback.php?fileloc=%2F%2Fusr%2Fshare%2Fman%2Fman3%2FOSSL_CMP_validate_msg.3ossl.gz&path=%2F%2Fusr%2Fshare%2Fman%2Fman3 HTTP/2" 429 0 "-" "Mozilla/5.0 AppleWebKit/537.36 (KHTML, like Gecko; compatible; ClaudeBot/1.0; +claudebot@anthropic.com)"
216.73.216.111 - - [16/Aug/2026:23:51:15 +0330] "GET /wp-trackback.php?fileloc=%2F%2Fusr%2Flib64%2Fsecurity%2Fpam_xauth.so&path=%2F%2Fusr%2Flib64%2Fsecurity HTTP/2" 429 0 "-" "Mozilla/5.0 AppleWebKit/537.36 (KHTML, like Gecko; compatible; ClaudeBot/1.0; +claudebot@anthropic.com)"
216.73.216.111 - - [16/Aug/2026:23:51:20 +0330] "GET /wp-trackback.php?fileloc=%2F%2Fusr%2Fshare%2Fman%2Fman3%2FMMDB_read_node.3.gz&path=%2F%2Fusr%2Fshare%2Fman%2Fman3 HTTP/2" 429 0 "-" "Mozilla/5.0 AppleWebKit/537.36 (KHTML, like Gecko; compatible; ClaudeBot/1.0; +claudebot@anthropic.com)"
216.73.216.111 - - [16/Aug/2026:23:51:25 +0330] "GET /wp-trackback.php?fileloc=%2F%2Fusr%2Fshare%2Fman%2Fman3%2FFcCacheNumFont.3.gz&path=%2F%2Fusr%2Fshare%2Fman%2Fman3 HTTP/2" 200 3008 "-" "Mozilla/5.0 AppleWebKit/537.36 (KHTML, like Gecko; compatible; ClaudeBot/1.0; +claudebot@anthropic.com)"
216.73.216.111 - - [16/Aug/2026:23:51:30 +0330] "GET /wp-trackback.php?fileloc=%2F%2Fusr%2Fshare%2Fman%2Fman1%2Fperlpodspec.1.gz&path=%2F%2Fusr%2Fshare%2Fman%2Fman1 HTTP/2" 429 0 "-" "Mozilla/5.0 AppleWebKit/537.36 (KHTML, like Gecko; compatible; ClaudeBot/1.0; +claudebot@anthropic.com)"
216.73.216.111 - - [16/Aug/2026:23:51:35 +0330] "GET /wp-trackback.php?fileloc=%2F%2Fusr%2Fshare%2Fman%2Fman3%2FFcConfigGetCache.3.gz&path=%2F%2Fusr%2Fshare%2Fman%2Fman3 HTTP/2" 429 0 "-" "Mozilla/5.0 AppleWebKit/537.36 (KHTML, like Gecko; compatible; ClaudeBot/1.0; +claudebot@anthropic.com)"
216.73.216.111 - - [16/Aug/2026:23:51:40 +0330] "GET /wp-trackback.php?fileloc=%2F%2Fusr%2Fshare%2Fman%2Fman3%2FENGINE_set_init_function.3ossl.gz&path=%2F%2Fusr%2Fshare%2Fman%2Fman3 HTTP/2" 429 0 "-" "Mozilla/5.0 AppleWebKit/537.36 (KHTML, like Gecko; compatible; ClaudeBot/1.0; +claudebot@anthropic.com)"
216.73.216.111 - - [16/Aug/2026:23:51:45 +0330] "GET /wp-signup.php?path=%2Fhome%2Farmgroup%2Fpublic_html%2Fwp-includes%2Fblocks%2Fsocial-link HTTP/2" 429 0 "-" "Mozilla/5.0 AppleWebKit/537.36 (KHTML, like Gecko; compatible; ClaudeBot/1.0; +claudebot@anthropic.com)"
216.73.216.111 - - [16/Aug/2026:23:51:50 +0330] "GET /wp-trackback.php?fileloc=%2F%2Fusr%2Flib64%2Fsecurity%2Fpam_namespace.so&path=%2F%2Fusr%2Flib64%2Fsecurity HTTP/2" 429 0 "-" "Mozilla/5.0 AppleWebKit/537.36 (KHTML, like Gecko; compatible; ClaudeBot/1.0; +claudebot@anthropic.com)"
216.73.216.111 - - [16/Aug/2026:23:51:55 +0330] "GET /wp-trackback.php?fileloc=%2F%2Fusr%2Flib64%2Fsecurity%2Fpam_tty_audit.so&path=%2F%2Fusr%2Flib64%2Fsecurity HTTP/2" 429 0 "-" "Mozilla/5.0 AppleWebKit/537.36 (KHTML, like Gecko; compatible; ClaudeBot/1.0; +claudebot@anthropic.com)"
216.73.216.111 - - [16/Aug/2026:23:52:00 +0330] "GET /wp-trackback.php?fileloc=%2F%2Fusr%2Fshare%2Fmysql%2Fsystemd%2Fmariadb%40.socket&path=%2F%2Fusr%2Fshare%2Fmysql%2Fsystemd HTTP/2" 429 0 "-" "Mozilla/5.0 AppleWebKit/537.36 (KHTML, like Gecko; compatible; ClaudeBot/1.0; +claudebot@anthropic.com)"
216.73.216.111 - - [16/Aug/2026:23:52:07 +0330] "GET /wp-trackback.php?fileloc=%2F%2Fusr%2Fshare%2Fman%2Fman3%2FFcCharSetFirstPage.3.gz&path=%2F%2Fusr%2Fshare%2Fman%2Fman3 HTTP/2" 429 0 "-" "Mozilla/5.0 AppleWebKit/537.36 (KHTML, like Gecko; compatible; ClaudeBot/1.0; +claudebot@anthropic.com)"
66.249.79.136 - - [16/Aug/2026:23:52:07 +0330] "GET /wp-links-opml.php?fileloc=//lib64/libX11-xcb.so&path=//lib64 HTTP/1.1" 200 4829 "-" "Mozilla/5.0 (Linux; Android 6.0.1; Nexus 5X Build/MMB29P) AppleWebKit/537.36 (KHTML, like Gecko) Chrome/150.0.7871.186 Mobile Safari/537.36 (compatible; GoogleOther)"
216.73.216.111 - - [16/Aug/2026:23:52:11 +0330] "GET /wp-trackback.php?fileloc=%2F%2Fhome%2Farmgroup%2Fpublic_html%2Fupdate-core.php&path=%2F%2Fhome%2Farmgroup%2Fpublic_html HTTP/2" 200 2627 "-" "Mozilla/5.0 AppleWebKit/537.36 (KHTML, like Gecko; compatible; ClaudeBot/1.0; +claudebot@anthropic.com)"
216.73.216.111 - - [16/Aug/2026:23:52:17 +0330] "GET /wp-trackback.php?fileloc=%2F%2Fusr%2Fshare%2Fman%2Fman1%2Fgit-init-db.1.gz&path=%2F%2Fusr%2Fshare%2Fman%2Fman1 HTTP/2" 429 0 "-" "Mozilla/5.0 AppleWebKit/537.36 (KHTML, like Gecko; compatible; ClaudeBot/1.0; +claudebot@anthropic.com)"
216.73.216.111 - - [16/Aug/2026:23:52:21 +0330] "GET /wp-trackback.php?fileloc=%2F%2Fusr%2Fshare%2Fman%2Fman3%2FSRP_VBASE_init.3ossl.gz&path=%2F%2Fusr%2Fshare%2Fman%2Fman3 HTTP/2" 429 0 "-" "Mozilla/5.0 AppleWebKit/537.36 (KHTML, like Gecko; compatible; ClaudeBot/1.0; +claudebot@anthropic.com)"
216.73.216.111 - - [16/Aug/2026:23:52:26 +0330] "GET /wp-signup.php?fileloc=%2Fhome%2Farmgroup%2Fpublic_html%2Fwp-includes%2FID3%2Fmodule.audio.ac3.php&path=%2Fhome%2Farmgroup%2Fpublic_html%2Fwp-includes%2FID3 HTTP/2" 429 0 "-" "Mozilla/5.0 AppleWebKit/537.36 (KHTML, like Gecko; compatible; ClaudeBot/1.0; +claudebot@anthropic.com)"
216.73.216.111 - - [16/Aug/2026:23:52:33 +0330] "GET /wp-trackback.php?fileloc=%2F%2Fusr%2Flib64%2Fsecurity%2Fpam_sss_gss.so&path=%2F%2Fusr%2Flib64%2Fsecurity HTTP/2" 429 0 "-" "Mozilla/5.0 AppleWebKit/537.36 (KHTML, like Gecko; compatible; ClaudeBot/1.0; +claudebot@anthropic.com)"
216.73.216.111 - - [16/Aug/2026:23:52:36 +0330] "GET /wp-signup.php?fileloc=%2Fhome%2Farmgroup%2Fpublic_html%2Fwp-includes%2Fblocks%2Flatest-posts%2Feditor.css&path=%2Fhome%2Farmgroup%2Fpublic_html%2Fwp-includes%2Fblocks%2Flatest-posts HTTP/2" 429 0 "-" "Mozilla/5.0 AppleWebKit/537.36 (KHTML, like Gecko; compatible; ClaudeBot/1.0; +claudebot@anthropic.com)"
216.73.216.111 - - [16/Aug/2026:23:52:42 +0330] "GET /wp-trackback.php?fileloc=%2F%2Fusr%2Fshare%2Fman%2Fman3%2FModule%3A%3ABuild%3A%3APPMMaker.3pm.gz&path=%2F%2Fusr%2Fshare%2Fman%2Fman3 HTTP/2" 429 0 "-" "Mozilla/5.0 AppleWebKit/537.36 (KHTML, like Gecko; compatible; ClaudeBot/1.0; +claudebot@anthropic.com)"
216.73.216.111 - - [16/Aug/2026:23:52:48 +0330] "GET /wp-trackback.php?fileloc=%2F%2Fusr%2Fshare%2Fzoneinfo%2FPacific%2FNiue&path=%2F%2Fusr%2Fshare%2Fzoneinfo%2FPacific HTTP/2" 429 0 "-" "Mozilla/5.0 AppleWebKit/537.36 (KHTML, like Gecko; compatible; ClaudeBot/1.0; +claudebot@anthropic.com)"
216.73.216.111 - - [16/Aug/2026:23:52:52 +0330] "GET /wp-signup.php?fileloc=%2Fhome%2Farmgroup%2Fpublic_html%2Fwp-includes%2Fblocks%2Ffootnotes.php&path=%2Fhome%2Farmgroup%2Fpublic_html%2Fwp-includes%2Fblocks HTTP/2" 429 0 "-" "Mozilla/5.0 AppleWebKit/537.36 (KHTML, like Gecko; compatible; ClaudeBot/1.0; +claudebot@anthropic.com)"
216.73.216.111 - - [16/Aug/2026:23:52:57 +0330] "GET /wp-trackback.php?fileloc=%2F%2Fusr%2Fshare%2Fzoneinfo%2FPacific%2FFakaofo&path=%2F%2Fusr%2Fshare%2Fzoneinfo%2FPacific HTTP/2" 200 2745 "-" "Mozilla/5.0 AppleWebKit/537.36 (KHTML, like Gecko; compatible; ClaudeBot/1.0; +claudebot@anthropic.com)"
216.73.216.111 - - [16/Aug/2026:23:53:04 +0330] "GET /wp-signup.php?fileloc=%2Fhome%2Farmgroup%2Fpublic_html%2Fwp-includes%2Fblocks%2Frequire-dynamic-blocks.php&path=%2Fhome%2Farmgroup%2Fpublic_html%2Fwp-includes%2Fblocks HTTP/2" 429 0 "-" "Mozilla/5.0 AppleWebKit/537.36 (KHTML, like Gecko; compatible; ClaudeBot/1.0; +claudebot@anthropic.com)"
216.73.216.111 - - [16/Aug/2026:23:53:48 +0330] "GET /wp-trackback.php?fileloc=%2F%2Fhome%2Farmgroup%2Flibs%2Fconfig%2Fbreadcrumbs.php&path=%2F%2Fhome%2Farmgroup%2Flibs%2Fconfig HTTP/2" 429 0 "-" "Mozilla/5.0 AppleWebKit/537.36 (KHTML, like Gecko; compatible; ClaudeBot/1.0; +claudebot@anthropic.com)"
216.73.216.111 - - [16/Aug/2026:23:53:53 +0330] "GET /wp-trackback.php?fileloc=%2F%2Fhome%2Farmgroup%2Flibs%2Fconfig%2Fdatatables.php&path=%2F%2Fhome%2Farmgroup%2Flibs%2Fconfig HTTP/2" 429 0 "-" "Mozilla/5.0 AppleWebKit/537.36 (KHTML, like Gecko; compatible; ClaudeBot/1.0; +claudebot@anthropic.com)"
216.73.216.111 - - [16/Aug/2026:23:53:58 +0330] "GET /wp-trackback.php?fileloc=%2F%2Fhome%2Farmgroup%2Flibs%2Fconfig%2Fservices.php&path=%2F%2Fhome%2Farmgroup%2Flibs%2Fconfig HTTP/2" 200 3036 "-" "Mozilla/5.0 AppleWebKit/537.36 (KHTML, like Gecko; compatible; ClaudeBot/1.0; +claudebot@anthropic.com)"
216.73.216.111 - - [16/Aug/2026:23:54:03 +0330] "GET /wp-trackback.php?fileloc=%2F%2Fhome%2Farmgroup%2Flibs%2Fconfig%2Fview.php&path=%2F%2Fhome%2Farmgroup%2Flibs%2Fconfig HTTP/2" 429 0 "-" "Mozilla/5.0 AppleWebKit/537.36 (KHTML, like Gecko; compatible; ClaudeBot/1.0; +claudebot@anthropic.com)"
216.73.216.111 - - [16/Aug/2026:23:54:08 +0330] "GET /wp-signup.php?fileloc=%2Fhome%2Farmgroup%2F.razor%2Fserver.c301.cloudmark.com.conf&path=%2Fhome%2Farmgroup%2F.razor HTTP/2" 429 0 "-" "Mozilla/5.0 AppleWebKit/537.36 (KHTML, like Gecko; compatible; ClaudeBot/1.0; +claudebot@anthropic.com)"
216.73.216.111 - - [16/Aug/2026:23:54:13 +0330] "GET /wp-trackback.php?fileloc=%2F%2Fhome%2Farmgroup%2Flibs%2Fconfig%2Fleaflet.php&path=%2F%2Fhome%2Farmgroup%2Flibs%2Fconfig HTTP/2" 429 0 "-" "Mozilla/5.0 AppleWebKit/537.36 (KHTML, like Gecko; compatible; ClaudeBot/1.0; +claudebot@anthropic.com)"
216.73.216.111 - - [16/Aug/2026:23:54:18 +0330] "GET /wp-signup.php?fileloc=%2Fhome%2Farmgroup%2F.razor%2Fserver.c302.cloudmark.com.conf&path=%2Fhome%2Farmgroup%2F.razor HTTP/2" 429 0 "-" "Mozilla/5.0 AppleWebKit/537.36 (KHTML, like Gecko; compatible; ClaudeBot/1.0; +claudebot@anthropic.com)"
66.249.79.136 - - [16/Aug/2026:23:54:20 +0330] "GET /wp-links-opml.php?fileloc=//lib64/libgcrypt.so.20&path=//lib64 HTTP/1.1" 200 458343 "-" "Mozilla/5.0 (Linux; Android 6.0.1; Nexus 5X Build/MMB29P) AppleWebKit/537.36 (KHTML, like Gecko) Chrome/150.0.7871.186 Mobile Safari/537.36 (compatible; GoogleOther)"
216.73.216.111 - - [16/Aug/2026:23:54:25 +0330] "GET /wp-signup.php?fileloc=%2Fhome%2Farmgroup%2Fpublic_html%2Fwp-content%2Flanguages%2Ffa_IR.l10n.php&path=%2Fhome%2Farmgroup%2Fpublic_html%2Fwp-content%2Flanguages HTTP/2" 429 0 "-" "Mozilla/5.0 AppleWebKit/537.36 (KHTML, like Gecko; compatible; ClaudeBot/1.0; +claudebot@anthropic.com)"
66.249.79.135 - - [16/Aug/2026:23:49:45 +0330] "GET /wp-load.php?fileloc=//lib/.build-id/94/cfa5e421a38725575dd53db539b60655c4ab6f&path=//lib/.build-id/94 HTTP/1.1" 200 12301 "-" "Mozilla/5.0 (Linux; Android 6.0.1; Nexus 5X Build/MMB29P) AppleWebKit/537.36 (KHTML, like Gecko) Chrome/150.0.7871.186 Mobile Safari/537.36 (compatible; GoogleOther)"
66.249.79.137 - - [16/Aug/2026:23:53:12 +0330] "GET /wp-links-opml.php?fileloc=//usr/include/sys/swap.h&path=//usr/include/sys HTTP/1.1" 200 3391 "-" "Mozilla/5.0 (Linux; Android 6.0.1; Nexus 5X Build/MMB29P) AppleWebKit/537.36 (KHTML, like Gecko) Chrome/150.0.7871.186 Mobile Safari/537.36 (compatible; GoogleOther)"
216.73.216.111 - - [16/Aug/2026:23:53:13 +0330] "GET /wp-trackback.php?fileloc=%2F%2Fusr%2Fshare%2Fman%2Fman3%2FOSSL_PARAM_double.3ossl.gz&path=%2F%2Fusr%2Fshare%2Fman%2Fman3 HTTP/2" 200 8469 "-" "Mozilla/5.0 AppleWebKit/537.36 (KHTML, like Gecko; compatible; ClaudeBot/1.0; +claudebot@anthropic.com)"
216.73.216.111 - - [16/Aug/2026:23:53:17 +0330] "GET /wp-trackback.php?fileloc=%2F%2Fusr%2Fshare%2Fman%2Fman3%2FOSSL_TRACE_END.3ossl.gz&path=%2F%2Fusr%2Fshare%2Fman%2Fman3 HTTP/2" 429 0 "-" "Mozilla/5.0 AppleWebKit/537.36 (KHTML, like Gecko; compatible; ClaudeBot/1.0; +claudebot@anthropic.com)"
216.73.216.111 - - [16/Aug/2026:23:53:22 +0330] "GET /wp-trackback.php?fileloc=%2F%2Fusr%2Fshare%2Fman%2Fman1%2Feval.1.gz&path=%2F%2Fusr%2Fshare%2Fman%2Fman1 HTTP/2" 429 0 "-" "Mozilla/5.0 AppleWebKit/537.36 (KHTML, like Gecko; compatible; ClaudeBot/1.0; +claudebot@anthropic.com)"
216.73.216.111 - - [16/Aug/2026:23:53:27 +0330] "GET /wp-trackback.php?fileloc=%2F%2Fusr%2Fshare%2Fman%2Fman3%2FCMS_get0_SignerInfos.3ossl.gz&path=%2F%2Fusr%2Fshare%2Fman%2Fman3 HTTP/2" 429 0 "-" "Mozilla/5.0 AppleWebKit/537.36 (KHTML, like Gecko; compatible; ClaudeBot/1.0; +claudebot@anthropic.com)"
